74.7.227.130 - - [26/May/2026:07:39:55 -0400] "GET /css/owl.carousel.min.css HTTP/2.0" 200 1068 "https://vanessavegax.elxcomplete.com/" "Mozilla/5.0 AppleWebKit/537.36 (KHTML, like Gecko; compatible; GPTBot/1.4; +https://openai.com/gptbot)"
74.7.227.130 - - [26/May/2026:07:39:56 -0400] "GET /css/style.css HTTP/2.0" 200 12831 "https://vanessavegax.elxcomplete.com/" "Mozilla/5.0 AppleWebKit/537.36 (KHTML, like Gecko; compatible; GPTBot/1.4; +https://openai.com/gptbot)"
74.7.227.130 - - [26/May/2026:07:39:56 -0400] "GET /css/custom.css HTTP/2.0" 200 203 "https://vanessavegax.elxcomplete.com/" "Mozilla/5.0 AppleWebKit/537.36 (KHTML, like Gecko; compatible; GPTBot/1.4; +https://openai.com/gptbot)"
74.7.227.130 - - [26/May/2026:07:39:57 -0400] "GET /css/media.css HTTP/2.0" 200 7094 "https://vanessavegax.elxcomplete.com/" "Mozilla/5.0 AppleWebKit/537.36 (KHTML, like Gecko; compatible; GPTBot/1.4; +https://openai.com/gptbot)"
74.7.227.130 - - [26/May/2026:07:39:57 -0400] "GET /css/all.min.css HTTP/2.0" 200 20744 "https://vanessavegax.elxcomplete.com/" "Mozilla/5.0 AppleWebKit/537.36 (KHTML, like Gecko; compatible; GPTBot/1.4; +https://openai.com/gptbot)"
64.89.160.178 - - [26/May/2026:12:18:18 -0400] "GET / HTTP/1.1" 301 245 "-" "-"
64.89.160.178 - - [26/May/2026:12:18:19 -0400] "GET / HTTP/1.1" 200 79349 "-" "-"
188.3.220.15 - - [26/May/2026:15:41:38 -0400] "GET /categories/photos.html HTTP/2.0" 200 18810 "https://www.google.com/" "Mozilla/5.0 (Windows NT 10.0; Win64; x64) AppleWebKit/537.36 (KHTML, like Gecko) Chrome/148.0.0.0 Safari/537.36"
188.3.220.15 - - [26/May/2026:15:41:38 -0400] "GET /css/owl.carousel.min.css HTTP/2.0" 200 1068 "https://vanessavegax.elxcomplete.com/categories/photos.html" "Mozilla/5.0 (Windows NT 10.0; Win64; x64) AppleWebKit/537.36 (KHTML, like Gecko) Chrome/148.0.0.0 Safari/537.36"
188.3.220.15 - - [26/May/2026:15:41:38 -0400] "GET /css/media.css HTTP/2.0" 200 7094 "https://vanessavegax.elxcomplete.com/categories/photos.html" "Mozilla/5.0 (Windows NT 10.0; Win64; x64) AppleWebKit/537.36 (KHTML, like Gecko) Chrome/148.0.0.0 Safari/537.36"
188.3.220.15 - - [26/May/2026:15:41:38 -0400] "GET /js/fancybox3/jquery.fancybox.min.css HTTP/2.0" 200 3328 "https://vanessavegax.elxcomplete.com/categories/photos.html" "Mozilla/5.0 (Windows NT 10.0; Win64; x64) AppleWebKit/537.36 (KHTML, like Gecko) Chrome/148.0.0.0 Safari/537.36"
188.3.220.15 - - [26/May/2026:15:41:38 -0400] "GET /js/modernizr.custom.js HTTP/2.0" 200 8040 "https://vanessavegax.elxcomplete.com/categories/photos.html" "Mozilla/5.0 (Windows NT 10.0; Win64; x64) AppleWebKit/537.36 (KHTML, like Gecko) Chrome/148.0.0.0 Safari/537.36"
188.3.220.15 - - [26/May/2026:15:41:38 -0400] "GET /js/jquery.meanmenu.min.js HTTP/2.0" 200 1357 "https://vanessavegax.elxcomplete.com/categories/photos.html" "Mozilla/5.0 (Windows NT 10.0; Win64; x64) AppleWebKit/537.36 (KHTML, like Gecko) Chrome/148.0.0.0 Safari/537.36"
188.3.220.15 - - [26/May/2026:15:41:38 -0400] "GET /css/style.css HTTP/2.0" 200 12831 "https://vanessavegax.elxcomplete.com/categories/photos.html" "Mozilla/5.0 (Windows NT 10.0; Win64; x64) AppleWebKit/537.36 (KHTML, like Gecko) Chrome/148.0.0.0 Safari/537.36"
188.3.220.15 - - [26/May/2026:15:41:38 -0400] "GET /js/carousels_setup.js HTTP/2.0" 200 467 "https://vanessavegax.elxcomplete.com/categories/photos.html" "Mozilla/5.0 (Windows NT 10.0; Win64; x64) AppleWebKit/537.36 (KHTML, like Gecko) Chrome/148.0.0.0 Safari/537.36"
188.3.220.15 - - [26/May/2026:15:41:38 -0400] "GET /js/responsive/jq.evxTicker.css HTTP/2.0" 200 1324 "https://vanessavegax.elxcomplete.com/categories/photos.html" "Mozilla/5.0 (Windows NT 10.0; Win64; x64) AppleWebKit/537.36 (KHTML, like Gecko) Chrome/148.0.0.0 Safari/537.36"
188.3.220.15 - - [26/May/2026:15:41:38 -0400] "GET /include.js HTTP/2.0" 200 2786 "https://vanessavegax.elxcomplete.com/categories/photos.html" "Mozilla/5.0 (Windows NT 10.0; Win64; x64) AppleWebKit/537.36 (KHTML, like Gecko) Chrome/148.0.0.0 Safari/537.36"
188.3.220.15 - - [26/May/2026:15:41:38 -0400] "GET /css/all.min.css HTTP/2.0" 200 20744 "https://vanessavegax.elxcomplete.com/categories/photos.html" "Mozilla/5.0 (Windows NT 10.0; Win64; x64) AppleWebKit/537.36 (KHTML, like Gecko) Chrome/148.0.0.0 Safari/537.36"
188.3.220.15 - - [26/May/2026:15:41:38 -0400] "GET /images/jqueryui/jquery-ui.min.css HTTP/2.0" 200 7904 "https://vanessavegax.elxcomplete.com/categories/photos.html" "Mozilla/5.0 (Windows NT 10.0; Win64; x64) AppleWebKit/537.36 (KHTML, like Gecko) Chrome/148.0.0.0 Safari/537.36"
188.3.220.15 - - [26/May/2026:15:41:38 -0400] "GET /js/responsive/responsive.js HTTP/2.0" 200 1236 "https://vanessavegax.elxcomplete.com/categories/photos.html" "Mozilla/5.0 (Windows NT 10.0; Win64; x64) AppleWebKit/537.36 (KHTML, like Gecko) Chrome/148.0.0.0 Safari/537.36"
188.3.220.15 - - [26/May/2026:15:41:38 -0400] "GET /js/responsive/jq.evxTicker.js HTTP/2.0" 200 1063 "https://vanessavegax.elxcomplete.com/categories/photos.html" "Mozilla/5.0 (Windows NT 10.0; Win64; x64) AppleWebKit/537.36 (KHTML, like Gecko) Chrome/148.0.0.0 Safari/537.36"
188.3.220.15 - - [26/May/2026:15:41:38 -0400] "GET /js/owl.carousel.min.js HTTP/2.0" 200 11412 "https://vanessavegax.elxcomplete.com/categories/photos.html" "Mozilla/5.0 (Windows NT 10.0; Win64; x64) AppleWebKit/537.36 (KHTML, like Gecko) Chrome/148.0.0.0 Safari/537.36"
188.3.220.15 - - [26/May/2026:15:41:38 -0400] "GET /js/helper.js HTTP/2.0" 200 5620 "https://vanessavegax.elxcomplete.com/categories/photos.html" "Mozilla/5.0 (Windows NT 10.0; Win64; x64) AppleWebKit/537.36 (KHTML, like Gecko) Chrome/148.0.0.0 Safari/537.36"
188.3.220.15 - - [26/May/2026:15:41:38 -0400] "GET /js/responsive/modernizr.js HTTP/2.0" 200 7042 "https://vanessavegax.elxcomplete.com/categories/photos.html" "Mozilla/5.0 (Windows NT 10.0; Win64; x64) AppleWebKit/537.36 (KHTML, like Gecko) Chrome/148.0.0.0 Safari/537.36"
188.3.220.15 - - [26/May/2026:15:41:38 -0400] "GET /js/fancybox3/jquery.fancybox.min.js HTTP/2.0" 200 16773 "https://vanessavegax.elxcomplete.com/categories/photos.html" "Mozilla/5.0 (Windows NT 10.0; Win64; x64) AppleWebKit/537.36 (KHTML, like Gecko) Chrome/148.0.0.0 Safari/537.36"
188.3.220.15 - - [26/May/2026:15:41:38 -0400] "GET /js/jquery.plugin.min.js HTTP/2.0" 200 1486 "https://vanessavegax.elxcomplete.com/categories/photos.html" "Mozilla/5.0 (Windows NT 10.0; Win64; x64) AppleWebKit/537.36 (KHTML, like Gecko) Chrome/148.0.0.0 Safari/537.36"
188.3.220.15 - - [26/May/2026:15:41:38 -0400] "GET /js/jquery.countdown.min.js HTTP/2.0" 200 4545 "https://vanessavegax.elxcomplete.com/categories/photos.html" "Mozilla/5.0 (Windows NT 10.0; Win64; x64) AppleWebKit/537.36 (KHTML, like Gecko) Chrome/148.0.0.0 Safari/537.36"
188.3.220.15 - - [26/May/2026:15:41:38 -0400] "GET /js/jquery.min.js HTTP/2.0" 200 32775 "https://vanessavegax.elxcomplete.com/categories/photos.html" "Mozilla/5.0 (Windows NT 10.0; Win64; x64) AppleWebKit/537.36 (KHTML, like Gecko) Chrome/148.0.0.0 Safari/537.36"
188.3.220.15 - - [26/May/2026:15:41:38 -0400] "GET /css/custom.css HTTP/2.0" 200 203 "https://vanessavegax.elxcomplete.com/categories/photos.html" "Mozilla/5.0 (Windows NT 10.0; Win64; x64) AppleWebKit/537.36 (KHTML, like Gecko) Chrome/148.0.0.0 Safari/537.36"
188.3.220.15 - - [26/May/2026:15:41:38 -0400] "GET /js/jquery-ui.min.js HTTP/2.0" 200 68029 "https://vanessavegax.elxcomplete.com/categories/photos.html" "Mozilla/5.0 (Windows NT 10.0; Win64; x64) AppleWebKit/537.36 (KHTML, like Gecko) Chrome/148.0.0.0 Safari/537.36"
188.3.220.15 - - [26/May/2026:15:41:39 -0400] "GET /images/rta_white.png HTTP/2.0" 200 4707 "https://vanessavegax.elxcomplete.com/categories/photos.html" "Mozilla/5.0 (Windows NT 10.0; Win64; x64) AppleWebKit/537.36 (KHTML, like Gecko) Chrome/148.0.0.0 Safari/537.36"
188.3.220.15 - - [26/May/2026:15:41:39 -0400] "GET /images/logo.png HTTP/2.0" 200 5577 "https://vanessavegax.elxcomplete.com/categories/photos.html" "Mozilla/5.0 (Windows NT 10.0; Win64; x64) AppleWebKit/537.36 (KHTML, like Gecko) Chrome/148.0.0.0 Safari/537.36"
188.3.220.15 - - [26/May/2026:15:41:39 -0400] "GET /content/favicon.png HTTP/2.0" 404 196 "https://vanessavegax.elxcomplete.com/categories/photos.html" "Mozilla/5.0 (Windows NT 10.0; Win64; x64) AppleWebKit/537.36 (KHTML, like Gecko) Chrome/148.0.0.0 Safari/537.36"
188.3.220.15 - - [26/May/2026:15:41:40 -0400] "GET /images/search.png HTTP/2.0" 200 1161 "https://vanessavegax.elxcomplete.com/css/style.css" "Mozilla/5.0 (Windows NT 10.0; Win64; x64) AppleWebKit/537.36 (KHTML, like Gecko) Chrome/148.0.0.0 Safari/537.36"
188.3.220.15 - - [26/May/2026:15:41:40 -0400] "GET /images/newDArrow.png HTTP/2.0" 200 1659 "https://vanessavegax.elxcomplete.com/css/style.css" "Mozilla/5.0 (Windows NT 10.0; Win64; x64) AppleWebKit/537.36 (KHTML, like Gecko) Chrome/148.0.0.0 Safari/537.36"
188.3.220.15 - - [26/May/2026:15:41:40 -0400] "GET /webfonts/fa-brands-400.woff2 HTTP/2.0" 200 105112 "https://vanessavegax.elxcomplete.com/css/all.min.css" "Mozilla/5.0 (Windows NT 10.0; Win64; x64) AppleWebKit/537.36 (KHTML, like Gecko) Chrome/148.0.0.0 Safari/537.36"
188.3.220.15 - - [26/May/2026:15:41:40 -0400] "GET /webfonts/fa-solid-900.woff2 HTTP/2.0" 200 154840 "https://vanessavegax.elxcomplete.com/css/all.min.css" "Mozilla/5.0 (Windows NT 10.0; Win64; x64) AppleWebKit/537.36 (KHTML, like Gecko) Chrome/148.0.0.0 Safari/537.36"
188.3.220.15 - - [26/May/2026:15:41:43 -0400] "GET /members/ HTTP/2.0" 200 15777 "https://vanessavegax.elxcomplete.com/categories/photos.html" "Mozilla/5.0 (Windows NT 10.0; Win64; x64) AppleWebKit/537.36 (KHTML, like Gecko) Chrome/148.0.0.0 Safari/537.36"
188.3.220.15 - - [26/May/2026:15:41:43 -0400] "GET /members/css/owl.carousel.min.css HTTP/2.0" 200 1068 "https://vanessavegax.elxcomplete.com/members/" "Mozilla/5.0 (Windows NT 10.0; Win64; x64) AppleWebKit/537.36 (KHTML, like Gecko) Chrome/148.0.0.0 Safari/537.36"
188.3.220.15 - - [26/May/2026:15:41:43 -0400] "GET /members/css/media.css HTTP/2.0" 200 7094 "https://vanessavegax.elxcomplete.com/members/" "Mozilla/5.0 (Windows NT 10.0; Win64; x64) AppleWebKit/537.36 (KHTML, like Gecko) Chrome/148.0.0.0 Safari/537.36"
188.3.220.15 - - [26/May/2026:15:41:43 -0400] "GET /members/js/carousels_setup.js HTTP/2.0" 200 467 "https://vanessavegax.elxcomplete.com/members/" "Mozilla/5.0 (Windows NT 10.0; Win64; x64) AppleWebKit/537.36 (KHTML, like Gecko) Chrome/148.0.0.0 Safari/537.36"
188.3.220.15 - - [26/May/2026:15:41:43 -0400] "GET /members/js/jquery.meanmenu.min.js HTTP/2.0" 200 1357 "https://vanessavegax.elxcomplete.com/members/" "Mozilla/5.0 (Windows NT 10.0; Win64; x64) AppleWebKit/537.36 (KHTML, like Gecko) Chrome/148.0.0.0 Safari/537.36"
188.3.220.15 - - [26/May/2026:15:41:43 -0400] "GET /members/include.js HTTP/2.0" 200 2786 "https://vanessavegax.elxcomplete.com/members/" "Mozilla/5.0 (Windows NT 10.0; Win64; x64) AppleWebKit/537.36 (KHTML, like Gecko) Chrome/148.0.0.0 Safari/537.36"
188.3.220.15 - - [26/May/2026:15:41:43 -0400] "GET /members/css/style.css HTTP/2.0" 200 12831 "https://vanessavegax.elxcomplete.com/members/" "Mozilla/5.0 (Windows NT 10.0; Win64; x64) AppleWebKit/537.36 (KHTML, like Gecko) Chrome/148.0.0.0 Safari/537.36"
188.3.220.15 - - [26/May/2026:15:41:43 -0400] "GET /members/css/all.min.css HTTP/2.0" 200 20744 "https://vanessavegax.elxcomplete.com/members/" "Mozilla/5.0 (Windows NT 10.0; Win64; x64) AppleWebKit/537.36 (KHTML, like Gecko) Chrome/148.0.0.0 Safari/537.36"
188.3.220.15 - - [26/May/2026:15:41:43 -0400] "GET /members/js/fancybox3/jquery.fancybox.min.css HTTP/2.0" 200 3328 "https://vanessavegax.elxcomplete.com/members/" "Mozilla/5.0 (Windows NT 10.0; Win64; x64) AppleWebKit/537.36 (KHTML, like Gecko) Chrome/148.0.0.0 Safari/537.36"
188.3.220.15 - - [26/May/2026:15:41:43 -0400] "GET /members/js/modernizr.custom.js HTTP/2.0" 200 8040 "https://vanessavegax.elxcomplete.com/members/" "Mozilla/5.0 (Windows NT 10.0; Win64; x64) AppleWebKit/537.36 (KHTML, like Gecko) Chrome/148.0.0.0 Safari/537.36"
188.3.220.15 - - [26/May/2026:15:41:43 -0400] "GET /members/css/custom.css HTTP/2.0" 200 203 "https://vanessavegax.elxcomplete.com/members/" "Mozilla/5.0 (Windows NT 10.0; Win64; x64) AppleWebKit/537.36 (KHTML, like Gecko) Chrome/148.0.0.0 Safari/537.36"
188.3.220.15 - - [26/May/2026:15:41:43 -0400] "GET /members/js/jquery.plugin.min.js HTTP/2.0" 200 1486 "https://vanessavegax.elxcomplete.com/members/" "Mozilla/5.0 (Windows NT 10.0; Win64; x64) AppleWebKit/537.36 (KHTML, like Gecko) Chrome/148.0.0.0 Safari/537.36"
188.3.220.15 - - [26/May/2026:15:41:43 -0400] "GET /members/js/helper.js HTTP/2.0" 200 5620 "https://vanessavegax.elxcomplete.com/members/" "Mozilla/5.0 (Windows NT 10.0; Win64; x64) AppleWebKit/537.36 (KHTML, like Gecko) Chrome/148.0.0.0 Safari/537.36"
188.3.220.15 - - [26/May/2026:15:41:43 -0400] "GET /members/js/responsive/jq.evxTicker.css HTTP/2.0" 200 1324 "https://vanessavegax.elxcomplete.com/members/" "Mozilla/5.0 (Windows NT 10.0; Win64; x64) AppleWebKit/537.36 (KHTML, like Gecko) Chrome/148.0.0.0 Safari/537.36"
188.3.220.15 - - [26/May/2026:15:41:43 -0400] "GET /members/js/jquery.countdown.min.js HTTP/2.0" 200 4545 "https://vanessavegax.elxcomplete.com/members/" "Mozilla/5.0 (Windows NT 10.0; Win64; x64) AppleWebKit/537.36 (KHTML, like Gecko) Chrome/148.0.0.0 Safari/537.36"
188.3.220.15 - - [26/May/2026:15:41:43 -0400] "GET /members/images/jqueryui/jquery-ui.min.css HTTP/2.0" 200 7904 "https://vanessavegax.elxcomplete.com/members/" "Mozilla/5.0 (Windows NT 10.0; Win64; x64) AppleWebKit/537.36 (KHTML, like Gecko) Chrome/148.0.0.0 Safari/537.36"
188.3.220.15 - - [26/May/2026:15:41:43 -0400] "GET /members/js/responsive/jq.evxTicker.js HTTP/2.0" 200 1063 "https://vanessavegax.elxcomplete.com/members/" "Mozilla/5.0 (Windows NT 10.0; Win64; x64) AppleWebKit/537.36 (KHTML, like Gecko) Chrome/148.0.0.0 Safari/537.36"
188.3.220.15 - - [26/May/2026:15:41:43 -0400] "GET /members/images/logo.png HTTP/2.0" 200 5577 "https://vanessavegax.elxcomplete.com/members/" "Mozilla/5.0 (Windows NT 10.0; Win64; x64) AppleWebKit/537.36 (KHTML, like Gecko) Chrome/148.0.0.0 Safari/537.36"
188.3.220.15 - - [26/May/2026:15:41:43 -0400] "GET /members/js/fancybox3/jquery.fancybox.min.js HTTP/2.0" 200 16773 "https://vanessavegax.elxcomplete.com/members/" "Mozilla/5.0 (Windows NT 10.0; Win64; x64) AppleWebKit/537.36 (KHTML, like Gecko) Chrome/148.0.0.0 Safari/537.36"
188.3.220.15 - - [26/May/2026:15:41:43 -0400] "GET /members/js/owl.carousel.min.js HTTP/2.0" 200 11412 "https://vanessavegax.elxcomplete.com/members/" "Mozilla/5.0 (Windows NT 10.0; Win64; x64) AppleWebKit/537.36 (KHTML, like Gecko) Chrome/148.0.0.0 Safari/537.36"
188.3.220.15 - - [26/May/2026:15:41:43 -0400] "GET /members/js/responsive/modernizr.js HTTP/2.0" 200 7042 "https://vanessavegax.elxcomplete.com/members/" "Mozilla/5.0 (Windows NT 10.0; Win64; x64) AppleWebKit/537.36 (KHTML, like Gecko) Chrome/148.0.0.0 Safari/537.36"
188.3.220.15 - - [26/May/2026:15:41:43 -0400] "GET /members/js/responsive/responsive.js HTTP/2.0" 200 1236 "https://vanessavegax.elxcomplete.com/members/" "Mozilla/5.0 (Windows NT 10.0; Win64; x64) AppleWebKit/537.36 (KHTML, like Gecko) Chrome/148.0.0.0 Safari/537.36"
188.3.220.15 - - [26/May/2026:15:41:43 -0400] "GET /members/images/header/NSFW-slide1.jpg HTTP/2.0" 200 29800 "https://vanessavegax.elxcomplete.com/members/" "Mozilla/5.0 (Windows NT 10.0; Win64; x64) AppleWebKit/537.36 (KHTML, like Gecko) Chrome/148.0.0.0 Safari/537.36"
188.3.220.15 - - [26/May/2026:15:41:43 -0400] "GET /members/js/jquery.min.js HTTP/2.0" 200 32775 "https://vanessavegax.elxcomplete.com/members/" "Mozilla/5.0 (Windows NT 10.0; Win64; x64) AppleWebKit/537.36 (KHTML, like Gecko) Chrome/148.0.0.0 Safari/537.36"
188.3.220.15 - - [26/May/2026:15:41:43 -0400] "GET /members/js/jquery-ui.min.js HTTP/2.0" 200 68029 "https://vanessavegax.elxcomplete.com/members/" "Mozilla/5.0 (Windows NT 10.0; Win64; x64) AppleWebKit/537.36 (KHTML, like Gecko) Chrome/148.0.0.0 Safari/537.36"
188.3.220.15 - - [26/May/2026:15:41:43 -0400] "GET /members/images/rta_white.png HTTP/2.0" 200 4707 "https://vanessavegax.elxcomplete.com/members/" "Mozilla/5.0 (Windows NT 10.0; Win64; x64) AppleWebKit/537.36 (KHTML, like Gecko) Chrome/148.0.0.0 Safari/537.36"
188.3.220.15 - - [26/May/2026:15:41:43 -0400] "GET /members/images/search.png HTTP/2.0" 200 1161 "https://vanessavegax.elxcomplete.com/members/css/style.css" "Mozilla/5.0 (Windows NT 10.0; Win64; x64) AppleWebKit/537.36 (KHTML, like Gecko) Chrome/148.0.0.0 Safari/537.36"
188.3.220.15 - - [26/May/2026:15:41:43 -0400] "GET /members/images/newDArrow.png HTTP/2.0" 200 1659 "https://vanessavegax.elxcomplete.com/members/css/style.css" "Mozilla/5.0 (Windows NT 10.0; Win64; x64) AppleWebKit/537.36 (KHTML, like Gecko) Chrome/148.0.0.0 Safari/537.36"
188.3.220.15 - - [26/May/2026:15:41:43 -0400] "GET /members/images/leftSlider.png HTTP/2.0" 200 1015 "https://vanessavegax.elxcomplete.com/members/css/style.css" "Mozilla/5.0 (Windows NT 10.0; Win64; x64) AppleWebKit/537.36 (KHTML, like Gecko) Chrome/148.0.0.0 Safari/537.36"
188.3.220.15 - - [26/May/2026:15:41:43 -0400] "GET /members/images/rightSlider.png HTTP/2.0" 200 1011 "https://vanessavegax.elxcomplete.com/members/css/style.css" "Mozilla/5.0 (Windows NT 10.0; Win64; x64) AppleWebKit/537.36 (KHTML, like Gecko) Chrome/148.0.0.0 Safari/537.36"
188.3.220.15 - - [26/May/2026:15:41:43 -0400] "GET /members/webfonts/fa-brands-400.woff2 HTTP/2.0" 200 105112 "https://vanessavegax.elxcomplete.com/members/css/all.min.css" "Mozilla/5.0 (Windows NT 10.0; Win64; x64) AppleWebKit/537.36 (KHTML, like Gecko) Chrome/148.0.0.0 Safari/537.36"
188.3.220.15 - - [26/May/2026:15:41:43 -0400] "GET /members/webfonts/fa-solid-900.woff2 HTTP/2.0" 200 154840 "https://vanessavegax.elxcomplete.com/members/css/all.min.css" "Mozilla/5.0 (Windows NT 10.0; Win64; x64) AppleWebKit/537.36 (KHTML, like Gecko) Chrome/148.0.0.0 Safari/537.36"
188.3.220.15 - - [26/May/2026:15:41:43 -0400] "GET /members/content//contentthumbs/00/10/10-1x.jpg HTTP/2.0" 200 54410 "https://vanessavegax.elxcomplete.com/members/" "Mozilla/5.0 (Windows NT 10.0; Win64; x64) AppleWebKit/537.36 (KHTML, like Gecko) Chrome/148.0.0.0 Safari/537.36"
188.3.220.15 - - [26/May/2026:15:41:43 -0400] "GET /members/content//contentthumbs/00/09/9-1x.jpg HTTP/2.0" 200 58421 "https://vanessavegax.elxcomplete.com/members/" "Mozilla/5.0 (Windows NT 10.0; Win64; x64) AppleWebKit/537.36 (KHTML, like Gecko) Chrome/148.0.0.0 Safari/537.36"
188.3.220.15 - - [26/May/2026:15:41:43 -0400] "GET /members/content//contentthumbs/00/08/8-1x.jpg HTTP/2.0" 200 49243 "https://vanessavegax.elxcomplete.com/members/" "Mozilla/5.0 (Windows NT 10.0; Win64; x64) AppleWebKit/537.36 (KHTML, like Gecko) Chrome/148.0.0.0 Safari/537.36"
188.3.220.15 - - [26/May/2026:15:41:43 -0400] "GET /members/content//contentthumbs/00/03/3-1x.jpg HTTP/2.0" 200 45043 "https://vanessavegax.elxcomplete.com/members/" "Mozilla/5.0 (Windows NT 10.0; Win64; x64) AppleWebKit/537.36 (KHTML, like Gecko) Chrome/148.0.0.0 Safari/537.36"
188.3.220.15 - - [26/May/2026:15:41:43 -0400] "GET /members/content//contentthumbs/00/07/7-1x.jpg HTTP/2.0" 200 47002 "https://vanessavegax.elxcomplete.com/members/" "Mozilla/5.0 (Windows NT 10.0; Win64; x64) AppleWebKit/537.36 (KHTML, like Gecko) Chrome/148.0.0.0 Safari/537.36"
188.3.220.15 - - [26/May/2026:15:41:43 -0400] "GET /members/content//contentthumbs/00/04/4-1x.jpg HTTP/2.0" 200 75745 "https://vanessavegax.elxcomplete.com/members/" "Mozilla/5.0 (Windows NT 10.0; Win64; x64) AppleWebKit/537.36 (KHTML, like Gecko) Chrome/148.0.0.0 Safari/537.36"
188.3.220.15 - - [26/May/2026:15:41:43 -0400] "GET /members/content//contentthumbs/00/02/2-1x.jpg HTTP/2.0" 200 33543 "https://vanessavegax.elxcomplete.com/members/" "Mozilla/5.0 (Windows NT 10.0; Win64; x64) AppleWebKit/537.36 (KHTML, like Gecko) Chrome/148.0.0.0 Safari/537.36"
188.3.220.15 - - [26/May/2026:15:41:43 -0400] "GET /members/content//contentthumbs/00/05/5-1x.jpg HTTP/2.0" 200 65623 "https://vanessavegax.elxcomplete.com/members/" "Mozilla/5.0 (Windows NT 10.0; Win64; x64) AppleWebKit/537.36 (KHTML, like Gecko) Chrome/148.0.0.0 Safari/537.36"
188.3.220.15 - - [26/May/2026:15:41:43 -0400] "GET /members/content//contentthumbs/00/01/1-1x.jpg HTTP/2.0" 200 47462 "https://vanessavegax.elxcomplete.com/members/" "Mozilla/5.0 (Windows NT 10.0; Win64; x64) AppleWebKit/537.36 (KHTML, like Gecko) Chrome/148.0.0.0 Safari/537.36"
188.3.220.15 - - [26/May/2026:15:41:43 -0400] "GET /members/content//contentthumbs/00/06/6-1x.jpg HTTP/2.0" 200 64136 "https://vanessavegax.elxcomplete.com/members/" "Mozilla/5.0 (Windows NT 10.0; Win64; x64) AppleWebKit/537.36 (KHTML, like Gecko) Chrome/148.0.0.0 Safari/537.36"
188.3.220.15 - - [26/May/2026:15:41:43 -0400] "GET /members/content/favicon.png HTTP/2.0" 404 196 "https://vanessavegax.elxcomplete.com/members/" "Mozilla/5.0 (Windows NT 10.0; Win64; x64) AppleWebKit/537.36 (KHTML, like Gecko) Chrome/148.0.0.0 Safari/537.36"
188.3.220.15 - - [26/May/2026:15:41:49 -0400] "GET /members/scenes/FemdomDirtyTalk_vids.html HTTP/2.0" 200 19482 "https://vanessavegax.elxcomplete.com/members/" "Mozilla/5.0 (Windows NT 10.0; Win64; x64) AppleWebKit/537.36 (KHTML, like Gecko) Chrome/148.0.0.0 Safari/537.36"
188.3.220.15 - - [26/May/2026:15:41:49 -0400] "GET /members/js/mp4x/mediaelement-and-player.js HTTP/2.0" 200 50331 "https://vanessavegax.elxcomplete.com/members/scenes/FemdomDirtyTalk_vids.html" "Mozilla/5.0 (Windows NT 10.0; Win64; x64) AppleWebKit/537.36 (KHTML, like Gecko) Chrome/148.0.0.0 Safari/537.36"
188.3.220.15 - - [26/May/2026:15:41:49 -0400] "GET /members/js/mp4x/mediaelementplayer.min.css HTTP/2.0" 200 2602 "https://vanessavegax.elxcomplete.com/members/scenes/FemdomDirtyTalk_vids.html" "Mozilla/5.0 (Windows NT 10.0; Win64; x64) AppleWebKit/537.36 (KHTML, like Gecko) Chrome/148.0.0.0 Safari/537.36"
188.3.220.15 - - [26/May/2026:15:41:49 -0400] "GET /members/js/mp4x/mep-feature-time-rail-thumbnails.js HTTP/2.0" 200 2087 "https://vanessavegax.elxcomplete.com/members/scenes/FemdomDirtyTalk_vids.html" "Mozilla/5.0 (Windows NT 10.0; Win64; x64) AppleWebKit/537.36 (KHTML, like Gecko) Chrome/148.0.0.0 Safari/537.36"
188.3.220.15 - - [26/May/2026:15:41:49 -0400] "GET /members/images/join.jpg HTTP/2.0" 404 196 "https://vanessavegax.elxcomplete.com/members/scenes/FemdomDirtyTalk_vids.html" "Mozilla/5.0 (Windows NT 10.0; Win64; x64) AppleWebKit/537.36 (KHTML, like Gecko) Chrome/148.0.0.0 Safari/537.36"
188.3.220.15 - - [26/May/2026:15:41:49 -0400] "GET /members/js/mp4x/vtt.js HTTP/2.0" 200 28768 "https://vanessavegax.elxcomplete.com/members/scenes/FemdomDirtyTalk_vids.html" "Mozilla/5.0 (Windows NT 10.0; Win64; x64) AppleWebKit/537.36 (KHTML, like Gecko) Chrome/148.0.0.0 Safari/537.36"
188.3.220.15 - - [26/May/2026:15:41:50 -0400] "GET /members/content//upload/Femdom_DirtyTalk/1080p/vtt/femdom_custom.mp4.vtt HTTP/2.0" 200 14863 "https://vanessavegax.elxcomplete.com/members/scenes/FemdomDirtyTalk_vids.html" "Mozilla/5.0 (Windows NT 10.0; Win64; x64) AppleWebKit/537.36 (KHTML, like Gecko) Chrome/148.0.0.0 Safari/537.36"
188.3.220.15 - - [26/May/2026:15:41:50 -0400] "GET /members/js/mp4x/mejs-controls.svg HTTP/2.0" 200 1413 "https://vanessavegax.elxcomplete.com/members/js/mp4x/mediaelementplayer.min.css" "Mozilla/5.0 (Windows NT 10.0; Win64; x64) AppleWebKit/537.36 (KHTML, like Gecko) Chrome/148.0.0.0 Safari/537.36"
188.3.220.15 - - [26/May/2026:15:41:50 -0400] "GET /members/content//upload/Femdom_DirtyTalk/1080p/vtt/femdom_custom.mp4.jpg? HTTP/2.0" 200 504985 "https://vanessavegax.elxcomplete.com/members/scenes/FemdomDirtyTalk_vids.html" "Mozilla/5.0 (Windows NT 10.0; Win64; x64) AppleWebKit/537.36 (KHTML, like Gecko) Chrome/148.0.0.0 Safari/537.36"
188.3.220.15 - - [26/May/2026:15:41:50 -0400] "GET /members/content//upload/Femdom_DirtyTalk/femdom_custom.m3u8 HTTP/2.0" 206 293 "https://vanessavegax.elxcomplete.com/members/scenes/FemdomDirtyTalk_vids.html" "Mozilla/5.0 (Windows NT 10.0; Win64; x64) AppleWebKit/537.36 (KHTML, like Gecko) Chrome/148.0.0.0 Safari/537.36"
188.3.220.15 - - [26/May/2026:15:41:51 -0400] "GET /members/stattrack.php?pagename=image&id=1&cg=2&type=vids&mt=HLS HTTP/2.0" 200 - "https://vanessavegax.elxcomplete.com/members/scenes/FemdomDirtyTalk_vids.html" "Mozilla/5.0 (Windows NT 10.0; Win64; x64) AppleWebKit/537.36 (KHTML, like Gecko) Chrome/148.0.0.0 Safari/537.36"
188.3.220.15 - - [26/May/2026:15:41:51 -0400] "GET /members/content//upload/Femdom_DirtyTalk/1080p/femdom_custom.mp4 HTTP/2.0" 206 956470275 "https://vanessavegax.elxcomplete.com/members/scenes/FemdomDirtyTalk_vids.html" "Mozilla/5.0 (Windows NT 10.0; Win64; x64) AppleWebKit/537.36 (KHTML, like Gecko) Chrome/148.0.0.0 Safari/537.36"
188.3.220.15 - - [26/May/2026:15:41:51 -0400] "GET /members/content//upload/Femdom_DirtyTalk/1080p/femdom_custom.mp4 HTTP/2.0" 206 791555 "https://vanessavegax.elxcomplete.com/members/scenes/FemdomDirtyTalk_vids.html" "Mozilla/5.0 (Windows NT 10.0; Win64; x64) AppleWebKit/537.36 (KHTML, like Gecko) Chrome/148.0.0.0 Safari/537.36"
188.3.220.15 - - [26/May/2026:15:41:52 -0400] "GET /members/content/favicon.png HTTP/2.0" 404 196 "https://vanessavegax.elxcomplete.com/members/scenes/FemdomDirtyTalk_vids.html" "Mozilla/5.0 (Windows NT 10.0; Win64; x64) AppleWebKit/537.36 (KHTML, like Gecko) Chrome/148.0.0.0 Safari/537.36"
188.3.220.15 - - [26/May/2026:15:41:52 -0400] "GET /members/content//upload/Femdom_DirtyTalk/1080p/femdom_custom.mp4 HTTP/2.0" 206 955612879 "https://vanessavegax.elxcomplete.com/members/scenes/FemdomDirtyTalk_vids.html" "Mozilla/5.0 (Windows NT 10.0; Win64; x64) AppleWebKit/537.36 (KHTML, like Gecko) Chrome/148.0.0.0 Safari/537.36"
188.3.220.15 - - [26/May/2026:15:42:04 -0400] "GET /members/index.php HTTP/2.0" 200 15777 "https://vanessavegax.elxcomplete.com/members/scenes/FemdomDirtyTalk_vids.html" "Mozilla/5.0 (Windows NT 10.0; Win64; x64) AppleWebKit/537.36 (KHTML, like Gecko) Chrome/148.0.0.0 Safari/537.36"
188.3.220.15 - - [26/May/2026:15:41:54 -0400] "GET /members/content//upload/Femdom_DirtyTalk/1080p/femdom_custom.mp4 HTTP/2.0" 206 722042880 "https://vanessavegax.elxcomplete.com/members/scenes/FemdomDirtyTalk_vids.html" "Mozilla/5.0 (Windows NT 10.0; Win64; x64) AppleWebKit/537.36 (KHTML, like Gecko) Chrome/148.0.0.0 Safari/537.36"
205.210.31.19 - - [26/May/2026:17:13:26 -0400] "GET / HTTP/1.1" 301 245 "-" "Hello from Palo Alto Networks, find out more about our scans in https://docs-cortex.paloaltonetworks.com/r/1/Cortex-Xpanse/Scanning-activity"
205.210.31.19 - - [26/May/2026:17:13:26 -0400] "GET / HTTP/1.1" 200 79349 "http://vanessavegax.elxcomplete.com/" "Hello from Palo Alto Networks, find out more about our scans in https://docs-cortex.paloaltonetworks.com/r/1/Cortex-Xpanse/Scanning-activity"
176.65.139.229 - - [26/May/2026:19:06:36 -0400] "GET / HTTP/1.1" 200 79349 "-" "Mozilla/5.0 (Windows NT 10.0; Win64; x64) AppleWebKit/537.36 (KHTML, like Gecko) Chrome/147.0.0.0 Safari/537.36"
47.128.55.208 - - [26/May/2026:20:50:54 -0400] "GET /category.php HTTP/2.0" 404 63002 "-" "Mozilla/5.0 (Linux; Android 5.0) AppleWebKit/537.36 (KHTML, like Gecko) Mobile Safari/537.36 (compatible; Bytespider; spider-feedback@bytedance.com)"
47.128.55.208 - - [26/May/2026:20:50:54 -0400] "GET /css/all.min.css HTTP/2.0" 200 20744 "https://vanessavegax.elxcomplete.com/category.php" "Mozilla/5.0 (Linux; Android 5.0) AppleWebKit/537.36 (KHTML, like Gecko) Mobile Safari/537.36 (compatible; Bytespider; spider-feedback@bytedance.com)"
47.128.55.208 - - [26/May/2026:20:50:55 -0400] "GET /css/custom.css HTTP/2.0" 200 203 "https://vanessavegax.elxcomplete.com/category.php" "Mozilla/5.0 (Linux; Android 5.0) AppleWebKit/537.36 (KHTML, like Gecko) Mobile Safari/537.36 (compatible; Bytespider; spider-feedback@bytedance.com)"
47.128.55.208 - - [26/May/2026:20:50:55 -0400] "GET /js/responsive/jq.evxTicker.css HTTP/2.0" 200 1324 "https://vanessavegax.elxcomplete.com/category.php" "Mozilla/5.0 (Linux; Android 5.0) AppleWebKit/537.36 (KHTML, like Gecko) Mobile Safari/537.36 (compatible; Bytespider; spider-feedback@bytedance.com)"
47.128.55.208 - - [26/May/2026:20:50:55 -0400] "GET /css/media.css HTTP/2.0" 200 7094 "https://vanessavegax.elxcomplete.com/category.php" "Mozilla/5.0 (Linux; Android 5.0) AppleWebKit/537.36 (KHTML, like Gecko) Mobile Safari/537.36 (compatible; Bytespider; spider-feedback@bytedance.com)"
34.42.34.237 - - [26/May/2026:22:53:58 -0400] "POST / HTTP/1.1" 200 19313 "https://vanessavegax.elxcomplete.com/" "Mozilla/5.0 (Macintosh; Intel Mac OS X 10_15_7) AppleWebKit/537.36 (KHTML, like Gecko) Chrome/146.0.0.0 Safari/537.36"
47.128.55.37 - - [26/May/2026:22:54:54 -0400] "GET /robots.txt HTTP/1.1" 404 196 "-" "Mozilla/5.0 (Linux; Android 5.0) AppleWebKit/537.36 (KHTML, like Gecko) Mobile Safari/537.36 (compatible; Bytespider; spider-feedback@bytedance.com)"
74.7.175.161 - - [26/May/2026:23:18:46 -0400] "GET /robots.txt HTTP/2.0" 404 196 "-" "Mozilla/5.0 (Macintosh; Intel Mac OS X 10_15_7) AppleWebKit/537.36 (KHTML, like Gecko) Chrome/131.0.0.0 Safari/537.36; compatible; OAI-SearchBot/1.4; robots.txt; +https://openai.com/searchbot"
46.203.230.8 - - [27/May/2026:00:03:43 -0400] "GET /_rNd9xZ7kL3 HTTP/1.1" 404 196 "https://www.google.com/search?q=vanessavegax.elxcomplete.com" "Mozilla/5.0 (compatible; Googlebot/2.1; +http://www.google.com/bot.html)"
47.82.11.136 - - [27/May/2026:00:48:52 -0400] "GET /sitemap_index.xml.gz HTTP/1.1" 404 196 "-" "Mozilla/5.0 (Macintosh; Intel Mac OS X 10_15_7) AppleWebKit/537.36 (KHTML, like Gecko) Chrome/128.0.0.0 Safari/537.36"
35.221.38.168 - - [27/May/2026:08:25:17 -0400] "GET / HTTP/1.1" 301 245 "-" "Mozilla/5.0 (Windows NT 10.0; Win64; x64) AppleWebKit/537.36 (KHTML, like Gecko) Chrome/95.0.4638.69 Safari/537.36"
35.221.38.168 - - [27/May/2026:08:25:18 -0400] "GET //wp-includes/ID3/license.txt HTTP/1.1" 404 196 "-" "Mozilla/5.0 (Windows NT 10.0; Win64; x64) AppleWebKit/537.36 (KHTML, like Gecko) Chrome/95.0.4638.69 Safari/537.36"
35.221.38.168 - - [27/May/2026:08:25:18 -0400] "GET //feed/ HTTP/1.1" 404 196 "-" "Mozilla/5.0 (Windows NT 10.0; Win64; x64) AppleWebKit/537.36 (KHTML, like Gecko) Chrome/95.0.4638.69 Safari/537.36"
35.221.38.168 - - [27/May/2026:08:25:18 -0400] "GET //xmlrpc.php?rsd HTTP/1.1" 404 16 "-" "Mozilla/5.0 (Windows NT 10.0; Win64; x64) AppleWebKit/537.36 (KHTML, like Gecko) Chrome/95.0.4638.69 Safari/537.36"
35.221.38.168 - - [27/May/2026:08:25:18 -0400] "GET //blog/wp-includes/wlwmanifest.xml HTTP/1.1" 404 196 "-" "Mozilla/5.0 (Windows NT 10.0; Win64; x64) AppleWebKit/537.36 (KHTML, like Gecko) Chrome/95.0.4638.69 Safari/537.36"
35.221.38.168 - - [27/May/2026:08:25:18 -0400] "GET //web/wp-includes/wlwmanifest.xml HTTP/1.1" 404 196 "-" "Mozilla/5.0 (Windows NT 10.0; Win64; x64) AppleWebKit/537.36 (KHTML, like Gecko) Chrome/95.0.4638.69 Safari/537.36"
35.221.38.168 - - [27/May/2026:08:25:18 -0400] "GET //wordpress/wp-includes/wlwmanifest.xml HTTP/1.1" 404 196 "-" "Mozilla/5.0 (Windows NT 10.0; Win64; x64) AppleWebKit/537.36 (KHTML, like Gecko) Chrome/95.0.4638.69 Safari/537.36"
35.221.38.168 - - [27/May/2026:08:25:18 -0400] "GET //wp/wp-includes/wlwmanifest.xml HTTP/1.1" 404 196 "-" "Mozilla/5.0 (Windows NT 10.0; Win64; x64) AppleWebKit/537.36 (KHTML, like Gecko) Chrome/95.0.4638.69 Safari/537.36"
35.221.38.168 - - [27/May/2026:08:25:18 -0400] "GET //2020/wp-includes/wlwmanifest.xml HTTP/1.1" 404 196 "-" "Mozilla/5.0 (Windows NT 10.0; Win64; x64) AppleWebKit/537.36 (KHTML, like Gecko) Chrome/95.0.4638.69 Safari/537.36"
35.221.38.168 - - [27/May/2026:08:25:18 -0400] "GET //2019/wp-includes/wlwmanifest.xml HTTP/1.1" 404 196 "-" "Mozilla/5.0 (Windows NT 10.0; Win64; x64) AppleWebKit/537.36 (KHTML, like Gecko) Chrome/95.0.4638.69 Safari/537.36"
35.221.38.168 - - [27/May/2026:08:25:18 -0400] "GET //2021/wp-includes/wlwmanifest.xml HTTP/1.1" 404 196 "-" "Mozilla/5.0 (Windows NT 10.0; Win64; x64) AppleWebKit/537.36 (KHTML, like Gecko) Chrome/95.0.4638.69 Safari/537.36"
35.221.38.168 - - [27/May/2026:08:25:18 -0400] "GET //shop/wp-includes/wlwmanifest.xml HTTP/1.1" 404 196 "-" "Mozilla/5.0 (Windows NT 10.0; Win64; x64) AppleWebKit/537.36 (KHTML, like Gecko) Chrome/95.0.4638.69 Safari/537.36"
35.221.38.168 - - [27/May/2026:08:25:18 -0400] "GET //wp1/wp-includes/wlwmanifest.xml HTTP/1.1" 404 196 "-" "Mozilla/5.0 (Windows NT 10.0; Win64; x64) AppleWebKit/537.36 (KHTML, like Gecko) Chrome/95.0.4638.69 Safari/537.36"
35.221.38.168 - - [27/May/2026:08:25:18 -0400] "GET //test/wp-includes/wlwmanifest.xml HTTP/1.1" 404 196 "-" "Mozilla/5.0 (Windows NT 10.0; Win64; x64) AppleWebKit/537.36 (KHTML, like Gecko) Chrome/95.0.4638.69 Safari/537.36"
35.221.38.168 - - [27/May/2026:08:25:18 -0400] "GET //site/wp-includes/wlwmanifest.xml HTTP/1.1" 404 196 "-" "Mozilla/5.0 (Windows NT 10.0; Win64; x64) AppleWebKit/537.36 (KHTML, like Gecko) Chrome/95.0.4638.69 Safari/537.36"
35.221.38.168 - - [27/May/2026:08:25:18 -0400] "GET //cms/wp-includes/wlwmanifest.xml HTTP/1.1" 404 196 "-" "Mozilla/5.0 (Windows NT 10.0; Win64; x64) AppleWebKit/537.36 (KHTML, like Gecko) Chrome/95.0.4638.69 Safari/537.36"
104.28.196.56 - - [27/May/2026:13:39:22 -0400] "GET /ms-themes.php HTTP/1.1" 301 258 "-" "Go-http-client/1.1"
104.28.196.56 - - [27/May/2026:13:39:28 -0400] "GET /ms-themes.php HTTP/2.0" 404 16 "http://vanessavegax.elxcomplete.com/ms-themes.php" "Go-http-client/2.0"
104.28.196.56 - - [27/May/2026:13:39:36 -0400] "GET /chosen.php?p= HTTP/1.1" 301 258 "-" "Go-http-client/1.1"
104.28.228.55 - - [27/May/2026:13:39:40 -0400] "GET /chosen.php?p= HTTP/2.0" 404 16 "http://vanessavegax.elxcomplete.com/chosen.php?p=" "Go-http-client/2.0"
104.28.196.56 - - [27/May/2026:13:39:43 -0400] "GET /file.php HTTP/1.1" 301 253 "-" "Go-http-client/1.1"
104.28.228.55 - - [27/May/2026:13:39:43 -0400] "GET /file.php HTTP/2.0" 404 16 "http://vanessavegax.elxcomplete.com/file.php" "Go-http-client/2.0"
104.28.196.56 - - [27/May/2026:13:39:43 -0400] "GET /flower.php HTTP/1.1" 301 255 "-" "Go-http-client/1.1"
104.28.228.55 - - [27/May/2026:13:39:44 -0400] "GET /flower.php HTTP/2.0" 404 16 "http://vanessavegax.elxcomplete.com/flower.php" "Go-http-client/2.0"
104.28.196.56 - - [27/May/2026:13:39:44 -0400] "GET /gifclass.php HTTP/1.1" 301 257 "-" "Go-http-client/1.1"
104.28.228.55 - - [27/May/2026:13:39:44 -0400] "GET /gifclass.php HTTP/2.0" 404 16 "http://vanessavegax.elxcomplete.com/gifclass.php#888xyz999" "Go-http-client/2.0"
104.28.196.56 - - [27/May/2026:13:39:45 -0400] "GET /bless.php HTTP/1.1" 301 254 "-" "Go-http-client/1.1"
104.28.228.55 - - [27/May/2026:13:39:45 -0400] "GET /bless.php HTTP/2.0" 404 16 "http://vanessavegax.elxcomplete.com/bless.php#888xyz999" "Go-http-client/2.0"
104.28.196.56 - - [27/May/2026:13:39:48 -0400] "GET /class-t.api.php HTTP/1.1" 301 260 "-" "Go-http-client/1.1"
104.28.228.55 - - [27/May/2026:13:39:48 -0400] "GET /class-t.api.php HTTP/2.0" 404 16 "http://vanessavegax.elxcomplete.com/class-t.api.php#888xyz999" "Go-http-client/2.0"
104.28.196.56 - - [27/May/2026:13:39:48 -0400] "GET /blurbs.php HTTP/1.1" 301 255 "-" "Go-http-client/1.1"
104.28.228.55 - - [27/May/2026:13:39:48 -0400] "GET /blurbs.php HTTP/2.0" 404 16 "http://vanessavegax.elxcomplete.com/blurbs.php#888xyz999" "Go-http-client/2.0"
104.28.196.56 - - [27/May/2026:13:39:48 -0400] "GET /akcc.php HTTP/1.1" 301 253 "-" "Go-http-client/1.1"
104.28.228.55 - - [27/May/2026:13:39:48 -0400] "GET /akcc.php HTTP/2.0" 404 16 "http://vanessavegax.elxcomplete.com/akcc.php" "Go-http-client/2.0"
104.28.196.56 - - [27/May/2026:13:39:49 -0400] "GET /abcd.php HTTP/1.1" 301 253 "-" "Go-http-client/1.1"
104.28.228.55 - - [27/May/2026:13:39:49 -0400] "GET /abcd.php HTTP/2.0" 404 16 "http://vanessavegax.elxcomplete.com/abcd.php" "Go-http-client/2.0"
104.28.196.56 - - [27/May/2026:13:39:49 -0400] "GET /shelp.php HTTP/1.1" 301 254 "-" "Go-http-client/1.1"
104.28.228.55 - - [27/May/2026:13:39:50 -0400] "GET /shelp.php HTTP/2.0" 404 16 "http://vanessavegax.elxcomplete.com/shelp.php" "Go-http-client/2.0"
104.28.196.56 - - [27/May/2026:13:39:50 -0400] "GET /cord.php HTTP/1.1" 301 253 "-" "Go-http-client/1.1"
104.28.228.55 - - [27/May/2026:13:39:50 -0400] "GET /cord.php HTTP/2.0" 404 16 "http://vanessavegax.elxcomplete.com/cord.php" "Go-http-client/2.0"
104.28.196.56 - - [27/May/2026:13:39:50 -0400] "GET /dex.php HTTP/1.1" 301 252 "-" "Go-http-client/1.1"
104.28.228.55 - - [27/May/2026:13:39:51 -0400] "GET /dex.php HTTP/2.0" 404 16 "http://vanessavegax.elxcomplete.com/dex.php" "Go-http-client/2.0"
104.28.196.56 - - [27/May/2026:13:39:51 -0400] "GET /wp-admin/admin-ajax.php HTTP/1.1" 301 268 "-" "Go-http-client/1.1"
104.28.228.55 - - [27/May/2026:13:39:52 -0400] "GET /wp-admin/admin-ajax.php HTTP/2.0" 404 196 "http://vanessavegax.elxcomplete.com/wp-admin/admin-ajax.php" "Go-http-client/2.0"
104.28.196.56 - - [27/May/2026:13:39:52 -0400] "GET //zwso.php HTTP/1.1" 301 253 "-" "Go-http-client/1.1"
104.28.228.55 - - [27/May/2026:13:39:53 -0400] "GET /zwso.php HTTP/2.0" 404 16 "http://vanessavegax.elxcomplete.com//zwso.php" "Go-http-client/2.0"
104.28.196.56 - - [27/May/2026:13:39:53 -0400] "GET /wp-content/plugins/hellopress/wp_mna.php HTTP/1.1" 301 285 "-" "Go-http-client/1.1"
104.28.228.55 - - [27/May/2026:13:39:53 -0400] "GET /wp-content/plugins/hellopress/wp_mna.php HTTP/2.0" 404 196 "http://vanessavegax.elxcomplete.com/wp-content/plugins/hellopress/wp_mna.php" "Go-http-client/2.0"
104.28.196.56 - - [27/May/2026:13:39:54 -0400] "GET /bolt.php HTTP/1.1" 301 253 "-" "Go-http-client/1.1"
104.28.228.55 - - [27/May/2026:13:39:54 -0400] "GET /bolt.php HTTP/2.0" 404 16 "http://vanessavegax.elxcomplete.com/bolt.php" "Go-http-client/2.0"
104.28.196.56 - - [27/May/2026:13:39:55 -0400] "GET /cjfuns.php HTTP/1.1" 301 255 "-" "Go-http-client/1.1"
104.28.228.55 - - [27/May/2026:13:39:55 -0400] "GET /cjfuns.php HTTP/2.0" 404 16 "http://vanessavegax.elxcomplete.com/cjfuns.php" "Go-http-client/2.0"
104.28.196.56 - - [27/May/2026:13:39:55 -0400] "GET /wp-admin/css/index.php HTTP/1.1" 301 267 "-" "Go-http-client/1.1"
104.28.228.55 - - [27/May/2026:13:39:56 -0400] "GET /wp-admin/css/index.php HTTP/2.0" 404 196 "http://vanessavegax.elxcomplete.com/wp-admin/css/index.php" "Go-http-client/2.0"
104.28.196.56 - - [27/May/2026:13:39:56 -0400] "GET /wp-content/plugins/index.php HTTP/1.1" 301 273 "-" "Go-http-client/1.1"
104.28.228.55 - - [27/May/2026:13:39:57 -0400] "GET /wp-content/plugins/index.php HTTP/2.0" 404 196 "http://vanessavegax.elxcomplete.com/wp-content/plugins/index.php" "Go-http-client/2.0"
104.28.196.56 - - [27/May/2026:13:39:57 -0400] "GET /wp-content/index.php HTTP/1.1" 301 265 "-" "Go-http-client/1.1"
104.28.228.55 - - [27/May/2026:13:39:57 -0400] "GET /wp-content/index.php HTTP/2.0" 404 196 "http://vanessavegax.elxcomplete.com/wp-content/index.php" "Go-http-client/2.0"
104.28.196.56 - - [27/May/2026:13:39:58 -0400] "GET /ioxi-o.php HTTP/1.1" 301 255 "-" "Go-http-client/1.1"
104.28.228.55 - - [27/May/2026:13:39:58 -0400] "GET /ioxi-o.php HTTP/2.0" 404 16 "http://vanessavegax.elxcomplete.com/ioxi-o.php" "Go-http-client/2.0"
104.28.196.56 - - [27/May/2026:13:39:58 -0400] "GET /insc.php HTTP/1.1" 301 253 "-" "Go-http-client/1.1"
104.28.228.55 - - [27/May/2026:13:39:58 -0400] "GET /insc.php HTTP/2.0" 404 16 "http://vanessavegax.elxcomplete.com/insc.php" "Go-http-client/2.0"
104.28.196.56 - - [27/May/2026:13:39:59 -0400] "GET /classwithtostring.php HTTP/1.1" 301 266 "-" "Go-http-client/1.1"
104.28.228.55 - - [27/May/2026:13:39:59 -0400] "GET /classwithtostring.php HTTP/2.0" 404 16 "http://vanessavegax.elxcomplete.com/classwithtostring.php" "Go-http-client/2.0"
104.28.196.56 - - [27/May/2026:13:39:59 -0400] "GET /txets.php HTTP/1.1" 301 254 "-" "Go-http-client/1.1"
104.28.228.55 - - [27/May/2026:13:39:59 -0400] "GET /txets.php HTTP/2.0" 404 16 "http://vanessavegax.elxcomplete.com/txets.php" "Go-http-client/2.0"
104.28.196.56 - - [27/May/2026:13:40:00 -0400] "GET /wp-content/themes/txets.php HTTP/1.1" 301 272 "-" "Go-http-client/1.1"
104.28.228.55 - - [27/May/2026:13:40:00 -0400] "GET /wp-content/themes/txets.php HTTP/2.0" 404 196 "http://vanessavegax.elxcomplete.com/wp-content/themes/txets.php" "Go-http-client/2.0"
104.28.196.56 - - [27/May/2026:13:40:00 -0400] "GET /wp-admin/txets.php HTTP/1.1" 301 263 "-" "Go-http-client/1.1"
104.28.228.55 - - [27/May/2026:13:40:00 -0400] "GET /wp-admin/txets.php HTTP/2.0" 404 196 "http://vanessavegax.elxcomplete.com/wp-admin/txets.php" "Go-http-client/2.0"
104.28.196.56 - - [27/May/2026:13:40:01 -0400] "GET /wp-includes/txets.php HTTP/1.1" 301 266 "-" "Go-http-client/1.1"
104.28.228.55 - - [27/May/2026:13:40:01 -0400] "GET /wp-includes/txets.php HTTP/2.0" 404 196 "http://vanessavegax.elxcomplete.com/wp-includes/txets.php" "Go-http-client/2.0"
104.28.196.56 - - [27/May/2026:13:40:01 -0400] "GET /goods.php HTTP/1.1" 301 254 "-" "Go-http-client/1.1"
104.28.228.55 - - [27/May/2026:13:40:01 -0400] "GET /goods.php HTTP/2.0" 404 16 "http://vanessavegax.elxcomplete.com/goods.php" "Go-http-client/2.0"
104.28.196.56 - - [27/May/2026:13:40:01 -0400] "GET /wp-editor.php HTTP/1.1" 301 258 "-" "Go-http-client/1.1"
104.28.228.55 - - [27/May/2026:13:40:02 -0400] "GET /wp-editor.php HTTP/2.0" 404 16 "http://vanessavegax.elxcomplete.com/wp-editor.php#lufix" "Go-http-client/2.0"
104.28.196.56 - - [27/May/2026:13:40:02 -0400] "GET /lufix.php HTTP/1.1" 301 254 "-" "Go-http-client/1.1"
104.28.228.55 - - [27/May/2026:13:40:02 -0400] "GET /lufix.php HTTP/2.0" 404 16 "http://vanessavegax.elxcomplete.com/lufix.php#lufix" "Go-http-client/2.0"
104.28.196.56 - - [27/May/2026:13:40:02 -0400] "GET /style.php HTTP/1.1" 301 254 "-" "Go-http-client/1.1"
104.28.228.55 - - [27/May/2026:13:40:02 -0400] "GET /style.php HTTP/2.0" 404 16 "http://vanessavegax.elxcomplete.com/style.php" "Go-http-client/2.0"
74.7.175.161 - - [27/May/2026:14:25:29 -0400] "GET /robots.txt HTTP/2.0" 404 196 "-" "Mozilla/5.0 (Macintosh; Intel Mac OS X 10_15_7) AppleWebKit/537.36 (KHTML, like Gecko) Chrome/131.0.0.0 Safari/537.36; compatible; OAI-SearchBot/1.4; robots.txt; +https://openai.com/searchbot"
198.235.24.59 - - [27/May/2026:17:35:16 -0400] "GET / HTTP/1.1" 200 79349 "-" "Hello from Palo Alto Networks, find out more about our scans in https://docs-cortex.paloaltonetworks.com/r/1/Cortex-Xpanse/Scanning-activity"
47.128.55.39 - - [27/May/2026:19:37:28 -0400] "GET /index.php HTTP/2.0" 200 19313 "-" "Mozilla/5.0 (Linux; Android 5.0) AppleWebKit/537.36 (KHTML, like Gecko) Mobile Safari/537.36 (compatible; Bytespider; spider-feedback@bytedance.com)"
47.128.55.39 - - [27/May/2026:19:37:29 -0400] "GET /css/all.min.css HTTP/2.0" 200 20744 "https://vanessavegax.elxcomplete.com/index.php" "Mozilla/5.0 (Linux; Android 5.0) AppleWebKit/537.36 (KHTML, like Gecko) Mobile Safari/537.36 (compatible; Bytespider; spider-feedback@bytedance.com)"
47.128.55.39 - - [27/May/2026:19:37:30 -0400] "GET /css/style.css HTTP/2.0" 200 12831 "https://vanessavegax.elxcomplete.com/index.php" "Mozilla/5.0 (Linux; Android 5.0) AppleWebKit/537.36 (KHTML, like Gecko) Mobile Safari/537.36 (compatible; Bytespider; spider-feedback@bytedance.com)"
47.128.55.39 - - [27/May/2026:19:37:30 -0400] "GET /css/owl.carousel.min.css HTTP/2.0" 200 1068 "https://vanessavegax.elxcomplete.com/index.php" "Mozilla/5.0 (Linux; Android 5.0) AppleWebKit/537.36 (KHTML, like Gecko) Mobile Safari/537.36 (compatible; Bytespider; spider-feedback@bytedance.com)"
47.128.55.39 - - [27/May/2026:19:37:30 -0400] "GET /js/responsive/jq.evxTicker.css HTTP/2.0" 200 1324 "https://vanessavegax.elxcomplete.com/index.php" "Mozilla/5.0 (Linux; Android 5.0) AppleWebKit/537.36 (KHTML, like Gecko) Mobile Safari/537.36 (compatible; Bytespider; spider-feedback@bytedance.com)"
47.128.55.39 - - [27/May/2026:19:37:30 -0400] "GET /js/fancybox3/jquery.fancybox.min.css HTTP/2.0" 200 3328 "https://vanessavegax.elxcomplete.com/index.php" "Mozilla/5.0 (Linux; Android 5.0) AppleWebKit/537.36 (KHTML, like Gecko) Mobile Safari/537.36 (compatible; Bytespider; spider-feedback@bytedance.com)"
47.128.55.39 - - [27/May/2026:19:37:31 -0400] "GET /css/custom.css HTTP/2.0" 200 203 "https://vanessavegax.elxcomplete.com/index.php" "Mozilla/5.0 (Linux; Android 5.0) AppleWebKit/537.36 (KHTML, like Gecko) Mobile Safari/537.36 (compatible; Bytespider; spider-feedback@bytedance.com)"
47.128.55.39 - - [27/May/2026:19:37:31 -0400] "GET /content/Smoking_Riding_Black_Dildo/1.jpg HTTP/2.0" 404 196 "https://vanessavegax.elxcomplete.com/index.php" "Mozilla/5.0 (Linux; Android 5.0) AppleWebKit/537.36 (KHTML, like Gecko) Mobile Safari/537.36 (compatible; Bytespider; spider-feedback@bytedance.com)"
47.128.55.39 - - [27/May/2026:19:37:32 -0400] "GET /content/Prom_Night_Hotelroom_Fuck/1.jpg HTTP/2.0" 404 196 "https://vanessavegax.elxcomplete.com/index.php" "Mozilla/5.0 (Linux; Android 5.0) AppleWebKit/537.36 (KHTML, like Gecko) Mobile Safari/537.36 (compatible; Bytespider; spider-feedback@bytedance.com)"
47.128.55.39 - - [27/May/2026:19:37:32 -0400] "GET /content/POV_Dildo_Suck/1.jpg HTTP/2.0" 404 196 "https://vanessavegax.elxcomplete.com/index.php" "Mozilla/5.0 (Linux; Android 5.0) AppleWebKit/537.36 (KHTML, like Gecko) Mobile Safari/537.36 (compatible; Bytespider; spider-feedback@bytedance.com)"
47.128.55.39 - - [27/May/2026:19:37:33 -0400] "GET /content/Multiple_Toys_Buttplug_Masturbation/1.jpg HTTP/2.0" 404 196 "https://vanessavegax.elxcomplete.com/index.php" "Mozilla/5.0 (Linux; Android 5.0) AppleWebKit/537.36 (KHTML, like Gecko) Mobile Safari/537.36 (compatible; Bytespider; spider-feedback@bytedance.com)"
47.128.55.39 - - [27/May/2026:19:37:33 -0400] "GET /content/Jeans_Shorts_Black_Dildo/1.jpg HTTP/2.0" 404 196 "https://vanessavegax.elxcomplete.com/index.php" "Mozilla/5.0 (Linux; Android 5.0) AppleWebKit/537.36 (KHTML, like Gecko) Mobile Safari/537.36 (compatible; Bytespider; spider-feedback@bytedance.com)"
47.128.55.39 - - [27/May/2026:19:37:33 -0400] "GET /content/Panty_Stuffing_Masturbation/1.jpg HTTP/2.0" 404 196 "https://vanessavegax.elxcomplete.com/index.php" "Mozilla/5.0 (Linux; Android 5.0) AppleWebKit/537.36 (KHTML, like Gecko) Mobile Safari/537.36 (compatible; Bytespider; spider-feedback@bytedance.com)"
47.128.55.39 - - [27/May/2026:19:37:33 -0400] "GET /content/Femdom_DirtyTalk/1.jpg HTTP/2.0" 404 196 "https://vanessavegax.elxcomplete.com/index.php" "Mozilla/5.0 (Linux; Android 5.0) AppleWebKit/537.36 (KHTML, like Gecko) Mobile Safari/537.36 (compatible; Bytespider; spider-feedback@bytedance.com)"
47.128.55.39 - - [27/May/2026:19:37:33 -0400] "GET /content/Fuck_Me_Daddy_bg/1.jpg HTTP/2.0" 404 196 "https://vanessavegax.elxcomplete.com/index.php" "Mozilla/5.0 (Linux; Android 5.0) AppleWebKit/537.36 (KHTML, like Gecko) Mobile Safari/537.36 (compatible; Bytespider; spider-feedback@bytedance.com)"
47.128.55.39 - - [27/May/2026:19:37:33 -0400] "GET /content/IceCream_CockSucking/1.jpg HTTP/2.0" 404 196 "https://vanessavegax.elxcomplete.com/index.php" "Mozilla/5.0 (Linux; Android 5.0) AppleWebKit/537.36 (KHTML, like Gecko) Mobile Safari/537.36 (compatible; Bytespider; spider-feedback@bytedance.com)"
47.128.55.39 - - [27/May/2026:19:37:33 -0400] "GET /content/BigChocolateCock_Suck_Fuck/1.jpg HTTP/2.0" 404 196 "https://vanessavegax.elxcomplete.com/index.php" "Mozilla/5.0 (Linux; Android 5.0) AppleWebKit/537.36 (KHTML, like Gecko) Mobile Safari/537.36 (compatible; Bytespider; spider-feedback@bytedance.com)"
47.128.55.247 - - [27/May/2026:19:43:49 -0400] "GET /robots.txt HTTP/1.1" 404 196 "-" "Mozilla/5.0 (Linux; Android 5.0) AppleWebKit/537.36 (KHTML, like Gecko) Mobile Safari/537.36 (compatible; Bytespider; spider-feedback@bytedance.com)"
47.128.55.47 - - [27/May/2026:20:02:28 -0400] "GET /category.php HTTP/2.0" 404 63002 "-" "Mozilla/5.0 (Linux; Android 5.0) AppleWebKit/537.36 (KHTML, like Gecko) Mobile Safari/537.36 (compatible; Bytespider; spider-feedback@bytedance.com)"
47.128.55.47 - - [27/May/2026:20:02:31 -0400] "GET /css/style.css HTTP/2.0" 200 12831 "https://vanessavegax.elxcomplete.com/category.php" "Mozilla/5.0 (Linux; Android 5.0) AppleWebKit/537.36 (KHTML, like Gecko) Mobile Safari/537.36 (compatible; Bytespider; spider-feedback@bytedance.com)"
47.128.55.47 - - [27/May/2026:20:02:31 -0400] "GET /css/owl.carousel.min.css HTTP/2.0" 200 1068 "https://vanessavegax.elxcomplete.com/category.php" "Mozilla/5.0 (Linux; Android 5.0) AppleWebKit/537.36 (KHTML, like Gecko) Mobile Safari/537.36 (compatible; Bytespider; spider-feedback@bytedance.com)"
47.128.55.47 - - [27/May/2026:20:02:31 -0400] "GET /css/custom.css HTTP/2.0" 200 203 "https://vanessavegax.elxcomplete.com/category.php" "Mozilla/5.0 (Linux; Android 5.0) AppleWebKit/537.36 (KHTML, like Gecko) Mobile Safari/537.36 (compatible; Bytespider; spider-feedback@bytedance.com)"
47.128.55.47 - - [27/May/2026:20:02:31 -0400] "GET /js/fancybox3/jquery.fancybox.min.css HTTP/2.0" 200 3328 "https://vanessavegax.elxcomplete.com/category.php" "Mozilla/5.0 (Linux; Android 5.0) AppleWebKit/537.36 (KHTML, like Gecko) Mobile Safari/537.36 (compatible; Bytespider; spider-feedback@bytedance.com)"
147.185.132.156 - - [27/May/2026:20:20:14 -0400] "GET /shell HTTP/1.1" 404 196 "-" "Hello from Palo Alto Networks, find out more about our scans in https://docs-cortex.paloaltonetworks.com/r/1/Cortex-Xpanse/Scanning-activity"
147.185.132.162 - - [27/May/2026:20:20:18 -0400] "GET /shell.php HTTP/1.1" 404 16 "-" "Hello from Palo Alto Networks, find out more about our scans in https://docs-cortex.paloaltonetworks.com/r/1/Cortex-Xpanse/Scanning-activity"
198.235.24.215 - - [27/May/2026:20:27:06 -0400] "GET /webshell.php HTTP/1.1" 404 16 "-" "Hello from Palo Alto Networks, find out more about our scans in https://docs-cortex.paloaltonetworks.com/r/1/Cortex-Xpanse/Scanning-activity"
165.232.99.237 - - [27/May/2026:22:14:39 -0400] "GET /wp-login.php HTTP/1.1" 301 257 "-" "Mozilla/5.0"
165.232.99.237 - - [27/May/2026:22:14:39 -0400] "GET /wp-login.php HTTP/1.1" 404 16 "-" "Mozilla/5.0"
