159.203.63.143 - norman14216 [01/May/2026:23:02:00 -0400] "GET /content//upload/hh-jasmine-chloe-valery-foursome-video/720p/hdv31864_jamine_chloe_valery.mp4 HTTP/1.1" 206 1235580088 "http://members.honey-chest.com/content//upload/hh-jasmine-chloe-valery-foursome-video/720p/hdv31864_jamine_chloe_valery.mp4" "Mozilla/5.0 (Linux; Android 10; K) AppleWebKit/537.36 (KHTML, like Gecko) Chrome/137.0.0.0 Mobile Safari/537.36"
159.203.63.143 - norman14216 [01/May/2026:23:02:01 -0400] "GET /content//upload/hh-jasmine-chloe-valery-foursome-video/720p/hdv31864_jamine_chloe_valery.mp4 HTTP/1.1" 206 1995960 "http://members.honey-chest.com/content//upload/hh-jasmine-chloe-valery-foursome-video/720p/hdv31864_jamine_chloe_valery.mp4" "Mozilla/5.0 (Linux; Android 10; K) AppleWebKit/537.36 (KHTML, like Gecko) Chrome/137.0.0.0 Mobile Safari/537.36"
159.203.63.143 - norman14216 [01/May/2026:23:02:01 -0400] "GET /content//upload/hh-jasmine-chloe-valery-foursome-video/720p/hdv31864_jamine_chloe_valery.mp4 HTTP/1.1" 206 1995960 "http://members.honey-chest.com/content//upload/hh-jasmine-chloe-valery-foursome-video/720p/hdv31864_jamine_chloe_valery.mp4" "Mozilla/5.0 (Linux; Android 10; K) AppleWebKit/537.36 (KHTML, like Gecko) Chrome/137.0.0.0 Mobile Safari/537.36"
159.203.63.143 - norman14216 [01/May/2026:23:02:01 -0400] "GET /content//upload/hh-jasmine-chloe-valery-foursome-video/720p/hdv31864_jamine_chloe_valery.mp4 HTTP/1.1" 206 1233550197 "http://members.honey-chest.com/content//upload/hh-jasmine-chloe-valery-foursome-video/720p/hdv31864_jamine_chloe_valery.mp4" "Mozilla/5.0 (Linux; Android 10; K) AppleWebKit/537.36 (KHTML, like Gecko) Chrome/137.0.0.0 Mobile Safari/537.36"
159.203.63.143 - norman14216 [01/May/2026:23:02:11 -0400] "GET /models/ValerySummer.html HTTP/1.1" 200 16752 "http://members.honey-chest.com/scenes/Big-Boob-Fantasy-Foursome_vids.html?PSSO=a2JPZVRPc3liTFpkOHo2aU56SVYyV01DQ2luMVBFVVB2elpkd0xQSzNxL1paMm9TeWFjbERYMjNEdlcwYnpoZgpuSExiSzM2KzN2UDFUbU9OK1JxSzdpZmxmdytIUkZ2Vgo*" "Mozilla/5.0 (Linux; Android 10; K) AppleWebKit/537.36 (KHTML, like Gecko) Chrome/137.0.0.0 Mobile Safari/537.36"
159.203.63.143 - norman14216 [01/May/2026:23:02:12 -0400] "GET /content//contentthumbs/32/23/113223-4x.jpg HTTP/1.1" 200 180992 "http://members.honey-chest.com/models/ValerySummer.html?PSSO=LzFSZHVBS1dFL3M4WVJZQjMrZ0M3NndFNy84emNmRnNGOG1nNnd4ZlkxTjl2a09KZm9FOXlhbFlqM1NFNUhvRQozejl1M3NONDJIZTVGbTcxYXhjT0lFaUppR3dmeUFTOQo*" "Mozilla/5.0 (Linux; Android 10; K) AppleWebKit/537.36 (KHTML, like Gecko) Chrome/137.0.0.0 Mobile Safari/537.36"
159.203.63.143 - norman14216 [01/May/2026:23:02:12 -0400] "GET /bannerload.php?zone=gallery_upsell&site=6&model=*&cat=* HTTP/1.1" 200 - "http://members.honey-chest.com/models/ValerySummer.html?PSSO=LzFSZHVBS1dFL3M4WVJZQjMrZ0M3NndFNy84emNmRnNGOG1nNnd4ZlkxTjl2a09KZm9FOXlhbFlqM1NFNUhvRQozejl1M3NONDJIZTVGbTcxYXhjT0lFaUppR3dmeUFTOQo*" "Mozilla/5.0 (Linux; Android 10; K) AppleWebKit/537.36 (KHTML, like Gecko) Chrome/137.0.0.0 Mobile Safari/537.36"
159.203.63.143 - norman14216 [01/May/2026:23:02:12 -0400] "GET /content//contentthumbs/03/23/20323-set-3x.jpg HTTP/1.1" 200 107230 "http://members.honey-chest.com/models/ValerySummer.html?PSSO=LzFSZHVBS1dFL3M4WVJZQjMrZ0M3NndFNy84emNmRnNGOG1nNnd4ZlkxTjl2a09KZm9FOXlhbFlqM1NFNUhvRQozejl1M3NONDJIZTVGbTcxYXhjT0lFaUppR3dmeUFTOQo*" "Mozilla/5.0 (Linux; Android 10; K) AppleWebKit/537.36 (KHTML, like Gecko) Chrome/137.0.0.0 Mobile Safari/537.36"
159.203.63.143 - norman14216 [01/May/2026:23:02:17 -0400] "GET /models/jasmine-black.html HTTP/1.1" 200 19356 "http://members.honey-chest.com/scenes/Big-Boob-Fantasy-Foursome_vids.html?PSSO=a2JPZVRPc3liTFpkOHo2aU56SVYyV01DQ2luMVBFVVB2elpkd0xQSzNxL1paMm9TeWFjbERYMjNEdlcwYnpoZgpuSExiSzM2KzN2UDFUbU9OK1JxSzdpZmxmdytIUkZ2Vgo*" "Mozilla/5.0 (Linux; Android 10; K) AppleWebKit/537.36 (KHTML, like Gecko) Chrome/137.0.0.0 Mobile Safari/537.36"
159.203.63.143 - norman14216 [01/May/2026:23:02:17 -0400] "GET /content//contentthumbs/60/71/16071-set-3x.jpg HTTP/1.1" 200 110925 "http://members.honey-chest.com/models/jasmine-black.html?PSSO=cXBDMU5yVCs2ZEYrVVIyUjFHZ2l3ak44RW8rWisxZ2d1RkhtY3pjbkxEVGQ0cnB1QlNzK05wT0I1T3FsSURTNApITHhVRmVoYmQzMmx0b2ZZNWd2TW9DRWppM0dDUk1pTgo*" "Mozilla/5.0 (Linux; Android 10; K) AppleWebKit/537.36 (KHTML, like Gecko) Chrome/137.0.0.0 Mobile Safari/537.36"
159.203.63.143 - norman14216 [01/May/2026:23:02:17 -0400] "GET /bannerload.php?zone=gallery_upsell&site=6&model=*&cat=* HTTP/1.1" 200 - "http://members.honey-chest.com/models/jasmine-black.html?PSSO=cXBDMU5yVCs2ZEYrVVIyUjFHZ2l3ak44RW8rWisxZ2d1RkhtY3pjbkxEVGQ0cnB1QlNzK05wT0I1T3FsSURTNApITHhVRmVoYmQzMmx0b2ZZNWd2TW9DRWppM0dDUk1pTgo*" "Mozilla/5.0 (Linux; Android 10; K) AppleWebKit/537.36 (KHTML, like Gecko) Chrome/137.0.0.0 Mobile Safari/537.36"
159.203.63.143 - norman14216 [01/May/2026:23:02:17 -0400] "GET /content//contentthumbs/72/69/117269-4x.jpg HTTP/1.1" 200 110948 "http://members.honey-chest.com/models/jasmine-black.html?PSSO=cXBDMU5yVCs2ZEYrVVIyUjFHZ2l3ak44RW8rWisxZ2d1RkhtY3pjbkxEVGQ0cnB1QlNzK05wT0I1T3FsSURTNApITHhVRmVoYmQzMmx0b2ZZNWd2TW9DRWppM0dDUk1pTgo*" "Mozilla/5.0 (Linux; Android 10; K) AppleWebKit/537.36 (KHTML, like Gecko) Chrome/137.0.0.0 Mobile Safari/537.36"
159.203.63.143 - norman14216 [01/May/2026:23:02:18 -0400] "GET /content//contentthumbs/78/48/87848-4x.jpg HTTP/1.1" 200 86290 "http://members.honey-chest.com/models/jasmine-black.html?PSSO=cXBDMU5yVCs2ZEYrVVIyUjFHZ2l3ak44RW8rWisxZ2d1RkhtY3pjbkxEVGQ0cnB1QlNzK05wT0I1T3FsSURTNApITHhVRmVoYmQzMmx0b2ZZNWd2TW9DRWppM0dDUk1pTgo*" "Mozilla/5.0 (Linux; Android 10; K) AppleWebKit/537.36 (KHTML, like Gecko) Chrome/137.0.0.0 Mobile Safari/537.36"
159.203.63.143 - norman14216 [01/May/2026:23:02:18 -0400] "GET /content//contentthumbs/31/45/103145-4x.jpg HTTP/1.1" 200 112401 "http://members.honey-chest.com/models/jasmine-black.html?PSSO=cXBDMU5yVCs2ZEYrVVIyUjFHZ2l3ak44RW8rWisxZ2d1RkhtY3pjbkxEVGQ0cnB1QlNzK05wT0I1T3FsSURTNApITHhVRmVoYmQzMmx0b2ZZNWd2TW9DRWppM0dDUk1pTgo*" "Mozilla/5.0 (Linux; Android 10; K) AppleWebKit/537.36 (KHTML, like Gecko) Chrome/137.0.0.0 Mobile Safari/537.36"
159.203.63.143 - norman14216 [01/May/2026:23:02:18 -0400] "GET /content//contentthumbs/68/63/76863-4x.jpg HTTP/1.1" 200 223198 "http://members.honey-chest.com/models/jasmine-black.html?PSSO=cXBDMU5yVCs2ZEYrVVIyUjFHZ2l3ak44RW8rWisxZ2d1RkhtY3pjbkxEVGQ0cnB1QlNzK05wT0I1T3FsSURTNApITHhVRmVoYmQzMmx0b2ZZNWd2TW9DRWppM0dDUk1pTgo*" "Mozilla/5.0 (Linux; Android 10; K) AppleWebKit/537.36 (KHTML, like Gecko) Chrome/137.0.0.0 Mobile Safari/537.36"
159.203.63.143 - norman14216 [01/May/2026:23:02:21 -0400] "GET /content//contentthumbs/31/47/103147-4x.jpg HTTP/1.1" 200 127743 "http://members.honey-chest.com/models/jasmine-black.html?PSSO=cXBDMU5yVCs2ZEYrVVIyUjFHZ2l3ak44RW8rWisxZ2d1RkhtY3pjbkxEVGQ0cnB1QlNzK05wT0I1T3FsSURTNApITHhVRmVoYmQzMmx0b2ZZNWd2TW9DRWppM0dDUk1pTgo*" "Mozilla/5.0 (Linux; Android 10; K) AppleWebKit/537.36 (KHTML, like Gecko) Chrome/137.0.0.0 Mobile Safari/537.36"
159.203.63.143 - norman14216 [01/May/2026:23:02:22 -0400] "GET /content//contentthumbs/31/46/103146-4x.jpg HTTP/1.1" 200 110551 "http://members.honey-chest.com/models/jasmine-black.html?PSSO=cXBDMU5yVCs2ZEYrVVIyUjFHZ2l3ak44RW8rWisxZ2d1RkhtY3pjbkxEVGQ0cnB1QlNzK05wT0I1T3FsSURTNApITHhVRmVoYmQzMmx0b2ZZNWd2TW9DRWppM0dDUk1pTgo*" "Mozilla/5.0 (Linux; Android 10; K) AppleWebKit/537.36 (KHTML, like Gecko) Chrome/137.0.0.0 Mobile Safari/537.36"
159.203.63.143 - norman14216 [01/May/2026:23:02:23 -0400] "GET /content//contentthumbs/31/48/103148-4x.jpg HTTP/1.1" 200 114480 "http://members.honey-chest.com/models/jasmine-black.html?PSSO=cXBDMU5yVCs2ZEYrVVIyUjFHZ2l3ak44RW8rWisxZ2d1RkhtY3pjbkxEVGQ0cnB1QlNzK05wT0I1T3FsSURTNApITHhVRmVoYmQzMmx0b2ZZNWd2TW9DRWppM0dDUk1pTgo*" "Mozilla/5.0 (Linux; Android 10; K) AppleWebKit/537.36 (KHTML, like Gecko) Chrome/137.0.0.0 Mobile Safari/537.36"
159.203.63.143 - norman14216 [01/May/2026:23:02:03 -0400] "GET /content//upload/hh-jasmine-chloe-valery-foursome-video/720p/hdv31864_jamine_chloe_valery.mp4 HTTP/1.1" 200 1235580088 "-" "Mozilla/5.0 (Linux; Android 10; K) AppleWebKit/537.36 (KHTML, like Gecko) Chrome/137.0.0.0 Mobile Safari/537.36"
159.203.63.143 - norman14216 [01/May/2026:23:02:24 -0400] "GET /content//contentthumbs/31/47/103147-4x.jpg HTTP/1.1" 200 127743 "http://members.honey-chest.com/models/jasmine-black.html?PSSO=cXBDMU5yVCs2ZEYrVVIyUjFHZ2l3ak44RW8rWisxZ2d1RkhtY3pjbkxEVGQ0cnB1QlNzK05wT0I1T3FsSURTNApITHhVRmVoYmQzMmx0b2ZZNWd2TW9DRWppM0dDUk1pTgo*" "Mozilla/5.0 (Linux; Android 10; K) AppleWebKit/537.36 (KHTML, like Gecko) Chrome/137.0.0.0 Mobile Safari/537.36"
159.203.63.143 - norman14216 [01/May/2026:23:02:24 -0400] "GET /scenes/Jasmine-Black-Tarra-White_vids.html HTTP/1.1" 200 28348 "http://members.honey-chest.com/models/jasmine-black.html?PSSO=cXBDMU5yVCs2ZEYrVVIyUjFHZ2l3ak44RW8rWisxZ2d1RkhtY3pjbkxEVGQ0cnB1QlNzK05wT0I1T3FsSURTNApITHhVRmVoYmQzMmx0b2ZZNWd2TW9DRWppM0dDUk1pTgo*" "Mozilla/5.0 (Linux; Android 10; K) AppleWebKit/537.36 (KHTML, like Gecko) Chrome/137.0.0.0 Mobile Safari/537.36"
159.203.63.143 - norman14216 [01/May/2026:23:02:24 -0400] "GET /content//upload/hh-jasmineblack-tarrawhite-33166threeway/480p/vtt/hdv33166_jasmine_tarra.mp4.vtt HTTP/1.1" 200 16663 "http://members.honey-chest.com/scenes/Jasmine-Black-Tarra-White_vids.html?PSSO=UEEzekY2Z3BUYktYQU0yT1ZlS3V2TXVUbVRidzFkcVBHU3hFYXhtWFQrSmlGV05GT0xqV1REMTEyOTB4WWZXRgpQSzNnTHlXTXdxaVpGM2VaY0FFWjB1T0tHb1hGZ0hVbwo*" "Mozilla/5.0 (Linux; Android 10; K) AppleWebKit/537.36 (KHTML, like Gecko) Chrome/137.0.0.0 Mobile Safari/537.36"
159.203.63.143 - norman14216 [01/May/2026:23:02:24 -0400] "GET /content//upload/hh-jasmineblack-tarrawhite-33166threeway/480p/vtt/hdv33166_jasmine_tarra.mp4.jpg? HTTP/1.1" 200 630615 "http://members.honey-chest.com/scenes/Jasmine-Black-Tarra-White_vids.html?PSSO=UEEzekY2Z3BUYktYQU0yT1ZlS3V2TXVUbVRidzFkcVBHU3hFYXhtWFQrSmlGV05GT0xqV1REMTEyOTB4WWZXRgpQSzNnTHlXTXdxaVpGM2VaY0FFWjB1T0tHb1hGZ0hVbwo*" "Mozilla/5.0 (Linux; Android 10; K) AppleWebKit/537.36 (KHTML, like Gecko) Chrome/137.0.0.0 Mobile Safari/537.36"
159.203.63.143 - norman14216 [01/May/2026:23:02:24 -0400] "GET /bannerload.php?zone=gallery_upsell&site=6&model=*&cat=* HTTP/1.1" 200 - "http://members.honey-chest.com/scenes/Jasmine-Black-Tarra-White_vids.html?PSSO=UEEzekY2Z3BUYktYQU0yT1ZlS3V2TXVUbVRidzFkcVBHU3hFYXhtWFQrSmlGV05GT0xqV1REMTEyOTB4WWZXRgpQSzNnTHlXTXdxaVpGM2VaY0FFWjB1T0tHb1hGZ0hVbwo*" "Mozilla/5.0 (Linux; Android 10; K) AppleWebKit/537.36 (KHTML, like Gecko) Chrome/137.0.0.0 Mobile Safari/537.36"
159.203.63.143 - norman14216 [01/May/2026:23:02:24 -0400] "GET /bannerload.php?zone=gallery_upsell&site=6&model=1244,1917 HTTP/1.1" 200 - "http://members.honey-chest.com/scenes/Jasmine-Black-Tarra-White_vids.html?PSSO=UEEzekY2Z3BUYktYQU0yT1ZlS3V2TXVUbVRidzFkcVBHU3hFYXhtWFQrSmlGV05GT0xqV1REMTEyOTB4WWZXRgpQSzNnTHlXTXdxaVpGM2VaY0FFWjB1T0tHb1hGZ0hVbwo*" "Mozilla/5.0 (Linux; Android 10; K) AppleWebKit/537.36 (KHTML, like Gecko) Chrome/137.0.0.0 Mobile Safari/537.36"
159.203.63.143 - norman14216 [01/May/2026:23:02:24 -0400] "GET /stattrack.php?pagename=image&id=916577&cg=11396&type=vids&mt=480p HTTP/1.1" 200 - "http://members.honey-chest.com/scenes/Jasmine-Black-Tarra-White_vids.html?PSSO=UEEzekY2Z3BUYktYQU0yT1ZlS3V2TXVUbVRidzFkcVBHU3hFYXhtWFQrSmlGV05GT0xqV1REMTEyOTB4WWZXRgpQSzNnTHlXTXdxaVpGM2VaY0FFWjB1T0tHb1hGZ0hVbwo*" "Mozilla/5.0 (Linux; Android 10; K) AppleWebKit/537.36 (KHTML, like Gecko) Chrome/137.0.0.0 Mobile Safari/537.36"
159.203.63.143 - norman14216 [01/May/2026:23:02:24 -0400] "GET /content//upload/hh-jasmineblack-tarrawhite-33166threeway/480p/hdv33166_jasmine_tarra.mp4 HTTP/1.1" 206 639150780 "http://members.honey-chest.com/scenes/Jasmine-Black-Tarra-White_vids.html?PSSO=UEEzekY2Z3BUYktYQU0yT1ZlS3V2TXVUbVRidzFkcVBHU3hFYXhtWFQrSmlGV05GT0xqV1REMTEyOTB4WWZXRgpQSzNnTHlXTXdxaVpGM2VaY0FFWjB1T0tHb1hGZ0hVbwo*" "Mozilla/5.0 (Linux; Android 10; K) AppleWebKit/537.36 (KHTML, like Gecko) Chrome/137.0.0.0 Mobile Safari/537.36"
159.203.63.143 - norman14216 [01/May/2026:23:02:25 -0400] "GET /content//upload/hh-jasmineblack-tarrawhite-33166threeway/480p/hdv33166_jasmine_tarra.mp4 HTTP/1.1" 206 1977020 "http://members.honey-chest.com/scenes/Jasmine-Black-Tarra-White_vids.html?PSSO=UEEzekY2Z3BUYktYQU0yT1ZlS3V2TXVUbVRidzFkcVBHU3hFYXhtWFQrSmlGV05GT0xqV1REMTEyOTB4WWZXRgpQSzNnTHlXTXdxaVpGM2VaY0FFWjB1T0tHb1hGZ0hVbwo*" "Mozilla/5.0 (Linux; Android 10; K) AppleWebKit/537.36 (KHTML, like Gecko) Chrome/137.0.0.0 Mobile Safari/537.36"
159.203.63.143 - norman14216 [01/May/2026:23:02:26 -0400] "GET /content//upload/hh-jasmineblack-tarrawhite-33166threeway/480p/hdv33166_jasmine_tarra.mp4 HTTP/1.1" 206 1977020 "http://members.honey-chest.com/scenes/Jasmine-Black-Tarra-White_vids.html?PSSO=UEEzekY2Z3BUYktYQU0yT1ZlS3V2TXVUbVRidzFkcVBHU3hFYXhtWFQrSmlGV05GT0xqV1REMTEyOTB4WWZXRgpQSzNnTHlXTXdxaVpGM2VaY0FFWjB1T0tHb1hGZ0hVbwo*" "Mozilla/5.0 (Linux; Android 10; K) AppleWebKit/537.36 (KHTML, like Gecko) Chrome/137.0.0.0 Mobile Safari/537.36"
159.203.63.143 - norman14216 [01/May/2026:23:02:28 -0400] "GET /content//upload/hh-jasmineblack-tarrawhite-33166threeway/720p/hdv33166_jasmine_tarra.mp4 HTTP/1.1" 200 1220778301 "http://members.honey-chest.com/scenes/Jasmine-Black-Tarra-White_vids.html?PSSO=UEEzekY2Z3BUYktYQU0yT1ZlS3V2TXVUbVRidzFkcVBHU3hFYXhtWFQrSmlGV05GT0xqV1REMTEyOTB4WWZXRgpQSzNnTHlXTXdxaVpGM2VaY0FFWjB1T0tHb1hGZ0hVbwo*" "Mozilla/5.0 (Linux; Android 10; K) AppleWebKit/537.36 (KHTML, like Gecko) Chrome/137.0.0.0 Mobile Safari/537.36"
159.203.63.143 - norman14216 [01/May/2026:23:02:29 -0400] "GET /content//upload/hh-jasmineblack-tarrawhite-33166threeway/720p/hdv33166_jasmine_tarra.mp4 HTTP/1.1" 206 2005309 "http://members.honey-chest.com/content//upload/hh-jasmineblack-tarrawhite-33166threeway/720p/hdv33166_jasmine_tarra.mp4" "Mozilla/5.0 (Linux; Android 10; K) AppleWebKit/537.36 (KHTML, like Gecko) Chrome/137.0.0.0 Mobile Safari/537.36"
159.203.63.143 - norman14216 [01/May/2026:23:02:29 -0400] "GET /content//upload/hh-jasmineblack-tarrawhite-33166threeway/720p/hdv33166_jasmine_tarra.mp4 HTTP/1.1" 206 1220778301 "http://members.honey-chest.com/content//upload/hh-jasmineblack-tarrawhite-33166threeway/720p/hdv33166_jasmine_tarra.mp4" "Mozilla/5.0 (Linux; Android 10; K) AppleWebKit/537.36 (KHTML, like Gecko) Chrome/137.0.0.0 Mobile Safari/537.36"
159.203.63.143 - norman14216 [01/May/2026:23:02:04 -0400] "GET /content//upload/hh-jasmine-chloe-valery-foursome-video/720p/hdv31864_jamine_chloe_valery.mp4 HTTP/1.1" 206 823720059 "-" "Mozilla/5.0 (Linux; Android 10; K) AppleWebKit/537.36 (KHTML, like Gecko) Chrome/137.0.0.0 Mobile Safari/537.36"
159.203.63.143 - norman14216 [01/May/2026:23:02:33 -0400] "GET /content//upload/hh-jasmineblack-tarrawhite-33166threeway/720p/hdv33166_jasmine_tarra.mp4 HTTP/1.1" 429 181 "-" "Mozilla/5.0 (Linux; Android 10; K) AppleWebKit/537.36 (KHTML, like Gecko) Chrome/137.0.0.0 Mobile Safari/537.36"
159.203.63.143 - norman14216 [01/May/2026:23:02:04 -0400] "GET /content//upload/hh-jasmine-chloe-valery-foursome-video/720p/hdv31864_jamine_chloe_valery.mp4 HTTP/1.1" 206 411860030 "-" "Mozilla/5.0 (Linux; Android 10; K) AppleWebKit/537.36 (KHTML, like Gecko) Chrome/137.0.0.0 Mobile Safari/537.36"
159.203.63.143 - norman14216 [01/May/2026:23:02:31 -0400] "GET /content//upload/hh-jasmineblack-tarrawhite-33166threeway/720p/hdv33166_jasmine_tarra.mp4 HTTP/1.1" 206 1218736605 "http://members.honey-chest.com/content//upload/hh-jasmineblack-tarrawhite-33166threeway/720p/hdv33166_jasmine_tarra.mp4" "Mozilla/5.0 (Linux; Android 10; K) AppleWebKit/537.36 (KHTML, like Gecko) Chrome/137.0.0.0 Mobile Safari/537.36"
159.203.63.143 - norman14216 [01/May/2026:23:02:45 -0400] "GET /models/jasmine-black.html HTTP/1.1" 200 19359 "http://members.honey-chest.com/scenes/Big-Boob-Fantasy-Foursome_vids.html?PSSO=a2JPZVRPc3liTFpkOHo2aU56SVYyV01DQ2luMVBFVVB2elpkd0xQSzNxL1paMm9TeWFjbERYMjNEdlcwYnpoZgpuSExiSzM2KzN2UDFUbU9OK1JxSzdpZmxmdytIUkZ2Vgo*" "Mozilla/5.0 (Linux; Android 10; K) AppleWebKit/537.36 (KHTML, like Gecko) Chrome/137.0.0.0 Mobile Safari/537.36"
159.203.63.143 - norman14216 [01/May/2026:23:02:45 -0400] "GET /bannerload.php?zone=gallery_upsell&site=6&model=*&cat=* HTTP/1.1" 200 - "http://members.honey-chest.com/models/jasmine-black.html?PSSO=cXBDMU5yVCs2ZEYrVVIyUjFHZ2l3ak44RW8rWisxZ2d1RkhtY3pjbkxEVGQ0cnB1QlNzK05wT0I1T3FsSURTNApITHhVRmVoYmQzMmx0b2ZZNWd2TW9DRWppM0dDUk1pTgo*" "Mozilla/5.0 (Linux; Android 10; K) AppleWebKit/537.36 (KHTML, like Gecko) Chrome/137.0.0.0 Mobile Safari/537.36"
159.203.63.143 - norman14216 [01/May/2026:23:02:48 -0400] "GET /content//contentthumbs/31/47/103147-4x.jpg HTTP/1.1" 200 127743 "http://members.honey-chest.com/models/jasmine-black.html?PSSO=cXBDMU5yVCs2ZEYrVVIyUjFHZ2l3ak44RW8rWisxZ2d1RkhtY3pjbkxEVGQ0cnB1QlNzK05wT0I1T3FsSURTNApITHhVRmVoYmQzMmx0b2ZZNWd2TW9DRWppM0dDUk1pTgo*" "Mozilla/5.0 (Linux; Android 10; K) AppleWebKit/537.36 (KHTML, like Gecko) Chrome/137.0.0.0 Mobile Safari/537.36"
159.203.63.143 - norman14216 [01/May/2026:23:02:52 -0400] "GET /scenes/Jasmine-Black-Tarra-White_vids.html HTTP/1.1" 200 28361 "http://members.honey-chest.com/models/jasmine-black.html?PSSO=cXBDMU5yVCs2ZEYrVVIyUjFHZ2l3ak44RW8rWisxZ2d1RkhtY3pjbkxEVGQ0cnB1QlNzK05wT0I1T3FsSURTNApITHhVRmVoYmQzMmx0b2ZZNWd2TW9DRWppM0dDUk1pTgo*" "Mozilla/5.0 (Linux; Android 10; K) AppleWebKit/537.36 (KHTML, like Gecko) Chrome/137.0.0.0 Mobile Safari/537.36"
159.203.63.143 - norman14216 [01/May/2026:23:02:52 -0400] "GET /content//upload/hh-jasmineblack-tarrawhite-33166threeway/480p/vtt/hdv33166_jasmine_tarra.mp4.vtt HTTP/1.1" 200 16663 "http://members.honey-chest.com/scenes/Jasmine-Black-Tarra-White_vids.html?PSSO=R0hkN1R0VjZTRFY1aEFBdzdCTDRWOWQzYkZSNkFCak0zb2FhUTlMZkxtUWVYUlYzdjdaMHhJOGtlY0Z4RVRZYQpEK0lwSXdUYU5ydnpRYzRPSGJnRFB4K2JnOFRZZWRKTAo*" "Mozilla/5.0 (Linux; Android 10; K) AppleWebKit/537.36 (KHTML, like Gecko) Chrome/137.0.0.0 Mobile Safari/537.36"
159.203.63.143 - norman14216 [01/May/2026:23:02:52 -0400] "GET /bannerload.php?zone=gallery_upsell&site=6&model=1244,1917 HTTP/1.1" 200 - "http://members.honey-chest.com/scenes/Jasmine-Black-Tarra-White_vids.html?PSSO=R0hkN1R0VjZTRFY1aEFBdzdCTDRWOWQzYkZSNkFCak0zb2FhUTlMZkxtUWVYUlYzdjdaMHhJOGtlY0Z4RVRZYQpEK0lwSXdUYU5ydnpRYzRPSGJnRFB4K2JnOFRZZWRKTAo*" "Mozilla/5.0 (Linux; Android 10; K) AppleWebKit/537.36 (KHTML, like Gecko) Chrome/137.0.0.0 Mobile Safari/537.36"
159.203.63.143 - norman14216 [01/May/2026:23:02:53 -0400] "GET /bannerload.php?zone=gallery_upsell&site=6&model=*&cat=* HTTP/1.1" 200 - "http://members.honey-chest.com/scenes/Jasmine-Black-Tarra-White_vids.html?PSSO=R0hkN1R0VjZTRFY1aEFBdzdCTDRWOWQzYkZSNkFCak0zb2FhUTlMZkxtUWVYUlYzdjdaMHhJOGtlY0Z4RVRZYQpEK0lwSXdUYU5ydnpRYzRPSGJnRFB4K2JnOFRZZWRKTAo*" "Mozilla/5.0 (Linux; Android 10; K) AppleWebKit/537.36 (KHTML, like Gecko) Chrome/137.0.0.0 Mobile Safari/537.36"
159.203.63.143 - norman14216 [01/May/2026:23:02:53 -0400] "GET /stattrack.php?pagename=image&id=916577&cg=11396&type=vids&mt=480p HTTP/1.1" 200 - "http://members.honey-chest.com/scenes/Jasmine-Black-Tarra-White_vids.html?PSSO=R0hkN1R0VjZTRFY1aEFBdzdCTDRWOWQzYkZSNkFCak0zb2FhUTlMZkxtUWVYUlYzdjdaMHhJOGtlY0Z4RVRZYQpEK0lwSXdUYU5ydnpRYzRPSGJnRFB4K2JnOFRZZWRKTAo*" "Mozilla/5.0 (Linux; Android 10; K) AppleWebKit/537.36 (KHTML, like Gecko) Chrome/137.0.0.0 Mobile Safari/537.36"
159.203.63.143 - norman14216 [01/May/2026:23:02:53 -0400] "GET /content//upload/hh-jasmineblack-tarrawhite-33166threeway/480p/hdv33166_jasmine_tarra.mp4 HTTP/1.1" 206 639150780 "http://members.honey-chest.com/scenes/Jasmine-Black-Tarra-White_vids.html?PSSO=R0hkN1R0VjZTRFY1aEFBdzdCTDRWOWQzYkZSNkFCak0zb2FhUTlMZkxtUWVYUlYzdjdaMHhJOGtlY0Z4RVRZYQpEK0lwSXdUYU5ydnpRYzRPSGJnRFB4K2JnOFRZZWRKTAo*" "Mozilla/5.0 (Linux; Android 10; K) AppleWebKit/537.36 (KHTML, like Gecko) Chrome/137.0.0.0 Mobile Safari/537.36"
159.203.63.143 - norman14216 [01/May/2026:23:02:53 -0400] "GET /content//upload/hh-jasmineblack-tarrawhite-33166threeway/480p/hdv33166_jasmine_tarra.mp4 HTTP/1.1" 206 1977020 "http://members.honey-chest.com/scenes/Jasmine-Black-Tarra-White_vids.html?PSSO=R0hkN1R0VjZTRFY1aEFBdzdCTDRWOWQzYkZSNkFCak0zb2FhUTlMZkxtUWVYUlYzdjdaMHhJOGtlY0Z4RVRZYQpEK0lwSXdUYU5ydnpRYzRPSGJnRFB4K2JnOFRZZWRKTAo*" "Mozilla/5.0 (Linux; Android 10; K) AppleWebKit/537.36 (KHTML, like Gecko) Chrome/137.0.0.0 Mobile Safari/537.36"
159.203.63.143 - norman14216 [01/May/2026:23:02:54 -0400] "GET /models/tarra-white.html HTTP/1.1" 200 19056 "http://members.honey-chest.com/scenes/Jasmine-Black-Tarra-White_vids.html?PSSO=R0hkN1R0VjZTRFY1aEFBdzdCTDRWOWQzYkZSNkFCak0zb2FhUTlMZkxtUWVYUlYzdjdaMHhJOGtlY0Z4RVRZYQpEK0lwSXdUYU5ydnpRYzRPSGJnRFB4K2JnOFRZZWRKTAo*" "Mozilla/5.0 (Linux; Android 10; K) AppleWebKit/537.36 (KHTML, like Gecko) Chrome/137.0.0.0 Mobile Safari/537.36"
159.203.63.143 - norman14216 [01/May/2026:23:02:55 -0400] "GET /content//contentthumbs/62/85/16285-set-3x.jpg HTTP/1.1" 200 120840 "http://members.honey-chest.com/models/tarra-white.html?PSSO=clFaN3p2eEpiV3VKWDd2OFBIS21zcjZEMUNFTHZyRjN0OU9KRE5mVStyZjE1aTBlMGowOFlzNWFMZUYrUnVMRwpidUdPYjhmM0k0VW5sbWVKS2RodHlRN3dHQnJIWVhuaAo*" "Mozilla/5.0 (Linux; Android 10; K) AppleWebKit/537.36 (KHTML, like Gecko) Chrome/137.0.0.0 Mobile Safari/537.36"
159.203.63.143 - norman14216 [01/May/2026:23:02:55 -0400] "GET /bannerload.php?zone=gallery_upsell&site=6&model=*&cat=* HTTP/1.1" 200 - "http://members.honey-chest.com/models/tarra-white.html?PSSO=clFaN3p2eEpiV3VKWDd2OFBIS21zcjZEMUNFTHZyRjN0OU9KRE5mVStyZjE1aTBlMGowOFlzNWFMZUYrUnVMRwpidUdPYjhmM0k0VW5sbWVKS2RodHlRN3dHQnJIWVhuaAo*" "Mozilla/5.0 (Linux; Android 10; K) AppleWebKit/537.36 (KHTML, like Gecko) Chrome/137.0.0.0 Mobile Safari/537.36"
159.203.63.143 - norman14216 [01/May/2026:23:02:55 -0400] "GET /content//contentthumbs/43/68/74368-4x.jpg HTTP/1.1" 200 179242 "http://members.honey-chest.com/models/tarra-white.html?PSSO=clFaN3p2eEpiV3VKWDd2OFBIS21zcjZEMUNFTHZyRjN0OU9KRE5mVStyZjE1aTBlMGowOFlzNWFMZUYrUnVMRwpidUdPYjhmM0k0VW5sbWVKS2RodHlRN3dHQnJIWVhuaAo*" "Mozilla/5.0 (Linux; Android 10; K) AppleWebKit/537.36 (KHTML, like Gecko) Chrome/137.0.0.0 Mobile Safari/537.36"
159.203.63.143 - norman14216 [01/May/2026:23:02:55 -0400] "GET /content//contentthumbs/25/41/72541-4x.jpg HTTP/1.1" 200 153702 "http://members.honey-chest.com/models/tarra-white.html?PSSO=clFaN3p2eEpiV3VKWDd2OFBIS21zcjZEMUNFTHZyRjN0OU9KRE5mVStyZjE1aTBlMGowOFlzNWFMZUYrUnVMRwpidUdPYjhmM0k0VW5sbWVKS2RodHlRN3dHQnJIWVhuaAo*" "Mozilla/5.0 (Linux; Android 10; K) AppleWebKit/537.36 (KHTML, like Gecko) Chrome/137.0.0.0 Mobile Safari/537.36"
159.203.63.143 - norman14216 [01/May/2026:23:02:55 -0400] "GET /content//contentthumbs/14/15/71415-4x.jpg HTTP/1.1" 200 184331 "http://members.honey-chest.com/models/tarra-white.html?PSSO=clFaN3p2eEpiV3VKWDd2OFBIS21zcjZEMUNFTHZyRjN0OU9KRE5mVStyZjE1aTBlMGowOFlzNWFMZUYrUnVMRwpidUdPYjhmM0k0VW5sbWVKS2RodHlRN3dHQnJIWVhuaAo*" "Mozilla/5.0 (Linux; Android 10; K) AppleWebKit/537.36 (KHTML, like Gecko) Chrome/137.0.0.0 Mobile Safari/537.36"
159.203.63.143 - norman14216 [01/May/2026:23:01:54 -0400] "GET /content//upload/hh-jasmine-chloe-valery-foursome-video/480p/hdv31864_jamine_chloe_valery.mp4 HTTP/1.1" 206 645033207 "http://members.honey-chest.com/scenes/Big-Boob-Fantasy-Foursome_vids.html?PSSO=a2JPZVRPc3liTFpkOHo2aU56SVYyV01DQ2luMVBFVVB2elpkd0xQSzNxL1paMm9TeWFjbERYMjNEdlcwYnpoZgpuSExiSzM2KzN2UDFUbU9OK1JxSzdpZmxmdytIUkZ2Vgo*" "Mozilla/5.0 (Linux; Android 10; K) AppleWebKit/537.36 (KHTML, like Gecko) Chrome/137.0.0.0 Mobile Safari/537.36"
159.203.63.143 - norman14216 [01/May/2026:23:03:03 -0400] "GET /images/icons/search_light.png HTTP/1.1" 200 1873 "http://members.honey-chest.com/style.css" "Mozilla/5.0 (Linux; Android 10; K) AppleWebKit/537.36 (KHTML, like Gecko) Chrome/137.0.0.0 Mobile Safari/537.36"
45.15.113.222 - maydenvoyage [01/May/2026:23:03:03 -0400] "GET /?PSSO=V0dxSEg4VXMrQWVyNVNIQjZsTjZ6QVdQYkMzc0UzUExSbnFma1NKMWNrVzNZTjArczl5OEpFVXhURm9wenZybgp5Qi91SEY3MkRyUjIzSE4xTUZqelgySFRvcllWWXJmMgo*=&u=maydenvoyage&avsstatus=1 HTTP/1.1" 200 61667 "-" "Mozilla/5.0 (Windows NT 10.0; Win64; x64) AppleWebKit/537.36 (KHTML, like Gecko) Chrome/142.0.0.0 Safari/537.36"
45.15.113.222 - maydenvoyage [01/May/2026:23:03:04 -0400] "GET /images/patternBg.jpg HTTP/1.1" 404 196 "http://members.honey-chest.com/style.css" "Mozilla/5.0 (Windows NT 10.0; Win64; x64) AppleWebKit/537.36 (KHTML, like Gecko) Chrome/142.0.0.0 Safari/537.36"
159.203.63.143 - norman14216 [01/May/2026:23:03:06 -0400] "GET /search_ajax.php?q=Lesbian HTTP/1.1" 200 111 "http://members.honey-chest.com/models/tarra-white.html?PSSO=clFaN3p2eEpiV3VKWDd2OFBIS21zcjZEMUNFTHZyRjN0OU9KRE5mVStyZjE1aTBlMGowOFlzNWFMZUYrUnVMRwpidUdPYjhmM0k0VW5sbWVKS2RodHlRN3dHQnJIWVhuaAo*" "Mozilla/5.0 (Linux; Android 10; K) AppleWebKit/537.36 (KHTML, like Gecko) Chrome/137.0.0.0 Mobile Safari/537.36"
45.15.113.222 - maydenvoyage [01/May/2026:23:03:06 -0400] "GET /images/favicon.png HTTP/1.1" 404 196 "http://members.honey-chest.com/?PSSO=QzlSNFNmYmQwY1RPS3pXWVlZVFVjaTZscXFqWFg0TU1UaFZXNjhMOUlkRHBuUE52Rkh2L1FYVk9VbUw1Zjc4VwpGQnNoUDNmZVRPVjdVTGYweDFUbTU3Wmg3U0JlK1JsVQo*&PSSO=V0dxSEg4VXMrQWVyNVNIQjZsTjZ6QVdQYkMzc0UzUExSbnFma1NKMWNrVzNZTjArczl5OEpFVXhURm9wenZybgp5Qi91SEY3MkRyUjIzSE4xTUZqelgySFRvcllWWXJmMgo*=&u=maydenvoyage&avsstatus=1" "Mozilla/5.0 (Windows NT 10.0; Win64; x64) AppleWebKit/537.36 (KHTML, like Gecko) Chrome/142.0.0.0 Safari/537.36"
159.203.63.143 - norman14216 [01/May/2026:23:03:06 -0400] "GET /search.php?query=Lesbian HTTP/1.1" 200 31402 "http://members.honey-chest.com/models/tarra-white.html?PSSO=clFaN3p2eEpiV3VKWDd2OFBIS21zcjZEMUNFTHZyRjN0OU9KRE5mVStyZjE1aTBlMGowOFlzNWFMZUYrUnVMRwpidUdPYjhmM0k0VW5sbWVKS2RodHlRN3dHQnJIWVhuaAo*" "Mozilla/5.0 (Linux; Android 10; K) AppleWebKit/537.36 (KHTML, like Gecko) Chrome/137.0.0.0 Mobile Safari/537.36"
159.203.63.143 - norman14216 [01/May/2026:23:03:06 -0400] "GET /images/jqueryui/images/ui-bg_highlight-hard_100_f9f9f9_1x100.png HTTP/1.1" 200 252 "http://members.honey-chest.com/images/jqueryui/jquery-ui.min.css" "Mozilla/5.0 (Linux; Android 10; K) AppleWebKit/537.36 (KHTML, like Gecko) Chrome/137.0.0.0 Mobile Safari/537.36"
45.15.113.222 - maydenvoyage [01/May/2026:23:03:06 -0400] "GET /content//contentthumbs/10/83/101083-1x.jpg HTTP/1.1" 206 1 "http://members.honey-chest.com/?PSSO=QzlSNFNmYmQwY1RPS3pXWVlZVFVjaTZscXFqWFg0TU1UaFZXNjhMOUlkRHBuUE52Rkh2L1FYVk9VbUw1Zjc4VwpGQnNoUDNmZVRPVjdVTGYweDFUbTU3Wmg3U0JlK1JsVQo*&PSSO=V0dxSEg4VXMrQWVyNVNIQjZsTjZ6QVdQYkMzc0UzUExSbnFma1NKMWNrVzNZTjArczl5OEpFVXhURm9wenZybgp5Qi91SEY3MkRyUjIzSE4xTUZqelgySFRvcllWWXJmMgo*=&u=maydenvoyage&avsstatus=1" "Mozilla/5.0 (Windows NT 10.0; Win64; x64) AppleWebKit/537.36 (KHTML, like Gecko) Chrome/142.0.0.0 Safari/537.36"
159.203.63.143 - norman14216 [01/May/2026:23:03:06 -0400] "GET /content//contentthumbs/24/88/102488-4x.jpg HTTP/1.1" 200 115023 "http://members.honey-chest.com/search.php?query=Lesbian" "Mozilla/5.0 (Linux; Android 10; K) AppleWebKit/537.36 (KHTML, like Gecko) Chrome/137.0.0.0 Mobile Safari/537.36"
159.203.63.143 - norman14216 [01/May/2026:23:03:06 -0400] "GET /content//contentthumbs/11/79/71179-4x.jpg HTTP/1.1" 200 142087 "http://members.honey-chest.com/search.php?query=Lesbian" "Mozilla/5.0 (Linux; Android 10; K) AppleWebKit/537.36 (KHTML, like Gecko) Chrome/137.0.0.0 Mobile Safari/537.36"
45.15.113.222 - maydenvoyage [01/May/2026:23:03:06 -0400] "GET /content//contentthumbs/10/84/101084-1x.jpg HTTP/1.1" 206 1 "http://members.honey-chest.com/?PSSO=QzlSNFNmYmQwY1RPS3pXWVlZVFVjaTZscXFqWFg0TU1UaFZXNjhMOUlkRHBuUE52Rkh2L1FYVk9VbUw1Zjc4VwpGQnNoUDNmZVRPVjdVTGYweDFUbTU3Wmg3U0JlK1JsVQo*&PSSO=V0dxSEg4VXMrQWVyNVNIQjZsTjZ6QVdQYkMzc0UzUExSbnFma1NKMWNrVzNZTjArczl5OEpFVXhURm9wenZybgp5Qi91SEY3MkRyUjIzSE4xTUZqelgySFRvcllWWXJmMgo*=&u=maydenvoyage&avsstatus=1" "Mozilla/5.0 (Windows NT 10.0; Win64; x64) AppleWebKit/537.36 (KHTML, like Gecko) Chrome/142.0.0.0 Safari/537.36"
45.15.113.222 - maydenvoyage [01/May/2026:23:03:06 -0400] "GET /content//contentthumbs/32/84/93284-1x.jpg HTTP/1.1" 200 24534 "http://members.honey-chest.com/?PSSO=QzlSNFNmYmQwY1RPS3pXWVlZVFVjaTZscXFqWFg0TU1UaFZXNjhMOUlkRHBuUE52Rkh2L1FYVk9VbUw1Zjc4VwpGQnNoUDNmZVRPVjdVTGYweDFUbTU3Wmg3U0JlK1JsVQo*&PSSO=V0dxSEg4VXMrQWVyNVNIQjZsTjZ6QVdQYkMzc0UzUExSbnFma1NKMWNrVzNZTjArczl5OEpFVXhURm9wenZybgp5Qi91SEY3MkRyUjIzSE4xTUZqelgySFRvcllWWXJmMgo*=&u=maydenvoyage&avsstatus=1" "Mozilla/5.0 (Windows NT 10.0; Win64; x64) AppleWebKit/537.36 (KHTML, like Gecko) Chrome/142.0.0.0 Safari/537.36"
159.203.63.143 - norman14216 [01/May/2026:23:03:06 -0400] "GET /content//contentthumbs/13/96/71396-4x.jpg HTTP/1.1" 200 200398 "http://members.honey-chest.com/search.php?query=Lesbian" "Mozilla/5.0 (Linux; Android 10; K) AppleWebKit/537.36 (KHTML, like Gecko) Chrome/137.0.0.0 Mobile Safari/537.36"
45.15.113.222 - maydenvoyage [01/May/2026:23:03:06 -0400] "GET /content//contentthumbs/32/83/93283-1x.jpg HTTP/1.1" 206 1 "http://members.honey-chest.com/?PSSO=QzlSNFNmYmQwY1RPS3pXWVlZVFVjaTZscXFqWFg0TU1UaFZXNjhMOUlkRHBuUE52Rkh2L1FYVk9VbUw1Zjc4VwpGQnNoUDNmZVRPVjdVTGYweDFUbTU3Wmg3U0JlK1JsVQo*&PSSO=V0dxSEg4VXMrQWVyNVNIQjZsTjZ6QVdQYkMzc0UzUExSbnFma1NKMWNrVzNZTjArczl5OEpFVXhURm9wenZybgp5Qi91SEY3MkRyUjIzSE4xTUZqelgySFRvcllWWXJmMgo*=&u=maydenvoyage&avsstatus=1" "Mozilla/5.0 (Windows NT 10.0; Win64; x64) AppleWebKit/537.36 (KHTML, like Gecko) Chrome/142.0.0.0 Safari/537.36"
45.15.113.222 - maydenvoyage [01/May/2026:23:03:06 -0400] "GET /content//contentthumbs/94/62/89462-1x.jpg HTTP/1.1" 200 16938 "http://members.honey-chest.com/?PSSO=QzlSNFNmYmQwY1RPS3pXWVlZVFVjaTZscXFqWFg0TU1UaFZXNjhMOUlkRHBuUE52Rkh2L1FYVk9VbUw1Zjc4VwpGQnNoUDNmZVRPVjdVTGYweDFUbTU3Wmg3U0JlK1JsVQo*&PSSO=V0dxSEg4VXMrQWVyNVNIQjZsTjZ6QVdQYkMzc0UzUExSbnFma1NKMWNrVzNZTjArczl5OEpFVXhURm9wenZybgp5Qi91SEY3MkRyUjIzSE4xTUZqelgySFRvcllWWXJmMgo*=&u=maydenvoyage&avsstatus=1" "Mozilla/5.0 (Windows NT 10.0; Win64; x64) AppleWebKit/537.36 (KHTML, like Gecko) Chrome/142.0.0.0 Safari/537.36"
45.15.113.222 - maydenvoyage [01/May/2026:23:03:06 -0400] "GET /content//contentthumbs/97/73/89773-1x.jpg HTTP/1.1" 200 10188 "http://members.honey-chest.com/?PSSO=QzlSNFNmYmQwY1RPS3pXWVlZVFVjaTZscXFqWFg0TU1UaFZXNjhMOUlkRHBuUE52Rkh2L1FYVk9VbUw1Zjc4VwpGQnNoUDNmZVRPVjdVTGYweDFUbTU3Wmg3U0JlK1JsVQo*&PSSO=V0dxSEg4VXMrQWVyNVNIQjZsTjZ6QVdQYkMzc0UzUExSbnFma1NKMWNrVzNZTjArczl5OEpFVXhURm9wenZybgp5Qi91SEY3MkRyUjIzSE4xTUZqelgySFRvcllWWXJmMgo*=&u=maydenvoyage&avsstatus=1" "Mozilla/5.0 (Windows NT 10.0; Win64; x64) AppleWebKit/537.36 (KHTML, like Gecko) Chrome/142.0.0.0 Safari/537.36"
45.15.113.222 - maydenvoyage [01/May/2026:23:03:06 -0400] "GET /content//contentthumbs/10/83/101083-1x.jpg HTTP/1.1" 206 7795 "http://members.honey-chest.com/?PSSO=QzlSNFNmYmQwY1RPS3pXWVlZVFVjaTZscXFqWFg0TU1UaFZXNjhMOUlkRHBuUE52Rkh2L1FYVk9VbUw1Zjc4VwpGQnNoUDNmZVRPVjdVTGYweDFUbTU3Wmg3U0JlK1JsVQo*&PSSO=V0dxSEg4VXMrQWVyNVNIQjZsTjZ6QVdQYkMzc0UzUExSbnFma1NKMWNrVzNZTjArczl5OEpFVXhURm9wenZybgp5Qi91SEY3MkRyUjIzSE4xTUZqelgySFRvcllWWXJmMgo*=&u=maydenvoyage&avsstatus=1" "Mozilla/5.0 (Windows NT 10.0; Win64; x64) AppleWebKit/537.36 (KHTML, like Gecko) Chrome/142.0.0.0 Safari/537.36"
159.203.63.143 - norman14216 [01/May/2026:23:03:07 -0400] "GET /content//contentthumbs/65/12/76512-4x.jpg HTTP/1.1" 200 176069 "http://members.honey-chest.com/search.php?query=Lesbian" "Mozilla/5.0 (Linux; Android 10; K) AppleWebKit/537.36 (KHTML, like Gecko) Chrome/137.0.0.0 Mobile Safari/537.36"
45.15.113.222 - maydenvoyage [01/May/2026:23:03:07 -0400] "GET /content//contentthumbs/10/84/101084-1x.jpg HTTP/1.1" 206 11431 "http://members.honey-chest.com/?PSSO=QzlSNFNmYmQwY1RPS3pXWVlZVFVjaTZscXFqWFg0TU1UaFZXNjhMOUlkRHBuUE52Rkh2L1FYVk9VbUw1Zjc4VwpGQnNoUDNmZVRPVjdVTGYweDFUbTU3Wmg3U0JlK1JsVQo*&PSSO=V0dxSEg4VXMrQWVyNVNIQjZsTjZ6QVdQYkMzc0UzUExSbnFma1NKMWNrVzNZTjArczl5OEpFVXhURm9wenZybgp5Qi91SEY3MkRyUjIzSE4xTUZqelgySFRvcllWWXJmMgo*=&u=maydenvoyage&avsstatus=1" "Mozilla/5.0 (Windows NT 10.0; Win64; x64) AppleWebKit/537.36 (KHTML, like Gecko) Chrome/142.0.0.0 Safari/537.36"
45.15.113.222 - maydenvoyage [01/May/2026:23:03:07 -0400] "GET /content//contentthumbs/32/83/93283-1x.jpg HTTP/1.1" 206 17628 "http://members.honey-chest.com/?PSSO=QzlSNFNmYmQwY1RPS3pXWVlZVFVjaTZscXFqWFg0TU1UaFZXNjhMOUlkRHBuUE52Rkh2L1FYVk9VbUw1Zjc4VwpGQnNoUDNmZVRPVjdVTGYweDFUbTU3Wmg3U0JlK1JsVQo*&PSSO=V0dxSEg4VXMrQWVyNVNIQjZsTjZ6QVdQYkMzc0UzUExSbnFma1NKMWNrVzNZTjArczl5OEpFVXhURm9wenZybgp5Qi91SEY3MkRyUjIzSE4xTUZqelgySFRvcllWWXJmMgo*=&u=maydenvoyage&avsstatus=1" "Mozilla/5.0 (Windows NT 10.0; Win64; x64) AppleWebKit/537.36 (KHTML, like Gecko) Chrome/142.0.0.0 Safari/537.36"
45.15.113.222 - maydenvoyage [01/May/2026:23:03:07 -0400] "GET /content//contentthumbs/97/74/89774-1x.jpg HTTP/1.1" 200 12927 "http://members.honey-chest.com/?PSSO=QzlSNFNmYmQwY1RPS3pXWVlZVFVjaTZscXFqWFg0TU1UaFZXNjhMOUlkRHBuUE52Rkh2L1FYVk9VbUw1Zjc4VwpGQnNoUDNmZVRPVjdVTGYweDFUbTU3Wmg3U0JlK1JsVQo*&PSSO=V0dxSEg4VXMrQWVyNVNIQjZsTjZ6QVdQYkMzc0UzUExSbnFma1NKMWNrVzNZTjArczl5OEpFVXhURm9wenZybgp5Qi91SEY3MkRyUjIzSE4xTUZqelgySFRvcllWWXJmMgo*=&u=maydenvoyage&avsstatus=1" "Mozilla/5.0 (Windows NT 10.0; Win64; x64) AppleWebKit/537.36 (KHTML, like Gecko) Chrome/142.0.0.0 Safari/537.36"
159.203.63.143 - norman14216 [01/May/2026:23:03:07 -0400] "GET /content//contentthumbs/24/92/102492-4x.jpg HTTP/1.1" 200 78134 "http://members.honey-chest.com/search.php?query=Lesbian" "Mozilla/5.0 (Linux; Android 10; K) AppleWebKit/537.36 (KHTML, like Gecko) Chrome/137.0.0.0 Mobile Safari/537.36"
45.15.113.222 - maydenvoyage [01/May/2026:23:03:07 -0400] "GET /content//contentthumbs/97/75/89775-1x.jpg HTTP/1.1" 200 10019 "http://members.honey-chest.com/?PSSO=QzlSNFNmYmQwY1RPS3pXWVlZVFVjaTZscXFqWFg0TU1UaFZXNjhMOUlkRHBuUE52Rkh2L1FYVk9VbUw1Zjc4VwpGQnNoUDNmZVRPVjdVTGYweDFUbTU3Wmg3U0JlK1JsVQo*&PSSO=V0dxSEg4VXMrQWVyNVNIQjZsTjZ6QVdQYkMzc0UzUExSbnFma1NKMWNrVzNZTjArczl5OEpFVXhURm9wenZybgp5Qi91SEY3MkRyUjIzSE4xTUZqelgySFRvcllWWXJmMgo*=&u=maydenvoyage&avsstatus=1" "Mozilla/5.0 (Windows NT 10.0; Win64; x64) AppleWebKit/537.36 (KHTML, like Gecko) Chrome/142.0.0.0 Safari/537.36"
159.203.63.143 - norman14216 [01/May/2026:23:03:07 -0400] "GET /content//contentthumbs/10/92/101092-4x.jpg HTTP/1.1" 200 132450 "http://members.honey-chest.com/search.php?query=Lesbian" "Mozilla/5.0 (Linux; Android 10; K) AppleWebKit/537.36 (KHTML, like Gecko) Chrome/137.0.0.0 Mobile Safari/537.36"
159.203.63.143 - norman14216 [01/May/2026:23:03:07 -0400] "GET /content//contentthumbs/11/80/71180-4x.jpg HTTP/1.1" 200 159943 "http://members.honey-chest.com/search.php?query=Lesbian" "Mozilla/5.0 (Linux; Android 10; K) AppleWebKit/537.36 (KHTML, like Gecko) Chrome/137.0.0.0 Mobile Safari/537.36"
159.203.63.143 - norman14216 [01/May/2026:23:03:07 -0400] "GET /content//contentthumbs/12/01/71201-4x.jpg HTTP/1.1" 200 190481 "http://members.honey-chest.com/search.php?query=Lesbian" "Mozilla/5.0 (Linux; Android 10; K) AppleWebKit/537.36 (KHTML, like Gecko) Chrome/137.0.0.0 Mobile Safari/537.36"
159.203.63.143 - norman14216 [01/May/2026:23:03:07 -0400] "GET /content//contentthumbs/15/00/71500-4x.jpg HTTP/1.1" 200 170815 "http://members.honey-chest.com/search.php?query=Lesbian" "Mozilla/5.0 (Linux; Android 10; K) AppleWebKit/537.36 (KHTML, like Gecko) Chrome/137.0.0.0 Mobile Safari/537.36"
159.203.63.143 - norman14216 [01/May/2026:23:03:07 -0400] "GET /content//contentthumbs/12/09/71209-4x.jpg HTTP/1.1" 200 149707 "http://members.honey-chest.com/search.php?query=Lesbian" "Mozilla/5.0 (Linux; Android 10; K) AppleWebKit/537.36 (KHTML, like Gecko) Chrome/137.0.0.0 Mobile Safari/537.36"
159.203.63.143 - norman14216 [01/May/2026:23:03:07 -0400] "GET /content//contentthumbs/68/68/76868-4x.jpg HTTP/1.1" 200 162474 "http://members.honey-chest.com/search.php?query=Lesbian" "Mozilla/5.0 (Linux; Android 10; K) AppleWebKit/537.36 (KHTML, like Gecko) Chrome/137.0.0.0 Mobile Safari/537.36"
159.203.63.143 - norman14216 [01/May/2026:23:03:07 -0400] "GET /content//contentthumbs/12/05/71205-4x.jpg HTTP/1.1" 200 145192 "http://members.honey-chest.com/search.php?query=Lesbian" "Mozilla/5.0 (Linux; Android 10; K) AppleWebKit/537.36 (KHTML, like Gecko) Chrome/137.0.0.0 Mobile Safari/537.36"
159.203.63.143 - norman14216 [01/May/2026:23:03:07 -0400] "GET /content//contentthumbs/11/71/101171-4x.jpg HTTP/1.1" 200 100963 "http://members.honey-chest.com/search.php?query=Lesbian" "Mozilla/5.0 (Linux; Android 10; K) AppleWebKit/537.36 (KHTML, like Gecko) Chrome/137.0.0.0 Mobile Safari/537.36"
159.203.63.143 - norman14216 [01/May/2026:23:03:07 -0400] "GET /content//contentthumbs/16/05/101605-4x.jpg HTTP/1.1" 200 172215 "http://members.honey-chest.com/search.php?query=Lesbian" "Mozilla/5.0 (Linux; Android 10; K) AppleWebKit/537.36 (KHTML, like Gecko) Chrome/137.0.0.0 Mobile Safari/537.36"
159.203.63.143 - norman14216 [01/May/2026:23:03:07 -0400] "GET /content//contentthumbs/16/13/101613-4x.jpg HTTP/1.1" 200 107873 "http://members.honey-chest.com/search.php?query=Lesbian" "Mozilla/5.0 (Linux; Android 10; K) AppleWebKit/537.36 (KHTML, like Gecko) Chrome/137.0.0.0 Mobile Safari/537.36"
159.203.63.143 - norman14216 [01/May/2026:23:03:07 -0400] "GET /content//contentthumbs/10/86/101086-4x.jpg HTTP/1.1" 200 160646 "http://members.honey-chest.com/search.php?query=Lesbian" "Mozilla/5.0 (Linux; Android 10; K) AppleWebKit/537.36 (KHTML, like Gecko) Chrome/137.0.0.0 Mobile Safari/537.36"
159.203.63.143 - norman14216 [01/May/2026:23:03:07 -0400] "GET /content//contentthumbs/21/46/102146-4x.jpg HTTP/1.1" 200 101057 "http://members.honey-chest.com/search.php?query=Lesbian" "Mozilla/5.0 (Linux; Android 10; K) AppleWebKit/537.36 (KHTML, like Gecko) Chrome/137.0.0.0 Mobile Safari/537.36"
159.203.63.143 - norman14216 [01/May/2026:23:03:07 -0400] "GET /content//contentthumbs/21/70/102170-4x.jpg HTTP/1.1" 200 72974 "http://members.honey-chest.com/search.php?query=Lesbian" "Mozilla/5.0 (Linux; Android 10; K) AppleWebKit/537.36 (KHTML, like Gecko) Chrome/137.0.0.0 Mobile Safari/537.36"
159.203.63.143 - norman14216 [01/May/2026:23:03:07 -0400] "GET /content//contentthumbs/11/37/101137-4x.jpg HTTP/1.1" 200 137130 "http://members.honey-chest.com/search.php?query=Lesbian" "Mozilla/5.0 (Linux; Android 10; K) AppleWebKit/537.36 (KHTML, like Gecko) Chrome/137.0.0.0 Mobile Safari/537.36"
159.203.63.143 - norman14216 [01/May/2026:23:03:07 -0400] "GET /content//contentthumbs/26/61/102661-4x.jpg HTTP/1.1" 200 106972 "http://members.honey-chest.com/search.php?query=Lesbian" "Mozilla/5.0 (Linux; Android 10; K) AppleWebKit/537.36 (KHTML, like Gecko) Chrome/137.0.0.0 Mobile Safari/537.36"
159.203.63.143 - norman14216 [01/May/2026:23:03:07 -0400] "GET /content//contentthumbs/11/81/71181-4x.jpg HTTP/1.1" 200 176559 "http://members.honey-chest.com/search.php?query=Lesbian" "Mozilla/5.0 (Linux; Android 10; K) AppleWebKit/537.36 (KHTML, like Gecko) Chrome/137.0.0.0 Mobile Safari/537.36"
159.203.63.143 - norman14216 [01/May/2026:23:03:07 -0400] "GET /content//contentthumbs/25/00/102500-4x.jpg HTTP/1.1" 200 95936 "http://members.honey-chest.com/search.php?query=Lesbian" "Mozilla/5.0 (Linux; Android 10; K) AppleWebKit/537.36 (KHTML, like Gecko) Chrome/137.0.0.0 Mobile Safari/537.36"
159.203.63.143 - norman14216 [01/May/2026:23:03:07 -0400] "GET /content//contentthumbs/24/96/102496-4x.jpg HTTP/1.1" 200 144642 "http://members.honey-chest.com/search.php?query=Lesbian" "Mozilla/5.0 (Linux; Android 10; K) AppleWebKit/537.36 (KHTML, like Gecko) Chrome/137.0.0.0 Mobile Safari/537.36"
159.203.63.143 - norman14216 [01/May/2026:23:03:10 -0400] "GET /content//contentthumbs/24/90/102490-4x.jpg HTTP/1.1" 200 109703 "http://members.honey-chest.com/search.php?query=Lesbian" "Mozilla/5.0 (Linux; Android 10; K) AppleWebKit/537.36 (KHTML, like Gecko) Chrome/137.0.0.0 Mobile Safari/537.36"
159.203.63.143 - norman14216 [01/May/2026:23:03:11 -0400] "GET /content//contentthumbs/24/91/102491-4x.jpg HTTP/1.1" 200 97423 "http://members.honey-chest.com/search.php?query=Lesbian" "Mozilla/5.0 (Linux; Android 10; K) AppleWebKit/537.36 (KHTML, like Gecko) Chrome/137.0.0.0 Mobile Safari/537.36"
159.203.63.143 - norman14216 [01/May/2026:23:03:13 -0400] "GET /content//contentthumbs/24/89/102489-4x.jpg HTTP/1.1" 200 121606 "http://members.honey-chest.com/search.php?query=Lesbian" "Mozilla/5.0 (Linux; Android 10; K) AppleWebKit/537.36 (KHTML, like Gecko) Chrome/137.0.0.0 Mobile Safari/537.36"
159.203.63.143 - norman14216 [01/May/2026:23:03:15 -0400] "GET /scenes/TanyaDanielleHotFriend_vids.html HTTP/1.1" 200 27499 "http://members.honey-chest.com/search.php?query=Lesbian" "Mozilla/5.0 (Linux; Android 10; K) AppleWebKit/537.36 (KHTML, like Gecko) Chrome/137.0.0.0 Mobile Safari/537.36"
159.203.63.143 - norman14216 [01/May/2026:23:03:16 -0400] "GET /images/p20.jpg HTTP/1.1" 200 23736 "http://members.honey-chest.com/scenes/TanyaDanielleHotFriend_vids.html?PSSO=dGlLQ2hOSVNKZkNsQ2RUTXI2dXhXNDZYM013bnErYUlBQmxlaTN5WGZYekxodXJlVkhDa0d4eHVGQUprNUQxcQpNMEdmWloweGJoMFZBZldMbXBLYzI1QWJTRTVkNEtrWQo*" "Mozilla/5.0 (Linux; Android 10; K) AppleWebKit/537.36 (KHTML, like Gecko) Chrome/137.0.0.0 Mobile Safari/537.36"
159.203.63.143 - norman14216 [01/May/2026:23:03:16 -0400] "GET /images/p21.jpg HTTP/1.1" 200 23601 "http://members.honey-chest.com/scenes/TanyaDanielleHotFriend_vids.html?PSSO=dGlLQ2hOSVNKZkNsQ2RUTXI2dXhXNDZYM013bnErYUlBQmxlaTN5WGZYekxodXJlVkhDa0d4eHVGQUprNUQxcQpNMEdmWloweGJoMFZBZldMbXBLYzI1QWJTRTVkNEtrWQo*" "Mozilla/5.0 (Linux; Android 10; K) AppleWebKit/537.36 (KHTML, like Gecko) Chrome/137.0.0.0 Mobile Safari/537.36"
159.203.63.143 - norman14216 [01/May/2026:23:03:16 -0400] "GET /images/p22.jpg HTTP/1.1" 200 23725 "http://members.honey-chest.com/scenes/TanyaDanielleHotFriend_vids.html?PSSO=dGlLQ2hOSVNKZkNsQ2RUTXI2dXhXNDZYM013bnErYUlBQmxlaTN5WGZYekxodXJlVkhDa0d4eHVGQUprNUQxcQpNMEdmWloweGJoMFZBZldMbXBLYzI1QWJTRTVkNEtrWQo*" "Mozilla/5.0 (Linux; Android 10; K) AppleWebKit/537.36 (KHTML, like Gecko) Chrome/137.0.0.0 Mobile Safari/537.36"
159.203.63.143 - norman14216 [01/May/2026:23:03:16 -0400] "GET /images/p23.jpg HTTP/1.1" 200 23762 "http://members.honey-chest.com/scenes/TanyaDanielleHotFriend_vids.html?PSSO=dGlLQ2hOSVNKZkNsQ2RUTXI2dXhXNDZYM013bnErYUlBQmxlaTN5WGZYekxodXJlVkhDa0d4eHVGQUprNUQxcQpNMEdmWloweGJoMFZBZldMbXBLYzI1QWJTRTVkNEtrWQo*" "Mozilla/5.0 (Linux; Android 10; K) AppleWebKit/537.36 (KHTML, like Gecko) Chrome/137.0.0.0 Mobile Safari/537.36"
159.203.63.143 - norman14216 [01/May/2026:23:03:16 -0400] "GET /bannerload.php?zone=gallery_upsell&site=6&model=*&cat=* HTTP/1.1" 200 - "http://members.honey-chest.com/scenes/TanyaDanielleHotFriend_vids.html?PSSO=dGlLQ2hOSVNKZkNsQ2RUTXI2dXhXNDZYM013bnErYUlBQmxlaTN5WGZYekxodXJlVkhDa0d4eHVGQUprNUQxcQpNMEdmWloweGJoMFZBZldMbXBLYzI1QWJTRTVkNEtrWQo*" "Mozilla/5.0 (Linux; Android 10; K) AppleWebKit/537.36 (KHTML, like Gecko) Chrome/137.0.0.0 Mobile Safari/537.36"
159.203.63.143 - norman14216 [01/May/2026:23:03:16 -0400] "GET /images/p24.jpg HTTP/1.1" 200 23731 "http://members.honey-chest.com/scenes/TanyaDanielleHotFriend_vids.html?PSSO=dGlLQ2hOSVNKZkNsQ2RUTXI2dXhXNDZYM013bnErYUlBQmxlaTN5WGZYekxodXJlVkhDa0d4eHVGQUprNUQxcQpNMEdmWloweGJoMFZBZldMbXBLYzI1QWJTRTVkNEtrWQo*" "Mozilla/5.0 (Linux; Android 10; K) AppleWebKit/537.36 (KHTML, like Gecko) Chrome/137.0.0.0 Mobile Safari/537.36"
159.203.63.143 - norman14216 [01/May/2026:23:03:16 -0400] "GET /images/p25.jpg HTTP/1.1" 200 23737 "http://members.honey-chest.com/scenes/TanyaDanielleHotFriend_vids.html?PSSO=dGlLQ2hOSVNKZkNsQ2RUTXI2dXhXNDZYM013bnErYUlBQmxlaTN5WGZYekxodXJlVkhDa0d4eHVGQUprNUQxcQpNMEdmWloweGJoMFZBZldMbXBLYzI1QWJTRTVkNEtrWQo*" "Mozilla/5.0 (Linux; Android 10; K) AppleWebKit/537.36 (KHTML, like Gecko) Chrome/137.0.0.0 Mobile Safari/537.36"
159.203.63.143 - norman14216 [01/May/2026:23:03:16 -0400] "GET /bannerload.php?zone=gallery_upsell&site=6&model=89,1330 HTTP/1.1" 200 - "http://members.honey-chest.com/scenes/TanyaDanielleHotFriend_vids.html?PSSO=dGlLQ2hOSVNKZkNsQ2RUTXI2dXhXNDZYM013bnErYUlBQmxlaTN5WGZYekxodXJlVkhDa0d4eHVGQUprNUQxcQpNMEdmWloweGJoMFZBZldMbXBLYzI1QWJTRTVkNEtrWQo*" "Mozilla/5.0 (Linux; Android 10; K) AppleWebKit/537.36 (KHTML, like Gecko) Chrome/137.0.0.0 Mobile Safari/537.36"
159.203.63.143 - norman14216 [01/May/2026:23:03:16 -0400] "GET /content//upload/hc-tanyadanielle-carolynmunroe/thumbs_vids/hc-tanyadanielle-carolynmunroe_0002.jpg HTTP/1.1" 200 13835 "http://members.honey-chest.com/scenes/TanyaDanielleHotFriend_vids.html?PSSO=dGlLQ2hOSVNKZkNsQ2RUTXI2dXhXNDZYM013bnErYUlBQmxlaTN5WGZYekxodXJlVkhDa0d4eHVGQUprNUQxcQpNMEdmWloweGJoMFZBZldMbXBLYzI1QWJTRTVkNEtrWQo*" "Mozilla/5.0 (Linux; Android 10; K) AppleWebKit/537.36 (KHTML, like Gecko) Chrome/137.0.0.0 Mobile Safari/537.36"
159.203.63.143 - norman14216 [01/May/2026:23:03:16 -0400] "GET /content//upload/hc-tanyadanielle-carolynmunroe/thumbs_vids/hc-tanyadanielle-carolynmunroe_0001.jpg HTTP/1.1" 200 18427 "http://members.honey-chest.com/scenes/TanyaDanielleHotFriend_vids.html?PSSO=dGlLQ2hOSVNKZkNsQ2RUTXI2dXhXNDZYM013bnErYUlBQmxlaTN5WGZYekxodXJlVkhDa0d4eHVGQUprNUQxcQpNMEdmWloweGJoMFZBZldMbXBLYzI1QWJTRTVkNEtrWQo*" "Mozilla/5.0 (Linux; Android 10; K) AppleWebKit/537.36 (KHTML, like Gecko) Chrome/137.0.0.0 Mobile Safari/537.36"
159.203.63.143 - norman14216 [01/May/2026:23:03:16 -0400] "GET /content//upload/hc-tanyadanielle-carolynmunroe/thumbs_vids/hc-tanyadanielle-carolynmunroe_0003.jpg HTTP/1.1" 200 17569 "http://members.honey-chest.com/scenes/TanyaDanielleHotFriend_vids.html?PSSO=dGlLQ2hOSVNKZkNsQ2RUTXI2dXhXNDZYM013bnErYUlBQmxlaTN5WGZYekxodXJlVkhDa0d4eHVGQUprNUQxcQpNMEdmWloweGJoMFZBZldMbXBLYzI1QWJTRTVkNEtrWQo*" "Mozilla/5.0 (Linux; Android 10; K) AppleWebKit/537.36 (KHTML, like Gecko) Chrome/137.0.0.0 Mobile Safari/537.36"
159.203.63.143 - norman14216 [01/May/2026:23:03:16 -0400] "GET /content//upload/hc-tanyadanielle-carolynmunroe/thumbs_vids/hc-tanyadanielle-carolynmunroe_0004.jpg HTTP/1.1" 200 12409 "http://members.honey-chest.com/scenes/TanyaDanielleHotFriend_vids.html?PSSO=dGlLQ2hOSVNKZkNsQ2RUTXI2dXhXNDZYM013bnErYUlBQmxlaTN5WGZYekxodXJlVkhDa0d4eHVGQUprNUQxcQpNMEdmWloweGJoMFZBZldMbXBLYzI1QWJTRTVkNEtrWQo*" "Mozilla/5.0 (Linux; Android 10; K) AppleWebKit/537.36 (KHTML, like Gecko) Chrome/137.0.0.0 Mobile Safari/537.36"
159.203.63.143 - norman14216 [01/May/2026:23:03:16 -0400] "GET /content//upload/hc-tanyadanielle-carolynmunroe/thumbs_vids/hc-tanyadanielle-carolynmunroe_0005.jpg HTTP/1.1" 200 17570 "http://members.honey-chest.com/scenes/TanyaDanielleHotFriend_vids.html?PSSO=dGlLQ2hOSVNKZkNsQ2RUTXI2dXhXNDZYM013bnErYUlBQmxlaTN5WGZYekxodXJlVkhDa0d4eHVGQUprNUQxcQpNMEdmWloweGJoMFZBZldMbXBLYzI1QWJTRTVkNEtrWQo*" "Mozilla/5.0 (Linux; Android 10; K) AppleWebKit/537.36 (KHTML, like Gecko) Chrome/137.0.0.0 Mobile Safari/537.36"
159.203.63.143 - norman14216 [01/May/2026:23:03:16 -0400] "GET /content//upload/hc-tanyadanielle-carolynmunroe/thumbs_vids/tanyadanielle_carolynmunroe-01.jpg HTTP/1.1" 200 19037 "http://members.honey-chest.com/scenes/TanyaDanielleHotFriend_vids.html?PSSO=dGlLQ2hOSVNKZkNsQ2RUTXI2dXhXNDZYM013bnErYUlBQmxlaTN5WGZYekxodXJlVkhDa0d4eHVGQUprNUQxcQpNMEdmWloweGJoMFZBZldMbXBLYzI1QWJTRTVkNEtrWQo*" "Mozilla/5.0 (Linux; Android 10; K) AppleWebKit/537.36 (KHTML, like Gecko) Chrome/137.0.0.0 Mobile Safari/537.36"
159.203.63.143 - norman14216 [01/May/2026:23:03:16 -0400] "GET /content//upload/hc-tanyadanielle-carolynmunroe/thumbs_vids/tanyadanielle_carolynmunroe-02.jpg HTTP/1.1" 200 20127 "http://members.honey-chest.com/scenes/TanyaDanielleHotFriend_vids.html?PSSO=dGlLQ2hOSVNKZkNsQ2RUTXI2dXhXNDZYM013bnErYUlBQmxlaTN5WGZYekxodXJlVkhDa0d4eHVGQUprNUQxcQpNMEdmWloweGJoMFZBZldMbXBLYzI1QWJTRTVkNEtrWQo*" "Mozilla/5.0 (Linux; Android 10; K) AppleWebKit/537.36 (KHTML, like Gecko) Chrome/137.0.0.0 Mobile Safari/537.36"
159.203.63.143 - norman14216 [01/May/2026:23:03:16 -0400] "GET /content//upload/hc-tanyadanielle-carolynmunroe/thumbs_vids/tanyadanielle_carolynmunroe-03.jpg HTTP/1.1" 200 13864 "http://members.honey-chest.com/scenes/TanyaDanielleHotFriend_vids.html?PSSO=dGlLQ2hOSVNKZkNsQ2RUTXI2dXhXNDZYM013bnErYUlBQmxlaTN5WGZYekxodXJlVkhDa0d4eHVGQUprNUQxcQpNMEdmWloweGJoMFZBZldMbXBLYzI1QWJTRTVkNEtrWQo*" "Mozilla/5.0 (Linux; Android 10; K) AppleWebKit/537.36 (KHTML, like Gecko) Chrome/137.0.0.0 Mobile Safari/537.36"
159.203.63.143 - norman14216 [01/May/2026:23:03:16 -0400] "GET /content//upload/hc-tanyadanielle-carolynmunroe/thumbs_vids/tanyadanielle_carolynmunroe-04.jpg HTTP/1.1" 200 16985 "http://members.honey-chest.com/scenes/TanyaDanielleHotFriend_vids.html?PSSO=dGlLQ2hOSVNKZkNsQ2RUTXI2dXhXNDZYM013bnErYUlBQmxlaTN5WGZYekxodXJlVkhDa0d4eHVGQUprNUQxcQpNMEdmWloweGJoMFZBZldMbXBLYzI1QWJTRTVkNEtrWQo*" "Mozilla/5.0 (Linux; Android 10; K) AppleWebKit/537.36 (KHTML, like Gecko) Chrome/137.0.0.0 Mobile Safari/537.36"
159.203.63.143 - norman14216 [01/May/2026:23:03:16 -0400] "GET /content//upload/hc-tanyadanielle-carolynmunroe/thumbs_vids/tanyadanielle_carolynmunroe-05.jpg HTTP/1.1" 200 17923 "http://members.honey-chest.com/scenes/TanyaDanielleHotFriend_vids.html?PSSO=dGlLQ2hOSVNKZkNsQ2RUTXI2dXhXNDZYM013bnErYUlBQmxlaTN5WGZYekxodXJlVkhDa0d4eHVGQUprNUQxcQpNMEdmWloweGJoMFZBZldMbXBLYzI1QWJTRTVkNEtrWQo*" "Mozilla/5.0 (Linux; Android 10; K) AppleWebKit/537.36 (KHTML, like Gecko) Chrome/137.0.0.0 Mobile Safari/537.36"
159.203.63.143 - norman14216 [01/May/2026:23:03:16 -0400] "GET /content//upload/hc-tanyadanielle-carolynmunroe/thumbs_vids/tanyadanielle_carolynmunroe-06.jpg HTTP/1.1" 200 17164 "http://members.honey-chest.com/scenes/TanyaDanielleHotFriend_vids.html?PSSO=dGlLQ2hOSVNKZkNsQ2RUTXI2dXhXNDZYM013bnErYUlBQmxlaTN5WGZYekxodXJlVkhDa0d4eHVGQUprNUQxcQpNMEdmWloweGJoMFZBZldMbXBLYzI1QWJTRTVkNEtrWQo*" "Mozilla/5.0 (Linux; Android 10; K) AppleWebKit/537.36 (KHTML, like Gecko) Chrome/137.0.0.0 Mobile Safari/537.36"
159.203.63.143 - norman14216 [01/May/2026:23:03:16 -0400] "GET /content//upload/hc-tanyadanielle-carolynmunroe/thumbs_vids/tanyadanielle_carolynmunroe-07.jpg HTTP/1.1" 200 13624 "http://members.honey-chest.com/scenes/TanyaDanielleHotFriend_vids.html?PSSO=dGlLQ2hOSVNKZkNsQ2RUTXI2dXhXNDZYM013bnErYUlBQmxlaTN5WGZYekxodXJlVkhDa0d4eHVGQUprNUQxcQpNMEdmWloweGJoMFZBZldMbXBLYzI1QWJTRTVkNEtrWQo*" "Mozilla/5.0 (Linux; Android 10; K) AppleWebKit/537.36 (KHTML, like Gecko) Chrome/137.0.0.0 Mobile Safari/537.36"
