208.122.213.31 - - [01/May/2026:10:58:53 -0400] "POST /wp-cron.php?doing_wp_cron=1777647533.4363100528717041015625 HTTP/1.1" 200 - "-" "WordPress/6.2.6; https://store.terrorxxx.com"
208.109.241.218 - - [01/May/2026:10:58:53 -0400] "GET /?p=1 HTTP/1.1" 404 26379 "-" "Mozilla/5.0 (Macintosh; U; Intel Mac OS X 10_5_3; en-ca) AppleWebKit/525.18 (KHTML, like Gecko) Version/3.1.1 Safari/525.20"
208.122.213.31 - - [01/May/2026:11:07:41 -0400] "POST /wp-cron.php?doing_wp_cron=1777648061.9280641078948974609375 HTTP/1.1" 200 - "-" "WordPress/6.2.6; https://store.terrorxxx.com"
66.249.79.225 - - [01/May/2026:11:07:41 -0400] "GET /robots.txt HTTP/1.1" 200 115 "-" "Mozilla/5.0 (compatible; Googlebot/2.1; +http://www.google.com/bot.html)"
66.249.79.225 - - [01/May/2026:11:07:42 -0400] "GET /wp-content/uploads/2019/02/IMG_1410-600x436.jpg HTTP/1.1" 200 28666 "-" "Googlebot-Image/1.0"
208.122.213.31 - - [01/May/2026:11:11:54 -0400] "POST /wp-cron.php?doing_wp_cron=1777648314.4920339584350585937500 HTTP/1.1" 200 - "-" "WordPress/6.2.6; https://store.terrorxxx.com"
192.176.172.166 - - [01/May/2026:11:11:54 -0400] "POST /xmlrpc.php HTTP/2.0" 200 225 "-" "Mozilla/5.0 (Macintosh; Intel Mac OS X 10_14) AppleWebKit/605.1.15 (KHTML, like Gecko) Version/12.0 Safari/605.1.15"
208.122.213.31 - - [01/May/2026:11:15:36 -0400] "POST /wp-cron.php?doing_wp_cron=1777648536.1352329254150390625000 HTTP/1.1" 200 - "-" "WordPress/6.2.6; https://store.terrorxxx.com"
208.109.241.218 - - [01/May/2026:11:15:35 -0400] "GET / HTTP/1.1" 200 7341 "-" "Mozilla/5.0 (Ubuntu; Linux x86_64) AppleWebKit/537.36 (KHTML, like Gecko) Chrome/130.0.0.0 Safari/537.36"
208.122.213.31 - - [01/May/2026:11:20:09 -0400] "POST /wp-cron.php?doing_wp_cron=1777648809.0874080657958984375000 HTTP/1.1" 200 - "-" "WordPress/6.2.6; https://store.terrorxxx.com"
91.98.21.65 - - [01/May/2026:11:20:08 -0400] "GET /wp-login.php HTTP/2.0" 200 1920 "-" "Mozilla/5.0 (Windows NT 6.1; WOW64; Trident/7.0; MATM; rv:11.0) like Gecko"
91.98.21.65 - - [01/May/2026:11:20:09 -0400] "POST /wp-login.php HTTP/2.0" 200 2050 "https://store.terrorxxx.com/wp-login.php" "Mozilla/5.0 (Windows NT 6.1; WOW64; Trident/7.0; MATM; rv:11.0) like Gecko"
208.122.213.31 - - [01/May/2026:11:21:30 -0400] "POST /wp-cron.php?doing_wp_cron=1777648890.3582639694213867187500 HTTP/1.1" 200 - "-" "WordPress/6.2.6; https://store.terrorxxx.com"
208.109.241.218 - - [01/May/2026:11:21:30 -0400] "GET / HTTP/1.1" 200 7341 "-" "Mozilla/5.0 (Macintosh; Intel Mac OS X 10.14; rv:109.0) Gecko/20100101 Firefox/113.0"
208.122.213.31 - - [01/May/2026:11:23:08 -0400] "POST /wp-cron.php?doing_wp_cron=1777648988.8650450706481933593750 HTTP/1.1" 200 - "-" "WordPress/6.2.6; https://store.terrorxxx.com"
51.195.100.8 - - [01/May/2026:11:23:08 -0400] "POST /xmlrpc.php HTTP/2.0" 200 225 "-" "Mozilla/5.0 (Windows NT 10.0; WOW64) AppleWebKit/537.36 (KHTML, like Gecko) Chrome/67.0.3396.62 Safari/537.36"
208.122.213.31 - - [01/May/2026:11:31:00 -0400] "POST /wp-cron.php?doing_wp_cron=1777649460.1631588935852050781250 HTTP/1.1" 200 - "-" "WordPress/6.2.6; https://store.terrorxxx.com"
208.109.241.218 - - [01/May/2026:11:31:00 -0400] "GET / HTTP/1.1" 200 7341 "-" "Mozilla/5.0 (Macintosh; Intel Mac OS X 10_15_7) AppleWebKit/605.1.15 (KHTML, like Gecko) Version/17.1.2 Safari/605.1.15"
208.122.213.31 - - [01/May/2026:11:31:24 -0400] "POST /wp-cron.php?doing_wp_cron=1777649484.5004079341888427734375 HTTP/1.1" 200 - "-" "WordPress/6.2.6; https://store.terrorxxx.com"
148.72.155.217 - - [01/May/2026:11:31:24 -0400] "GET /wp-login.php HTTP/2.0" 200 1920 "-" "Mozilla/5.0 (Windows NT 10.0; WOW64; Trident/7.0; Touch; TBTE; rv:11.0) like Gecko"
148.72.155.217 - - [01/May/2026:11:31:24 -0400] "POST /wp-login.php HTTP/2.0" 200 2050 "https://store.terrorxxx.com/wp-login.php" "Mozilla/5.0 (Windows NT 10.0; WOW64; Trident/7.0; Touch; TBTE; rv:11.0) like Gecko"
208.122.213.31 - - [01/May/2026:11:33:57 -0400] "POST /wp-cron.php?doing_wp_cron=1777649637.1652750968933105468750 HTTP/1.1" 200 - "-" "WordPress/6.2.6; https://store.terrorxxx.com"
152.53.44.20 - - [01/May/2026:11:33:57 -0400] "POST /xmlrpc.php HTTP/2.0" 200 225 "-" "Mozilla/5.0 (Macintosh; Intel Mac OS X 10.10; rv:60.0) Gecko/20100101 Firefox/60.0"
208.122.213.31 - - [01/May/2026:11:40:30 -0400] "POST /wp-cron.php?doing_wp_cron=1777650030.9096798896789550781250 HTTP/1.1" 200 - "-" "WordPress/6.2.6; https://store.terrorxxx.com"
129.121.76.191 - - [01/May/2026:11:40:30 -0400] "GET /wp-login.php HTTP/2.0" 200 1920 "-" "Mozilla/5.0 (Windows NT 6.1; Win64; x64) AppleWebKit/537.36 (KHTML, like Gecko) Chrome/67.0.3396.87 Safari/537.36"
129.121.76.191 - - [01/May/2026:11:40:31 -0400] "POST /wp-login.php HTTP/2.0" 200 2050 "https://store.terrorxxx.com/wp-login.php" "Mozilla/5.0 (Windows NT 6.1; Win64; x64) AppleWebKit/537.36 (KHTML, like Gecko) Chrome/67.0.3396.87 Safari/537.36"
216.73.216.78 - - [01/May/2026:11:40:52 -0400] "GET /robots.txt HTTP/2.0" 200 115 "-" "Mozilla/5.0 AppleWebKit/537.36 (KHTML, like Gecko; compatible; ClaudeBot/1.0; +claudebot@anthropic.com)"
216.73.216.78 - - [01/May/2026:11:40:52 -0400] "GET /wp-sitemap.xml HTTP/2.0" 200 740 "-" "Mozilla/5.0 AppleWebKit/537.36 (KHTML, like Gecko; compatible; ClaudeBot/1.0; +claudebot@anthropic.com)"
208.122.213.31 - - [01/May/2026:11:42:56 -0400] "POST /wp-cron.php?doing_wp_cron=1777650176.7799029350280761718750 HTTP/1.1" 200 - "-" "WordPress/6.2.6; https://store.terrorxxx.com"
167.71.226.156 - - [01/May/2026:11:42:56 -0400] "POST /xmlrpc.php HTTP/2.0" 200 225 "-" "Mozilla/5.0 (Macintosh; Intel Mac OS X 10_13_5) AppleWebKit/537.36 (KHTML, like Gecko) Chrome/67.0.3396.87 Safari/537.36"
208.122.213.31 - - [01/May/2026:11:48:17 -0400] "POST /wp-cron.php?doing_wp_cron=1777650497.4409511089324951171875 HTTP/1.1" 200 - "-" "WordPress/6.2.6; https://store.terrorxxx.com"
128.241.254.194 - - [01/May/2026:11:48:17 -0400] "GET / HTTP/1.1" 200 7342 "-" "Mozilla/5.0 (Macintosh; Intel Mac OS X 10.15; rv:139.0) Gecko/20100101 Firefox/139.0"
209.87.169.50 - - [01/May/2026:11:49:15 -0400] "GET /wp-includes/css/buttons.css HTTP/1.1" 200 2472 "-" "Go-http-client/1.1"
208.122.213.31 - - [01/May/2026:11:50:25 -0400] "POST /wp-cron.php?doing_wp_cron=1777650625.3072440624237060546875 HTTP/1.1" 200 - "-" "WordPress/6.2.6; https://store.terrorxxx.com"
208.109.241.218 - - [01/May/2026:11:50:25 -0400] "GET /wp-content/plugins/stacks-mobile-app-builder/readme.txt HTTP/1.1" 404 26379 "-" "Mozilla/5.0 (Windows NT 10.0; Win64; x64; rv:109.0) Gecko/20100101 Firefox/111.0"
208.109.241.218 - - [01/May/2026:11:50:31 -0400] "GET /?mobile_co=1&uid=1 HTTP/1.1" 200 7357 "-" "Mozilla/5.0 (Knoppix; Linux x86_64) AppleWebKit/537.36 (KHTML, like Gecko) Chrome/134.0.0.0 Safari/537.36"
208.109.241.218 - - [01/May/2026:11:50:37 -0400] "POST /wp-admin/index.php HTTP/1.1" 302 - "-" "Mozilla/5.0 (Macintosh; Intel Mac OS X 10_15_6) AppleWebKit/605.1.15 (KHTML, like Gecko) Version/15.6,2 Safari/605.1.15"
208.109.241.218 - - [01/May/2026:11:50:37 -0400] "GET /wp-login.php?redirect_to=https%3A%2F%2Fstore.terrorxxx.com%2Fwp-admin%2Findex.php&reauth=1 HTTP/1.1" 200 1924 "https://store.terrorxxx.com/wp-admin/index.php" "Mozilla/5.0 (Macintosh; Intel Mac OS X 10_15_6) AppleWebKit/605.1.15 (KHTML, like Gecko) Version/15.6,2 Safari/605.1.15"
208.122.213.31 - - [01/May/2026:11:51:49 -0400] "POST /wp-cron.php?doing_wp_cron=1777650709.2553548812866210937500 HTTP/1.1" 200 - "-" "WordPress/6.2.6; https://store.terrorxxx.com"
173.214.162.167 - - [01/May/2026:11:51:49 -0400] "GET /wp-login.php HTTP/2.0" 200 1920 "-" "Mozilla/5.0 (Windows NT 10.0; WOW64) AppleWebKit/537.36 (KHTML, like Gecko) Chrome/66.0.3359.117 Safari/537.36"
173.214.162.167 - - [01/May/2026:11:51:49 -0400] "POST /wp-login.php HTTP/2.0" 200 2050 "https://store.terrorxxx.com/wp-login.php" "Mozilla/5.0 (Windows NT 10.0; WOW64) AppleWebKit/537.36 (KHTML, like Gecko) Chrome/66.0.3359.117 Safari/537.36"
208.122.213.31 - - [01/May/2026:11:53:52 -0400] "POST /wp-cron.php?doing_wp_cron=1777650832.2658269405364990234375 HTTP/1.1" 200 - "-" "WordPress/6.2.6; https://store.terrorxxx.com"
51.195.100.8 - - [01/May/2026:11:53:52 -0400] "POST /xmlrpc.php HTTP/2.0" 200 225 "-" "Mozilla/5.0 (Windows NT 6.1; Trident/7.0; SLCC2; .NET CLR 2.0.50727; .NET CLR 3.5.30729; .NET CLR 3.0.30729; Media Center PC 6.0; InfoPath.2; .NET4.0C; rv:11.0) like Gecko"
208.122.213.31 - - [01/May/2026:12:02:37 -0400] "POST /wp-cron.php?doing_wp_cron=1777651357.6627850532531738281250 HTTP/1.1" 200 - "-" "WordPress/6.2.6; https://store.terrorxxx.com"
82.38.166.215 - - [01/May/2026:12:02:37 -0400] "GET /home/ HTTP/1.1" 200 6770 "-" "Mozilla/5.0 (Macintosh; Intel Mac OS X 10_15_7) AppleWebKit/537.36 (KHTML, like Gecko) Chrome/104.0.0.0 Safari/537.36"
82.38.253.63 - - [01/May/2026:12:02:38 -0400] "GET /product-category/clothing/ HTTP/1.1" 200 6734 "-" "Mozilla/5.0 (Macintosh; Intel Mac OS X 10_15_7) AppleWebKit/537.36 (KHTML, like Gecko) Chrome/104.0.0.0 Safari/537.36"
82.40.7.134 - - [01/May/2026:12:02:39 -0400] "GET /product-category/stickers/ HTTP/1.1" 200 6734 "-" "Mozilla/5.0 (Macintosh; Intel Mac OS X 10_15_7) AppleWebKit/537.36 (KHTML, like Gecko) Chrome/104.0.0.0 Safari/537.36"
208.122.213.31 - - [01/May/2026:12:04:51 -0400] "POST /wp-cron.php?doing_wp_cron=1777651491.8566479682922363281250 HTTP/1.1" 200 - "-" "WordPress/6.2.6; https://store.terrorxxx.com"
216.73.216.78 - - [01/May/2026:12:04:51 -0400] "GET /wp-sitemap.xml HTTP/2.0" 200 740 "-" "Mozilla/5.0 AppleWebKit/537.36 (KHTML, like Gecko; compatible; ClaudeBot/1.0; +claudebot@anthropic.com)"
208.122.213.31 - - [01/May/2026:12:06:15 -0400] "POST /wp-cron.php?doing_wp_cron=1777651575.4710900783538818359375 HTTP/1.1" 200 - "-" "WordPress/6.2.6; https://store.terrorxxx.com"
208.109.241.218 - - [01/May/2026:12:06:15 -0400] "GET /wp-content/plugins/yith-woocommerce-ajax-search/readme.txt HTTP/1.1" 404 26379 "-" "Mozilla/5.0 (Macintosh; Intel Mac OS X 10_15_7) AppleWebKit/605.1.15 (KHTML, like Gecko) Version/14.1 Safari/605.1.15"
208.122.213.31 - - [01/May/2026:12:11:06 -0400] "POST /wp-cron.php?doing_wp_cron=1777651866.4350540637969970703125 HTTP/1.1" 200 - "-" "WordPress/6.2.6; https://store.terrorxxx.com"
75.119.134.183 - - [01/May/2026:12:11:06 -0400] "GET /wp-login.php HTTP/2.0" 200 1920 "-" "Mozilla/5.0 (Windows NT 10.0) AppleWebKit/537.36 (KHTML, like Gecko) Chrome/66.0.3359.139 Safari/537.36"
75.119.134.183 - - [01/May/2026:12:11:06 -0400] "POST /wp-login.php HTTP/2.0" 200 2049 "https://store.terrorxxx.com/wp-login.php" "Mozilla/5.0 (Windows NT 10.0) AppleWebKit/537.36 (KHTML, like Gecko) Chrome/66.0.3359.139 Safari/537.36"
208.122.213.31 - - [01/May/2026:12:18:16 -0400] "POST /wp-cron.php?doing_wp_cron=1777652296.3746829032897949218750 HTTP/1.1" 200 - "-" "WordPress/6.2.6; https://store.terrorxxx.com"
83.97.23.180 - - [01/May/2026:12:18:16 -0400] "GET /wp-login.php HTTP/2.0" 200 1920 "-" "Mozilla/5.0 (Windows NT 10.0; Win64; x64) AppleWebKit/537.36 (KHTML, like Gecko) Chrome/91.0.4472.124 Safari/537.36"
83.97.23.180 - - [01/May/2026:12:18:16 -0400] "POST /xmlrpc.php HTTP/2.0" 200 206 "-" "curl/7.30.0"
83.97.23.180 - - [01/May/2026:12:18:17 -0400] "GET /?author=1 HTTP/2.0" 301 - "-" "Mozilla/5.0 (Windows NT 10.0; Win64; x64) AppleWebKit/537.36 (KHTML, like Gecko) Chrome/91.0.4472.124 Safari/537.36"
83.97.23.180 - - [01/May/2026:12:18:17 -0400] "GET /author/admin/ HTTP/2.0" 200 6526 "-" "Mozilla/5.0 (Windows NT 10.0; Win64; x64) AppleWebKit/537.36 (KHTML, like Gecko) Chrome/91.0.4472.124 Safari/537.36"
83.97.23.180 - - [01/May/2026:12:18:17 -0400] "GET /?author=2 HTTP/2.0" 404 26379 "-" "Mozilla/5.0 (Windows NT 10.0; Win64; x64) AppleWebKit/537.36 (KHTML, like Gecko) Chrome/91.0.4472.124 Safari/537.36"
83.97.23.180 - - [01/May/2026:12:18:18 -0400] "GET /?author=3 HTTP/2.0" 404 26379 "-" "Mozilla/5.0 (Windows NT 10.0; Win64; x64) AppleWebKit/537.36 (KHTML, like Gecko) Chrome/91.0.4472.124 Safari/537.36"
83.97.23.180 - - [01/May/2026:12:18:18 -0400] "GET /?author=4 HTTP/2.0" 404 26379 "-" "Mozilla/5.0 (Windows NT 10.0; Win64; x64) AppleWebKit/537.36 (KHTML, like Gecko) Chrome/91.0.4472.124 Safari/537.36"
83.97.23.180 - - [01/May/2026:12:18:18 -0400] "GET /?author=5 HTTP/2.0" 404 26379 "-" "Mozilla/5.0 (Windows NT 10.0; Win64; x64) AppleWebKit/537.36 (KHTML, like Gecko) Chrome/91.0.4472.124 Safari/537.36"
83.97.23.180 - - [01/May/2026:12:18:18 -0400] "GET /?author=6 HTTP/2.0" 404 26379 "-" "Mozilla/5.0 (Windows NT 10.0; Win64; x64) AppleWebKit/537.36 (KHTML, like Gecko) Chrome/91.0.4472.124 Safari/537.36"
83.97.23.180 - - [01/May/2026:12:18:19 -0400] "GET /?author=7 HTTP/2.0" 404 26379 "-" "Mozilla/5.0 (Windows NT 10.0; Win64; x64) AppleWebKit/537.36 (KHTML, like Gecko) Chrome/91.0.4472.124 Safari/537.36"
83.97.23.180 - - [01/May/2026:12:18:19 -0400] "GET /?author=8 HTTP/2.0" 404 26379 "-" "Mozilla/5.0 (Windows NT 10.0; Win64; x64) AppleWebKit/537.36 (KHTML, like Gecko) Chrome/91.0.4472.124 Safari/537.36"
83.97.23.180 - - [01/May/2026:12:18:19 -0400] "GET /?author=9 HTTP/2.0" 404 26379 "-" "Mozilla/5.0 (Windows NT 10.0; Win64; x64) AppleWebKit/537.36 (KHTML, like Gecko) Chrome/91.0.4472.124 Safari/537.36"
83.97.23.180 - - [01/May/2026:12:18:20 -0400] "GET /?author=10 HTTP/2.0" 404 26379 "-" "Mozilla/5.0 (Windows NT 10.0; Win64; x64) AppleWebKit/537.36 (KHTML, like Gecko) Chrome/91.0.4472.124 Safari/537.36"
83.97.23.180 - - [01/May/2026:12:18:20 -0400] "GET /?author=11 HTTP/2.0" 404 26379 "-" "Mozilla/5.0 (Windows NT 10.0; Win64; x64) AppleWebKit/537.36 (KHTML, like Gecko) Chrome/91.0.4472.124 Safari/537.36"
83.97.23.180 - - [01/May/2026:12:18:20 -0400] "GET /?author=12 HTTP/2.0" 404 26379 "-" "Mozilla/5.0 (Windows NT 10.0; Win64; x64) AppleWebKit/537.36 (KHTML, like Gecko) Chrome/91.0.4472.124 Safari/537.36"
83.97.23.180 - - [01/May/2026:12:18:21 -0400] "GET /?author=13 HTTP/2.0" 404 26379 "-" "Mozilla/5.0 (Windows NT 10.0; Win64; x64) AppleWebKit/537.36 (KHTML, like Gecko) Chrome/91.0.4472.124 Safari/537.36"
83.97.23.180 - - [01/May/2026:12:18:21 -0400] "GET /?author=14 HTTP/2.0" 404 26379 "-" "Mozilla/5.0 (Windows NT 10.0; Win64; x64) AppleWebKit/537.36 (KHTML, like Gecko) Chrome/91.0.4472.124 Safari/537.36"
83.97.23.180 - - [01/May/2026:12:18:21 -0400] "GET /?author=15 HTTP/2.0" 404 26379 "-" "Mozilla/5.0 (Windows NT 10.0; Win64; x64) AppleWebKit/537.36 (KHTML, like Gecko) Chrome/91.0.4472.124 Safari/537.36"
83.97.23.180 - - [01/May/2026:12:18:21 -0400] "GET /?author=16 HTTP/2.0" 404 26379 "-" "Mozilla/5.0 (Windows NT 10.0; Win64; x64) AppleWebKit/537.36 (KHTML, like Gecko) Chrome/91.0.4472.124 Safari/537.36"
83.97.23.180 - - [01/May/2026:12:18:22 -0400] "GET /?author=17 HTTP/2.0" 404 26379 "-" "Mozilla/5.0 (Windows NT 10.0; Win64; x64) AppleWebKit/537.36 (KHTML, like Gecko) Chrome/91.0.4472.124 Safari/537.36"
83.97.23.180 - - [01/May/2026:12:18:22 -0400] "GET /?author=18 HTTP/2.0" 404 26379 "-" "Mozilla/5.0 (Windows NT 10.0; Win64; x64) AppleWebKit/537.36 (KHTML, like Gecko) Chrome/91.0.4472.124 Safari/537.36"
83.97.23.180 - - [01/May/2026:12:18:22 -0400] "GET /?author=19 HTTP/2.0" 404 26379 "-" "Mozilla/5.0 (Windows NT 10.0; Win64; x64) AppleWebKit/537.36 (KHTML, like Gecko) Chrome/91.0.4472.124 Safari/537.36"
83.97.23.180 - - [01/May/2026:12:18:23 -0400] "GET /?author=20 HTTP/2.0" 404 26379 "-" "Mozilla/5.0 (Windows NT 10.0; Win64; x64) AppleWebKit/537.36 (KHTML, like Gecko) Chrome/91.0.4472.124 Safari/537.36"
83.97.23.180 - - [01/May/2026:12:18:23 -0400] "POST /xmlrpc.php HTTP/2.0" 200 206 "-" "curl/7.30.0"
208.122.213.31 - - [01/May/2026:12:18:24 -0400] "POST /wp-cron.php?doing_wp_cron=1777652304.0226809978485107421875 HTTP/1.1" 200 - "-" "WordPress/6.2.6; https://store.terrorxxx.com"
83.97.23.180 - - [01/May/2026:12:18:23 -0400] "POST /xmlrpc.php HTTP/2.0" 200 206 "-" "curl/7.30.0"
83.97.23.180 - - [01/May/2026:12:18:23 -0400] "POST /xmlrpc.php HTTP/2.0" 200 206 "-" "curl/7.30.0"
83.97.23.180 - - [01/May/2026:12:18:23 -0400] "POST /xmlrpc.php HTTP/2.0" 200 206 "-" "curl/7.30.0"
83.97.23.180 - - [01/May/2026:12:18:23 -0400] "POST /xmlrpc.php HTTP/2.0" 200 206 "-" "curl/7.30.0"
83.97.23.180 - - [01/May/2026:12:18:23 -0400] "POST /xmlrpc.php HTTP/2.0" 200 206 "-" "curl/7.30.0"
83.97.23.180 - - [01/May/2026:12:18:23 -0400] "POST /xmlrpc.php HTTP/2.0" 200 206 "-" "curl/7.30.0"
83.97.23.180 - - [01/May/2026:12:18:23 -0400] "POST /xmlrpc.php HTTP/2.0" 200 206 "-" "curl/7.30.0"
83.97.23.180 - - [01/May/2026:12:18:23 -0400] "POST /xmlrpc.php HTTP/2.0" 200 206 "-" "curl/7.30.0"
83.97.23.180 - - [01/May/2026:12:18:23 -0400] "POST /xmlrpc.php HTTP/2.0" 200 206 "-" "curl/7.30.0"
83.97.23.180 - - [01/May/2026:12:18:24 -0400] "POST /xmlrpc.php HTTP/2.0" 200 206 "-" "curl/7.30.0"
83.97.23.180 - - [01/May/2026:12:18:24 -0400] "POST /xmlrpc.php HTTP/2.0" 200 206 "-" "curl/7.30.0"
83.97.23.180 - - [01/May/2026:12:18:24 -0400] "POST /xmlrpc.php HTTP/2.0" 200 206 "-" "curl/7.30.0"
83.97.23.180 - - [01/May/2026:12:18:24 -0400] "POST /xmlrpc.php HTTP/2.0" 200 206 "-" "curl/7.30.0"
83.97.23.180 - - [01/May/2026:12:18:24 -0400] "POST /xmlrpc.php HTTP/2.0" 200 206 "-" "curl/7.30.0"
83.97.23.180 - - [01/May/2026:12:18:24 -0400] "POST /xmlrpc.php HTTP/2.0" 200 206 "-" "curl/7.30.0"
83.97.23.180 - - [01/May/2026:12:18:24 -0400] "POST /xmlrpc.php HTTP/2.0" 200 206 "-" "curl/7.30.0"
83.97.23.180 - - [01/May/2026:12:18:24 -0400] "POST /xmlrpc.php HTTP/2.0" 200 206 "-" "curl/7.30.0"
83.97.23.180 - - [01/May/2026:12:18:24 -0400] "POST /xmlrpc.php HTTP/2.0" 200 206 "-" "curl/7.30.0"
83.97.23.180 - - [01/May/2026:12:18:24 -0400] "POST /xmlrpc.php HTTP/2.0" 200 206 "-" "curl/7.30.0"
83.97.23.180 - - [01/May/2026:12:18:24 -0400] "POST /xmlrpc.php HTTP/2.0" 200 206 "-" "curl/7.30.0"
83.97.23.180 - - [01/May/2026:12:18:24 -0400] "POST /xmlrpc.php HTTP/2.0" 200 206 "-" "curl/7.30.0"
83.97.23.180 - - [01/May/2026:12:18:24 -0400] "POST /xmlrpc.php HTTP/2.0" 200 206 "-" "curl/7.30.0"
83.97.23.180 - - [01/May/2026:12:18:24 -0400] "POST /xmlrpc.php HTTP/2.0" 200 206 "-" "curl/7.30.0"
83.97.23.180 - - [01/May/2026:12:18:24 -0400] "POST /xmlrpc.php HTTP/2.0" 200 206 "-" "curl/7.30.0"
83.97.23.180 - - [01/May/2026:12:18:24 -0400] "POST /xmlrpc.php HTTP/2.0" 200 206 "-" "curl/7.30.0"
83.97.23.180 - - [01/May/2026:12:18:24 -0400] "POST /xmlrpc.php HTTP/2.0" 200 206 "-" "curl/7.30.0"
83.97.23.180 - - [01/May/2026:12:18:24 -0400] "POST /xmlrpc.php HTTP/2.0" 200 206 "-" "curl/7.30.0"
83.97.23.180 - - [01/May/2026:12:18:24 -0400] "POST /xmlrpc.php HTTP/2.0" 200 206 "-" "curl/7.30.0"
83.97.23.180 - - [01/May/2026:12:18:24 -0400] "POST /xmlrpc.php HTTP/2.0" 200 206 "-" "curl/7.30.0"
83.97.23.180 - - [01/May/2026:12:18:24 -0400] "POST /xmlrpc.php HTTP/2.0" 200 206 "-" "curl/7.30.0"
83.97.23.180 - - [01/May/2026:12:18:24 -0400] "POST /xmlrpc.php HTTP/2.0" 200 206 "-" "curl/7.30.0"
83.97.23.180 - - [01/May/2026:12:18:24 -0400] "POST /xmlrpc.php HTTP/2.0" 200 206 "-" "curl/7.30.0"
83.97.23.180 - - [01/May/2026:12:18:24 -0400] "POST /xmlrpc.php HTTP/2.0" 200 206 "-" "curl/7.30.0"
83.97.23.180 - - [01/May/2026:12:18:24 -0400] "POST /xmlrpc.php HTTP/2.0" 200 206 "-" "curl/7.30.0"
83.97.23.180 - - [01/May/2026:12:18:24 -0400] "POST /xmlrpc.php HTTP/2.0" 200 206 "-" "curl/7.30.0"
83.97.23.180 - - [01/May/2026:12:18:24 -0400] "POST /xmlrpc.php HTTP/2.0" 200 206 "-" "curl/7.30.0"
83.97.23.180 - - [01/May/2026:12:18:24 -0400] "POST /xmlrpc.php HTTP/2.0" 200 206 "-" "curl/7.30.0"
83.97.23.180 - - [01/May/2026:12:18:24 -0400] "POST /xmlrpc.php HTTP/2.0" 200 206 "-" "curl/7.30.0"
83.97.23.180 - - [01/May/2026:12:18:24 -0400] "POST /xmlrpc.php HTTP/2.0" 200 206 "-" "curl/7.30.0"
83.97.23.180 - - [01/May/2026:12:18:24 -0400] "POST /xmlrpc.php HTTP/2.0" 200 206 "-" "curl/7.30.0"
83.97.23.180 - - [01/May/2026:12:18:24 -0400] "POST /xmlrpc.php HTTP/2.0" 200 206 "-" "curl/7.30.0"
83.97.23.180 - - [01/May/2026:12:18:24 -0400] "POST /xmlrpc.php HTTP/2.0" 200 206 "-" "curl/7.30.0"
83.97.23.180 - - [01/May/2026:12:18:24 -0400] "POST /xmlrpc.php HTTP/2.0" 200 206 "-" "curl/7.30.0"
83.97.23.180 - - [01/May/2026:12:18:24 -0400] "POST /xmlrpc.php HTTP/2.0" 200 206 "-" "curl/7.30.0"
83.97.23.180 - - [01/May/2026:12:18:24 -0400] "POST /xmlrpc.php HTTP/2.0" 200 206 "-" "curl/7.30.0"
83.97.23.180 - - [01/May/2026:12:18:25 -0400] "POST /xmlrpc.php HTTP/2.0" 200 206 "-" "curl/7.30.0"
83.97.23.180 - - [01/May/2026:12:18:25 -0400] "POST /xmlrpc.php HTTP/2.0" 200 206 "-" "curl/7.30.0"
83.97.23.180 - - [01/May/2026:12:18:25 -0400] "POST /xmlrpc.php HTTP/2.0" 200 206 "-" "curl/7.30.0"
83.97.23.180 - - [01/May/2026:12:18:25 -0400] "POST /xmlrpc.php HTTP/2.0" 200 206 "-" "curl/7.30.0"
83.97.23.180 - - [01/May/2026:12:18:25 -0400] "POST /xmlrpc.php HTTP/2.0" 200 206 "-" "curl/7.30.0"
83.97.23.180 - - [01/May/2026:12:18:25 -0400] "POST /xmlrpc.php HTTP/2.0" 200 206 "-" "curl/7.30.0"
83.97.23.180 - - [01/May/2026:12:18:25 -0400] "POST /xmlrpc.php HTTP/2.0" 200 206 "-" "curl/7.30.0"
83.97.23.180 - - [01/May/2026:12:18:25 -0400] "POST /xmlrpc.php HTTP/2.0" 200 206 "-" "curl/7.30.0"
83.97.23.180 - - [01/May/2026:12:18:25 -0400] "POST /xmlrpc.php HTTP/2.0" 200 206 "-" "curl/7.30.0"
83.97.23.180 - - [01/May/2026:12:18:25 -0400] "POST /xmlrpc.php HTTP/2.0" 200 206 "-" "curl/7.30.0"
83.97.23.180 - - [01/May/2026:12:18:25 -0400] "POST /xmlrpc.php HTTP/2.0" 200 206 "-" "curl/7.30.0"
83.97.23.180 - - [01/May/2026:12:18:25 -0400] "POST /xmlrpc.php HTTP/2.0" 200 206 "-" "curl/7.30.0"
83.97.23.180 - - [01/May/2026:12:18:25 -0400] "POST /xmlrpc.php HTTP/2.0" 200 206 "-" "curl/7.30.0"
83.97.23.180 - - [01/May/2026:12:18:25 -0400] "POST /xmlrpc.php HTTP/2.0" 200 206 "-" "curl/7.30.0"
83.97.23.180 - - [01/May/2026:12:18:25 -0400] "POST /xmlrpc.php HTTP/2.0" 200 206 "-" "curl/7.30.0"
83.97.23.180 - - [01/May/2026:12:18:25 -0400] "POST /xmlrpc.php HTTP/2.0" 200 206 "-" "curl/7.30.0"
83.97.23.180 - - [01/May/2026:12:18:25 -0400] "POST /xmlrpc.php HTTP/2.0" 200 206 "-" "curl/7.30.0"
83.97.23.180 - - [01/May/2026:12:18:25 -0400] "POST /xmlrpc.php HTTP/2.0" 200 206 "-" "curl/7.30.0"
83.97.23.180 - - [01/May/2026:12:18:25 -0400] "POST /xmlrpc.php HTTP/2.0" 200 206 "-" "curl/7.30.0"
83.97.23.180 - - [01/May/2026:12:18:25 -0400] "POST /xmlrpc.php HTTP/2.0" 200 206 "-" "curl/7.30.0"
83.97.23.180 - - [01/May/2026:12:18:25 -0400] "POST /xmlrpc.php HTTP/2.0" 200 206 "-" "curl/7.30.0"
83.97.23.180 - - [01/May/2026:12:18:25 -0400] "POST /xmlrpc.php HTTP/2.0" 200 206 "-" "curl/7.30.0"
83.97.23.180 - - [01/May/2026:12:18:25 -0400] "POST /xmlrpc.php HTTP/2.0" 200 206 "-" "curl/7.30.0"
83.97.23.180 - - [01/May/2026:12:18:25 -0400] "POST /xmlrpc.php HTTP/2.0" 200 206 "-" "curl/7.30.0"
83.97.23.180 - - [01/May/2026:12:18:25 -0400] "POST /xmlrpc.php HTTP/2.0" 200 206 "-" "curl/7.30.0"
83.97.23.180 - - [01/May/2026:12:18:25 -0400] "POST /xmlrpc.php HTTP/2.0" 200 206 "-" "curl/7.30.0"
83.97.23.180 - - [01/May/2026:12:18:25 -0400] "POST /xmlrpc.php HTTP/2.0" 200 206 "-" "curl/7.30.0"
83.97.23.180 - - [01/May/2026:12:18:25 -0400] "POST /xmlrpc.php HTTP/2.0" 200 206 "-" "curl/7.30.0"
83.97.23.180 - - [01/May/2026:12:18:25 -0400] "POST /xmlrpc.php HTTP/2.0" 200 206 "-" "curl/7.30.0"
83.97.23.180 - - [01/May/2026:12:18:25 -0400] "POST /xmlrpc.php HTTP/2.0" 200 206 "-" "curl/7.30.0"
83.97.23.180 - - [01/May/2026:12:18:25 -0400] "POST /xmlrpc.php HTTP/2.0" 200 206 "-" "curl/7.30.0"
83.97.23.180 - - [01/May/2026:12:18:25 -0400] "POST /xmlrpc.php HTTP/2.0" 200 206 "-" "curl/7.30.0"
83.97.23.180 - - [01/May/2026:12:18:25 -0400] "POST /xmlrpc.php HTTP/2.0" 200 206 "-" "curl/7.30.0"
83.97.23.180 - - [01/May/2026:12:18:25 -0400] "POST /xmlrpc.php HTTP/2.0" 200 206 "-" "curl/7.30.0"
83.97.23.180 - - [01/May/2026:12:18:25 -0400] "POST /xmlrpc.php HTTP/2.0" 200 206 "-" "curl/7.30.0"
83.97.23.180 - - [01/May/2026:12:18:25 -0400] "POST /xmlrpc.php HTTP/2.0" 200 206 "-" "curl/7.30.0"
83.97.23.180 - - [01/May/2026:12:18:26 -0400] "POST /xmlrpc.php HTTP/2.0" 200 206 "-" "curl/7.30.0"
83.97.23.180 - - [01/May/2026:12:18:26 -0400] "POST /xmlrpc.php HTTP/2.0" 200 206 "-" "curl/7.30.0"
83.97.23.180 - - [01/May/2026:12:18:26 -0400] "POST /xmlrpc.php HTTP/2.0" 200 206 "-" "curl/7.30.0"
83.97.23.180 - - [01/May/2026:12:18:26 -0400] "POST /xmlrpc.php HTTP/2.0" 200 206 "-" "curl/7.30.0"
83.97.23.180 - - [01/May/2026:12:18:26 -0400] "POST /xmlrpc.php HTTP/2.0" 200 206 "-" "curl/7.30.0"
83.97.23.180 - - [01/May/2026:12:18:26 -0400] "POST /xmlrpc.php HTTP/2.0" 200 206 "-" "curl/7.30.0"
83.97.23.180 - - [01/May/2026:12:18:26 -0400] "POST /xmlrpc.php HTTP/2.0" 200 206 "-" "curl/7.30.0"
83.97.23.180 - - [01/May/2026:12:18:26 -0400] "POST /xmlrpc.php HTTP/2.0" 200 206 "-" "curl/7.30.0"
83.97.23.180 - - [01/May/2026:12:18:26 -0400] "POST /xmlrpc.php HTTP/2.0" 200 206 "-" "curl/7.30.0"
83.97.23.180 - - [01/May/2026:12:18:26 -0400] "POST /xmlrpc.php HTTP/2.0" 200 206 "-" "curl/7.30.0"
83.97.23.180 - - [01/May/2026:12:18:26 -0400] "POST /xmlrpc.php HTTP/2.0" 200 206 "-" "curl/7.30.0"
83.97.23.180 - - [01/May/2026:12:18:26 -0400] "POST /xmlrpc.php HTTP/2.0" 200 206 "-" "curl/7.30.0"
83.97.23.180 - - [01/May/2026:12:18:26 -0400] "POST /xmlrpc.php HTTP/2.0" 200 206 "-" "curl/7.30.0"
83.97.23.180 - - [01/May/2026:12:18:26 -0400] "POST /xmlrpc.php HTTP/2.0" 200 206 "-" "curl/7.30.0"
83.97.23.180 - - [01/May/2026:12:18:26 -0400] "POST /xmlrpc.php HTTP/2.0" 200 206 "-" "curl/7.30.0"
83.97.23.180 - - [01/May/2026:12:18:26 -0400] "POST /xmlrpc.php HTTP/2.0" 200 206 "-" "curl/7.30.0"
83.97.23.180 - - [01/May/2026:12:18:26 -0400] "POST /xmlrpc.php HTTP/2.0" 200 206 "-" "curl/7.30.0"
83.97.23.180 - - [01/May/2026:12:18:26 -0400] "POST /xmlrpc.php HTTP/2.0" 200 206 "-" "curl/7.30.0"
83.97.23.180 - - [01/May/2026:12:18:26 -0400] "POST /xmlrpc.php HTTP/2.0" 200 206 "-" "curl/7.30.0"
83.97.23.180 - - [01/May/2026:12:18:26 -0400] "POST /xmlrpc.php HTTP/2.0" 200 206 "-" "curl/7.30.0"
83.97.23.180 - - [01/May/2026:12:18:26 -0400] "POST /xmlrpc.php HTTP/2.0" 200 206 "-" "curl/7.30.0"
83.97.23.180 - - [01/May/2026:12:18:26 -0400] "POST /xmlrpc.php HTTP/2.0" 200 206 "-" "curl/7.30.0"
83.97.23.180 - - [01/May/2026:12:18:26 -0400] "POST /xmlrpc.php HTTP/2.0" 200 206 "-" "curl/7.30.0"
83.97.23.180 - - [01/May/2026:12:18:26 -0400] "POST /xmlrpc.php HTTP/2.0" 200 206 "-" "curl/7.30.0"
83.97.23.180 - - [01/May/2026:12:18:26 -0400] "POST /xmlrpc.php HTTP/2.0" 200 206 "-" "curl/7.30.0"
83.97.23.180 - - [01/May/2026:12:18:26 -0400] "POST /xmlrpc.php HTTP/2.0" 200 206 "-" "curl/7.30.0"
83.97.23.180 - - [01/May/2026:12:18:26 -0400] "POST /xmlrpc.php HTTP/2.0" 200 206 "-" "curl/7.30.0"
83.97.23.180 - - [01/May/2026:12:18:26 -0400] "POST /xmlrpc.php HTTP/2.0" 200 206 "-" "curl/7.30.0"
83.97.23.180 - - [01/May/2026:12:18:26 -0400] "POST /xmlrpc.php HTTP/2.0" 200 206 "-" "curl/7.30.0"
83.97.23.180 - - [01/May/2026:12:18:26 -0400] "POST /xmlrpc.php HTTP/2.0" 200 206 "-" "curl/7.30.0"
83.97.23.180 - - [01/May/2026:12:18:26 -0400] "POST /xmlrpc.php HTTP/2.0" 200 206 "-" "curl/7.30.0"
83.97.23.180 - - [01/May/2026:12:18:27 -0400] "POST /xmlrpc.php HTTP/2.0" 200 206 "-" "curl/7.30.0"
83.97.23.180 - - [01/May/2026:12:18:27 -0400] "POST /xmlrpc.php HTTP/2.0" 200 206 "-" "curl/7.30.0"
83.97.23.180 - - [01/May/2026:12:18:27 -0400] "POST /xmlrpc.php HTTP/2.0" 200 206 "-" "curl/7.30.0"
83.97.23.180 - - [01/May/2026:12:18:27 -0400] "POST /xmlrpc.php HTTP/2.0" 200 206 "-" "curl/7.30.0"
83.97.23.180 - - [01/May/2026:12:18:27 -0400] "POST /xmlrpc.php HTTP/2.0" 200 206 "-" "curl/7.30.0"
83.97.23.180 - - [01/May/2026:12:18:27 -0400] "POST /xmlrpc.php HTTP/2.0" 200 206 "-" "curl/7.30.0"
83.97.23.180 - - [01/May/2026:12:18:27 -0400] "POST /xmlrpc.php HTTP/2.0" 200 206 "-" "curl/7.30.0"
83.97.23.180 - - [01/May/2026:12:18:27 -0400] "POST /xmlrpc.php HTTP/2.0" 200 206 "-" "curl/7.30.0"
83.97.23.180 - - [01/May/2026:12:18:27 -0400] "POST /xmlrpc.php HTTP/2.0" 200 206 "-" "curl/7.30.0"
83.97.23.180 - - [01/May/2026:12:18:27 -0400] "POST /xmlrpc.php HTTP/2.0" 200 206 "-" "curl/7.30.0"
83.97.23.180 - - [01/May/2026:12:18:27 -0400] "POST /xmlrpc.php HTTP/2.0" 200 206 "-" "curl/7.30.0"
83.97.23.180 - - [01/May/2026:12:18:27 -0400] "POST /xmlrpc.php HTTP/2.0" 200 206 "-" "curl/7.30.0"
83.97.23.180 - - [01/May/2026:12:18:27 -0400] "POST /xmlrpc.php HTTP/2.0" 200 206 "-" "curl/7.30.0"
83.97.23.180 - - [01/May/2026:12:18:27 -0400] "POST /xmlrpc.php HTTP/2.0" 200 206 "-" "curl/7.30.0"
83.97.23.180 - - [01/May/2026:12:18:27 -0400] "POST /xmlrpc.php HTTP/2.0" 200 206 "-" "curl/7.30.0"
83.97.23.180 - - [01/May/2026:12:18:27 -0400] "POST /xmlrpc.php HTTP/2.0" 200 206 "-" "curl/7.30.0"
83.97.23.180 - - [01/May/2026:12:18:27 -0400] "POST /xmlrpc.php HTTP/2.0" 200 206 "-" "curl/7.30.0"
83.97.23.180 - - [01/May/2026:12:18:27 -0400] "POST /xmlrpc.php HTTP/2.0" 200 206 "-" "curl/7.30.0"
83.97.23.180 - - [01/May/2026:12:18:27 -0400] "POST /xmlrpc.php HTTP/2.0" 200 206 "-" "curl/7.30.0"
83.97.23.180 - - [01/May/2026:12:18:27 -0400] "POST /xmlrpc.php HTTP/2.0" 200 206 "-" "curl/7.30.0"
83.97.23.180 - - [01/May/2026:12:18:27 -0400] "POST /xmlrpc.php HTTP/2.0" 200 206 "-" "curl/7.30.0"
83.97.23.180 - - [01/May/2026:12:18:27 -0400] "POST /xmlrpc.php HTTP/2.0" 200 206 "-" "curl/7.30.0"
83.97.23.180 - - [01/May/2026:12:18:27 -0400] "POST /xmlrpc.php HTTP/2.0" 200 206 "-" "curl/7.30.0"
83.97.23.180 - - [01/May/2026:12:18:27 -0400] "POST /xmlrpc.php HTTP/2.0" 200 206 "-" "curl/7.30.0"
83.97.23.180 - - [01/May/2026:12:18:27 -0400] "POST /xmlrpc.php HTTP/2.0" 200 206 "-" "curl/7.30.0"
83.97.23.180 - - [01/May/2026:12:18:27 -0400] "POST /xmlrpc.php HTTP/2.0" 200 206 "-" "curl/7.30.0"
83.97.23.180 - - [01/May/2026:12:18:27 -0400] "POST /xmlrpc.php HTTP/2.0" 200 206 "-" "curl/7.30.0"
83.97.23.180 - - [01/May/2026:12:18:27 -0400] "POST /xmlrpc.php HTTP/2.0" 200 206 "-" "curl/7.30.0"
83.97.23.180 - - [01/May/2026:12:18:27 -0400] "POST /xmlrpc.php HTTP/2.0" 200 206 "-" "curl/7.30.0"
83.97.23.180 - - [01/May/2026:12:18:27 -0400] "POST /xmlrpc.php HTTP/2.0" 200 206 "-" "curl/7.30.0"
83.97.23.180 - - [01/May/2026:12:18:27 -0400] "POST /xmlrpc.php HTTP/2.0" 200 206 "-" "curl/7.30.0"
83.97.23.180 - - [01/May/2026:12:18:27 -0400] "POST /xmlrpc.php HTTP/2.0" 200 206 "-" "curl/7.30.0"
83.97.23.180 - - [01/May/2026:12:18:27 -0400] "POST /xmlrpc.php HTTP/2.0" 200 206 "-" "curl/7.30.0"
83.97.23.180 - - [01/May/2026:12:18:27 -0400] "POST /xmlrpc.php HTTP/2.0" 200 206 "-" "curl/7.30.0"
83.97.23.180 - - [01/May/2026:12:18:27 -0400] "POST /xmlrpc.php HTTP/2.0" 200 206 "-" "curl/7.30.0"
83.97.23.180 - - [01/May/2026:12:18:27 -0400] "POST /xmlrpc.php HTTP/2.0" 200 206 "-" "curl/7.30.0"
83.97.23.180 - - [01/May/2026:12:18:28 -0400] "POST /xmlrpc.php HTTP/2.0" 200 206 "-" "curl/7.30.0"
83.97.23.180 - - [01/May/2026:12:18:28 -0400] "POST /xmlrpc.php HTTP/2.0" 200 206 "-" "curl/7.30.0"
83.97.23.180 - - [01/May/2026:12:18:28 -0400] "POST /xmlrpc.php HTTP/2.0" 200 206 "-" "curl/7.30.0"
83.97.23.180 - - [01/May/2026:12:18:28 -0400] "POST /xmlrpc.php HTTP/2.0" 200 206 "-" "curl/7.30.0"
83.97.23.180 - - [01/May/2026:12:18:28 -0400] "POST /xmlrpc.php HTTP/2.0" 200 206 "-" "curl/7.30.0"
83.97.23.180 - - [01/May/2026:12:18:28 -0400] "POST /xmlrpc.php HTTP/2.0" 200 206 "-" "curl/7.30.0"
83.97.23.180 - - [01/May/2026:12:18:28 -0400] "POST /xmlrpc.php HTTP/2.0" 200 206 "-" "curl/7.30.0"
83.97.23.180 - - [01/May/2026:12:18:28 -0400] "POST /xmlrpc.php HTTP/2.0" 200 206 "-" "curl/7.30.0"
83.97.23.180 - - [01/May/2026:12:18:28 -0400] "POST /xmlrpc.php HTTP/2.0" 200 206 "-" "curl/7.30.0"
83.97.23.180 - - [01/May/2026:12:18:28 -0400] "POST /xmlrpc.php HTTP/2.0" 200 206 "-" "curl/7.30.0"
83.97.23.180 - - [01/May/2026:12:18:28 -0400] "POST /xmlrpc.php HTTP/2.0" 200 206 "-" "curl/7.30.0"
83.97.23.180 - - [01/May/2026:12:18:28 -0400] "POST /xmlrpc.php HTTP/2.0" 200 206 "-" "curl/7.30.0"
83.97.23.180 - - [01/May/2026:12:18:28 -0400] "POST /xmlrpc.php HTTP/2.0" 200 206 "-" "curl/7.30.0"
83.97.23.180 - - [01/May/2026:12:18:28 -0400] "POST /xmlrpc.php HTTP/2.0" 200 206 "-" "curl/7.30.0"
83.97.23.180 - - [01/May/2026:12:18:28 -0400] "POST /xmlrpc.php HTTP/2.0" 200 206 "-" "curl/7.30.0"
83.97.23.180 - - [01/May/2026:12:18:28 -0400] "POST /xmlrpc.php HTTP/2.0" 200 206 "-" "curl/7.30.0"
83.97.23.180 - - [01/May/2026:12:18:28 -0400] "POST /xmlrpc.php HTTP/2.0" 200 206 "-" "curl/7.30.0"
83.97.23.180 - - [01/May/2026:12:18:28 -0400] "POST /xmlrpc.php HTTP/2.0" 200 206 "-" "curl/7.30.0"
83.97.23.180 - - [01/May/2026:12:18:28 -0400] "POST /xmlrpc.php HTTP/2.0" 200 206 "-" "curl/7.30.0"
83.97.23.180 - - [01/May/2026:12:18:28 -0400] "POST /xmlrpc.php HTTP/2.0" 200 206 "-" "curl/7.30.0"
83.97.23.180 - - [01/May/2026:12:18:28 -0400] "POST /xmlrpc.php HTTP/2.0" 200 206 "-" "curl/7.30.0"
83.97.23.180 - - [01/May/2026:12:18:28 -0400] "POST /xmlrpc.php HTTP/2.0" 200 206 "-" "curl/7.30.0"
83.97.23.180 - - [01/May/2026:12:18:28 -0400] "POST /xmlrpc.php HTTP/2.0" 200 206 "-" "curl/7.30.0"
83.97.23.180 - - [01/May/2026:12:18:28 -0400] "POST /xmlrpc.php HTTP/2.0" 200 206 "-" "curl/7.30.0"
83.97.23.180 - - [01/May/2026:12:18:28 -0400] "POST /xmlrpc.php HTTP/2.0" 200 206 "-" "curl/7.30.0"
83.97.23.180 - - [01/May/2026:12:18:28 -0400] "POST /xmlrpc.php HTTP/2.0" 200 206 "-" "curl/7.30.0"
83.97.23.180 - - [01/May/2026:12:18:28 -0400] "POST /xmlrpc.php HTTP/2.0" 200 206 "-" "curl/7.30.0"
83.97.23.180 - - [01/May/2026:12:18:28 -0400] "POST /xmlrpc.php HTTP/2.0" 200 206 "-" "curl/7.30.0"
83.97.23.180 - - [01/May/2026:12:18:28 -0400] "POST /xmlrpc.php HTTP/2.0" 200 206 "-" "curl/7.30.0"
83.97.23.180 - - [01/May/2026:12:18:28 -0400] "POST /xmlrpc.php HTTP/2.0" 200 206 "-" "curl/7.30.0"
83.97.23.180 - - [01/May/2026:12:18:28 -0400] "POST /xmlrpc.php HTTP/2.0" 200 206 "-" "curl/7.30.0"
83.97.23.180 - - [01/May/2026:12:18:28 -0400] "POST /xmlrpc.php HTTP/2.0" 200 206 "-" "curl/7.30.0"
83.97.23.180 - - [01/May/2026:12:18:28 -0400] "POST /xmlrpc.php HTTP/2.0" 200 206 "-" "curl/7.30.0"
83.97.23.180 - - [01/May/2026:12:18:28 -0400] "POST /xmlrpc.php HTTP/2.0" 200 206 "-" "curl/7.30.0"
208.122.213.31 - - [01/May/2026:12:23:49 -0400] "POST /wp-cron.php?doing_wp_cron=1777652629.8804850578308105468750 HTTP/1.1" 200 - "-" "WordPress/6.2.6; https://store.terrorxxx.com"
78.46.167.107 - - [01/May/2026:12:23:49 -0400] "GET /wp-login.php HTTP/2.0" 200 1920 "-" "Mozilla/5.0 (Windows NT 10.0; WOW64) AppleWebKit/537.36 (KHTML, like Gecko) Chrome/65.0.3325.181 Safari/537.36 OPR/52.0.2871.40"
78.46.167.107 - - [01/May/2026:12:23:50 -0400] "POST /wp-login.php HTTP/2.0" 200 2050 "https://store.terrorxxx.com/wp-login.php" "Mozilla/5.0 (Windows NT 10.0; WOW64) AppleWebKit/537.36 (KHTML, like Gecko) Chrome/65.0.3325.181 Safari/537.36 OPR/52.0.2871.40"
92.205.109.21 - - [01/May/2026:12:24:16 -0400] "POST /xmlrpc.php HTTP/2.0" 200 225 "-" "Mozilla/5.0 (Windows NT 6.3) AppleWebKit/537.36 (KHTML, like Gecko) Chrome/65.0.3325.181 Safari/537.36"
208.122.213.31 - - [01/May/2026:12:27:28 -0400] "POST /wp-cron.php?doing_wp_cron=1777652848.2415499687194824218750 HTTP/1.1" 200 - "-" "WordPress/6.2.6; https://store.terrorxxx.com"
208.109.241.218 - - [01/May/2026:12:27:28 -0400] "GET /wp-content/plugins/litespeed-cache/readme.txt HTTP/1.1" 404 26379 "-" "Mozilla/5.0 (Macintosh; Intel Mac OS X 10_13_6) AppleWebKit/605.1.15 (KHTML, like Gecko) Version/13.1.2 Safari/605.1.15"
208.122.213.31 - - [01/May/2026:12:34:38 -0400] "POST /wp-cron.php?doing_wp_cron=1777653278.2857689857482910156250 HTTP/1.1" 200 - "-" "WordPress/6.2.6; https://store.terrorxxx.com"
208.109.241.218 - - [01/May/2026:12:34:38 -0400] "POST /wp-admin/admin-ajax.php HTTP/1.1" 400 1 "-" "Mozilla/5.0 (X11; Linux x86_64; rv:1.9.6.20) Gecko/ Firefox/3.8"
208.122.213.31 - - [01/May/2026:12:36:32 -0400] "POST /wp-cron.php?doing_wp_cron=1777653392.8757939338684082031250 HTTP/1.1" 200 - "-" "WordPress/6.2.6; https://store.terrorxxx.com"
43.165.126.130 - - [01/May/2026:12:36:32 -0400] "GET / HTTP/1.1" 200 7341 "-" "Mozilla/5.0 (compatible; ThinkBot/0.5.8; +In_the_test_phase,_if_the_ThinkBot_brings_you_trouble,_please_block_its_IP_address._Thank_you.)"
75.119.134.183 - - [01/May/2026:12:36:40 -0400] "POST /xmlrpc.php HTTP/2.0" 200 225 "-" "Mozilla/5.0 (Macintosh; Intel Mac OS X 10_13_4) AppleWebKit/537.36 (KHTML, like Gecko) Chrome/66.0.3359.181 Safari/537.36"
208.122.213.31 - - [01/May/2026:12:46:13 -0400] "POST /wp-cron.php?doing_wp_cron=1777653973.7486579418182373046875 HTTP/1.1" 200 - "-" "WordPress/6.2.6; https://store.terrorxxx.com"
52.232.35.131 - - [01/May/2026:12:46:13 -0400] "GET /wp-login.php HTTP/2.0" 200 1920 "-" "Mozilla/5.0 (Windows NT 6.3; WOW64; rv:60.0) Gecko/20100101 Firefox/60.0"
52.232.35.131 - - [01/May/2026:12:46:16 -0400] "POST /wp-login.php HTTP/2.0" 200 2050 "https://store.terrorxxx.com/wp-login.php" "Mozilla/5.0 (Windows NT 6.3; WOW64; rv:60.0) Gecko/20100101 Firefox/60.0"
208.122.213.31 - - [01/May/2026:12:46:51 -0400] "POST /wp-cron.php?doing_wp_cron=1777654011.3024759292602539062500 HTTP/1.1" 200 - "-" "WordPress/6.2.6; https://store.terrorxxx.com"
43.154.140.188 - - [01/May/2026:12:46:51 -0400] "GET / HTTP/1.1" 200 7342 "-" "Mozilla/5.0 (compatible; Thinkbot/0.5.8; +In_the_test_phase,_if_the_Thinkbot_brings_you_trouble,_please_block_its_IP_address._Thank_you.)"
208.122.213.31 - - [01/May/2026:12:48:18 -0400] "POST /wp-cron.php?doing_wp_cron=1777654098.8429598808288574218750 HTTP/1.1" 200 - "-" "WordPress/6.2.6; https://store.terrorxxx.com"
43.153.192.98 - - [01/May/2026:12:48:18 -0400] "GET /?add-to-cart=140 HTTP/1.1" 200 7408 "-" "Mozilla/5.0 (compatible; Thinkbot/0.5.8; +In_the_test_phase,_if_the_Thinkbot_brings_you_trouble,_please_block_its_IP_address._Thank_you.)"
208.122.213.31 - - [01/May/2026:12:48:41 -0400] "POST /wp-cron.php?doing_wp_cron=1777654121.2915871143341064453125 HTTP/1.1" 200 - "-" "WordPress/6.2.6; https://store.terrorxxx.com"
43.165.186.188 - - [01/May/2026:12:48:41 -0400] "GET /?add-to-cart=128 HTTP/1.1" 200 7419 "-" "Mozilla/5.0 (compatible; ThinkBot/0.5.8; +In_the_test_phase,_if_the_ThinkBot_brings_you_trouble,_please_block_its_IP_address._Thank_you.)"
43.165.7.74 - - [01/May/2026:12:49:13 -0400] "GET /product/terrorxxx-tshirt/ HTTP/1.1" 200 9356 "-" "Mozilla/5.0 (compatible; ThinkBot/0.5.8; +In_the_test_phase,_if_the_ThinkBot_brings_you_trouble,_please_block_its_IP_address._Thank_you.)"
208.122.213.31 - - [01/May/2026:12:51:31 -0400] "POST /wp-cron.php?doing_wp_cron=1777654291.6706790924072265625000 HTTP/1.1" 200 - "-" "WordPress/6.2.6; https://store.terrorxxx.com"
43.161.224.78 - - [01/May/2026:12:51:31 -0400] "GET /product/terrorxxx-sticker/ HTTP/1.1" 200 8704 "-" "Mozilla/5.0 (compatible; ThinkBot/0.5.8; +In_the_test_phase,_if_the_ThinkBot_brings_you_trouble,_please_block_its_IP_address._Thank_you.)"
208.122.213.31 - - [01/May/2026:12:52:30 -0400] "POST /wp-cron.php?doing_wp_cron=1777654350.6716079711914062500000 HTTP/1.1" 200 - "-" "WordPress/6.2.6; https://store.terrorxxx.com"
20.220.233.65 - - [01/May/2026:12:52:30 -0400] "GET /wp-content/plugins/hellopress/wp_filemanager.php HTTP/1.1" 404 26349 "-" "-"
20.220.233.65 - - [01/May/2026:12:52:30 -0400] "GET /7.php HTTP/1.1" 404 26349 "-" "-"
20.220.233.65 - - [01/May/2026:12:52:31 -0400] "GET /creds.php HTTP/1.1" 404 26349 "-" "-"
20.220.233.65 - - [01/May/2026:12:52:31 -0400] "GET /phpstatus.php HTTP/1.1" 404 26349 "-" "-"
20.220.233.65 - - [01/May/2026:12:52:31 -0400] "GET /system_check.php HTTP/1.1" 404 26349 "-" "-"
20.220.233.65 - - [01/May/2026:12:52:31 -0400] "GET /00.php HTTP/1.1" 404 26349 "-" "-"
20.220.233.65 - - [01/May/2026:12:52:32 -0400] "GET /search.php HTTP/1.1" 404 26349 "-" "-"
20.220.233.65 - - [01/May/2026:12:52:32 -0400] "GET /setup-verify.php HTTP/1.1" 404 26349 "-" "-"
20.220.233.65 - - [01/May/2026:12:52:32 -0400] "GET /xinfo.php HTTP/1.1" 404 26349 "-" "-"
20.220.233.65 - - [01/May/2026:12:52:32 -0400] "GET /php-ver.php HTTP/1.1" 404 26349 "-" "-"
20.220.233.65 - - [01/May/2026:12:52:32 -0400] "GET /eval-stdin.php HTTP/1.1" 404 26349 "-" "-"
20.220.233.65 - - [01/May/2026:12:52:33 -0400] "GET /you.php HTTP/1.1" 404 26349 "-" "-"
20.220.233.65 - - [01/May/2026:12:52:33 -0400] "GET /app.php HTTP/1.1" 404 26349 "-" "-"
20.220.233.65 - - [01/May/2026:12:52:33 -0400] "GET /module-info.php HTTP/1.1" 404 26349 "-" "-"
20.220.233.65 - - [01/May/2026:12:52:33 -0400] "GET /teste.php HTTP/1.1" 404 26349 "-" "-"
20.220.233.65 - - [01/May/2026:12:52:34 -0400] "GET /pdf.php HTTP/1.1" 404 26349 "-" "-"
20.220.233.65 - - [01/May/2026:12:52:34 -0400] "GET /album.php HTTP/1.1" 404 26349 "-" "-"
20.220.233.65 - - [01/May/2026:12:52:34 -0400] "GET /phpprobe.php HTTP/1.1" 404 26349 "-" "-"
20.220.233.65 - - [01/May/2026:12:52:34 -0400] "GET /timeclock.php HTTP/1.1" 404 26349 "-" "-"
20.220.233.65 - - [01/May/2026:12:52:34 -0400] "GET /php_release.php HTTP/1.1" 404 26349 "-" "-"
20.220.233.65 - - [01/May/2026:12:52:35 -0400] "GET /profiler.php HTTP/1.1" 404 26349 "-" "-"
20.220.233.65 - - [01/May/2026:12:52:35 -0400] "GET /styles.php HTTP/1.1" 404 26349 "-" "-"
20.220.233.65 - - [01/May/2026:12:52:35 -0400] "GET /php_info.php HTTP/1.1" 404 26349 "-" "-"
20.220.233.65 - - [01/May/2026:12:52:35 -0400] "GET /lmfi2.php HTTP/1.1" 404 26349 "-" "-"
20.220.233.65 - - [01/May/2026:12:52:35 -0400] "GET /1_1_PhpInfo.php HTTP/1.1" 404 26349 "-" "-"
20.220.233.65 - - [01/May/2026:12:52:36 -0400] "GET /wp-tinymce.php HTTP/1.1" 404 26349 "-" "-"
20.220.233.65 - - [01/May/2026:12:52:36 -0400] "GET /info_page.php HTTP/1.1" 404 26349 "-" "-"
20.220.233.65 - - [01/May/2026:12:52:36 -0400] "GET /aw.php HTTP/1.1" 404 26349 "-" "-"
20.220.233.65 - - [01/May/2026:12:52:36 -0400] "GET /mimes.php HTTP/1.1" 404 26349 "-" "-"
20.220.233.65 - - [01/May/2026:12:52:36 -0400] "GET /000.php HTTP/1.1" 404 26349 "-" "-"
20.220.233.65 - - [01/May/2026:12:52:37 -0400] "GET /u.php HTTP/1.1" 404 26349 "-" "-"
20.220.233.65 - - [01/May/2026:12:52:37 -0400] "GET /oauth.php HTTP/1.1" 404 26349 "-" "-"
20.220.233.65 - - [01/May/2026:12:52:37 -0400] "GET /.env.test.php HTTP/1.1" 403 199 "-" "-"
20.220.233.65 - - [01/May/2026:12:52:37 -0400] "GET /php-fpm.php HTTP/1.1" 404 26349 "-" "-"
20.220.233.65 - - [01/May/2026:12:52:37 -0400] "GET /conf.php HTTP/1.1" 404 26349 "-" "-"
20.220.233.65 - - [01/May/2026:12:52:37 -0400] "GET /debug-php.php HTTP/1.1" 404 26349 "-" "-"
20.220.233.65 - - [01/May/2026:12:52:38 -0400] "GET /yindu.php HTTP/1.1" 404 26349 "-" "-"
43.166.128.86 - - [01/May/2026:12:53:01 -0400] "GET /cart/ HTTP/1.1" 200 7731 "-" "Mozilla/5.0 (compatible; Thinkbot/0.5.8; +In_the_test_phase,_if_the_Thinkbot_brings_you_trouble,_please_block_its_IP_address._Thank_you.)"
208.122.213.31 - - [01/May/2026:12:55:11 -0400] "POST /wp-cron.php?doing_wp_cron=1777654511.6307349205017089843750 HTTP/1.1" 200 - "-" "WordPress/6.2.6; https://store.terrorxxx.com"
208.109.241.218 - - [01/May/2026:12:55:11 -0400] "GET /?wc-api=payplus_gateway&status_code=true&more_info=(select*from(select(sleep(6)))a) HTTP/1.1" 400 2 "-" "Mozilla/5.0 (Macintosh; Intel Mac OS X 10_15_7) AppleWebKit/605.1.15 (KHTML, like Gecko) Version/17.9 Mobile/15E148 Safari/604.1"
134.209.113.97 - - [01/May/2026:12:55:22 -0400] "GET /wp-login.php HTTP/2.0" 200 1920 "-" "Mozilla/5.0 (Windows NT 10.0; WOW64) AppleWebKit/537.36 (KHTML, like Gecko) Chrome/66.0.3359.170 Safari/537.36 OPR/53.0.2907.99"
134.209.113.97 - - [01/May/2026:12:55:23 -0400] "POST /wp-login.php HTTP/2.0" 200 2050 "https://store.terrorxxx.com/wp-login.php" "Mozilla/5.0 (Windows NT 10.0; WOW64) AppleWebKit/537.36 (KHTML, like Gecko) Chrome/66.0.3359.170 Safari/537.36 OPR/53.0.2907.99"
208.122.213.31 - - [01/May/2026:12:55:33 -0400] "POST /wp-cron.php?doing_wp_cron=1777654533.4272339344024658203125 HTTP/1.1" 200 - "-" "WordPress/6.2.6; https://store.terrorxxx.com"
43.157.62.101 - - [01/May/2026:12:55:33 -0400] "GET /?add-to-cart=140 HTTP/1.1" 200 7408 "-" "Mozilla/5.0 (compatible; Thinkbot/0.5.8; +In_the_test_phase,_if_the_Thinkbot_brings_you_trouble,_please_block_its_IP_address._Thank_you.)"
43.160.219.138 - - [01/May/2026:12:56:12 -0400] "GET /?add-to-cart=128 HTTP/1.1" 200 7418 "-" "Mozilla/5.0 (compatible; ThinkBot/0.5.8; +In_the_test_phase,_if_the_ThinkBot_brings_you_trouble,_please_block_its_IP_address._Thank_you.)"
208.122.213.31 - - [01/May/2026:12:58:24 -0400] "POST /wp-cron.php?doing_wp_cron=1777654704.3458859920501708984375 HTTP/1.1" 200 - "-" "WordPress/6.2.6; https://store.terrorxxx.com"
101.32.15.141 - - [01/May/2026:12:58:24 -0400] "GET /product-category/stickers/ HTTP/1.1" 200 6734 "-" "Mozilla/5.0 (compatible; Thinkbot/0.5.8; +In_the_test_phase,_if_the_Thinkbot_brings_you_trouble,_please_block_its_IP_address._Thank_you.)"
208.122.213.31 - - [01/May/2026:12:59:37 -0400] "POST /wp-cron.php?doing_wp_cron=1777654777.3242650032043457031250 HTTP/1.1" 200 - "-" "WordPress/6.2.6; https://store.terrorxxx.com"
43.157.181.189 - - [01/May/2026:12:59:37 -0400] "GET /product/terrorxxx-sticker/ HTTP/1.1" 200 8706 "-" "Mozilla/5.0 (compatible; Thinkbot/0.5.8; +In_the_test_phase,_if_the_Thinkbot_brings_you_trouble,_please_block_its_IP_address._Thank_you.)"
208.122.213.31 - - [01/May/2026:13:00:44 -0400] "POST /wp-cron.php?doing_wp_cron=1777654844.8717930316925048828125 HTTP/1.1" 200 - "-" "WordPress/6.2.6; https://store.terrorxxx.com"
184.73.167.217 - - [01/May/2026:13:00:44 -0400] "GET /home/ HTTP/1.1" 200 6770 "-" "Mozilla/5.0 AppleWebKit/537.36 (KHTML, like Gecko; compatible; Amazonbot/0.1; +https://developer.amazon.com/support/amazonbot) Chrome/119.0.6045.214 Safari/537.36"
43.160.219.206 - - [01/May/2026:13:01:08 -0400] "GET /product/terrorxxx-sticker/ HTTP/1.1" 200 8704 "-" "Mozilla/5.0 (compatible; ThinkBot/0.5.8; +In_the_test_phase,_if_the_ThinkBot_brings_you_trouble,_please_block_its_IP_address._Thank_you.)"
43.164.190.124 - - [01/May/2026:13:01:19 -0400] "GET /product/terrorxxx-sticker/ HTTP/1.1" 200 8703 "-" "Mozilla/5.0 (compatible; ThinkBot/0.5.8; +In_the_test_phase,_if_the_ThinkBot_brings_you_trouble,_please_block_its_IP_address._Thank_you.)"
208.122.213.31 - - [01/May/2026:13:04:18 -0400] "POST /wp-cron.php?doing_wp_cron=1777655058.7539958953857421875000 HTTP/1.1" 200 - "-" "WordPress/6.2.6; https://store.terrorxxx.com"
43.161.234.148 - - [01/May/2026:13:04:18 -0400] "GET /product/terrorxxx-tshirt/ HTTP/1.1" 200 9355 "-" "Mozilla/5.0 (compatible; ThinkBot/0.5.8; +In_the_test_phase,_if_the_ThinkBot_brings_you_trouble,_please_block_its_IP_address._Thank_you.)"
208.122.213.31 - - [01/May/2026:13:05:10 -0400] "POST /wp-cron.php?doing_wp_cron=1777655110.1143069267272949218750 HTTP/1.1" 200 - "-" "WordPress/6.2.6; https://store.terrorxxx.com"
43.165.125.66 - - [01/May/2026:13:05:09 -0400] "GET /product/terrorxxx-tshirt/ HTTP/1.1" 200 9355 "-" "Mozilla/5.0 (compatible; ThinkBot/0.5.8; +In_the_test_phase,_if_the_ThinkBot_brings_you_trouble,_please_block_its_IP_address._Thank_you.)"
208.122.213.31 - - [01/May/2026:13:05:28 -0400] "POST /wp-cron.php?doing_wp_cron=1777655128.9279708862304687500000 HTTP/1.1" 200 - "-" "WordPress/6.2.6; https://store.terrorxxx.com"
43.165.7.135 - - [01/May/2026:13:05:28 -0400] "GET /product-category/clothing/ HTTP/1.1" 200 6734 "-" "Mozilla/5.0 (compatible; ThinkBot/0.5.8; +In_the_test_phase,_if_the_ThinkBot_brings_you_trouble,_please_block_its_IP_address._Thank_you.)"
208.122.213.31 - - [01/May/2026:13:06:26 -0400] "POST /wp-cron.php?doing_wp_cron=1777655186.3886270523071289062500 HTTP/1.1" 200 - "-" "WordPress/6.2.6; https://store.terrorxxx.com"
49.51.166.228 - - [01/May/2026:13:06:26 -0400] "GET /product/terrorxxx-tshirt/ HTTP/1.1" 200 9355 "-" "Mozilla/5.0 (compatible; Thinkbot/0.5.8; +In_the_test_phase,_if_the_Thinkbot_brings_you_trouble,_please_block_its_IP_address._Thank_you.)"
170.106.187.106 - - [01/May/2026:13:07:08 -0400] "GET /home/ HTTP/1.1" 200 6769 "-" "Mozilla/5.0 (compatible; Thinkbot/0.5.8; +In_the_test_phase,_if_the_Thinkbot_brings_you_trouble,_please_block_its_IP_address._Thank_you.)"
208.122.213.31 - - [01/May/2026:13:07:47 -0400] "POST /wp-cron.php?doing_wp_cron=1777655267.4365200996398925781250 HTTP/1.1" 200 - "-" "WordPress/6.2.6; https://store.terrorxxx.com"
43.153.192.98 - - [01/May/2026:13:07:47 -0400] "GET /product/terrorxxx-tshirt/ HTTP/1.1" 200 9354 "-" "Mozilla/5.0 (compatible; Thinkbot/0.5.8; +In_the_test_phase,_if_the_Thinkbot_brings_you_trouble,_please_block_its_IP_address._Thank_you.)"
91.98.21.65 - - [01/May/2026:13:08:06 -0400] "GET /wp-login.php HTTP/2.0" 200 1919 "-" "Mozilla/5.0 (Windows NT 6.3; Trident/7.0; rv:11.0) like Gecko"
91.98.21.65 - - [01/May/2026:13:08:06 -0400] "POST /wp-login.php HTTP/2.0" 200 2049 "https://store.terrorxxx.com/wp-login.php" "Mozilla/5.0 (Windows NT 6.3; Trident/7.0; rv:11.0) like Gecko"
198.251.71.113 - - [01/May/2026:13:08:08 -0400] "POST /xmlrpc.php HTTP/2.0" 200 225 "-" "Mozilla/5.0 (Macintosh; Intel Mac OS X 10_13_3) AppleWebKit/604.5.6 (KHTML, like Gecko) Version/11.0.3 Safari/604.5.6"
208.122.213.31 - - [01/May/2026:13:09:28 -0400] "POST /wp-cron.php?doing_wp_cron=1777655368.4803469181060791015625 HTTP/1.1" 200 - "-" "WordPress/6.2.6; https://store.terrorxxx.com"
170.106.35.137 - - [01/May/2026:13:09:28 -0400] "GET /product-category/stickers/?add-to-cart=140 HTTP/1.1" 200 6806 "-" "Mozilla/5.0 (compatible; Thinkbot/0.5.8; +In_the_test_phase,_if_the_Thinkbot_brings_you_trouble,_please_block_its_IP_address._Thank_you.)"
208.122.213.31 - - [01/May/2026:13:14:21 -0400] "POST /wp-cron.php?doing_wp_cron=1777655661.1642289161682128906250 HTTP/1.1" 200 - "-" "WordPress/6.2.6; https://store.terrorxxx.com"
43.165.67.31 - - [01/May/2026:13:14:20 -0400] "GET /product-category/clothing/?add-to-cart=128 HTTP/1.1" 200 6809 "-" "Mozilla/5.0 (compatible; ThinkBot/0.5.8; +In_the_test_phase,_if_the_ThinkBot_brings_you_trouble,_please_block_its_IP_address._Thank_you.)"
208.122.213.31 - - [01/May/2026:13:14:38 -0400] "POST /wp-cron.php?doing_wp_cron=1777655678.7010049819946289062500 HTTP/1.1" 200 - "-" "WordPress/6.2.6; https://store.terrorxxx.com"
43.165.2.110 - - [01/May/2026:13:14:38 -0400] "GET /home/?add-to-cart=140 HTTP/1.1" 200 6839 "-" "Mozilla/5.0 (compatible; ThinkBot/0.5.8; +In_the_test_phase,_if_the_ThinkBot_brings_you_trouble,_please_block_its_IP_address._Thank_you.)"
