93.185.162.116 - - [02/May/2026:23:22:52 -0400] "POST /xmlrpc.php HTTP/1.1" 200 401 "-" "Mozilla/5.0 (Windows NT 10.0; Win64; x64) AppleWebKit/537.36 (KHTML, like Gecko) Chrome/89.0.4389.114 Safari/537.36"
93.185.162.116 - - [02/May/2026:23:22:53 -0400] "POST /xmlrpc.php HTTP/1.1" 200 401 "-" "Mozilla/5.0 (Windows NT 10.0; Win64; x64) AppleWebKit/537.36 (KHTML, like Gecko) Chrome/89.0.4389.114 Safari/537.36"
93.185.162.116 - - [02/May/2026:23:22:54 -0400] "POST /xmlrpc.php HTTP/1.1" 200 401 "-" "Mozilla/5.0 (Windows NT 10.0; Win64; x64) AppleWebKit/537.36 (KHTML, like Gecko) Chrome/89.0.4389.114 Safari/537.36"
93.185.162.116 - - [02/May/2026:23:22:54 -0400] "POST /xmlrpc.php HTTP/1.1" 200 401 "-" "Mozilla/5.0 (Windows NT 10.0; Win64; x64) AppleWebKit/537.36 (KHTML, like Gecko) Chrome/89.0.4389.114 Safari/537.36"
93.185.162.116 - - [02/May/2026:23:22:55 -0400] "POST /xmlrpc.php HTTP/1.1" 200 401 "-" "Mozilla/5.0 (Windows NT 10.0; Win64; x64) AppleWebKit/537.36 (KHTML, like Gecko) Chrome/89.0.4389.114 Safari/537.36"
93.185.162.116 - - [02/May/2026:23:22:55 -0400] "POST /xmlrpc.php HTTP/1.1" 200 401 "-" "Mozilla/5.0 (Windows NT 10.0; Win64; x64) AppleWebKit/537.36 (KHTML, like Gecko) Chrome/89.0.4389.114 Safari/537.36"
93.185.162.116 - - [02/May/2026:23:22:56 -0400] "POST /xmlrpc.php HTTP/1.1" 200 401 "-" "Mozilla/5.0 (Windows NT 10.0; Win64; x64) AppleWebKit/537.36 (KHTML, like Gecko) Chrome/89.0.4389.114 Safari/537.36"
93.185.162.116 - - [02/May/2026:23:22:57 -0400] "POST /xmlrpc.php HTTP/1.1" 200 401 "-" "Mozilla/5.0 (Windows NT 10.0; Win64; x64) AppleWebKit/537.36 (KHTML, like Gecko) Chrome/89.0.4389.114 Safari/537.36"
93.185.162.116 - - [02/May/2026:23:22:57 -0400] "POST /xmlrpc.php HTTP/1.1" 200 401 "-" "Mozilla/5.0 (Windows NT 10.0; Win64; x64) AppleWebKit/537.36 (KHTML, like Gecko) Chrome/89.0.4389.114 Safari/537.36"
93.185.162.116 - - [02/May/2026:23:22:58 -0400] "POST /xmlrpc.php HTTP/1.1" 200 401 "-" "Mozilla/5.0 (Windows NT 10.0; Win64; x64) AppleWebKit/537.36 (KHTML, like Gecko) Chrome/89.0.4389.114 Safari/537.36"
93.185.162.116 - - [02/May/2026:23:22:58 -0400] "POST /xmlrpc.php HTTP/1.1" 200 401 "-" "Mozilla/5.0 (Windows NT 10.0; Win64; x64) AppleWebKit/537.36 (KHTML, like Gecko) Chrome/89.0.4389.114 Safari/537.36"
93.185.162.116 - - [02/May/2026:23:22:59 -0400] "POST /xmlrpc.php HTTP/1.1" 200 401 "-" "Mozilla/5.0 (Windows NT 10.0; Win64; x64) AppleWebKit/537.36 (KHTML, like Gecko) Chrome/89.0.4389.114 Safari/537.36"
93.185.162.116 - - [02/May/2026:23:23:00 -0400] "POST /xmlrpc.php HTTP/1.1" 200 401 "-" "Mozilla/5.0 (Windows NT 10.0; Win64; x64) AppleWebKit/537.36 (KHTML, like Gecko) Chrome/89.0.4389.114 Safari/537.36"
93.185.162.116 - - [02/May/2026:23:23:00 -0400] "POST /xmlrpc.php HTTP/1.1" 200 401 "-" "Mozilla/5.0 (Windows NT 10.0; Win64; x64) AppleWebKit/537.36 (KHTML, like Gecko) Chrome/89.0.4389.114 Safari/537.36"
93.185.162.116 - - [02/May/2026:23:23:01 -0400] "POST /xmlrpc.php HTTP/1.1" 200 401 "-" "Mozilla/5.0 (Windows NT 10.0; Win64; x64) AppleWebKit/537.36 (KHTML, like Gecko) Chrome/89.0.4389.114 Safari/537.36"
93.185.162.116 - - [02/May/2026:23:23:02 -0400] "POST /xmlrpc.php HTTP/1.1" 200 401 "-" "Mozilla/5.0 (Windows NT 10.0; Win64; x64) AppleWebKit/537.36 (KHTML, like Gecko) Chrome/89.0.4389.114 Safari/537.36"
93.185.162.116 - - [02/May/2026:23:23:02 -0400] "POST /xmlrpc.php HTTP/1.1" 200 401 "-" "Mozilla/5.0 (Windows NT 10.0; Win64; x64) AppleWebKit/537.36 (KHTML, like Gecko) Chrome/89.0.4389.114 Safari/537.36"
93.185.162.116 - - [02/May/2026:23:23:03 -0400] "POST /xmlrpc.php HTTP/1.1" 200 401 "-" "Mozilla/5.0 (Windows NT 10.0; Win64; x64) AppleWebKit/537.36 (KHTML, like Gecko) Chrome/89.0.4389.114 Safari/537.36"
93.185.162.116 - - [02/May/2026:23:23:03 -0400] "POST /xmlrpc.php HTTP/1.1" 200 401 "-" "Mozilla/5.0 (Windows NT 10.0; Win64; x64) AppleWebKit/537.36 (KHTML, like Gecko) Chrome/89.0.4389.114 Safari/537.36"
93.185.162.116 - - [02/May/2026:23:23:04 -0400] "POST /xmlrpc.php HTTP/1.1" 200 401 "-" "Mozilla/5.0 (Windows NT 10.0; Win64; x64) AppleWebKit/537.36 (KHTML, like Gecko) Chrome/89.0.4389.114 Safari/537.36"
93.185.162.116 - - [02/May/2026:23:23:05 -0400] "POST /xmlrpc.php HTTP/1.1" 200 401 "-" "Mozilla/5.0 (Windows NT 10.0; Win64; x64) AppleWebKit/537.36 (KHTML, like Gecko) Chrome/89.0.4389.114 Safari/537.36"
93.185.162.116 - - [02/May/2026:23:23:05 -0400] "POST /xmlrpc.php HTTP/1.1" 200 401 "-" "Mozilla/5.0 (Windows NT 10.0; Win64; x64) AppleWebKit/537.36 (KHTML, like Gecko) Chrome/89.0.4389.114 Safari/537.36"
93.185.162.116 - - [02/May/2026:23:23:06 -0400] "POST /xmlrpc.php HTTP/1.1" 200 401 "-" "Mozilla/5.0 (Windows NT 10.0; Win64; x64) AppleWebKit/537.36 (KHTML, like Gecko) Chrome/89.0.4389.114 Safari/537.36"
93.185.162.116 - - [02/May/2026:23:23:06 -0400] "POST /xmlrpc.php HTTP/1.1" 200 401 "-" "Mozilla/5.0 (Windows NT 10.0; Win64; x64) AppleWebKit/537.36 (KHTML, like Gecko) Chrome/89.0.4389.114 Safari/537.36"
93.185.162.116 - - [02/May/2026:23:23:07 -0400] "POST /xmlrpc.php HTTP/1.1" 200 401 "-" "Mozilla/5.0 (Windows NT 10.0; Win64; x64) AppleWebKit/537.36 (KHTML, like Gecko) Chrome/89.0.4389.114 Safari/537.36"
93.185.162.116 - - [02/May/2026:23:23:08 -0400] "POST /xmlrpc.php HTTP/1.1" 200 401 "-" "Mozilla/5.0 (Windows NT 10.0; Win64; x64) AppleWebKit/537.36 (KHTML, like Gecko) Chrome/89.0.4389.114 Safari/537.36"
93.185.162.116 - - [02/May/2026:23:23:08 -0400] "POST /xmlrpc.php HTTP/1.1" 200 401 "-" "Mozilla/5.0 (Windows NT 10.0; Win64; x64) AppleWebKit/537.36 (KHTML, like Gecko) Chrome/89.0.4389.114 Safari/537.36"
93.185.162.116 - - [02/May/2026:23:23:09 -0400] "POST /xmlrpc.php HTTP/1.1" 200 401 "-" "Mozilla/5.0 (Windows NT 10.0; Win64; x64) AppleWebKit/537.36 (KHTML, like Gecko) Chrome/89.0.4389.114 Safari/537.36"
93.185.162.116 - - [02/May/2026:23:23:10 -0400] "POST /xmlrpc.php HTTP/1.1" 200 401 "-" "Mozilla/5.0 (Windows NT 10.0; Win64; x64) AppleWebKit/537.36 (KHTML, like Gecko) Chrome/89.0.4389.114 Safari/537.36"
93.185.162.116 - - [02/May/2026:23:23:10 -0400] "POST /xmlrpc.php HTTP/1.1" 200 401 "-" "Mozilla/5.0 (Windows NT 10.0; Win64; x64) AppleWebKit/537.36 (KHTML, like Gecko) Chrome/89.0.4389.114 Safari/537.36"
93.185.162.116 - - [02/May/2026:23:23:11 -0400] "POST /xmlrpc.php HTTP/1.1" 200 401 "-" "Mozilla/5.0 (Windows NT 10.0; Win64; x64) AppleWebKit/537.36 (KHTML, like Gecko) Chrome/89.0.4389.114 Safari/537.36"
93.185.162.116 - - [02/May/2026:23:23:11 -0400] "POST /xmlrpc.php HTTP/1.1" 200 401 "-" "Mozilla/5.0 (Windows NT 10.0; Win64; x64) AppleWebKit/537.36 (KHTML, like Gecko) Chrome/89.0.4389.114 Safari/537.36"
93.185.162.116 - - [02/May/2026:23:23:12 -0400] "POST /xmlrpc.php HTTP/1.1" 200 401 "-" "Mozilla/5.0 (Windows NT 10.0; Win64; x64) AppleWebKit/537.36 (KHTML, like Gecko) Chrome/89.0.4389.114 Safari/537.36"
93.185.162.116 - - [02/May/2026:23:23:13 -0400] "POST /xmlrpc.php HTTP/1.1" 200 401 "-" "Mozilla/5.0 (Windows NT 10.0; Win64; x64) AppleWebKit/537.36 (KHTML, like Gecko) Chrome/89.0.4389.114 Safari/537.36"
93.185.162.116 - - [02/May/2026:23:23:13 -0400] "POST /xmlrpc.php HTTP/1.1" 200 401 "-" "Mozilla/5.0 (Windows NT 10.0; Win64; x64) AppleWebKit/537.36 (KHTML, like Gecko) Chrome/89.0.4389.114 Safari/537.36"
93.185.162.116 - - [02/May/2026:23:23:14 -0400] "POST /xmlrpc.php HTTP/1.1" 200 401 "-" "Mozilla/5.0 (Windows NT 10.0; Win64; x64) AppleWebKit/537.36 (KHTML, like Gecko) Chrome/89.0.4389.114 Safari/537.36"
93.185.162.116 - - [02/May/2026:23:23:15 -0400] "POST /xmlrpc.php HTTP/1.1" 200 401 "-" "Mozilla/5.0 (Windows NT 10.0; Win64; x64) AppleWebKit/537.36 (KHTML, like Gecko) Chrome/89.0.4389.114 Safari/537.36"
93.185.162.116 - - [02/May/2026:23:23:15 -0400] "POST /xmlrpc.php HTTP/1.1" 200 401 "-" "Mozilla/5.0 (Windows NT 10.0; Win64; x64) AppleWebKit/537.36 (KHTML, like Gecko) Chrome/89.0.4389.114 Safari/537.36"
93.185.162.116 - - [02/May/2026:23:23:16 -0400] "POST /xmlrpc.php HTTP/1.1" 200 401 "-" "Mozilla/5.0 (Windows NT 10.0; Win64; x64) AppleWebKit/537.36 (KHTML, like Gecko) Chrome/89.0.4389.114 Safari/537.36"
93.185.162.116 - - [02/May/2026:23:23:16 -0400] "POST /xmlrpc.php HTTP/1.1" 200 401 "-" "Mozilla/5.0 (Windows NT 10.0; Win64; x64) AppleWebKit/537.36 (KHTML, like Gecko) Chrome/89.0.4389.114 Safari/537.36"
93.185.162.116 - - [02/May/2026:23:23:17 -0400] "POST /xmlrpc.php HTTP/1.1" 200 401 "-" "Mozilla/5.0 (Windows NT 10.0; Win64; x64) AppleWebKit/537.36 (KHTML, like Gecko) Chrome/89.0.4389.114 Safari/537.36"
93.185.162.116 - - [02/May/2026:23:23:18 -0400] "POST /xmlrpc.php HTTP/1.1" 200 401 "-" "Mozilla/5.0 (Windows NT 10.0; Win64; x64) AppleWebKit/537.36 (KHTML, like Gecko) Chrome/89.0.4389.114 Safari/537.36"
93.185.162.116 - - [02/May/2026:23:23:18 -0400] "POST /xmlrpc.php HTTP/1.1" 200 401 "-" "Mozilla/5.0 (Windows NT 10.0; Win64; x64) AppleWebKit/537.36 (KHTML, like Gecko) Chrome/89.0.4389.114 Safari/537.36"
93.185.162.116 - - [02/May/2026:23:23:19 -0400] "POST /xmlrpc.php HTTP/1.1" 200 401 "-" "Mozilla/5.0 (Windows NT 10.0; Win64; x64) AppleWebKit/537.36 (KHTML, like Gecko) Chrome/89.0.4389.114 Safari/537.36"
93.185.162.116 - - [02/May/2026:23:23:19 -0400] "POST /xmlrpc.php HTTP/1.1" 200 401 "-" "Mozilla/5.0 (Windows NT 10.0; Win64; x64) AppleWebKit/537.36 (KHTML, like Gecko) Chrome/89.0.4389.114 Safari/537.36"
93.185.162.116 - - [02/May/2026:23:23:20 -0400] "POST /xmlrpc.php HTTP/1.1" 200 401 "-" "Mozilla/5.0 (Windows NT 10.0; Win64; x64) AppleWebKit/537.36 (KHTML, like Gecko) Chrome/89.0.4389.114 Safari/537.36"
93.185.162.116 - - [02/May/2026:23:23:21 -0400] "POST /xmlrpc.php HTTP/1.1" 200 401 "-" "Mozilla/5.0 (Windows NT 10.0; Win64; x64) AppleWebKit/537.36 (KHTML, like Gecko) Chrome/89.0.4389.114 Safari/537.36"
93.185.162.116 - - [02/May/2026:23:23:21 -0400] "POST /xmlrpc.php HTTP/1.1" 200 401 "-" "Mozilla/5.0 (Windows NT 10.0; Win64; x64) AppleWebKit/537.36 (KHTML, like Gecko) Chrome/89.0.4389.114 Safari/537.36"
93.185.162.116 - - [02/May/2026:23:23:22 -0400] "POST /xmlrpc.php HTTP/1.1" 200 401 "-" "Mozilla/5.0 (Windows NT 10.0; Win64; x64) AppleWebKit/537.36 (KHTML, like Gecko) Chrome/89.0.4389.114 Safari/537.36"
93.185.162.116 - - [02/May/2026:23:23:23 -0400] "POST /xmlrpc.php HTTP/1.1" 200 401 "-" "Mozilla/5.0 (Windows NT 10.0; Win64; x64) AppleWebKit/537.36 (KHTML, like Gecko) Chrome/89.0.4389.114 Safari/537.36"
93.185.162.116 - - [02/May/2026:23:23:23 -0400] "POST /xmlrpc.php HTTP/1.1" 200 401 "-" "Mozilla/5.0 (Windows NT 10.0; Win64; x64) AppleWebKit/537.36 (KHTML, like Gecko) Chrome/89.0.4389.114 Safari/537.36"
208.122.213.31 - - [02/May/2026:23:23:24 -0400] "POST /wp-cron.php?doing_wp_cron=1777778604.4145200252532958984375 HTTP/1.1" 200 - "-" "WordPress/6.2.6; https://store.terrorxxx.com"
93.185.162.116 - - [02/May/2026:23:23:24 -0400] "POST /xmlrpc.php HTTP/1.1" 200 401 "-" "Mozilla/5.0 (Windows NT 10.0; Win64; x64) AppleWebKit/537.36 (KHTML, like Gecko) Chrome/89.0.4389.114 Safari/537.36"
93.185.162.116 - - [02/May/2026:23:23:24 -0400] "POST /xmlrpc.php HTTP/1.1" 200 401 "-" "Mozilla/5.0 (Windows NT 10.0; Win64; x64) AppleWebKit/537.36 (KHTML, like Gecko) Chrome/89.0.4389.114 Safari/537.36"
93.185.162.116 - - [02/May/2026:23:23:25 -0400] "POST /xmlrpc.php HTTP/1.1" 200 401 "-" "Mozilla/5.0 (Windows NT 10.0; Win64; x64) AppleWebKit/537.36 (KHTML, like Gecko) Chrome/89.0.4389.114 Safari/537.36"
93.185.162.116 - - [02/May/2026:23:23:26 -0400] "POST /xmlrpc.php HTTP/1.1" 200 401 "-" "Mozilla/5.0 (Windows NT 10.0; Win64; x64) AppleWebKit/537.36 (KHTML, like Gecko) Chrome/89.0.4389.114 Safari/537.36"
93.185.162.116 - - [02/May/2026:23:23:26 -0400] "POST /xmlrpc.php HTTP/1.1" 200 401 "-" "Mozilla/5.0 (Windows NT 10.0; Win64; x64) AppleWebKit/537.36 (KHTML, like Gecko) Chrome/89.0.4389.114 Safari/537.36"
93.185.162.116 - - [02/May/2026:23:23:27 -0400] "POST /xmlrpc.php HTTP/1.1" 200 401 "-" "Mozilla/5.0 (Windows NT 10.0; Win64; x64) AppleWebKit/537.36 (KHTML, like Gecko) Chrome/89.0.4389.114 Safari/537.36"
93.185.162.116 - - [02/May/2026:23:23:28 -0400] "POST /xmlrpc.php HTTP/1.1" 200 401 "-" "Mozilla/5.0 (Windows NT 10.0; Win64; x64) AppleWebKit/537.36 (KHTML, like Gecko) Chrome/89.0.4389.114 Safari/537.36"
93.185.162.116 - - [02/May/2026:23:23:28 -0400] "POST /xmlrpc.php HTTP/1.1" 200 401 "-" "Mozilla/5.0 (Windows NT 10.0; Win64; x64) AppleWebKit/537.36 (KHTML, like Gecko) Chrome/89.0.4389.114 Safari/537.36"
93.185.162.116 - - [02/May/2026:23:23:29 -0400] "POST /xmlrpc.php HTTP/1.1" 200 401 "-" "Mozilla/5.0 (Windows NT 10.0; Win64; x64) AppleWebKit/537.36 (KHTML, like Gecko) Chrome/89.0.4389.114 Safari/537.36"
93.185.162.116 - - [02/May/2026:23:23:29 -0400] "POST /xmlrpc.php HTTP/1.1" 200 401 "-" "Mozilla/5.0 (Windows NT 10.0; Win64; x64) AppleWebKit/537.36 (KHTML, like Gecko) Chrome/89.0.4389.114 Safari/537.36"
93.185.162.116 - - [02/May/2026:23:23:30 -0400] "POST /xmlrpc.php HTTP/1.1" 200 401 "-" "Mozilla/5.0 (Windows NT 10.0; Win64; x64) AppleWebKit/537.36 (KHTML, like Gecko) Chrome/89.0.4389.114 Safari/537.36"
93.185.162.116 - - [02/May/2026:23:23:31 -0400] "POST /xmlrpc.php HTTP/1.1" 200 401 "-" "Mozilla/5.0 (Windows NT 10.0; Win64; x64) AppleWebKit/537.36 (KHTML, like Gecko) Chrome/89.0.4389.114 Safari/537.36"
93.185.162.116 - - [02/May/2026:23:23:31 -0400] "POST /xmlrpc.php HTTP/1.1" 200 401 "-" "Mozilla/5.0 (Windows NT 10.0; Win64; x64) AppleWebKit/537.36 (KHTML, like Gecko) Chrome/89.0.4389.114 Safari/537.36"
93.185.162.116 - - [02/May/2026:23:23:32 -0400] "POST /xmlrpc.php HTTP/1.1" 200 401 "-" "Mozilla/5.0 (Windows NT 10.0; Win64; x64) AppleWebKit/537.36 (KHTML, like Gecko) Chrome/89.0.4389.114 Safari/537.36"
93.185.162.116 - - [02/May/2026:23:23:32 -0400] "POST /xmlrpc.php HTTP/1.1" 200 401 "-" "Mozilla/5.0 (Windows NT 10.0; Win64; x64) AppleWebKit/537.36 (KHTML, like Gecko) Chrome/89.0.4389.114 Safari/537.36"
93.185.162.116 - - [02/May/2026:23:23:33 -0400] "POST /xmlrpc.php HTTP/1.1" 200 401 "-" "Mozilla/5.0 (Windows NT 10.0; Win64; x64) AppleWebKit/537.36 (KHTML, like Gecko) Chrome/89.0.4389.114 Safari/537.36"
93.185.162.116 - - [02/May/2026:23:23:34 -0400] "POST /xmlrpc.php HTTP/1.1" 200 401 "-" "Mozilla/5.0 (Windows NT 10.0; Win64; x64) AppleWebKit/537.36 (KHTML, like Gecko) Chrome/89.0.4389.114 Safari/537.36"
93.185.162.116 - - [02/May/2026:23:23:34 -0400] "POST /xmlrpc.php HTTP/1.1" 200 401 "-" "Mozilla/5.0 (Windows NT 10.0; Win64; x64) AppleWebKit/537.36 (KHTML, like Gecko) Chrome/89.0.4389.114 Safari/537.36"
93.185.162.116 - - [02/May/2026:23:23:35 -0400] "POST /xmlrpc.php HTTP/1.1" 200 401 "-" "Mozilla/5.0 (Windows NT 10.0; Win64; x64) AppleWebKit/537.36 (KHTML, like Gecko) Chrome/89.0.4389.114 Safari/537.36"
93.185.162.116 - - [02/May/2026:23:23:36 -0400] "POST /xmlrpc.php HTTP/1.1" 200 401 "-" "Mozilla/5.0 (Windows NT 10.0; Win64; x64) AppleWebKit/537.36 (KHTML, like Gecko) Chrome/89.0.4389.114 Safari/537.36"
93.185.162.116 - - [02/May/2026:23:23:36 -0400] "POST /xmlrpc.php HTTP/1.1" 200 401 "-" "Mozilla/5.0 (Windows NT 10.0; Win64; x64) AppleWebKit/537.36 (KHTML, like Gecko) Chrome/89.0.4389.114 Safari/537.36"
93.185.162.116 - - [02/May/2026:23:23:37 -0400] "POST /xmlrpc.php HTTP/1.1" 200 401 "-" "Mozilla/5.0 (Windows NT 10.0; Win64; x64) AppleWebKit/537.36 (KHTML, like Gecko) Chrome/89.0.4389.114 Safari/537.36"
93.185.162.116 - - [02/May/2026:23:23:37 -0400] "POST /xmlrpc.php HTTP/1.1" 200 401 "-" "Mozilla/5.0 (Windows NT 10.0; Win64; x64) AppleWebKit/537.36 (KHTML, like Gecko) Chrome/89.0.4389.114 Safari/537.36"
93.185.162.116 - - [02/May/2026:23:23:38 -0400] "POST /xmlrpc.php HTTP/1.1" 200 401 "-" "Mozilla/5.0 (Windows NT 10.0; Win64; x64) AppleWebKit/537.36 (KHTML, like Gecko) Chrome/89.0.4389.114 Safari/537.36"
93.185.162.116 - - [02/May/2026:23:23:39 -0400] "POST /xmlrpc.php HTTP/1.1" 200 401 "-" "Mozilla/5.0 (Windows NT 10.0; Win64; x64) AppleWebKit/537.36 (KHTML, like Gecko) Chrome/89.0.4389.114 Safari/537.36"
93.185.162.116 - - [02/May/2026:23:23:39 -0400] "POST /xmlrpc.php HTTP/1.1" 200 401 "-" "Mozilla/5.0 (Windows NT 10.0; Win64; x64) AppleWebKit/537.36 (KHTML, like Gecko) Chrome/89.0.4389.114 Safari/537.36"
93.185.162.116 - - [02/May/2026:23:23:40 -0400] "POST /xmlrpc.php HTTP/1.1" 200 401 "-" "Mozilla/5.0 (Windows NT 10.0; Win64; x64) AppleWebKit/537.36 (KHTML, like Gecko) Chrome/89.0.4389.114 Safari/537.36"
93.185.162.116 - - [02/May/2026:23:23:40 -0400] "POST /xmlrpc.php HTTP/1.1" 200 401 "-" "Mozilla/5.0 (Windows NT 10.0; Win64; x64) AppleWebKit/537.36 (KHTML, like Gecko) Chrome/89.0.4389.114 Safari/537.36"
93.185.162.116 - - [02/May/2026:23:23:41 -0400] "POST /xmlrpc.php HTTP/1.1" 200 401 "-" "Mozilla/5.0 (Windows NT 10.0; Win64; x64) AppleWebKit/537.36 (KHTML, like Gecko) Chrome/89.0.4389.114 Safari/537.36"
93.185.162.116 - - [02/May/2026:23:23:42 -0400] "POST /xmlrpc.php HTTP/1.1" 200 401 "-" "Mozilla/5.0 (Windows NT 10.0; Win64; x64) AppleWebKit/537.36 (KHTML, like Gecko) Chrome/89.0.4389.114 Safari/537.36"
93.185.162.116 - - [02/May/2026:23:23:42 -0400] "POST /xmlrpc.php HTTP/1.1" 200 401 "-" "Mozilla/5.0 (Windows NT 10.0; Win64; x64) AppleWebKit/537.36 (KHTML, like Gecko) Chrome/89.0.4389.114 Safari/537.36"
93.185.162.116 - - [02/May/2026:23:23:43 -0400] "POST /xmlrpc.php HTTP/1.1" 200 401 "-" "Mozilla/5.0 (Windows NT 10.0; Win64; x64) AppleWebKit/537.36 (KHTML, like Gecko) Chrome/89.0.4389.114 Safari/537.36"
93.185.162.116 - - [02/May/2026:23:23:44 -0400] "POST /xmlrpc.php HTTP/1.1" 200 401 "-" "Mozilla/5.0 (Windows NT 10.0; Win64; x64) AppleWebKit/537.36 (KHTML, like Gecko) Chrome/89.0.4389.114 Safari/537.36"
93.185.162.116 - - [02/May/2026:23:23:44 -0400] "POST /xmlrpc.php HTTP/1.1" 200 401 "-" "Mozilla/5.0 (Windows NT 10.0; Win64; x64) AppleWebKit/537.36 (KHTML, like Gecko) Chrome/89.0.4389.114 Safari/537.36"
93.185.162.116 - - [02/May/2026:23:23:45 -0400] "POST /xmlrpc.php HTTP/1.1" 200 401 "-" "Mozilla/5.0 (Windows NT 10.0; Win64; x64) AppleWebKit/537.36 (KHTML, like Gecko) Chrome/89.0.4389.114 Safari/537.36"
93.185.162.116 - - [02/May/2026:23:23:45 -0400] "POST /xmlrpc.php HTTP/1.1" 200 401 "-" "Mozilla/5.0 (Windows NT 10.0; Win64; x64) AppleWebKit/537.36 (KHTML, like Gecko) Chrome/89.0.4389.114 Safari/537.36"
93.185.162.116 - - [02/May/2026:23:23:46 -0400] "POST /xmlrpc.php HTTP/1.1" 200 401 "-" "Mozilla/5.0 (Windows NT 10.0; Win64; x64) AppleWebKit/537.36 (KHTML, like Gecko) Chrome/89.0.4389.114 Safari/537.36"
93.185.162.116 - - [02/May/2026:23:23:47 -0400] "POST /xmlrpc.php HTTP/1.1" 200 401 "-" "Mozilla/5.0 (Windows NT 10.0; Win64; x64) AppleWebKit/537.36 (KHTML, like Gecko) Chrome/89.0.4389.114 Safari/537.36"
93.185.162.116 - - [02/May/2026:23:23:47 -0400] "POST /xmlrpc.php HTTP/1.1" 200 401 "-" "Mozilla/5.0 (Windows NT 10.0; Win64; x64) AppleWebKit/537.36 (KHTML, like Gecko) Chrome/89.0.4389.114 Safari/537.36"
93.185.162.116 - - [02/May/2026:23:23:48 -0400] "POST /xmlrpc.php HTTP/1.1" 200 401 "-" "Mozilla/5.0 (Windows NT 10.0; Win64; x64) AppleWebKit/537.36 (KHTML, like Gecko) Chrome/89.0.4389.114 Safari/537.36"
93.185.162.116 - - [02/May/2026:23:23:49 -0400] "POST /xmlrpc.php HTTP/1.1" 200 401 "-" "Mozilla/5.0 (Windows NT 10.0; Win64; x64) AppleWebKit/537.36 (KHTML, like Gecko) Chrome/89.0.4389.114 Safari/537.36"
93.185.162.116 - - [02/May/2026:23:23:49 -0400] "POST /xmlrpc.php HTTP/1.1" 200 401 "-" "Mozilla/5.0 (Windows NT 10.0; Win64; x64) AppleWebKit/537.36 (KHTML, like Gecko) Chrome/89.0.4389.114 Safari/537.36"
93.185.162.116 - - [02/May/2026:23:23:50 -0400] "POST /xmlrpc.php HTTP/1.1" 200 401 "-" "Mozilla/5.0 (Windows NT 10.0; Win64; x64) AppleWebKit/537.36 (KHTML, like Gecko) Chrome/89.0.4389.114 Safari/537.36"
93.185.162.116 - - [02/May/2026:23:23:50 -0400] "POST /xmlrpc.php HTTP/1.1" 200 401 "-" "Mozilla/5.0 (Windows NT 10.0; Win64; x64) AppleWebKit/537.36 (KHTML, like Gecko) Chrome/89.0.4389.114 Safari/537.36"
93.185.162.116 - - [02/May/2026:23:23:51 -0400] "POST /xmlrpc.php HTTP/1.1" 200 401 "-" "Mozilla/5.0 (Windows NT 10.0; Win64; x64) AppleWebKit/537.36 (KHTML, like Gecko) Chrome/89.0.4389.114 Safari/537.36"
93.185.162.116 - - [02/May/2026:23:23:52 -0400] "POST /xmlrpc.php HTTP/1.1" 200 401 "-" "Mozilla/5.0 (Windows NT 10.0; Win64; x64) AppleWebKit/537.36 (KHTML, like Gecko) Chrome/89.0.4389.114 Safari/537.36"
93.185.162.116 - - [02/May/2026:23:23:52 -0400] "POST /xmlrpc.php HTTP/1.1" 200 401 "-" "Mozilla/5.0 (Windows NT 10.0; Win64; x64) AppleWebKit/537.36 (KHTML, like Gecko) Chrome/89.0.4389.114 Safari/537.36"
93.185.162.116 - - [02/May/2026:23:23:53 -0400] "POST /xmlrpc.php HTTP/1.1" 200 401 "-" "Mozilla/5.0 (Windows NT 10.0; Win64; x64) AppleWebKit/537.36 (KHTML, like Gecko) Chrome/89.0.4389.114 Safari/537.36"
93.185.162.116 - - [02/May/2026:23:23:53 -0400] "POST /xmlrpc.php HTTP/1.1" 200 401 "-" "Mozilla/5.0 (Windows NT 10.0; Win64; x64) AppleWebKit/537.36 (KHTML, like Gecko) Chrome/89.0.4389.114 Safari/537.36"
93.185.162.116 - - [02/May/2026:23:23:54 -0400] "POST /xmlrpc.php HTTP/1.1" 200 401 "-" "Mozilla/5.0 (Windows NT 10.0; Win64; x64) AppleWebKit/537.36 (KHTML, like Gecko) Chrome/89.0.4389.114 Safari/537.36"
93.185.162.116 - - [02/May/2026:23:23:55 -0400] "POST /xmlrpc.php HTTP/1.1" 200 401 "-" "Mozilla/5.0 (Windows NT 10.0; Win64; x64) AppleWebKit/537.36 (KHTML, like Gecko) Chrome/89.0.4389.114 Safari/537.36"
93.185.162.116 - - [02/May/2026:23:23:55 -0400] "POST /xmlrpc.php HTTP/1.1" 200 401 "-" "Mozilla/5.0 (Windows NT 10.0; Win64; x64) AppleWebKit/537.36 (KHTML, like Gecko) Chrome/89.0.4389.114 Safari/537.36"
93.185.162.116 - - [02/May/2026:23:23:56 -0400] "POST /xmlrpc.php HTTP/1.1" 200 401 "-" "Mozilla/5.0 (Windows NT 10.0; Win64; x64) AppleWebKit/537.36 (KHTML, like Gecko) Chrome/89.0.4389.114 Safari/537.36"
93.185.162.116 - - [02/May/2026:23:23:57 -0400] "POST /xmlrpc.php HTTP/1.1" 200 401 "-" "Mozilla/5.0 (Windows NT 10.0; Win64; x64) AppleWebKit/537.36 (KHTML, like Gecko) Chrome/89.0.4389.114 Safari/537.36"
43.164.190.28 - - [02/May/2026:23:23:57 -0400] "GET /feed/ HTTP/1.1" 200 1032 "-" "Mozilla/5.0 (compatible; ThinkBot/0.5.8; +In_the_test_phase,_if_the_ThinkBot_brings_you_trouble,_please_block_its_IP_address._Thank_you.)"
93.185.162.116 - - [02/May/2026:23:23:57 -0400] "POST /xmlrpc.php HTTP/1.1" 200 401 "-" "Mozilla/5.0 (Windows NT 10.0; Win64; x64) AppleWebKit/537.36 (KHTML, like Gecko) Chrome/89.0.4389.114 Safari/537.36"
93.185.162.116 - - [02/May/2026:23:23:58 -0400] "POST /xmlrpc.php HTTP/1.1" 200 401 "-" "Mozilla/5.0 (Windows NT 10.0; Win64; x64) AppleWebKit/537.36 (KHTML, like Gecko) Chrome/89.0.4389.114 Safari/537.36"
93.185.162.116 - - [02/May/2026:23:23:58 -0400] "POST /xmlrpc.php HTTP/1.1" 200 401 "-" "Mozilla/5.0 (Windows NT 10.0; Win64; x64) AppleWebKit/537.36 (KHTML, like Gecko) Chrome/89.0.4389.114 Safari/537.36"
93.185.162.116 - - [02/May/2026:23:23:59 -0400] "POST /xmlrpc.php HTTP/1.1" 200 401 "-" "Mozilla/5.0 (Windows NT 10.0; Win64; x64) AppleWebKit/537.36 (KHTML, like Gecko) Chrome/89.0.4389.114 Safari/537.36"
93.185.162.116 - - [02/May/2026:23:24:00 -0400] "POST /xmlrpc.php HTTP/1.1" 200 401 "-" "Mozilla/5.0 (Windows NT 10.0; Win64; x64) AppleWebKit/537.36 (KHTML, like Gecko) Chrome/89.0.4389.114 Safari/537.36"
93.185.162.116 - - [02/May/2026:23:24:00 -0400] "POST /xmlrpc.php HTTP/1.1" 200 401 "-" "Mozilla/5.0 (Windows NT 10.0; Win64; x64) AppleWebKit/537.36 (KHTML, like Gecko) Chrome/89.0.4389.114 Safari/537.36"
93.185.162.116 - - [02/May/2026:23:24:01 -0400] "POST /xmlrpc.php HTTP/1.1" 200 401 "-" "Mozilla/5.0 (Windows NT 10.0; Win64; x64) AppleWebKit/537.36 (KHTML, like Gecko) Chrome/89.0.4389.114 Safari/537.36"
93.185.162.116 - - [02/May/2026:23:24:01 -0400] "POST /xmlrpc.php HTTP/1.1" 200 401 "-" "Mozilla/5.0 (Windows NT 10.0; Win64; x64) AppleWebKit/537.36 (KHTML, like Gecko) Chrome/89.0.4389.114 Safari/537.36"
93.185.162.116 - - [02/May/2026:23:24:02 -0400] "POST /xmlrpc.php HTTP/1.1" 200 401 "-" "Mozilla/5.0 (Windows NT 10.0; Win64; x64) AppleWebKit/537.36 (KHTML, like Gecko) Chrome/89.0.4389.114 Safari/537.36"
93.185.162.116 - - [02/May/2026:23:24:03 -0400] "POST /xmlrpc.php HTTP/1.1" 200 401 "-" "Mozilla/5.0 (Windows NT 10.0; Win64; x64) AppleWebKit/537.36 (KHTML, like Gecko) Chrome/89.0.4389.114 Safari/537.36"
93.185.162.116 - - [02/May/2026:23:24:03 -0400] "POST /xmlrpc.php HTTP/1.1" 200 401 "-" "Mozilla/5.0 (Windows NT 10.0; Win64; x64) AppleWebKit/537.36 (KHTML, like Gecko) Chrome/89.0.4389.114 Safari/537.36"
93.185.162.116 - - [02/May/2026:23:24:04 -0400] "POST /xmlrpc.php HTTP/1.1" 200 401 "-" "Mozilla/5.0 (Windows NT 10.0; Win64; x64) AppleWebKit/537.36 (KHTML, like Gecko) Chrome/89.0.4389.114 Safari/537.36"
93.185.162.116 - - [02/May/2026:23:24:05 -0400] "POST /xmlrpc.php HTTP/1.1" 200 401 "-" "Mozilla/5.0 (Windows NT 10.0; Win64; x64) AppleWebKit/537.36 (KHTML, like Gecko) Chrome/89.0.4389.114 Safari/537.36"
93.185.162.116 - - [02/May/2026:23:24:05 -0400] "POST /xmlrpc.php HTTP/1.1" 200 401 "-" "Mozilla/5.0 (Windows NT 10.0; Win64; x64) AppleWebKit/537.36 (KHTML, like Gecko) Chrome/89.0.4389.114 Safari/537.36"
93.185.162.116 - - [02/May/2026:23:24:06 -0400] "POST /xmlrpc.php HTTP/1.1" 200 401 "-" "Mozilla/5.0 (Windows NT 10.0; Win64; x64) AppleWebKit/537.36 (KHTML, like Gecko) Chrome/89.0.4389.114 Safari/537.36"
93.185.162.116 - - [02/May/2026:23:24:07 -0400] "POST /xmlrpc.php HTTP/1.1" 200 401 "-" "Mozilla/5.0 (Windows NT 10.0; Win64; x64) AppleWebKit/537.36 (KHTML, like Gecko) Chrome/89.0.4389.114 Safari/537.36"
93.185.162.116 - - [02/May/2026:23:24:07 -0400] "POST /xmlrpc.php HTTP/1.1" 200 401 "-" "Mozilla/5.0 (Windows NT 10.0; Win64; x64) AppleWebKit/537.36 (KHTML, like Gecko) Chrome/89.0.4389.114 Safari/537.36"
93.185.162.116 - - [02/May/2026:23:24:08 -0400] "POST /xmlrpc.php HTTP/1.1" 200 401 "-" "Mozilla/5.0 (Windows NT 10.0; Win64; x64) AppleWebKit/537.36 (KHTML, like Gecko) Chrome/89.0.4389.114 Safari/537.36"
93.185.162.116 - - [02/May/2026:23:24:08 -0400] "POST /xmlrpc.php HTTP/1.1" 200 401 "-" "Mozilla/5.0 (Windows NT 10.0; Win64; x64) AppleWebKit/537.36 (KHTML, like Gecko) Chrome/89.0.4389.114 Safari/537.36"
93.185.162.116 - - [02/May/2026:23:24:09 -0400] "POST /xmlrpc.php HTTP/1.1" 200 401 "-" "Mozilla/5.0 (Windows NT 10.0; Win64; x64) AppleWebKit/537.36 (KHTML, like Gecko) Chrome/89.0.4389.114 Safari/537.36"
93.185.162.116 - - [02/May/2026:23:24:10 -0400] "POST /xmlrpc.php HTTP/1.1" 200 401 "-" "Mozilla/5.0 (Windows NT 10.0; Win64; x64) AppleWebKit/537.36 (KHTML, like Gecko) Chrome/89.0.4389.114 Safari/537.36"
93.185.162.116 - - [02/May/2026:23:24:10 -0400] "POST /xmlrpc.php HTTP/1.1" 200 401 "-" "Mozilla/5.0 (Windows NT 10.0; Win64; x64) AppleWebKit/537.36 (KHTML, like Gecko) Chrome/89.0.4389.114 Safari/537.36"
93.185.162.116 - - [02/May/2026:23:24:11 -0400] "POST /xmlrpc.php HTTP/1.1" 200 401 "-" "Mozilla/5.0 (Windows NT 10.0; Win64; x64) AppleWebKit/537.36 (KHTML, like Gecko) Chrome/89.0.4389.114 Safari/537.36"
93.185.162.116 - - [02/May/2026:23:24:11 -0400] "POST /xmlrpc.php HTTP/1.1" 200 401 "-" "Mozilla/5.0 (Windows NT 10.0; Win64; x64) AppleWebKit/537.36 (KHTML, like Gecko) Chrome/89.0.4389.114 Safari/537.36"
93.185.162.116 - - [02/May/2026:23:24:12 -0400] "POST /xmlrpc.php HTTP/1.1" 200 401 "-" "Mozilla/5.0 (Windows NT 10.0; Win64; x64) AppleWebKit/537.36 (KHTML, like Gecko) Chrome/89.0.4389.114 Safari/537.36"
93.185.162.116 - - [02/May/2026:23:24:13 -0400] "POST /xmlrpc.php HTTP/1.1" 200 401 "-" "Mozilla/5.0 (Windows NT 10.0; Win64; x64) AppleWebKit/537.36 (KHTML, like Gecko) Chrome/89.0.4389.114 Safari/537.36"
93.185.162.116 - - [02/May/2026:23:24:13 -0400] "POST /xmlrpc.php HTTP/1.1" 200 401 "-" "Mozilla/5.0 (Windows NT 10.0; Win64; x64) AppleWebKit/537.36 (KHTML, like Gecko) Chrome/89.0.4389.114 Safari/537.36"
93.185.162.116 - - [02/May/2026:23:24:14 -0400] "POST /xmlrpc.php HTTP/1.1" 200 401 "-" "Mozilla/5.0 (Windows NT 10.0; Win64; x64) AppleWebKit/537.36 (KHTML, like Gecko) Chrome/89.0.4389.114 Safari/537.36"
93.185.162.116 - - [02/May/2026:23:24:15 -0400] "POST /xmlrpc.php HTTP/1.1" 200 401 "-" "Mozilla/5.0 (Windows NT 10.0; Win64; x64) AppleWebKit/537.36 (KHTML, like Gecko) Chrome/89.0.4389.114 Safari/537.36"
93.185.162.116 - - [02/May/2026:23:24:15 -0400] "POST /xmlrpc.php HTTP/1.1" 200 401 "-" "Mozilla/5.0 (Windows NT 10.0; Win64; x64) AppleWebKit/537.36 (KHTML, like Gecko) Chrome/89.0.4389.114 Safari/537.36"
93.185.162.116 - - [02/May/2026:23:24:16 -0400] "POST /xmlrpc.php HTTP/1.1" 200 401 "-" "Mozilla/5.0 (Windows NT 10.0; Win64; x64) AppleWebKit/537.36 (KHTML, like Gecko) Chrome/89.0.4389.114 Safari/537.36"
93.185.162.116 - - [02/May/2026:23:24:16 -0400] "POST /xmlrpc.php HTTP/1.1" 200 401 "-" "Mozilla/5.0 (Windows NT 10.0; Win64; x64) AppleWebKit/537.36 (KHTML, like Gecko) Chrome/89.0.4389.114 Safari/537.36"
93.185.162.116 - - [02/May/2026:23:24:17 -0400] "POST /xmlrpc.php HTTP/1.1" 200 401 "-" "Mozilla/5.0 (Windows NT 10.0; Win64; x64) AppleWebKit/537.36 (KHTML, like Gecko) Chrome/89.0.4389.114 Safari/537.36"
93.185.162.116 - - [02/May/2026:23:24:18 -0400] "POST /xmlrpc.php HTTP/1.1" 200 401 "-" "Mozilla/5.0 (Windows NT 10.0; Win64; x64) AppleWebKit/537.36 (KHTML, like Gecko) Chrome/89.0.4389.114 Safari/537.36"
93.185.162.116 - - [02/May/2026:23:24:18 -0400] "POST /xmlrpc.php HTTP/1.1" 200 401 "-" "Mozilla/5.0 (Windows NT 10.0; Win64; x64) AppleWebKit/537.36 (KHTML, like Gecko) Chrome/89.0.4389.114 Safari/537.36"
93.185.162.116 - - [02/May/2026:23:24:19 -0400] "POST /xmlrpc.php HTTP/1.1" 200 401 "-" "Mozilla/5.0 (Windows NT 10.0; Win64; x64) AppleWebKit/537.36 (KHTML, like Gecko) Chrome/89.0.4389.114 Safari/537.36"
93.185.162.116 - - [02/May/2026:23:24:20 -0400] "POST /xmlrpc.php HTTP/1.1" 200 401 "-" "Mozilla/5.0 (Windows NT 10.0; Win64; x64) AppleWebKit/537.36 (KHTML, like Gecko) Chrome/89.0.4389.114 Safari/537.36"
93.185.162.116 - - [02/May/2026:23:24:20 -0400] "POST /xmlrpc.php HTTP/1.1" 200 401 "-" "Mozilla/5.0 (Windows NT 10.0; Win64; x64) AppleWebKit/537.36 (KHTML, like Gecko) Chrome/89.0.4389.114 Safari/537.36"
93.185.162.116 - - [02/May/2026:23:24:21 -0400] "POST /xmlrpc.php HTTP/1.1" 200 401 "-" "Mozilla/5.0 (Windows NT 10.0; Win64; x64) AppleWebKit/537.36 (KHTML, like Gecko) Chrome/89.0.4389.114 Safari/537.36"
93.185.162.116 - - [02/May/2026:23:24:21 -0400] "POST /xmlrpc.php HTTP/1.1" 200 401 "-" "Mozilla/5.0 (Windows NT 10.0; Win64; x64) AppleWebKit/537.36 (KHTML, like Gecko) Chrome/89.0.4389.114 Safari/537.36"
93.185.162.116 - - [02/May/2026:23:24:22 -0400] "POST /xmlrpc.php HTTP/1.1" 200 401 "-" "Mozilla/5.0 (Windows NT 10.0; Win64; x64) AppleWebKit/537.36 (KHTML, like Gecko) Chrome/89.0.4389.114 Safari/537.36"
93.185.162.116 - - [02/May/2026:23:24:23 -0400] "POST /xmlrpc.php HTTP/1.1" 200 401 "-" "Mozilla/5.0 (Windows NT 10.0; Win64; x64) AppleWebKit/537.36 (KHTML, like Gecko) Chrome/89.0.4389.114 Safari/537.36"
93.185.162.116 - - [02/May/2026:23:24:23 -0400] "POST /xmlrpc.php HTTP/1.1" 200 401 "-" "Mozilla/5.0 (Windows NT 10.0; Win64; x64) AppleWebKit/537.36 (KHTML, like Gecko) Chrome/89.0.4389.114 Safari/537.36"
208.122.213.31 - - [02/May/2026:23:24:24 -0400] "POST /wp-cron.php?doing_wp_cron=1777778664.4482018947601318359375 HTTP/1.1" 200 - "-" "WordPress/6.2.6; https://store.terrorxxx.com"
93.185.162.116 - - [02/May/2026:23:24:24 -0400] "POST /xmlrpc.php HTTP/1.1" 200 401 "-" "Mozilla/5.0 (Windows NT 10.0; Win64; x64) AppleWebKit/537.36 (KHTML, like Gecko) Chrome/89.0.4389.114 Safari/537.36"
93.185.162.116 - - [02/May/2026:23:24:24 -0400] "POST /xmlrpc.php HTTP/1.1" 200 401 "-" "Mozilla/5.0 (Windows NT 10.0; Win64; x64) AppleWebKit/537.36 (KHTML, like Gecko) Chrome/89.0.4389.114 Safari/537.36"
93.185.162.116 - - [02/May/2026:23:24:25 -0400] "POST /xmlrpc.php HTTP/1.1" 200 401 "-" "Mozilla/5.0 (Windows NT 10.0; Win64; x64) AppleWebKit/537.36 (KHTML, like Gecko) Chrome/89.0.4389.114 Safari/537.36"
93.185.162.116 - - [02/May/2026:23:24:26 -0400] "POST /xmlrpc.php HTTP/1.1" 200 401 "-" "Mozilla/5.0 (Windows NT 10.0; Win64; x64) AppleWebKit/537.36 (KHTML, like Gecko) Chrome/89.0.4389.114 Safari/537.36"
93.185.162.116 - - [02/May/2026:23:24:26 -0400] "POST /xmlrpc.php HTTP/1.1" 200 401 "-" "Mozilla/5.0 (Windows NT 10.0; Win64; x64) AppleWebKit/537.36 (KHTML, like Gecko) Chrome/89.0.4389.114 Safari/537.36"
93.185.162.116 - - [02/May/2026:23:24:27 -0400] "POST /xmlrpc.php HTTP/1.1" 200 401 "-" "Mozilla/5.0 (Windows NT 10.0; Win64; x64) AppleWebKit/537.36 (KHTML, like Gecko) Chrome/89.0.4389.114 Safari/537.36"
93.185.162.116 - - [02/May/2026:23:24:27 -0400] "POST /xmlrpc.php HTTP/1.1" 200 401 "-" "Mozilla/5.0 (Windows NT 10.0; Win64; x64) AppleWebKit/537.36 (KHTML, like Gecko) Chrome/89.0.4389.114 Safari/537.36"
93.185.162.116 - - [02/May/2026:23:24:28 -0400] "POST /xmlrpc.php HTTP/1.1" 200 401 "-" "Mozilla/5.0 (Windows NT 10.0; Win64; x64) AppleWebKit/537.36 (KHTML, like Gecko) Chrome/89.0.4389.114 Safari/537.36"
93.185.162.116 - - [02/May/2026:23:24:29 -0400] "POST /xmlrpc.php HTTP/1.1" 200 401 "-" "Mozilla/5.0 (Windows NT 10.0; Win64; x64) AppleWebKit/537.36 (KHTML, like Gecko) Chrome/89.0.4389.114 Safari/537.36"
93.185.162.116 - - [02/May/2026:23:24:29 -0400] "POST /xmlrpc.php HTTP/1.1" 200 401 "-" "Mozilla/5.0 (Windows NT 10.0; Win64; x64) AppleWebKit/537.36 (KHTML, like Gecko) Chrome/89.0.4389.114 Safari/537.36"
93.185.162.116 - - [02/May/2026:23:24:30 -0400] "POST /xmlrpc.php HTTP/1.1" 200 401 "-" "Mozilla/5.0 (Windows NT 10.0; Win64; x64) AppleWebKit/537.36 (KHTML, like Gecko) Chrome/89.0.4389.114 Safari/537.36"
93.185.162.116 - - [02/May/2026:23:24:31 -0400] "POST /xmlrpc.php HTTP/1.1" 200 401 "-" "Mozilla/5.0 (Windows NT 10.0; Win64; x64) AppleWebKit/537.36 (KHTML, like Gecko) Chrome/89.0.4389.114 Safari/537.36"
93.185.162.116 - - [02/May/2026:23:24:31 -0400] "POST /xmlrpc.php HTTP/1.1" 200 401 "-" "Mozilla/5.0 (Windows NT 10.0; Win64; x64) AppleWebKit/537.36 (KHTML, like Gecko) Chrome/89.0.4389.114 Safari/537.36"
93.185.162.116 - - [02/May/2026:23:24:32 -0400] "POST /xmlrpc.php HTTP/1.1" 200 401 "-" "Mozilla/5.0 (Windows NT 10.0; Win64; x64) AppleWebKit/537.36 (KHTML, like Gecko) Chrome/89.0.4389.114 Safari/537.36"
93.185.162.116 - - [02/May/2026:23:24:32 -0400] "POST /xmlrpc.php HTTP/1.1" 200 401 "-" "Mozilla/5.0 (Windows NT 10.0; Win64; x64) AppleWebKit/537.36 (KHTML, like Gecko) Chrome/89.0.4389.114 Safari/537.36"
93.185.162.116 - - [02/May/2026:23:24:33 -0400] "POST /xmlrpc.php HTTP/1.1" 200 401 "-" "Mozilla/5.0 (Windows NT 10.0; Win64; x64) AppleWebKit/537.36 (KHTML, like Gecko) Chrome/89.0.4389.114 Safari/537.36"
93.185.162.116 - - [02/May/2026:23:24:34 -0400] "POST /xmlrpc.php HTTP/1.1" 200 401 "-" "Mozilla/5.0 (Windows NT 10.0; Win64; x64) AppleWebKit/537.36 (KHTML, like Gecko) Chrome/89.0.4389.114 Safari/537.36"
93.185.162.116 - - [02/May/2026:23:24:34 -0400] "POST /xmlrpc.php HTTP/1.1" 200 401 "-" "Mozilla/5.0 (Windows NT 10.0; Win64; x64) AppleWebKit/537.36 (KHTML, like Gecko) Chrome/89.0.4389.114 Safari/537.36"
43.166.128.86 - - [02/May/2026:23:25:03 -0400] "GET /wp-includes/wlwmanifest.xml HTTP/1.1" 200 460 "-" "Mozilla/5.0 (compatible; Thinkbot/0.5.8; +In_the_test_phase,_if_the_Thinkbot_brings_you_trouble,_please_block_its_IP_address._Thank_you.)"
208.122.213.31 - - [02/May/2026:23:25:33 -0400] "POST /wp-cron.php?doing_wp_cron=1777778733.7182989120483398437500 HTTP/1.1" 200 - "-" "WordPress/6.2.6; https://store.terrorxxx.com"
62.146.233.9 - - [02/May/2026:23:25:33 -0400] "GET /wp-login.php HTTP/2.0" 200 1921 "-" "Mozilla/5.0 (Macintosh; Intel Mac OS X 10_12_6) AppleWebKit/537.36 (KHTML, like Gecko) Chrome/66.0.3359.181 Safari/537.36"
62.146.233.9 - - [02/May/2026:23:25:34 -0400] "POST /wp-login.php HTTP/2.0" 200 2051 "https://store.terrorxxx.com/wp-login.php" "Mozilla/5.0 (Macintosh; Intel Mac OS X 10_12_6) AppleWebKit/537.36 (KHTML, like Gecko) Chrome/66.0.3359.181 Safari/537.36"
101.32.15.141 - - [02/May/2026:23:26:14 -0400] "GET /?add-to-cart=128 HTTP/1.1" 200 7426 "-" "Mozilla/5.0 (compatible; Thinkbot/0.5.8; +In_the_test_phase,_if_the_Thinkbot_brings_you_trouble,_please_block_its_IP_address._Thank_you.)"
208.122.213.31 - - [02/May/2026:23:27:24 -0400] "POST /wp-cron.php?doing_wp_cron=1777778844.3753919601440429687500 HTTP/1.1" 200 - "-" "WordPress/6.2.6; https://store.terrorxxx.com"
43.133.66.51 - - [02/May/2026:23:27:24 -0400] "GET /?add-to-cart=140 HTTP/1.1" 200 7415 "-" "Mozilla/5.0 (compatible; Thinkbot/0.5.8; +In_the_test_phase,_if_the_Thinkbot_brings_you_trouble,_please_block_its_IP_address._Thank_you.)"
43.164.129.191 - - [02/May/2026:23:28:21 -0400] "GET /home/feed/ HTTP/1.1" 200 2953 "-" "Mozilla/5.0 (compatible; ThinkBot/0.5.8; +In_the_test_phase,_if_the_ThinkBot_brings_you_trouble,_please_block_its_IP_address._Thank_you.)"
208.122.213.31 - - [02/May/2026:23:29:05 -0400] "POST /wp-cron.php?doing_wp_cron=1777778945.9441049098968505859375 HTTP/1.1" 200 - "-" "WordPress/6.2.6; https://store.terrorxxx.com"
43.165.2.110 - - [02/May/2026:23:29:05 -0400] "GET /wp-json/ HTTP/1.1" 200 40420 "-" "Mozilla/5.0 (compatible; ThinkBot/0.5.8; +In_the_test_phase,_if_the_ThinkBot_brings_you_trouble,_please_block_its_IP_address._Thank_you.)"
208.122.213.31 - - [02/May/2026:23:30:21 -0400] "POST /wp-cron.php?doing_wp_cron=1777779021.9855420589447021484375 HTTP/1.1" 200 - "-" "WordPress/6.2.6; https://store.terrorxxx.com"
43.165.126.130 - - [02/May/2026:23:30:21 -0400] "GET /xmlrpc.php HTTP/1.1" 405 42 "-" "Mozilla/5.0 (compatible; ThinkBot/0.5.8; +In_the_test_phase,_if_the_ThinkBot_brings_you_trouble,_please_block_its_IP_address._Thank_you.)"
208.122.213.31 - - [02/May/2026:23:32:40 -0400] "POST /wp-cron.php?doing_wp_cron=1777779160.3931019306182861328125 HTTP/1.1" 200 - "-" "WordPress/6.2.6; https://store.terrorxxx.com"
43.165.195.234 - - [02/May/2026:23:32:40 -0400] "GET /xmlrpc.php?rsd HTTP/1.1" 200 306 "-" "Mozilla/5.0 (compatible; ThinkBot/0.5.8; +In_the_test_phase,_if_the_ThinkBot_brings_you_trouble,_please_block_its_IP_address._Thank_you.)"
93.39.85.202 - - [02/May/2026:23:33:20 -0400] "POST /xmlrpc.php HTTP/2.0" 200 225 "-" "Mozilla/5.0 (Windows NT 6.3) AppleWebKit/537.36 (KHTML, like Gecko) Chrome/65.0.3325.181 Safari/537.36"
208.122.213.31 - - [02/May/2026:23:33:52 -0400] "POST /wp-cron.php?doing_wp_cron=1777779232.5499889850616455078125 HTTP/1.1" 200 - "-" "WordPress/6.2.6; https://store.terrorxxx.com"
43.162.114.69 - - [02/May/2026:23:33:52 -0400] "GET /comments/feed/ HTTP/1.1" 200 926 "-" "Mozilla/5.0 (compatible; ThinkBot/0.5.8; +In_the_test_phase,_if_the_ThinkBot_brings_you_trouble,_please_block_its_IP_address._Thank_you.)"
208.122.213.31 - - [02/May/2026:23:38:09 -0400] "POST /wp-cron.php?doing_wp_cron=1777779489.8914959430694580078125 HTTP/1.1" 200 - "-" "WordPress/6.2.6; https://store.terrorxxx.com"
208.109.188.137 - - [02/May/2026:23:38:09 -0400] "GET /wp-login.php HTTP/2.0" 200 1921 "-" "Mozilla/5.0 (Windows NT 10.0; WOW64; Trident/7.0; EIE10;ENUSMSN; rv:11.0) like Gecko"
208.109.188.137 - - [02/May/2026:23:38:10 -0400] "POST /wp-login.php HTTP/2.0" 200 2051 "https://store.terrorxxx.com/wp-login.php" "Mozilla/5.0 (Windows NT 10.0; WOW64; Trident/7.0; EIE10;ENUSMSN; rv:11.0) like Gecko"
208.122.213.31 - - [02/May/2026:23:44:39 -0400] "POST /wp-cron.php?doing_wp_cron=1777779879.2333040237426757812500 HTTP/1.1" 200 - "-" "WordPress/6.2.6; https://store.terrorxxx.com"
216.73.216.225 - - [02/May/2026:23:44:39 -0400] "GET /robots.txt HTTP/2.0" 200 115 "-" "Mozilla/5.0 AppleWebKit/537.36 (KHTML, like Gecko; compatible; ClaudeBot/1.0; +claudebot@anthropic.com)"
216.73.216.225 - - [02/May/2026:23:44:39 -0400] "GET /wp-sitemap.xml HTTP/2.0" 200 740 "-" "Mozilla/5.0 AppleWebKit/537.36 (KHTML, like Gecko; compatible; ClaudeBot/1.0; +claudebot@anthropic.com)"
208.122.213.31 - - [02/May/2026:23:46:08 -0400] "POST /wp-cron.php?doing_wp_cron=1777779968.8148989677429199218750 HTTP/1.1" 200 - "-" "WordPress/6.2.6; https://store.terrorxxx.com"
64.227.152.124 - - [02/May/2026:23:46:08 -0400] "POST /xmlrpc.php HTTP/2.0" 200 225 "-" "Mozilla/5.0 (Macintosh; Intel Mac OS X 10_13_4) AppleWebKit/537.36 (KHTML, like Gecko) Chrome/66.0.3359.181 Safari/537.36"
208.122.213.31 - - [02/May/2026:23:47:55 -0400] "POST /wp-cron.php?doing_wp_cron=1777780075.3250160217285156250000 HTTP/1.1" 200 - "-" "WordPress/6.2.6; https://store.terrorxxx.com"
78.142.18.172 - - [02/May/2026:23:47:55 -0400] "GET /wp-login.php HTTP/2.0" 200 1921 "-" "Mozilla/5.0 (Windows NT 5.1; Win64; x64) AppleWebKit/537.36 (KHTML, like Gecko) Chrome/52.0.2743.116 Safari/537.36 Edge/15.15063"
78.142.18.172 - - [02/May/2026:23:47:55 -0400] "POST /wp-login.php HTTP/2.0" 200 2051 "https://store.terrorxxx.com/wp-login.php" "Mozilla/5.0 (Windows NT 5.1; Win64; x64) AppleWebKit/537.36 (KHTML, like Gecko) Chrome/52.0.2743.116 Safari/537.36 Edge/15.15063"
77.75.76.167 - - [02/May/2026:23:47:57 -0400] "GET /robots.txt HTTP/1.1" 200 115 "-" "Mozilla/5.0 (compatible; SeznamBot/4.0; +https://o-seznam.cz/napoveda/vyhledavani/en/seznambot-crawler/)"
77.75.76.167 - - [02/May/2026:23:47:57 -0400] "GET /sample-page/ HTTP/1.1" 200 7412 "-" "Mozilla/5.0 (compatible; SeznamBot/4.0; +https://o-seznam.cz/napoveda/vyhledavani/en/seznambot-crawler/)"
208.122.213.31 - - [02/May/2026:23:55:54 -0400] "POST /wp-cron.php?doing_wp_cron=1777780554.7728960514068603515625 HTTP/1.1" 200 - "-" "WordPress/6.2.6; https://store.terrorxxx.com"
121.200.216.56 - - [02/May/2026:23:55:54 -0400] "POST /xmlrpc.php HTTP/2.0" 200 225 "-" "Mozilla/4.0 (compatible; MSIE 7.0; Windows NT 6.2; Trident/7.0; .NET4.0E; .NET4.0C; .NET CLR 3.5.30729; .NET CLR 2.0.50727; .NET CLR 3.0.30729)"
208.122.213.31 - - [02/May/2026:23:57:37 -0400] "POST /wp-cron.php?doing_wp_cron=1777780657.1589710712432861328125 HTTP/1.1" 200 - "-" "WordPress/6.2.6; https://store.terrorxxx.com"
62.146.233.9 - - [02/May/2026:23:57:37 -0400] "GET /wp-login.php HTTP/2.0" 200 1920 "-" "Mozilla/5.0 (Windows NT 6.3; WOW64; Trident/7.0; Touch; MALNJS; rv:11.0) like Gecko"
62.146.233.9 - - [02/May/2026:23:57:38 -0400] "POST /wp-login.php HTTP/2.0" 200 2051 "https://store.terrorxxx.com/wp-login.php" "Mozilla/5.0 (Windows NT 6.3; WOW64; Trident/7.0; Touch; MALNJS; rv:11.0) like Gecko"
208.122.213.31 - - [02/May/2026:23:59:59 -0400] "POST /wp-cron.php?doing_wp_cron=1777780799.2016649246215820312500 HTTP/1.1" 200 - "-" "WordPress/6.2.6; https://store.terrorxxx.com"
198.98.59.125 - - [02/May/2026:23:59:59 -0400] "GET /wp-login.php HTTP/1.1" 200 6068 "-" "Mozilla/5.0 (Windows NT 5.1) AppleWebKit/537.36 (KHTML, like Gecko) Chrome/36.0.1985.125 Safari/537.36"
208.122.213.31 - - [03/May/2026:00:03:09 -0400] "POST /wp-cron.php?doing_wp_cron=1777780989.9196529388427734375000 HTTP/1.1" 200 - "-" "WordPress/6.2.6; https://store.terrorxxx.com"
198.98.59.125 - - [03/May/2026:00:03:09 -0400] "POST /wp-login.php HTTP/1.1" 200 6483 "-" "Mozilla/5.0 (Windows NT 5.1) AppleWebKit/537.36 (KHTML, like Gecko) Chrome/36.0.1985.125 Safari/537.36"
208.122.213.31 - - [03/May/2026:00:03:56 -0400] "POST /wp-cron.php?doing_wp_cron=1777781036.9672780036926269531250 HTTP/1.1" 200 - "-" "WordPress/6.2.6; https://store.terrorxxx.com"
139.99.25.135 - - [03/May/2026:00:03:56 -0400] "GET / HTTP/1.1" 200 31911 "-" "Mozilla/5.0 (Windows NT 10.0; WOW64) AppleWebKit/537.36 (KHTML, like Gecko) Chrome/63.0.3239.132 Safari/537.36"
208.122.213.31 - - [03/May/2026:00:17:00 -0400] "POST /wp-cron.php?doing_wp_cron=1777781820.4145019054412841796875 HTTP/1.1" 200 - "-" "WordPress/6.2.6; https://store.terrorxxx.com"
77.75.78.164 - - [03/May/2026:00:17:00 -0400] "GET /site/ HTTP/1.1" 200 6851 "-" "Mozilla/5.0 (compatible; SeznamBot/4.0; +https://o-seznam.cz/napoveda/vyhledavani/en/seznambot-crawler/)"
103.216.117.42 - - [03/May/2026:00:17:13 -0400] "POST /xmlrpc.php HTTP/2.0" 200 225 "-" "Mozilla/5.0 (Windows NT 10.0; Win64; x64) AppleWebKit/537.36 (KHTML, like Gecko) Chrome/58.0.3029.110 Safari/537.36 Edge/16.16299"
208.122.213.31 - - [03/May/2026:00:29:18 -0400] "POST /wp-cron.php?doing_wp_cron=1777782558.8434560298919677734375 HTTP/1.1" 200 - "-" "WordPress/6.2.6; https://store.terrorxxx.com"
107.6.141.106 - - [03/May/2026:00:29:18 -0400] "POST /xmlrpc.php HTTP/2.0" 200 225 "-" "Mozilla/4.0 (compatible; MSIE 7.0; Windows NT 6.2; WOW64; Trident/7.0; .NET4.0C; .NET4.0E; .NET CLR 2.0.50727; .NET CLR 3.0.30729; .NET CLR 3.5.30729; Tablet PC 2.0)"
208.122.213.31 - - [03/May/2026:00:31:33 -0400] "POST /wp-cron.php?doing_wp_cron=1777782693.4256169795989990234375 HTTP/1.1" 200 - "-" "WordPress/6.2.6; https://store.terrorxxx.com"
217.173.193.12 - - [03/May/2026:00:31:33 -0400] "GET /wp-login.php HTTP/2.0" 200 1921 "-" "Mozilla/5.0 (Windows NT 10.0; Win64; x64) AppleWebKit/537.36 (KHTML, like Gecko) Chrome/64.0.3282.168 Safari/537.36 OPR/51.0.2830.40"
217.173.193.12 - - [03/May/2026:00:31:33 -0400] "POST /wp-login.php HTTP/2.0" 200 2051 "https://store.terrorxxx.com/wp-login.php" "Mozilla/5.0 (Windows NT 10.0; Win64; x64) AppleWebKit/537.36 (KHTML, like Gecko) Chrome/64.0.3282.168 Safari/537.36 OPR/51.0.2830.40"
208.122.213.31 - - [03/May/2026:00:39:23 -0400] "POST /wp-cron.php?doing_wp_cron=1777783163.1097939014434814453125 HTTP/1.1" 200 - "-" "WordPress/6.2.6; https://store.terrorxxx.com"
50.6.7.129 - - [03/May/2026:00:39:22 -0400] "POST /xmlrpc.php HTTP/2.0" 200 225 "-" "Mozilla/4.0 (compatible; MSIE 7.0; Windows NT 6.2; WOW64; Trident/7.0; .NET4.0C; .NET4.0E; Tablet PC 2.0)"
208.122.213.31 - - [03/May/2026:00:43:53 -0400] "POST /wp-cron.php?doing_wp_cron=1777783433.1297791004180908203125 HTTP/1.1" 200 - "-" "WordPress/6.2.6; https://store.terrorxxx.com"
123.30.233.13 - - [03/May/2026:00:43:52 -0400] "GET /wp-login.php HTTP/2.0" 200 1921 "-" "Mozilla/5.0 (Macintosh; Intel Mac OS X 10_12_6) AppleWebKit/604.4.7 (KHTML, like Gecko) Version/11.0.2 Safari/604.4.7"
123.30.233.13 - - [03/May/2026:00:43:53 -0400] "POST /wp-login.php HTTP/2.0" 200 2051 "https://store.terrorxxx.com/wp-login.php" "Mozilla/5.0 (Macintosh; Intel Mac OS X 10_12_6) AppleWebKit/604.4.7 (KHTML, like Gecko) Version/11.0.2 Safari/604.4.7"
208.122.213.31 - - [03/May/2026:00:47:08 -0400] "POST /wp-cron.php?doing_wp_cron=1777783628.1936819553375244140625 HTTP/1.1" 200 - "-" "WordPress/6.2.6; https://store.terrorxxx.com"
77.75.78.164 - - [03/May/2026:00:47:08 -0400] "GET /contact/ HTTP/1.1" 200 6385 "-" "Mozilla/5.0 (compatible; SeznamBot/4.0; +https://o-seznam.cz/napoveda/vyhledavani/en/seznambot-crawler/)"
208.122.213.31 - - [03/May/2026:00:51:53 -0400] "POST /wp-cron.php?doing_wp_cron=1777783913.0546429157257080078125 HTTP/1.1" 200 - "-" "WordPress/6.2.6; https://store.terrorxxx.com"
135.236.141.8 - - [03/May/2026:00:51:52 -0400] "POST /xmlrpc.php HTTP/2.0" 200 225 "-" "Mozilla/5.0 (Macintosh; Intel Mac OS X 10_13_1) AppleWebKit/537.36 (KHTML, like Gecko) Chrome/65.0.3325.162 Safari/537.36"
208.122.213.31 - - [03/May/2026:00:54:27 -0400] "POST /wp-cron.php?doing_wp_cron=1777784067.2890760898590087890625 HTTP/1.1" 200 - "-" "WordPress/6.2.6; https://store.terrorxxx.com"
51.222.71.146 - - [03/May/2026:00:54:27 -0400] "GET /wp-login.php HTTP/2.0" 200 1921 "-" "Mozilla/5.0 (Windows NT 6.3; WOW64; Trident/7.0; MATBJS; rv:11.0) like Gecko"
51.222.71.146 - - [03/May/2026:00:54:27 -0400] "POST /wp-login.php HTTP/2.0" 200 2051 "https://store.terrorxxx.com/wp-login.php" "Mozilla/5.0 (Windows NT 6.3; WOW64; Trident/7.0; MATBJS; rv:11.0) like Gecko"
208.122.213.31 - - [03/May/2026:01:04:33 -0400] "POST /wp-cron.php?doing_wp_cron=1777784673.0996539592742919921875 HTTP/1.1" 200 - "-" "WordPress/6.2.6; https://store.terrorxxx.com"
129.121.76.191 - - [03/May/2026:01:04:32 -0400] "POST /xmlrpc.php HTTP/2.0" 200 225 "-" "Mozilla/5.0 (Macintosh; Intel Mac OS X 10_12) AppleWebKit/602.1.50 (KHTML, like Gecko) Version/10.0 Safari/602.1.50"
208.122.213.31 - - [03/May/2026:01:07:19 -0400] "POST /wp-cron.php?doing_wp_cron=1777784839.5572519302368164062500 HTTP/1.1" 200 - "-" "WordPress/6.2.6; https://store.terrorxxx.com"
50.6.6.81 - - [03/May/2026:01:07:19 -0400] "GET /wp-login.php HTTP/2.0" 200 1920 "-" "Mozilla/5.0 (Windows NT 6.2; ARM; Trident/7.0; Touch; rv:11.0; WPDesktop; NOKIA; Lumia 635) like Gecko"
50.6.6.81 - - [03/May/2026:01:07:22 -0400] "POST /wp-login.php HTTP/2.0" 200 2051 "https://store.terrorxxx.com/wp-login.php" "Mozilla/5.0 (Windows NT 6.2; ARM; Trident/7.0; Touch; rv:11.0; WPDesktop; NOKIA; Lumia 635) like Gecko"
208.122.213.31 - - [03/May/2026:01:16:53 -0400] "POST /wp-cron.php?doing_wp_cron=1777785413.2242629528045654296875 HTTP/1.1" 200 - "-" "WordPress/6.2.6; https://store.terrorxxx.com"
34.101.101.253 - - [03/May/2026:01:16:53 -0400] "POST /xmlrpc.php HTTP/2.0" 200 225 "-" "Mozilla/5.0 (Windows NT 6.1; WOW64; Trident/7.0; NP06; rv:11.0) like Gecko"
208.122.213.31 - - [03/May/2026:01:29:04 -0400] "POST /wp-cron.php?doing_wp_cron=1777786144.3952400684356689453125 HTTP/1.1" 200 - "-" "WordPress/6.2.6; https://store.terrorxxx.com"
91.227.37.60 - - [03/May/2026:01:29:04 -0400] "POST /xmlrpc.php HTTP/2.0" 200 225 "-" "Mozilla/4.0 (compatible; MSIE 7.0; Windows NT 6.2; Trident/7.0; .NET4.0C; .NET4.0E)"
208.122.213.31 - - [03/May/2026:01:41:10 -0400] "POST /wp-cron.php?doing_wp_cron=1777786870.6037459373474121093750 HTTP/1.1" 200 - "-" "WordPress/6.2.6; https://store.terrorxxx.com"
45.132.75.133 - - [03/May/2026:01:41:10 -0400] "POST /xmlrpc.php HTTP/2.0" 200 225 "-" "Mozilla/4.0 (compatible; MSIE 8.0; Windows NT 6.1; WOW64; Trident/7.0; SLCC2; .NET CLR 2.0.50727; .NET CLR 3.5.30729; .NET CLR 3.0.30729; Media Center PC 6.0; .NET4.0C; .NET4.0E)"
208.122.213.31 - - [03/May/2026:01:46:45 -0400] "POST /wp-cron.php?doing_wp_cron=1777787205.6706008911132812500000 HTTP/1.1" 200 - "-" "WordPress/6.2.6; https://store.terrorxxx.com"
85.208.96.193 - - [03/May/2026:01:46:45 -0400] "GET /robots.txt HTTP/1.1" 200 115 "-" "Mozilla/5.0 (compatible; SemrushBot/7~bl; +http://www.semrush.com/bot.html)"
85.208.96.206 - - [03/May/2026:01:46:46 -0400] "GET /contact/ HTTP/1.1" 200 6386 "-" "Mozilla/5.0 (compatible; SemrushBot/7~bl; +http://www.semrush.com/bot.html)"
216.73.217.39 - - [03/May/2026:01:46:54 -0400] "GET /robots.txt HTTP/2.0" 200 115 "-" "Mozilla/5.0 AppleWebKit/537.36 (KHTML, like Gecko; compatible; ClaudeBot/1.0; +claudebot@anthropic.com)"
