208.122.213.31 - - [30/Apr/2026:22:46:56 -0400] "POST /wp-cron.php?doing_wp_cron=1777603616.2160120010375976562500 HTTP/1.1" 200 - "-" "WordPress/6.2.6; https://store.terrorxxx.com"
134.209.113.97 - - [30/Apr/2026:22:46:56 -0400] "POST /xmlrpc.php HTTP/2.0" 200 225 "-" "Mozilla/5.0 (Windows NT 6.3; WOW64; Trident/7.0; MALNJS; rv:11.0) like Gecko"
3.93.128.70 - - [30/Apr/2026:22:47:10 -0400] "GET /robots.txt HTTP/1.1" 200 115 "-" "Mozilla/5.0 (Macintosh; Intel Mac OS X 10_10_1) AppleWebKit/600.2.5 (KHTML, like Gecko) Version/8.0.2 Safari/600.2.5 (Gort)"
208.122.213.31 - - [30/Apr/2026:22:50:40 -0400] "POST /wp-cron.php?doing_wp_cron=1777603840.2561349868774414062500 HTTP/1.1" 200 - "-" "WordPress/6.2.6; https://store.terrorxxx.com"
91.98.21.65 - - [30/Apr/2026:22:50:40 -0400] "GET /wp-login.php HTTP/2.0" 200 1919 "-" "Mozilla/5.0 (Windows NT 10.0; WOW64; Trident/7.0; Touch; MDDCJS; rv:11.0) like Gecko"
91.98.21.65 - - [30/Apr/2026:22:50:40 -0400] "POST /wp-login.php HTTP/2.0" 200 2049 "https://store.terrorxxx.com/wp-login.php" "Mozilla/5.0 (Windows NT 10.0; WOW64; Trident/7.0; Touch; MDDCJS; rv:11.0) like Gecko"
208.122.213.31 - - [30/Apr/2026:22:55:09 -0400] "POST /wp-cron.php?doing_wp_cron=1777604109.6982040405273437500000 HTTP/1.1" 200 - "-" "WordPress/6.2.6; https://store.terrorxxx.com"
91.98.21.65 - - [30/Apr/2026:22:55:09 -0400] "POST /xmlrpc.php HTTP/2.0" 200 225 "-" "Mozilla/5.0 (Windows NT 10.0; Win64; x64) AppleWebKit/537.36 (KHTML, like Gecko) Chrome/66.0.3359.139 Safari/537.36"
208.122.213.31 - - [30/Apr/2026:22:59:47 -0400] "POST /wp-cron.php?doing_wp_cron=1777604387.1244149208068847656250 HTTP/1.1" 200 - "-" "WordPress/6.2.6; https://store.terrorxxx.com"
3.70.164.132 - - [30/Apr/2026:22:59:46 -0400] "GET /wp-login.php HTTP/2.0" 200 1919 "-" "Mozilla/5.0 (Windows NT 10.0; WOW64) AppleWebKit/537.36 (KHTML, like Gecko) Chrome/66.0.3359.139 Safari/537.36"
3.70.164.132 - - [30/Apr/2026:22:59:47 -0400] "POST /wp-login.php HTTP/2.0" 200 2049 "https://store.terrorxxx.com/wp-login.php" "Mozilla/5.0 (Windows NT 10.0; WOW64) AppleWebKit/537.36 (KHTML, like Gecko) Chrome/66.0.3359.139 Safari/537.36"
208.109.241.218 - - [30/Apr/2026:23:00:07 -0400] "GET / HTTP/1.1" 200 7342 "-" "Mozilla/5.0 (X11; Linux x86_64; rv:133.0) Gecko/20100101 Firefox/133.0"
208.122.213.31 - - [30/Apr/2026:23:00:51 -0400] "POST /wp-cron.php?doing_wp_cron=1777604451.9830210208892822265625 HTTP/1.1" 200 - "-" "WordPress/6.2.6; https://store.terrorxxx.com"
208.122.213.31 - - [30/Apr/2026:23:00:51 -0400] "POST /wp-cron.php?doing_wp_cron=1777604451.9830169677734375000000 HTTP/1.1" 200 - "-" "WordPress/6.2.6; https://store.terrorxxx.com"
208.109.241.218 - - [30/Apr/2026:23:00:51 -0400] "GET /wp-json HTTP/1.1" 200 40420 "-" "Mozilla/5.0 (Macintosh; Intel Mac OS X 13_4_1) AppleWebKit/605.1.15 (KHTML, like Gecko) Version/16.5 Safari/605.1.15"
208.109.241.218 - - [30/Apr/2026:23:00:51 -0400] "GET /?rest_route=/ HTTP/1.1" 200 40420 "-" "Mozilla/5.0 (Windows; U; Windows NT 6.1; ko-KR) AppleWebKit/533.20.25 (KHTML, like Gecko) Version/5.0.4 Safari/533.20.27"
208.109.241.218 - - [30/Apr/2026:23:00:59 -0400] "POST /wp-admin/admin-ajax.php HTTP/1.1" 400 1 "-" "Mozilla/5.0 (Windows NT 10.0; rv:128.0) Gecko/20100101 Firefox/128.0"
161.115.234.132 - - [30/Apr/2026:23:01:01 -0400] "GET / HTTP/2.0" 200 7341 "https://www.google.com" "Mozilla/5.0 (Windows NT 10.0; Win64; x64) AppleWebKit/537.36 (KHTML, like Gecko) Chrome/99.0.4844.51 Safari/537.36 Edg/99.0.1150.30"
208.122.213.31 - - [30/Apr/2026:23:01:32 -0400] "POST /wp-cron.php?doing_wp_cron=1777604492.0338349342346191406250 HTTP/1.1" 200 - "-" "WordPress/6.2.6; https://store.terrorxxx.com"
161.115.239.139 - - [30/Apr/2026:23:01:31 -0400] "GET / HTTP/2.0" 200 7341 "https://www.google.com" "Mozilla/5.0 (Windows NT 10.0; Win64; x64) AppleWebKit/537.36 (KHTML, like Gecko) Chrome/99.0.4844.51 Safari/537.36 Edg/99.0.1150.30"
208.122.213.31 - - [30/Apr/2026:23:03:14 -0400] "POST /wp-cron.php?doing_wp_cron=1777604594.1218619346618652343750 HTTP/1.1" 200 - "-" "WordPress/6.2.6; https://store.terrorxxx.com"
94.23.67.41 - - [30/Apr/2026:23:03:13 -0400] "POST /xmlrpc.php HTTP/2.0" 200 225 "-" "Mozilla/5.0 (Windows NT 6.3; Win64, x64; Trident/7.0; rv:11.0) like Gecko"
208.122.213.31 - - [30/Apr/2026:23:09:27 -0400] "POST /wp-cron.php?doing_wp_cron=1777604967.8797359466552734375000 HTTP/1.1" 200 - "-" "WordPress/6.2.6; https://store.terrorxxx.com"
98.130.43.189 - - [30/Apr/2026:23:09:27 -0400] "GET /wp-login.php HTTP/2.0" 200 1919 "-" "Mozilla/5.0 (Macintosh; Intel Mac OS X 10_13_4) AppleWebKit/537.36 (KHTML, like Gecko) Chrome/67.0.3396.87 Safari/537.36"
98.130.43.189 - - [30/Apr/2026:23:09:29 -0400] "POST /wp-login.php HTTP/2.0" 200 2049 "https://store.terrorxxx.com/wp-login.php" "Mozilla/5.0 (Macintosh; Intel Mac OS X 10_13_4) AppleWebKit/537.36 (KHTML, like Gecko) Chrome/67.0.3396.87 Safari/537.36"
208.109.241.218 - - [30/Apr/2026:23:09:43 -0400] "GET /wp-content/plugins/logdash-activity-log/README.txt HTTP/1.1" 404 26379 "-" "Mozilla/5.0 (Macintosh; Intel Mac OS X 10_8_1 rv:6.0; vi-VN) AppleWebKit/535.6.1 (KHTML, like Gecko) Version/4.1 Safari/535.6.1"
208.122.213.31 - - [30/Apr/2026:23:10:59 -0400] "POST /wp-cron.php?doing_wp_cron=1777605059.8082690238952636718750 HTTP/1.1" 200 - "-" "WordPress/6.2.6; https://store.terrorxxx.com"
80.77.146.194 - - [30/Apr/2026:23:10:59 -0400] "POST /xmlrpc.php HTTP/2.0" 200 225 "-" "Mozilla/4.0 (compatible; MSIE 7.0; Windows NT 6.2; WOW64; Trident/7.0; .NET4.0C; .NET4.0E; .NET CLR 2.0.50727; .NET CLR 3.0.30729; .NET CLR 3.5.30729; InfoPath.2; Creative AutoUpdate v1.41.07)"
208.122.213.31 - - [30/Apr/2026:23:19:30 -0400] "POST /wp-cron.php?doing_wp_cron=1777605570.4691200256347656250000 HTTP/1.1" 200 - "-" "WordPress/6.2.6; https://store.terrorxxx.com"
65.254.225.233 - - [30/Apr/2026:23:19:30 -0400] "GET /wp-login.php HTTP/2.0" 200 1919 "-" "Mozilla/5.0 (Windows NT 6.2; ARM; Trident/7.0; Touch; rv:11.0; WPDesktop; NOKIA; Lumia 635) like Gecko"
65.254.225.233 - - [30/Apr/2026:23:19:30 -0400] "POST /wp-login.php HTTP/2.0" 200 2049 "https://store.terrorxxx.com/wp-login.php" "Mozilla/5.0 (Windows NT 6.2; ARM; Trident/7.0; Touch; rv:11.0; WPDesktop; NOKIA; Lumia 635) like Gecko"
208.109.241.218 - - [30/Apr/2026:23:20:21 -0400] "GET /wp-content/plugins/wp-fastest-cache/readme.txt HTTP/1.1" 404 26379 "-" "Mozilla/5.0 (ZZ; Linux i686) AppleWebKit/537.36 (KHTML, like Gecko) Chrome/130.0.0.0 Safari/537.36"
208.122.213.31 - - [30/Apr/2026:23:23:48 -0400] "POST /wp-cron.php?doing_wp_cron=1777605828.0248730182647705078125 HTTP/1.1" 200 - "-" "WordPress/6.2.6; https://store.terrorxxx.com"
208.109.241.218 - - [30/Apr/2026:23:23:47 -0400] "GET /?backup-migration=BMI_BACKUP&backup-id=../complete_logs.log HTTP/1.1" 200 7388 "-" "Mozilla/5.0 (Macintosh; Intel Mac OS X 10_15_7) AppleWebKit/537.36 (KHTML, like Gecko) Chrome/129.0.0.0 Safari/537.36"
208.122.213.31 - - [30/Apr/2026:23:27:41 -0400] "POST /wp-cron.php?doing_wp_cron=1777606061.3240180015563964843750 HTTP/1.1" 200 - "-" "WordPress/6.2.6; https://store.terrorxxx.com"
74.91.224.220 - - [30/Apr/2026:23:27:41 -0400] "GET /wp-login.php HTTP/2.0" 200 1919 "-" "Mozilla/4.0 (compatible; MSIE 7.0; Windows NT 6.2; Win64; x64; Trident/7.0; .NET4.0C; .NET4.0E; .NET CLR 2.0.50727; .NET CLR 3.0.30729; .NET CLR 3.5.30729; InfoPath.3)"
74.91.224.220 - - [30/Apr/2026:23:27:42 -0400] "POST /wp-login.php HTTP/2.0" 200 2049 "https://store.terrorxxx.com/wp-login.php" "Mozilla/4.0 (compatible; MSIE 7.0; Windows NT 6.2; Win64; x64; Trident/7.0; .NET4.0C; .NET4.0E; .NET CLR 2.0.50727; .NET CLR 3.0.30729; .NET CLR 3.5.30729; InfoPath.3)"
54.37.231.200 - - [30/Apr/2026:23:28:01 -0400] "POST /xmlrpc.php HTTP/2.0" 200 225 "-" "Mozilla/5.0 (Macintosh; Intel Mac OS X 10_12_5) AppleWebKit/603.2.4 (KHTML, like Gecko) Version/10.1.1 Safari/603.2.4"
208.122.213.31 - - [30/Apr/2026:23:33:08 -0400] "POST /wp-cron.php?doing_wp_cron=1777606388.0547120571136474609375 HTTP/1.1" 200 - "-" "WordPress/6.2.6; https://store.terrorxxx.com"
208.109.241.218 - - [30/Apr/2026:23:33:07 -0400] "GET /?rest_route=/h5vp/v1/view/1&id=1'+AND+(SELECT+1+FROM+(SELECT(SLEEP(6)))a)--+- HTTP/1.1" 404 114 "-" "Mozilla/5.0 (Ubuntu; Linux i686) AppleWebKit/537.36 (KHTML, like Gecko) Chrome/134.0.0.0 Safari/537.36"
208.122.213.31 - - [30/Apr/2026:23:37:03 -0400] "POST /wp-cron.php?doing_wp_cron=1777606623.1488940715789794921875 HTTP/1.1" 200 - "-" "WordPress/6.2.6; https://store.terrorxxx.com"
74.91.224.220 - - [30/Apr/2026:23:37:02 -0400] "POST /xmlrpc.php HTTP/2.0" 200 225 "-" "Mozilla/5.0 (Macintosh; Intel Mac OS X 10_12_6) AppleWebKit/537.36 (KHTML, like Gecko) Chrome/66.0.3359.139 Safari/537.36"
123.30.233.12 - - [30/Apr/2026:23:37:09 -0400] "GET /wp-login.php HTTP/2.0" 200 1919 "-" "Mozilla/5.0 (Macintosh; Intel Mac OS X 10_11_6) AppleWebKit/537.36 (KHTML, like Gecko) Chrome/67.0.3396.79 Safari/537.36"
123.30.233.12 - - [30/Apr/2026:23:37:10 -0400] "POST /wp-login.php HTTP/2.0" 200 2049 "https://store.terrorxxx.com/wp-login.php" "Mozilla/5.0 (Macintosh; Intel Mac OS X 10_11_6) AppleWebKit/537.36 (KHTML, like Gecko) Chrome/67.0.3396.79 Safari/537.36"
205.185.115.18 - - [30/Apr/2026:23:37:17 -0400] "GET /wp-login.php HTTP/1.1" 200 6068 "-" "Mozilla/5.0 (Macintosh; Intel Mac OS X 10_9_4 AppleWebKit/537.36 (KHTML, like Gecko) Chrome/36.0.1985.125 Safari/537.36"
205.185.115.18 - - [30/Apr/2026:23:37:19 -0400] "POST /wp-login.php HTTP/1.1" 200 6483 "-" "Mozilla/5.0 (Macintosh; Intel Mac OS X 10_9_4 AppleWebKit/537.36 (KHTML, like Gecko) Chrome/36.0.1985.125 Safari/537.36"
208.122.213.31 - - [30/Apr/2026:23:38:53 -0400] "POST /wp-cron.php?doing_wp_cron=1777606733.8530020713806152343750 HTTP/1.1" 200 - "-" "WordPress/6.2.6; https://store.terrorxxx.com"
213.180.203.126 - - [30/Apr/2026:23:38:53 -0400] "GET /robots.txt HTTP/1.1" 200 120 "-" "Mozilla/5.0 (compatible; YandexBot/3.0; +http://yandex.com/bots)"
5.255.231.183 - - [30/Apr/2026:23:38:54 -0400] "GET /product/terrorxxx-sticker/feed/ HTTP/1.1" 200 972 "-" "Mozilla/5.0 (compatible; YandexBot/3.0; +http://yandex.com/bots)"
208.122.213.31 - - [30/Apr/2026:23:40:20 -0400] "POST /wp-cron.php?doing_wp_cron=1777606820.0692529678344726562500 HTTP/1.1" 200 - "-" "WordPress/6.2.6; https://store.terrorxxx.com"
208.109.241.218 - - [30/Apr/2026:23:40:19 -0400] "GET /wp-content/plugins/my-calendar/readme.txt HTTP/1.1" 404 26379 "-" "Mozilla/5.0 (Macintosh; Intel Mac OS X 10_15_7) AppleWebKit/605.1.15 (KHTML, like Gecko) Version/16.2 Mobile/15E148 Safari/604.1"
208.122.213.31 - - [30/Apr/2026:23:46:20 -0400] "POST /wp-cron.php?doing_wp_cron=1777607180.2565190792083740234375 HTTP/1.1" 200 - "-" "WordPress/6.2.6; https://store.terrorxxx.com"
84.46.243.88 - - [30/Apr/2026:23:46:20 -0400] "POST /xmlrpc.php HTTP/2.0" 200 225 "-" "Mozilla/5.0 (Windows NT 6.1; Win64; x64; rv:60.0) Gecko/20100101 Firefox/60.0"
208.122.213.31 - - [30/Apr/2026:23:46:45 -0400] "POST /wp-cron.php?doing_wp_cron=1777607205.9401359558105468750000 HTTP/1.1" 200 - "-" "WordPress/6.2.6; https://store.terrorxxx.com"
146.59.240.216 - - [30/Apr/2026:23:46:45 -0400] "GET /wp-login.php HTTP/2.0" 200 1919 "-" "Mozilla/5.0 (Windows NT 10.0; Win64; x64) AppleWebKit/537.36 (KHTML, like Gecko) Chrome/65.0.3325.181 Safari/537.36"
146.59.240.216 - - [30/Apr/2026:23:46:46 -0400] "POST /wp-login.php HTTP/2.0" 200 2048 "https://store.terrorxxx.com/wp-login.php" "Mozilla/5.0 (Windows NT 10.0; Win64; x64) AppleWebKit/537.36 (KHTML, like Gecko) Chrome/65.0.3325.181 Safari/537.36"
208.122.213.31 - - [30/Apr/2026:23:49:42 -0400] "POST /wp-cron.php?doing_wp_cron=1777607382.0564739704132080078125 HTTP/1.1" 200 - "-" "WordPress/6.2.6; https://store.terrorxxx.com"
208.109.241.218 - - [30/Apr/2026:23:49:41 -0400] "GET /wp-content/plugins/backup-backup/readme.txt HTTP/1.1" 404 26379 "-" "Mozilla/5.0 (Ubuntu; Linux x86_64) AppleWebKit/537.36 (KHTML, like Gecko) Chrome/137.0.0.0 Safari/537.36"
208.109.241.218 - - [30/Apr/2026:23:50:10 -0400] "POST /wp-json/post-smtp/v1/connect-app HTTP/1.1" 404 114 "-" "Mozilla/5.0 (Kubuntu; Linux x86_64) AppleWebKit/537.36 (KHTML, like Gecko) Chrome/136.0.0.0 Safari/537.36"
208.109.241.218 - - [30/Apr/2026:23:50:19 -0400] "POST /wp-json/post-smtp/v1/connect-app HTTP/1.1" 404 114 "-" "Mozilla/5.0 (X11; Linux i686; rv:1.9.7.20) Gecko/ Firefox/3.6.10"
208.122.213.31 - - [30/Apr/2026:23:50:29 -0400] "POST /wp-cron.php?doing_wp_cron=1777607429.0592238903045654296875 HTTP/1.1" 200 - "-" "WordPress/6.2.6; https://store.terrorxxx.com"
208.109.241.218 - - [30/Apr/2026:23:50:28 -0400] "GET /wp-json/post-smtp/v1/get-log HTTP/1.1" 404 114 "-" "Mozilla/5.0 (Macintosh; Intel Mac OS X 10_15_7) AppleWebKit/605.1.15 (KHTML, like Gecko) Version/16.4 Safari/605.1.15"
208.122.213.31 - - [30/Apr/2026:23:55:09 -0400] "POST /wp-cron.php?doing_wp_cron=1777607709.4188981056213378906250 HTTP/1.1" 200 - "-" "WordPress/6.2.6; https://store.terrorxxx.com"
115.175.226.205 - - [30/Apr/2026:23:55:09 -0400] "POST /xmlrpc.php HTTP/2.0" 200 225 "-" "Mozilla/5.0 (Windows NT 6.1; WOW64; Trident/7.0; MDDSJS; rv:11.0) like Gecko"
208.122.213.31 - - [30/Apr/2026:23:56:38 -0400] "POST /wp-cron.php?doing_wp_cron=1777607798.3648250102996826171875 HTTP/1.1" 200 - "-" "WordPress/6.2.6; https://store.terrorxxx.com"
108.167.132.230 - - [30/Apr/2026:23:56:38 -0400] "GET /wp-login.php HTTP/2.0" 200 1919 "-" "Mozilla/4.0 (compatible; MSIE 7.0; Windows NT 10.0; WOW64; Trident/7.0; .NET4.0C; .NET4.0E; .NET CLR 2.0.50727; .NET CLR 3.0.30729; .NET CLR 3.5.30729)"
108.167.132.230 - - [30/Apr/2026:23:56:38 -0400] "POST /wp-login.php HTTP/2.0" 200 2050 "https://store.terrorxxx.com/wp-login.php" "Mozilla/4.0 (compatible; MSIE 7.0; Windows NT 10.0; WOW64; Trident/7.0; .NET4.0C; .NET4.0E; .NET CLR 2.0.50727; .NET CLR 3.0.30729; .NET CLR 3.5.30729)"
208.122.213.31 - - [30/Apr/2026:23:59:11 -0400] "POST /wp-cron.php?doing_wp_cron=1777607951.0762660503387451171875 HTTP/1.1" 200 - "-" "WordPress/6.2.6; https://store.terrorxxx.com"
208.109.241.218 - - [30/Apr/2026:23:59:10 -0400] "GET /?__wpdmxp=%27][/wpdm_package][wpdm_all_packages][wpdm_package%20id=%27 HTTP/1.1" 200 7386 "-" "Mozilla/5.0 (X11; Linux i686) AppleWebKit/537.36 (KHTML, like Gecko) Chrome/142.0.0.0 Safari/537.36"
208.122.213.31 - - [01/May/2026:00:05:03 -0400] "POST /wp-cron.php?doing_wp_cron=1777608303.4548571109771728515625 HTTP/1.1" 200 - "-" "WordPress/6.2.6; https://store.terrorxxx.com"
142.93.215.41 - - [01/May/2026:00:05:03 -0400] "POST /xmlrpc.php HTTP/2.0" 200 225 "-" "Mozilla/5.0 (Windows NT 6.3; Win64; x64; Trident/7.0; MATBJS; rv:11.0) like Gecko"
208.109.191.182 - - [01/May/2026:00:05:14 -0400] "GET /wp-login.php HTTP/2.0" 200 1919 "-" "Mozilla/4.0 (compatible; MSIE 7.0; Windows NT 6.2; WOW64; Trident/7.0; .NET4.0E; .NET4.0C)"
208.109.191.182 - - [01/May/2026:00:05:14 -0400] "POST /wp-login.php HTTP/2.0" 200 2049 "https://store.terrorxxx.com/wp-login.php" "Mozilla/4.0 (compatible; MSIE 7.0; Windows NT 6.2; WOW64; Trident/7.0; .NET4.0E; .NET4.0C)"
208.122.213.31 - - [01/May/2026:00:06:59 -0400] "POST /wp-cron.php?doing_wp_cron=1777608419.2987198829650878906250 HTTP/1.1" 200 - "-" "WordPress/6.2.6; https://store.terrorxxx.com"
213.180.203.127 - - [01/May/2026:00:06:59 -0400] "GET /robots.txt HTTP/1.1" 200 120 "-" "Mozilla/5.0 (compatible; YandexBot/3.0; +http://yandex.com/bots)"
213.180.203.149 - - [01/May/2026:00:07:00 -0400] "GET /wp-json/wp/v2/pages/162 HTTP/1.1" 200 633 "-" "Mozilla/5.0 (compatible; YandexBot/3.0; +http://yandex.com/bots)"
208.122.213.31 - - [01/May/2026:00:14:29 -0400] "POST /wp-cron.php?doing_wp_cron=1777608869.5071361064910888671875 HTTP/1.1" 200 - "-" "WordPress/6.2.6; https://store.terrorxxx.com"
167.71.226.156 - - [01/May/2026:00:14:29 -0400] "POST /xmlrpc.php HTTP/2.0" 200 225 "-" "Mozilla/4.0 (compatible; MSIE 7.0; Windows NT 6.2; WOW64; Trident/7.0; .NET4.0E; .NET4.0C; Tablet PC 2.0; .NET CLR 3.5.30729; .NET CLR 2.0.50727; .NET CLR 3.0.30729; McAfee; LCJB)"
143.110.186.107 - - [01/May/2026:00:14:49 -0400] "GET /wp-login.php HTTP/2.0" 200 1919 "-" "Mozilla/4.0 (compatible; MSIE 7.0; Windows NT 6.1; WOW64; Trident/7.0; SLCC2; .NET CLR 2.0.50727; .NET CLR 3.5.30729; .NET CLR 3.0.30729; .NET CLR 1.1.4322; .NET4.0C; .NET4.0E)"
143.110.186.107 - - [01/May/2026:00:14:50 -0400] "POST /wp-login.php HTTP/2.0" 200 2049 "https://store.terrorxxx.com/wp-login.php" "Mozilla/4.0 (compatible; MSIE 7.0; Windows NT 6.1; WOW64; Trident/7.0; SLCC2; .NET CLR 2.0.50727; .NET CLR 3.5.30729; .NET CLR 3.0.30729; .NET CLR 1.1.4322; .NET4.0C; .NET4.0E)"
208.109.241.218 - - [01/May/2026:00:18:59 -0400] "GET /wp-content/uploads/wp-clone/wpclone_backup/database.sql HTTP/1.1" 404 196 "-" "Mozilla/5.0 (Kubuntu; Linux i686) AppleWebKit/537.36 (KHTML, like Gecko) Chrome/142.0.0.0 Safari/537.36"
208.122.213.31 - - [01/May/2026:00:22:58 -0400] "POST /wp-cron.php?doing_wp_cron=1777609378.7165179252624511718750 HTTP/1.1" 200 - "-" "WordPress/6.2.6; https://store.terrorxxx.com"
20.53.91.161 - - [01/May/2026:00:22:58 -0400] "POST /xmlrpc.php HTTP/2.0" 200 225 "-" "Mozilla/5.0 (Macintosh; Intel Mac OS X 10_11_6) AppleWebKit/537.36 (KHTML, like Gecko) Chrome/66.0.3359.139 Safari/537.36"
208.122.213.31 - - [01/May/2026:00:24:15 -0400] "POST /wp-cron.php?doing_wp_cron=1777609455.7100698947906494140625 HTTP/1.1" 200 - "-" "WordPress/6.2.6; https://store.terrorxxx.com"
199.203.54.15 - - [01/May/2026:00:24:15 -0400] "GET /wp-login.php HTTP/2.0" 200 1920 "-" "Mozilla/5.0 (Macintosh; Intel Mac OS X 10_13_4) AppleWebKit/537.36 (KHTML, like Gecko) Chrome/66.0.3359.139 Safari/537.36"
199.203.54.15 - - [01/May/2026:00:24:15 -0400] "POST /wp-login.php HTTP/2.0" 200 2049 "https://store.terrorxxx.com/wp-login.php" "Mozilla/5.0 (Macintosh; Intel Mac OS X 10_13_4) AppleWebKit/537.36 (KHTML, like Gecko) Chrome/66.0.3359.139 Safari/537.36"
208.122.213.31 - - [01/May/2026:00:30:41 -0400] "POST /wp-cron.php?doing_wp_cron=1777609841.1512689590454101562500 HTTP/1.1" 200 - "-" "WordPress/6.2.6; https://store.terrorxxx.com"
208.109.241.218 - - [01/May/2026:00:30:40 -0400] "GET /?p=1 HTTP/1.1" 404 26379 "-" "Mozilla/5.0 (Macintosh; Intel Mac OS X 10_15_6) AppleWebKit/605.1.15 (KHTML, like Gecko) Version/15.6.7 Safari/605.1.15"
103.121.26.217 - - [01/May/2026:00:31:21 -0400] "POST /xmlrpc.php HTTP/2.0" 200 225 "-" "Mozilla/4.0 (compatible; MSIE 7.0; Windows NT 6.1; Win64; x64; Trident/7.0; .NET CLR 2.0.50727; SLCC2; .NET CLR 3.5.30729; .NET CLR 3.0.30729; Media Center PC 6.0; .NET4.0C; .NET4.0E; Tablet PC 2.0)"
208.122.213.31 - - [01/May/2026:00:33:57 -0400] "POST /wp-cron.php?doing_wp_cron=1777610037.7626879215240478515625 HTTP/1.1" 200 - "-" "WordPress/6.2.6; https://store.terrorxxx.com"
173.236.218.69 - - [01/May/2026:00:33:57 -0400] "GET /wp-login.php HTTP/2.0" 200 1919 "-" "Mozilla/5.0 (Windows NT 10.0; WOW64; Trident/7.0; yie11; rv:11.0) like Gecko"
173.236.218.69 - - [01/May/2026:00:33:58 -0400] "POST /wp-login.php HTTP/2.0" 200 2050 "https://store.terrorxxx.com/wp-login.php" "Mozilla/5.0 (Windows NT 10.0; WOW64; Trident/7.0; yie11; rv:11.0) like Gecko"
208.122.213.31 - - [01/May/2026:00:43:43 -0400] "POST /wp-cron.php?doing_wp_cron=1777610623.9325540065765380859375 HTTP/1.1" 200 - "-" "WordPress/6.2.6; https://store.terrorxxx.com"
86.125.136.144 - - [01/May/2026:00:43:43 -0400] "GET /wp-login.php HTTP/2.0" 200 1918 "-" "Mozilla/5.0 (Windows NT 6.3; Win64; x64; Trident/7.0; Touch; rv:11.0) like Gecko"
86.125.136.144 - - [01/May/2026:00:43:44 -0400] "POST /wp-login.php HTTP/2.0" 200 2050 "https://store.terrorxxx.com/wp-login.php" "Mozilla/5.0 (Windows NT 6.3; Win64; x64; Trident/7.0; Touch; rv:11.0) like Gecko"
208.109.241.218 - - [01/May/2026:00:47:12 -0400] "GET /wp-content/plugins/wp-file-manager/readme.txt HTTP/1.1" 200 4565 "-" "Mozilla/5.0 (CentOS; Linux i686) AppleWebKit/537.36 (KHTML, like Gecko) Chrome/139.0.0.0 Safari/537.36"
208.122.213.31 - - [01/May/2026:00:50:32 -0400] "POST /wp-cron.php?doing_wp_cron=1777611032.1514201164245605468750 HTTP/1.1" 200 - "-" "WordPress/6.2.6; https://store.terrorxxx.com"
77.75.78.164 - - [01/May/2026:00:50:31 -0400] "GET /site/ HTTP/1.1" 200 6853 "-" "Mozilla/5.0 (compatible; SeznamBot/4.0; +https://o-seznam.cz/napoveda/vyhledavani/en/seznambot-crawler/)"
208.122.213.31 - - [01/May/2026:00:52:02 -0400] "POST /wp-cron.php?doing_wp_cron=1777611122.9532759189605712890625 HTTP/1.1" 200 - "-" "WordPress/6.2.6; https://store.terrorxxx.com"
103.1.236.227 - - [01/May/2026:00:52:02 -0400] "POST /xmlrpc.php HTTP/2.0" 200 225 "-" "Mozilla/5.0 (Windows NT 6.3; Win64; x64) AppleWebKit/537.36 (KHTML, like Gecko) Chrome/66.0.3359.181 Safari/537.36"
208.122.213.31 - - [01/May/2026:00:53:24 -0400] "POST /wp-cron.php?doing_wp_cron=1777611204.2024118900299072265625 HTTP/1.1" 200 - "-" "WordPress/6.2.6; https://store.terrorxxx.com"
185.151.196.205 - - [01/May/2026:00:53:24 -0400] "GET /wp-login.php HTTP/2.0" 200 1920 "-" "Mozilla/5.0 (Windows NT 10.0; WOW64) AppleWebKit/537.36 (KHTML, like Gecko) Chrome/64.0.3282.186 Safari/537.36 OPR/51.0.2830.55"
185.151.196.205 - - [01/May/2026:00:53:24 -0400] "POST /wp-login.php HTTP/2.0" 200 2050 "https://store.terrorxxx.com/wp-login.php" "Mozilla/5.0 (Windows NT 10.0; WOW64) AppleWebKit/537.36 (KHTML, like Gecko) Chrome/64.0.3282.186 Safari/537.36 OPR/51.0.2830.55"
208.122.213.31 - - [01/May/2026:00:59:51 -0400] "POST /wp-cron.php?doing_wp_cron=1777611591.2281239032745361328125 HTTP/1.1" 200 - "-" "WordPress/6.2.6; https://store.terrorxxx.com"
208.109.241.218 - - [01/May/2026:00:59:51 -0400] "GET /wp-json/collapsing-categories/v1/get?showPosts=1&taxonomy=category%27%29+AND+(SELECT+1+FROM+(SELECT(SLEEP(8)))a)--+- HTTP/1.1" 404 114 "-" "Mozilla/5.0 (X11; Linux x86_64) AppleWebKit/537.36 (KHTML, like Gecko) Chrome/140.0.0.0 Safari/537.36"
208.122.213.31 - - [01/May/2026:01:00:41 -0400] "POST /wp-cron.php?doing_wp_cron=1777611641.8794019222259521484375 HTTP/1.1" 200 - "-" "WordPress/6.2.6; https://store.terrorxxx.com"
216.73.216.78 - - [01/May/2026:01:00:41 -0400] "GET /robots.txt HTTP/2.0" 200 115 "-" "Mozilla/5.0 AppleWebKit/537.36 (KHTML, like Gecko; compatible; ClaudeBot/1.0; +claudebot@anthropic.com)"
216.73.216.78 - - [01/May/2026:01:00:41 -0400] "GET /wp-sitemap.xml HTTP/2.0" 200 740 "-" "Mozilla/5.0 AppleWebKit/537.36 (KHTML, like Gecko; compatible; ClaudeBot/1.0; +claudebot@anthropic.com)"
208.122.213.31 - - [01/May/2026:01:02:03 -0400] "POST /wp-cron.php?doing_wp_cron=1777611723.7643029689788818359375 HTTP/1.1" 200 - "-" "WordPress/6.2.6; https://store.terrorxxx.com"
155.212.135.191 - - [01/May/2026:01:02:03 -0400] "POST /xmlrpc.php HTTP/2.0" 200 225 "-" "Mozilla/5.0 (Windows NT 6.1) AppleWebKit/537.36 (KHTML, like Gecko) Chrome/67.0.3396.79 Safari/537.36"
208.122.213.31 - - [01/May/2026:01:03:29 -0400] "POST /wp-cron.php?doing_wp_cron=1777611809.5530579090118408203125 HTTP/1.1" 200 - "-" "WordPress/6.2.6; https://store.terrorxxx.com"
177.11.54.244 - - [01/May/2026:01:03:29 -0400] "GET /wp-login.php HTTP/2.0" 200 1920 "-" "Mozilla/5.0 (Windows NT 10.0; WOW64; Trident/7.0; MDDSJS; rv:11.0) like Gecko"
208.122.213.31 - - [01/May/2026:01:06:40 -0400] "POST /wp-cron.php?doing_wp_cron=1777612000.1356599330902099609375 HTTP/1.1" 200 - "-" "WordPress/6.2.6; https://store.terrorxxx.com"
128.241.254.194 - - [01/May/2026:01:06:39 -0400] "POST /wp-admin/admin-ajax.php?image_id=123 HTTP/1.1" 400 1 "-" "Mozilla/5.0 (Windows NT 6.1; rv:33.0) Gecko/20100101 Firefox/33.0"
208.122.213.31 - - [01/May/2026:01:11:23 -0400] "POST /wp-cron.php?doing_wp_cron=1777612283.1913719177246093750000 HTTP/1.1" 200 - "-" "WordPress/6.2.6; https://store.terrorxxx.com"
208.109.241.218 - - [01/May/2026:01:11:23 -0400] "GET / HTTP/1.1" 200 7341 "-" "Mozilla/5.0 (Windows NT 10.0; rv:140.0) Gecko/20100101 Firefox/140.0"
208.122.213.31 - - [01/May/2026:01:11:59 -0400] "POST /wp-cron.php?doing_wp_cron=1777612319.6382279396057128906250 HTTP/1.1" 200 - "-" "WordPress/6.2.6; https://store.terrorxxx.com"
177.11.54.244 - - [01/May/2026:01:11:59 -0400] "POST /xmlrpc.php HTTP/2.0" 200 225 "-" "Mozilla/5.0 (Windows NT 6.1; Win64; x64) AppleWebKit/537.36 (KHTML, like Gecko) Chrome/66.0.3359.170 Safari/537.36 OPR/53.0.2907.68"
208.122.213.31 - - [01/May/2026:01:15:23 -0400] "POST /wp-cron.php?doing_wp_cron=1777612523.0582690238952636718750 HTTP/1.1" 200 - "-" "WordPress/6.2.6; https://store.terrorxxx.com"
77.75.77.109 - - [01/May/2026:01:15:22 -0400] "GET /sample-page/ HTTP/1.1" 200 7412 "-" "Mozilla/5.0 (compatible; SeznamBot/4.0; +https://o-seznam.cz/napoveda/vyhledavani/en/seznambot-crawler/)"
208.109.241.218 - - [01/May/2026:01:17:49 -0400] "GET /wp-content/uploads/jetbackup/ HTTP/1.1" 404 196 "-" "Mozilla/5.0 (Macintosh; Intel Mac OS X 10_16) AppleWebKit/605.1.15 (KHTML, like Gecko) Version/14.0.3 Safari/605.1.15"
208.122.213.31 - - [01/May/2026:01:20:27 -0400] "POST /wp-cron.php?doing_wp_cron=1777612827.4750220775604248046875 HTTP/1.1" 200 - "-" "WordPress/6.2.6; https://store.terrorxxx.com"
104.210.140.131 - - [01/May/2026:01:20:27 -0400] "GET /robots.txt HTTP/2.0" 200 115 "-" "Mozilla/5.0 (Macintosh; Intel Mac OS X 10_15_7) AppleWebKit/537.36 (KHTML, like Gecko) Chrome/131.0.0.0 Safari/537.36; compatible; OAI-SearchBot/1.0; +https://openai.com/searchbot"
208.122.213.31 - - [01/May/2026:01:21:54 -0400] "POST /wp-cron.php?doing_wp_cron=1777612914.5282959938049316406250 HTTP/1.1" 200 - "-" "WordPress/6.2.6; https://store.terrorxxx.com"
199.203.54.15 - - [01/May/2026:01:21:54 -0400] "POST /xmlrpc.php HTTP/2.0" 200 225 "-" "Mozilla/4.0 (compatible; MSIE 7.0; Windows NT 10.0; WOW64; Trident/7.0; .NET4.0C; .NET4.0E)"
208.109.241.218 - - [01/May/2026:01:22:05 -0400] "GET /wp-content/uploads/ HTTP/1.1" 403 199 "-" "Mozilla/5.0 (Windows; U; Windows NT 6.1; en-US) AppleWebKit/533.19.4 (KHTML, like Gecko) Version/5.0.2 Safari/533.18.5"
208.109.241.218 - - [01/May/2026:01:22:11 -0400] "GET /blog/wp-content/uploads/ HTTP/1.1" 404 26379 "-" "Mozilla/5.0 (Windows NT 10.0; Win64; x64) AppleWebKit/537.36 (KHTML, like Gecko) Chrome/58.0.3029.110 Safari/537.3"
208.109.241.218 - - [01/May/2026:01:22:17 -0400] "GET /wordpress/wp-content/uploads/ HTTP/1.1" 404 26379 "-" "Mozilla/5.0 (Debian; Linux i686) AppleWebKit/537.36 (KHTML, like Gecko) Chrome/136.0.0.0 Safari/537.36"
208.109.241.218 - - [01/May/2026:01:22:23 -0400] "GET /wp/wp-content/uploads/ HTTP/1.1" 404 26379 "-" "Mozilla/5.0 (Macintosh; Intel Mac OS X 10_15_7) AppleWebKit/605.1.15 (KHTML, like Gecko) Version/14.0.3 Safari/605.1.15"
91.98.21.65 - - [01/May/2026:01:22:23 -0400] "GET /wp-login.php HTTP/2.0" 200 1919 "-" "Mozilla/5.0 (Windows NT 10.0; WOW64; Trident/7.0; ASJB; rv:11.0) like Gecko"
91.98.21.65 - - [01/May/2026:01:22:23 -0400] "POST /wp-login.php HTTP/2.0" 200 2050 "https://store.terrorxxx.com/wp-login.php" "Mozilla/5.0 (Windows NT 10.0; WOW64; Trident/7.0; ASJB; rv:11.0) like Gecko"
208.122.213.31 - - [01/May/2026:01:22:56 -0400] "POST /wp-cron.php?doing_wp_cron=1777612976.8057949542999267578125 HTTP/1.1" 200 - "-" "WordPress/6.2.6; https://store.terrorxxx.com"
185.191.171.7 - - [01/May/2026:01:22:56 -0400] "GET /robots.txt HTTP/1.1" 200 115 "-" "Mozilla/5.0 (compatible; SemrushBot/7~bl; +http://www.semrush.com/bot.html)"
185.191.171.19 - - [01/May/2026:01:22:56 -0400] "GET /author/admin/ HTTP/1.1" 200 6527 "-" "Mozilla/5.0 (compatible; SemrushBot/7~bl; +http://www.semrush.com/bot.html)"
208.122.213.31 - - [01/May/2026:01:27:09 -0400] "POST /wp-cron.php?doing_wp_cron=1777613229.1469449996948242187500 HTTP/1.1" 200 - "-" "WordPress/6.2.6; https://store.terrorxxx.com"
134.255.238.95 - - [01/May/2026:01:27:08 -0400] "GET / HTTP/1.1" 200 7350 "" "Mozilla/5.0 (compatible; Googlebot/2.1; +http://www.google.com/bot.html)"
134.255.238.77 - - [01/May/2026:01:27:09 -0400] "GET /cart/ HTTP/2.0" 200 7729 "" "Mozilla/5.0 (compatible; Googlebot/2.1; +http://www.google.com/bot.html)"
134.255.238.108 - - [01/May/2026:01:27:10 -0400] "GET / HTTP/2.0" 200 7342 "" "Mozilla/5.0 (compatible; Googlebot/2.1; +http://www.google.com/bot.html)"
134.255.238.97 - - [01/May/2026:01:27:11 -0400] "GET / HTTP/2.0" 200 7342 "" "Mozilla/5.0 (compatible; Googlebot/2.1; +http://www.google.com/bot.html)"
134.255.238.82 - - [01/May/2026:01:27:12 -0400] "GET /product/terrorxxx-sticker/ HTTP/2.0" 200 8705 "" "Mozilla/5.0 (compatible; Googlebot/2.1; +http://www.google.com/bot.html)"
134.255.238.91 - - [01/May/2026:01:27:12 -0400] "GET /product/terrorxxx-tshirt/ HTTP/2.0" 200 9355 "" "Mozilla/5.0 (compatible; Googlebot/2.1; +http://www.google.com/bot.html)"
134.255.238.107 - - [01/May/2026:01:27:13 -0400] "GET / HTTP/1.1" 200 7349 "" "Mozilla/5.0 (compatible; Googlebot/2.1; +http://www.google.com/bot.html)"
134.255.238.99 - - [01/May/2026:01:27:14 -0400] "GET /home/ HTTP/2.0" 200 6770 "" "Mozilla/5.0 (compatible; Googlebot/2.1; +http://www.google.com/bot.html)"
134.255.238.103 - - [01/May/2026:01:27:15 -0400] "GET /product-category/stickers/ HTTP/2.0" 200 6733 "" "Mozilla/5.0 (compatible; Googlebot/2.1; +http://www.google.com/bot.html)"
134.255.238.108 - - [01/May/2026:01:27:16 -0400] "GET /product/terrorxxx-sticker/ HTTP/2.0" 200 8705 "" "Mozilla/5.0 (compatible; Googlebot/2.1; +http://www.google.com/bot.html)"
134.255.238.74 - - [01/May/2026:01:27:16 -0400] "GET /product/terrorxxx-sticker/ HTTP/2.0" 200 8705 "" "Mozilla/5.0 (compatible; Googlebot/2.1; +http://www.google.com/bot.html)"
134.255.238.78 - - [01/May/2026:01:27:17 -0400] "GET /product/terrorxxx-sticker/ HTTP/2.0" 200 8706 "" "Mozilla/5.0 (compatible; Googlebot/2.1; +http://www.google.com/bot.html)"
134.255.238.92 - - [01/May/2026:01:27:18 -0400] "GET /wp-comments-post.php HTTP/2.0" 405 - "" "Mozilla/5.0 (compatible; Googlebot/2.1; +http://www.google.com/bot.html)"
134.255.238.76 - - [01/May/2026:01:27:18 -0400] "GET /product-category/clothing/ HTTP/2.0" 200 6735 "" "Mozilla/5.0 (compatible; Googlebot/2.1; +http://www.google.com/bot.html)"
134.255.238.102 - - [01/May/2026:01:27:19 -0400] "GET /wp-content/uploads/2019/02/IMG_1092.jpeg HTTP/2.0" 200 101244 "" "Mozilla/5.0 (compatible; Googlebot/2.1; +http://www.google.com/bot.html)"
134.255.238.75 - - [01/May/2026:01:27:20 -0400] "GET /product/terrorxxx-tshirt/ HTTP/2.0" 200 9354 "" "Mozilla/5.0 (compatible; Googlebot/2.1; +http://www.google.com/bot.html)"
134.255.238.83 - - [01/May/2026:01:27:21 -0400] "GET /product/terrorxxx-tshirt/ HTTP/2.0" 200 9355 "" "Mozilla/5.0 (compatible; Googlebot/2.1; +http://www.google.com/bot.html)"
134.255.238.110 - - [01/May/2026:01:27:22 -0400] "GET /product/terrorxxx-tshirt/ HTTP/2.0" 200 9355 "" "Mozilla/5.0 (compatible; Googlebot/2.1; +http://www.google.com/bot.html)"
134.255.238.89 - - [01/May/2026:01:27:23 -0400] "GET /product/terrorxxx-tshirt/ HTTP/2.0" 200 9355 "" "Mozilla/5.0 (compatible; Googlebot/2.1; +http://www.google.com/bot.html)"
208.122.213.31 - - [01/May/2026:01:29:15 -0400] "POST /wp-cron.php?doing_wp_cron=1777613355.1139209270477294921875 HTTP/1.1" 200 - "-" "WordPress/6.2.6; https://store.terrorxxx.com"
134.255.238.76 - - [01/May/2026:01:29:14 -0400] "GET / HTTP/1.1" 200 7349 "store.terrorxxx.com" "Mozilla/5.0 (compatible; Googlebot/2.1; +http://www.google.com/bot.html)"
208.122.213.31 - - [01/May/2026:01:32:35 -0400] "POST /wp-cron.php?doing_wp_cron=1777613555.8905930519104003906250 HTTP/1.1" 200 - "-" "WordPress/6.2.6; https://store.terrorxxx.com"
162.241.2.148 - - [01/May/2026:01:32:35 -0400] "GET /wp-login.php HTTP/2.0" 200 1920 "-" "Mozilla/5.0 (Macintosh; Intel Mac OS X 10_12) AppleWebKit/602.1.50 (KHTML, like Gecko) Version/10.0 Safari/602.1.50"
162.241.2.148 - - [01/May/2026:01:32:38 -0400] "POST /wp-login.php HTTP/2.0" 200 2050 "https://store.terrorxxx.com/wp-login.php" "Mozilla/5.0 (Macintosh; Intel Mac OS X 10_12) AppleWebKit/602.1.50 (KHTML, like Gecko) Version/10.0 Safari/602.1.50"
128.241.254.194 - - [01/May/2026:01:32:43 -0400] "GET /wp-content/plugins/wp-autosuggest/autosuggest.php?wpas_action=query&wpas_keys=1%27%29%2F%2A%2A%2FAND%2F%2A%2A%2F%28SELECT%2F%2A%2A%2F5202%2F%2A%2A%2FFROM%2F%2A%2A%2F%28SELECT%28SLEEP%286%29%29%29yRVR%29%2F%2A%2A%2FAND%2F%2A%2A%2F%28%27dwQZ%27%2F%2A%2A%2FLIKE%2F%2A%2A%2F%27dwQZ HTTP/1.1" 404 26379 "-" "Mozilla/5.0 (Macintosh; U; Intel Mac OS X 10_6_2; en-us) AppleWebKit/531.21.8 (KHTML, like Gecko) Version/4.0.4 Safari/531.21.10"
208.122.213.31 - - [01/May/2026:01:33:49 -0400] "POST /wp-cron.php?doing_wp_cron=1777613628.9993460178375244140625 HTTP/1.1" 200 - "-" "WordPress/6.2.6; https://store.terrorxxx.com"
134.255.238.98 - - [01/May/2026:01:33:48 -0400] "GET / HTTP/2.0" 200 7342 "" "Mozilla/5.0 (compatible; Googlebot/2.1; +http://www.google.com/bot.html)"
134.255.238.114 - - [01/May/2026:01:34:14 -0400] "GET /cart/ HTTP/2.0" 200 7729 "" "Mozilla/5.0 (compatible; Googlebot/2.1; +http://www.google.com/bot.html)"
134.255.238.89 - - [01/May/2026:01:34:15 -0400] "GET / HTTP/2.0" 200 7342 "" "Mozilla/5.0 (compatible; Googlebot/2.1; +http://www.google.com/bot.html)"
134.255.238.83 - - [01/May/2026:01:34:16 -0400] "GET /product/terrorxxx-sticker/ HTTP/2.0" 200 8705 "" "Mozilla/5.0 (compatible; Googlebot/2.1; +http://www.google.com/bot.html)"
134.255.238.99 - - [01/May/2026:01:34:17 -0400] "GET /product/terrorxxx-tshirt/ HTTP/2.0" 200 9354 "" "Mozilla/5.0 (compatible; Googlebot/2.1; +http://www.google.com/bot.html)"
208.122.213.31 - - [01/May/2026:01:34:34 -0400] "POST /wp-cron.php?doing_wp_cron=1777613674.0753479003906250000000 HTTP/1.1" 200 - "-" "WordPress/6.2.6; https://store.terrorxxx.com"
134.255.238.104 - - [01/May/2026:01:34:33 -0400] "GET /home/ HTTP/2.0" 200 6769 "" "Mozilla/5.0 (compatible; Googlebot/2.1; +http://www.google.com/bot.html)"
134.255.238.80 - - [01/May/2026:01:34:34 -0400] "GET /product-category/stickers/ HTTP/2.0" 200 6734 "" "Mozilla/5.0 (compatible; Googlebot/2.1; +http://www.google.com/bot.html)"
134.255.238.102 - - [01/May/2026:01:34:35 -0400] "GET /product/terrorxxx-sticker/ HTTP/2.0" 200 8703 "" "Mozilla/5.0 (compatible; Googlebot/2.1; +http://www.google.com/bot.html)"
134.255.238.85 - - [01/May/2026:01:34:36 -0400] "GET /product/terrorxxx-sticker/ HTTP/2.0" 200 8705 "" "Mozilla/5.0 (compatible; Googlebot/2.1; +http://www.google.com/bot.html)"
134.255.238.119 - - [01/May/2026:01:34:36 -0400] "GET /product/terrorxxx-sticker/ HTTP/2.0" 200 8705 "" "Mozilla/5.0 (compatible; Googlebot/2.1; +http://www.google.com/bot.html)"
134.255.238.98 - - [01/May/2026:01:34:37 -0400] "GET /wp-comments-post.php HTTP/2.0" 405 - "" "Mozilla/5.0 (compatible; Googlebot/2.1; +http://www.google.com/bot.html)"
134.255.238.71 - - [01/May/2026:01:34:37 -0400] "GET /product-category/clothing/ HTTP/2.0" 200 6734 "" "Mozilla/5.0 (compatible; Googlebot/2.1; +http://www.google.com/bot.html)"
134.255.238.110 - - [01/May/2026:01:34:38 -0400] "GET /wp-content/uploads/2019/02/IMG_1092.jpeg HTTP/2.0" 200 101244 "" "Mozilla/5.0 (compatible; Googlebot/2.1; +http://www.google.com/bot.html)"
134.255.238.111 - - [01/May/2026:01:34:39 -0400] "GET /product/terrorxxx-tshirt/ HTTP/2.0" 200 9354 "" "Mozilla/5.0 (compatible; Googlebot/2.1; +http://www.google.com/bot.html)"
134.255.238.100 - - [01/May/2026:01:34:39 -0400] "GET /product/terrorxxx-tshirt/ HTTP/2.0" 200 9356 "" "Mozilla/5.0 (compatible; Googlebot/2.1; +http://www.google.com/bot.html)"
134.255.238.109 - - [01/May/2026:01:34:40 -0400] "GET /product/terrorxxx-tshirt/ HTTP/2.0" 200 9355 "" "Mozilla/5.0 (compatible; Googlebot/2.1; +http://www.google.com/bot.html)"
134.255.238.102 - - [01/May/2026:01:34:41 -0400] "GET /product/terrorxxx-tshirt/ HTTP/2.0" 200 9356 "" "Mozilla/5.0 (compatible; Googlebot/2.1; +http://www.google.com/bot.html)"
208.122.213.31 - - [01/May/2026:01:42:01 -0400] "POST /wp-cron.php?doing_wp_cron=1777614121.2471790313720703125000 HTTP/1.1" 200 - "-" "WordPress/6.2.6; https://store.terrorxxx.com"
208.109.241.218 - - [01/May/2026:01:42:01 -0400] "GET / HTTP/1.1" 200 7341 "-" "Mozilla/5.0 (Kubuntu; Linux x86_64) AppleWebKit/537.36 (KHTML, like Gecko) Chrome/128.0.0.0 Safari/537.36"
178.33.160.136 - - [01/May/2026:01:42:14 -0400] "POST /xmlrpc.php HTTP/2.0" 200 225 "-" "Mozilla/5.0 (Windows NT 5.1; Win64; x64) AppleWebKit/537.36 (KHTML, like Gecko) Chrome/66.0.3359.117 Safari/537.36"
208.122.213.31 - - [01/May/2026:01:42:39 -0400] "POST /wp-cron.php?doing_wp_cron=1777614159.6806890964508056640625 HTTP/1.1" 200 - "-" "WordPress/6.2.6; https://store.terrorxxx.com"
95.217.64.115 - - [01/May/2026:01:42:39 -0400] "GET /wp-login.php HTTP/2.0" 200 1920 "-" "Mozilla/5.0 (Windows NT 6.1; WOW64; Trident/7.0; NP06; rv:11.0) like Gecko"
95.217.64.115 - - [01/May/2026:01:42:40 -0400] "POST /wp-login.php HTTP/2.0" 200 2049 "https://store.terrorxxx.com/wp-login.php" "Mozilla/5.0 (Windows NT 6.1; WOW64; Trident/7.0; NP06; rv:11.0) like Gecko"
208.122.213.31 - - [01/May/2026:01:51:19 -0400] "POST /wp-cron.php?doing_wp_cron=1777614679.3426339626312255859375 HTTP/1.1" 200 - "-" "WordPress/6.2.6; https://store.terrorxxx.com"
80.77.146.194 - - [01/May/2026:01:51:19 -0400] "POST /xmlrpc.php HTTP/2.0" 200 225 "-" "Mozilla/5.0 (Windows NT 10.0; WOW64; Trident/7.0; ASTE; rv:11.0) like Gecko"
208.122.213.31 - - [01/May/2026:01:52:15 -0400] "POST /wp-cron.php?doing_wp_cron=1777614735.1206390857696533203125 HTTP/1.1" 200 - "-" "WordPress/6.2.6; https://store.terrorxxx.com"
86.125.136.144 - - [01/May/2026:01:52:14 -0400] "GET /wp-login.php HTTP/2.0" 200 1920 "-" "Mozilla/4.0 (compatible; MSIE 7.0; Windows NT 6.2; Trident/7.0; .NET4.0C; .NET4.0E)"
86.125.136.144 - - [01/May/2026:01:52:15 -0400] "POST /wp-login.php HTTP/2.0" 200 2049 "https://store.terrorxxx.com/wp-login.php" "Mozilla/4.0 (compatible; MSIE 7.0; Windows NT 6.2; Trident/7.0; .NET4.0C; .NET4.0E)"
208.122.213.31 - - [01/May/2026:01:59:18 -0400] "POST /wp-cron.php?doing_wp_cron=1777615158.2860729694366455078125 HTTP/1.1" 200 - "-" "WordPress/6.2.6; https://store.terrorxxx.com"
128.241.254.194 - - [01/May/2026:01:59:18 -0400] "GET /wp-content/plugins/google-mp3-audio-player/direct_download.php?file=../../wp-config.php HTTP/1.1" 404 26379 "-" "Mozilla/5.0 (Macintosh; Intel Mac OS X 10.15; rv:138.0) Gecko/20100101 Firefox/138.0"
208.122.213.31 - - [01/May/2026:02:01:10 -0400] "POST /wp-cron.php?doing_wp_cron=1777615270.4509990215301513671875 HTTP/1.1" 200 - "-" "WordPress/6.2.6; https://store.terrorxxx.com"
216.245.208.230 - - [01/May/2026:02:01:10 -0400] "POST /xmlrpc.php HTTP/2.0" 200 225 "-" "Mozilla/5.0 (IE 11.0; Windows NT 6.3; Trident/7.0; .NET4.0E; .NET4.0C; rv:11.0) like Gecko"
208.122.213.31 - - [01/May/2026:02:02:37 -0400] "POST /wp-cron.php?doing_wp_cron=1777615357.8041460514068603515625 HTTP/1.1" 200 - "-" "WordPress/6.2.6; https://store.terrorxxx.com"
18.97.9.103 - - [01/May/2026:02:02:37 -0400] "GET /robots.txt HTTP/1.1" 200 120 "-" "Mozilla/5.0 AppleWebKit/537.36 (KHTML, like Gecko; compatible; PerplexityBot/1.0; +https://perplexity.ai/perplexitybot)"
18.97.9.103 - - [01/May/2026:02:02:38 -0400] "GET / HTTP/1.1" 200 7342 "-" "Mozilla/5.0 AppleWebKit/537.36 (KHTML, like Gecko; compatible; PerplexityBot/1.0; +https://perplexity.ai/perplexitybot)"
208.122.213.31 - - [01/May/2026:02:10:34 -0400] "POST /wp-cron.php?doing_wp_cron=1777615834.5466539859771728515625 HTTP/1.1" 200 - "-" "WordPress/6.2.6; https://store.terrorxxx.com"
3.70.164.132 - - [01/May/2026:02:10:34 -0400] "GET /wp-login.php HTTP/2.0" 200 1919 "-" "Mozilla/5.0 (Macintosh; Intel Mac OS X 10_13) AppleWebKit/604.1.38 (KHTML, like Gecko) Version/11.0 Safari/604.1.38"
3.70.164.132 - - [01/May/2026:02:10:34 -0400] "POST /wp-login.php HTTP/2.0" 200 2049 "https://store.terrorxxx.com/wp-login.php" "Mozilla/5.0 (Macintosh; Intel Mac OS X 10_13) AppleWebKit/604.1.38 (KHTML, like Gecko) Version/11.0 Safari/604.1.38"
208.122.213.31 - - [01/May/2026:02:15:50 -0400] "POST /wp-cron.php?doing_wp_cron=1777616150.5890889167785644531250 HTTP/1.1" 200 - "-" "WordPress/6.2.6; https://store.terrorxxx.com"
208.109.241.218 - - [01/May/2026:02:15:50 -0400] "GET / HTTP/1.1" 200 7342 "-" "Mozilla/5.0 (Macintosh; Intel Mac OS X 10.15; rv:128.0) Gecko/20100101 Firefox/128.0"
208.122.213.31 - - [01/May/2026:02:16:29 -0400] "POST /wp-cron.php?doing_wp_cron=1777616189.3066489696502685546875 HTTP/1.1" 200 - "-" "WordPress/6.2.6; https://store.terrorxxx.com"
208.109.241.218 - - [01/May/2026:02:16:29 -0400] "POST /wp-admin/admin-ajax.php HTTP/1.1" 400 1 "-" "Mozilla/5.0 (Windows NT 10.0; Win64; x64; rv:109.0) Gecko/20100101 Firefox/117.0"
208.122.213.31 - - [01/May/2026:02:20:58 -0400] "POST /wp-cron.php?doing_wp_cron=1777616458.1849830150604248046875 HTTP/1.1" 200 - "-" "WordPress/6.2.6; https://store.terrorxxx.com"
173.249.7.118 - - [01/May/2026:02:20:58 -0400] "POST /xmlrpc.php HTTP/2.0" 200 225 "-" "Mozilla/5.0 (Windows NT 6.3; Win64; x64; Trident/7.0; Touch; MATBJS; rv:11.0) like Gecko"
5.35.7.175 - - [01/May/2026:02:21:07 -0400] "GET /wp-login.php HTTP/2.0" 200 1918 "-" "Mozilla/4.0 (compatible; MSIE 7.0; Windows NT 6.2; Trident/7.0; .NET4.0C; .NET4.0E; .NET CLR 2.0.50727; .NET CLR 3.0.30729; .NET CLR 3.5.30729; SLCC2; Media Center PC 6.0; Tablet PC 2.0; EIE10;ENUSWOL)"
5.35.7.175 - - [01/May/2026:02:21:09 -0400] "POST /wp-login.php HTTP/2.0" 200 2049 "https://store.terrorxxx.com/wp-login.php" "Mozilla/4.0 (compatible; MSIE 7.0; Windows NT 6.2; Trident/7.0; .NET4.0C; .NET4.0E; .NET CLR 2.0.50727; .NET CLR 3.0.30729; .NET CLR 3.5.30729; SLCC2; Media Center PC 6.0; Tablet PC 2.0; EIE10;ENUSWOL)"
208.122.213.31 - - [01/May/2026:02:22:40 -0400] "POST /wp-cron.php?doing_wp_cron=1777616560.3139779567718505859375 HTTP/1.1" 200 - "-" "WordPress/6.2.6; https://store.terrorxxx.com"
208.109.241.218 - - [01/May/2026:02:22:40 -0400] "POST /wp-admin/admin-ajax.php?action=add&source=../../../../../../../../../../wp-content/plugins/chart-builder/admin/partials/features/chart-builder-plugin-featured-display&type=chart-js HTTP/1.1" 400 1 "-" "Mozilla/5.0 (Macintosh; Intel Mac OS X 10_15_7) AppleWebKit/537.36 (KHTML, like Gecko) Chrome/120.0.0.0 Safari/537.36"
208.122.213.31 - - [01/May/2026:02:25:17 -0400] "POST /wp-cron.php?doing_wp_cron=1777616717.6287240982055664062500 HTTP/1.1" 200 - "-" "WordPress/6.2.6; https://store.terrorxxx.com"
128.241.254.194 - - [01/May/2026:02:25:17 -0400] "GET /?season=1&league_id=1season=1&league_id=1'+AND+(SELECT+1909+FROM+(SELECT(SLEEP(6)))ZiBf)--+qODp&match_day=1&match_day=1&team_id=1&team_id=1 HTTP/1.1" 200 7433 "-" "Mozilla/5.0 (X11; Linux x86_64; rv:1.9.6.20) Gecko/ Firefox/3.6.19"
208.122.213.31 - - [01/May/2026:02:29:50 -0400] "POST /wp-cron.php?doing_wp_cron=1777616990.3266201019287109375000 HTTP/1.1" 200 - "-" "WordPress/6.2.6; https://store.terrorxxx.com"
208.109.241.218 - - [01/May/2026:02:29:50 -0400] "POST /wp-admin/admin-ajax.php HTTP/1.1" 400 1 "-" "Mozilla/5.0 (Windows NT 10.0; Win64; x64) AppleWebKit/537.36 (KHTML, like Gecko) Chrome/120.0.0.0 Safari/537.36"
208.109.241.218 - - [01/May/2026:02:29:51 -0400] "POST /wp-admin/admin-ajax.php HTTP/1.1" 400 1 "-" "Mozilla/5.0 (Windows NT 10.0; Win64; x64) AppleWebKit/537.36 (KHTML, like Gecko) Chrome/120.0.0.0 Safari/537.36"
199.203.54.15 - - [01/May/2026:02:30:20 -0400] "POST /xmlrpc.php HTTP/2.0" 200 225 "-" "Mozilla/5.0 (Macintosh; Intel Mac OS X 10_11_6) AppleWebKit/537.36 (KHTML, like Gecko) Chrome/67.0.3396.62 Safari/537.36"
208.122.213.31 - - [01/May/2026:02:35:20 -0400] "POST /wp-cron.php?doing_wp_cron=1777617320.3240809440612792968750 HTTP/1.1" 200 - "-" "WordPress/6.2.6; https://store.terrorxxx.com"
208.109.241.218 - - [01/May/2026:02:35:20 -0400] "POST / HTTP/1.1" 200 7342 "-" "Mozilla/5.0 (Windows NT 6.2; Win64; x64; rv:109.0) Gecko/20100101 Firefox/112.0"
208.122.213.31 - - [01/May/2026:02:40:21 -0400] "POST /wp-cron.php?doing_wp_cron=1777617621.3378770351409912109375 HTTP/1.1" 200 - "-" "WordPress/6.2.6; https://store.terrorxxx.com"
208.109.241.218 - - [01/May/2026:02:40:21 -0400] "GET / HTTP/1.1" 200 7341 "-" "Mozilla/5.0 (Macintosh; Intel Mac OS X 10_15_7) AppleWebKit/537.36 (KHTML, like Gecko) Chrome/118.0.0.0 Safari/537.36"
208.122.213.31 - - [01/May/2026:02:40:47 -0400] "POST /wp-cron.php?doing_wp_cron=1777617647.0909070968627929687500 HTTP/1.1" 200 - "-" "WordPress/6.2.6; https://store.terrorxxx.com"
134.209.113.97 - - [01/May/2026:02:40:46 -0400] "POST /xmlrpc.php HTTP/2.0" 200 225 "-" "Mozilla/5.0 (Macintosh; Intel Mac OS X 10_12_5) AppleWebKit/537.36 (KHTML, like Gecko) Chrome/65.0.3325.181 Safari/537.36"
208.122.213.31 - - [01/May/2026:02:43:28 -0400] "POST /wp-cron.php?doing_wp_cron=1777617808.3452689647674560546875 HTTP/1.1" 200 - "-" "WordPress/6.2.6; https://store.terrorxxx.com"
208.109.241.218 - - [01/May/2026:02:43:28 -0400] "POST /wp-admin/admin-ajax.php HTTP/1.1" 400 1 "-" "Mozilla/5.0 (Windows NT 10.0; Win64; x64) AppleWebKit/537.36 (KHTML, like Gecko) Chrome/120.0.0.0 Safari/537.36"
208.122.213.31 - - [01/May/2026:02:48:32 -0400] "POST /wp-cron.php?doing_wp_cron=1777618112.4180591106414794921875 HTTP/1.1" 200 - "-" "WordPress/6.2.6; https://store.terrorxxx.com"
95.217.133.85 - - [01/May/2026:02:48:32 -0400] "GET /wp-login.php HTTP/2.0" 200 1920 "-" "Mozilla/5.0 (Windows NT 6.3; Win64; x64; Trident/7.0; MDDCJS; rv:11.0) like Gecko"
95.217.133.85 - - [01/May/2026:02:48:32 -0400] "POST /wp-login.php HTTP/2.0" 200 2050 "https://store.terrorxxx.com/wp-login.php" "Mozilla/5.0 (Windows NT 6.3; Win64; x64; Trident/7.0; MDDCJS; rv:11.0) like Gecko"
208.122.213.31 - - [01/May/2026:02:50:20 -0400] "POST /wp-cron.php?doing_wp_cron=1777618220.5140769481658935546875 HTTP/1.1" 200 - "-" "WordPress/6.2.6; https://store.terrorxxx.com"
135.181.3.173 - - [01/May/2026:02:50:20 -0400] "POST /xmlrpc.php HTTP/2.0" 200 225 "-" "Mozilla/4.0 (compatible; MSIE 8.0; Windows NT 6.2; WOW64; Trident/7.0; .NET4.0C; .NET4.0E; .NET CLR 2.0.50727; .NET CLR 3.0.30729; .NET CLR 3.5.30729)"
82.102.18.190 - - [01/May/2026:02:50:22 -0400] "GET / HTTP/1.1" 200 31911 "-" "Mozilla/5.0 (Windows NT 10.0; Win64; x64) AppleWebKit/537.36 (KHTML, like Gecko) Chrome/78.0.3904.108 Safari/537.36"
82.102.18.190 - - [01/May/2026:02:50:23 -0400] "GET /?author=1 HTTP/1.1" 301 - "-" "Mozilla/5.0 (Windows NT 10.0; Win64; x64) AppleWebKit/537.36 (KHTML, like Gecko) Chrome/78.0.3904.108 Safari/537.36"
82.102.18.190 - - [01/May/2026:02:50:23 -0400] "GET /?author=2 HTTP/1.1" 404 26349 "-" "Mozilla/5.0 (Windows NT 10.0; Win64; x64) AppleWebKit/537.36 (KHTML, like Gecko) Chrome/78.0.3904.108 Safari/537.36"
208.122.213.31 - - [01/May/2026:02:50:24 -0400] "POST /wp-cron.php?doing_wp_cron=1777618224.0052280426025390625000 HTTP/1.1" 200 - "-" "WordPress/6.2.6; https://store.terrorxxx.com"
82.102.18.190 - - [01/May/2026:02:50:23 -0400] "GET /wp-json/wp/v2/users/ HTTP/1.1" 200 577 "-" "Mozilla/5.0 (Windows NT 10.0; Win64; x64) AppleWebKit/537.36 (KHTML, like Gecko) Chrome/78.0.3904.108 Safari/537.36"
82.102.18.190 - - [01/May/2026:02:50:24 -0400] "POST /xmlrpc.php HTTP/1.1" 200 401 "-" "Mozilla/5.0 (Windows NT 10.0; Win64; x64) AppleWebKit/537.36 (KHTML, like Gecko) Chrome/78.0.3904.108 Safari/537.36"
82.102.18.190 - - [01/May/2026:02:50:24 -0400] "POST /xmlrpc.php HTTP/1.1" 200 401 "-" "Mozilla/5.0 (Windows NT 10.0; Win64; x64) AppleWebKit/537.36 (KHTML, like Gecko) Chrome/78.0.3904.108 Safari/537.36"
82.102.18.190 - - [01/May/2026:02:50:24 -0400] "POST /xmlrpc.php HTTP/1.1" 200 401 "-" "Mozilla/5.0 (Windows NT 10.0; Win64; x64) AppleWebKit/537.36 (KHTML, like Gecko) Chrome/78.0.3904.108 Safari/537.36"
82.102.18.190 - - [01/May/2026:02:50:25 -0400] "POST /xmlrpc.php HTTP/1.1" 200 401 "-" "Mozilla/5.0 (Windows NT 10.0; Win64; x64) AppleWebKit/537.36 (KHTML, like Gecko) Chrome/78.0.3904.108 Safari/537.36"
82.102.18.190 - - [01/May/2026:02:50:25 -0400] "POST /xmlrpc.php HTTP/1.1" 200 401 "-" "Mozilla/5.0 (Windows NT 10.0; Win64; x64) AppleWebKit/537.36 (KHTML, like Gecko) Chrome/78.0.3904.108 Safari/537.36"
82.102.18.190 - - [01/May/2026:02:50:26 -0400] "POST /xmlrpc.php HTTP/1.1" 200 401 "-" "Mozilla/5.0 (Windows NT 10.0; Win64; x64) AppleWebKit/537.36 (KHTML, like Gecko) Chrome/78.0.3904.108 Safari/537.36"
82.102.18.190 - - [01/May/2026:02:50:26 -0400] "POST /xmlrpc.php HTTP/1.1" 200 401 "-" "Mozilla/5.0 (Windows NT 10.0; Win64; x64) AppleWebKit/537.36 (KHTML, like Gecko) Chrome/78.0.3904.108 Safari/537.36"
82.102.18.190 - - [01/May/2026:02:50:26 -0400] "POST /xmlrpc.php HTTP/1.1" 200 401 "-" "Mozilla/5.0 (Windows NT 10.0; Win64; x64) AppleWebKit/537.36 (KHTML, like Gecko) Chrome/78.0.3904.108 Safari/537.36"
82.102.18.190 - - [01/May/2026:02:50:27 -0400] "POST /xmlrpc.php HTTP/1.1" 200 401 "-" "Mozilla/5.0 (Windows NT 10.0; Win64; x64) AppleWebKit/537.36 (KHTML, like Gecko) Chrome/78.0.3904.108 Safari/537.36"
82.102.18.190 - - [01/May/2026:02:50:27 -0400] "POST /xmlrpc.php HTTP/1.1" 200 401 "-" "Mozilla/5.0 (Windows NT 10.0; Win64; x64) AppleWebKit/537.36 (KHTML, like Gecko) Chrome/78.0.3904.108 Safari/537.36"
82.102.18.190 - - [01/May/2026:02:50:27 -0400] "POST /xmlrpc.php HTTP/1.1" 200 401 "-" "Mozilla/5.0 (Windows NT 10.0; Win64; x64) AppleWebKit/537.36 (KHTML, like Gecko) Chrome/78.0.3904.108 Safari/537.36"
82.102.18.190 - - [01/May/2026:02:50:28 -0400] "POST /xmlrpc.php HTTP/1.1" 200 401 "-" "Mozilla/5.0 (Windows NT 10.0; Win64; x64) AppleWebKit/537.36 (KHTML, like Gecko) Chrome/78.0.3904.108 Safari/537.36"
82.102.18.190 - - [01/May/2026:02:50:28 -0400] "POST /xmlrpc.php HTTP/1.1" 200 401 "-" "Mozilla/5.0 (Windows NT 10.0; Win64; x64) AppleWebKit/537.36 (KHTML, like Gecko) Chrome/78.0.3904.108 Safari/537.36"
82.102.18.190 - - [01/May/2026:02:50:29 -0400] "POST /xmlrpc.php HTTP/1.1" 200 401 "-" "Mozilla/5.0 (Windows NT 10.0; Win64; x64) AppleWebKit/537.36 (KHTML, like Gecko) Chrome/78.0.3904.108 Safari/537.36"
82.102.18.190 - - [01/May/2026:02:50:29 -0400] "POST /xmlrpc.php HTTP/1.1" 200 401 "-" "Mozilla/5.0 (Windows NT 10.0; Win64; x64) AppleWebKit/537.36 (KHTML, like Gecko) Chrome/78.0.3904.108 Safari/537.36"
82.102.18.190 - - [01/May/2026:02:50:29 -0400] "POST /xmlrpc.php HTTP/1.1" 200 401 "-" "Mozilla/5.0 (Windows NT 10.0; Win64; x64) AppleWebKit/537.36 (KHTML, like Gecko) Chrome/78.0.3904.108 Safari/537.36"
