403Webshell
Server IP : 208.122.213.31  /  Your IP : 216.73.216.185
Web Server : Apache
System : Linux msd6191.mjhst.com 4.18.0-553.137.1.el8_10.x86_64 #1 SMP Wed Jun 24 11:40:24 UTC 2026 x86_64
User : WHMCS_MIA_382 ( 1001)
PHP Version : 7.4.33
Disable Function : NONE
MySQL : ON  |  cURL : ON  |  WGET : ON  |  Perl : ON  |  Python : OFF  |  Sudo : ON  |  Pkexec : ON
Directory :  /home/httpd/logs/

Upload File :
current_dir [ Writeable ] document_root [ Writeable ]

 

Command :


[ Back ]     

Current File : /home/httpd/logs/store.terrorxxx.com_access_log
99.192.137.200 - - [28/Mar/2026:14:20:40 -0400] "GET / HTTP/1.1" 200 31911 "-" "GuzzleHttp/6.2.0 curl/7.29.0 PHP/7.1.33"
99.192.137.200 - - [31/Mar/2026:14:16:35 -0400] "GET / HTTP/1.1" 200 31911 "-" "GuzzleHttp/6.2.0 curl/7.29.0 PHP/7.1.33"
99.192.137.200 - - [31/Mar/2026:14:25:53 -0400] "GET / HTTP/1.1" 200 31911 "-" "GuzzleHttp/6.2.0 curl/7.29.0 PHP/7.1.33"
99.192.137.200 - - [01/Apr/2026:14:35:27 -0400] "GET / HTTP/1.1" 200 31911 "-" "GuzzleHttp/6.2.0 curl/7.29.0 PHP/7.1.33"
99.192.137.200 - - [01/Apr/2026:17:03:19 -0400] "GET / HTTP/1.1" 200 31911 "-" "GuzzleHttp/6.2.0 curl/7.29.0 PHP/7.1.33"
99.192.137.200 - - [02/Apr/2026:10:47:08 -0400] "GET / HTTP/1.1" 200 31911 "-" "GuzzleHttp/6.2.0 curl/7.29.0 PHP/7.1.33"
99.192.137.200 - - [08/Apr/2026:10:11:52 -0400] "GET / HTTP/1.1" 200 31911 "-" "GuzzleHttp/6.2.0 curl/7.29.0 PHP/7.1.33"
99.192.137.200 - - [08/Apr/2026:10:39:29 -0400] "GET / HTTP/1.1" 200 31911 "-" "GuzzleHttp/6.2.0 curl/7.29.0 PHP/7.1.33"
99.192.137.200 - - [13/Apr/2026:07:29:03 -0400] "GET / HTTP/1.1" 200 31911 "-" "GuzzleHttp/6.2.0 curl/7.29.0 PHP/7.1.33"
99.192.137.200 - - [13/Apr/2026:08:00:29 -0400] "GET / HTTP/1.1" 200 31911 "-" "GuzzleHttp/6.2.0 curl/7.29.0 PHP/7.1.33"
208.122.213.31 - - [30/Apr/2026:11:58:16 -0400] "POST /wp-cron.php?doing_wp_cron=1777564696.2180941104888916015625 HTTP/1.1" 200 - "-" "WordPress/6.2.6; https://store.terrorxxx.com"
185.88.103.148 - - [30/Apr/2026:11:58:15 -0400] "GET /robots.txt HTTP/1.1" 200 115 "-" "Mozilla/5.0 (Windows NT 10.0; Win64; x64) AppleWebKit/537.36 (KHTML, like Gecko) Chrome/139.0.0.0 Safari/537.36/Nutch-1.21-SNAPSHOT"
157.22.100.121 - - [30/Apr/2026:11:58:16 -0400] "GET / HTTP/1.1" 200 7350 "-" "Mozilla/5.0 (Windows NT 10.0; Win64; x64) AppleWebKit/537.36 (KHTML, like Gecko) Chrome/139.0.0.0 Safari/537.36/Nutch-1.21-SNAPSHOT"
208.122.213.31 - - [30/Apr/2026:11:58:17 -0400] "GET / HTTP/1.1" 200 7342 "-" "WordPress/6.2.6; https://store.terrorxxx.com"
208.122.213.31 - - [30/Apr/2026:11:58:17 -0400] "POST /wp-cron.php HTTP/1.1" 200 - "-" "WordPress/6.2.6; https://store.terrorxxx.com"
208.122.213.31 - - [30/Apr/2026:11:58:17 -0400] "GET / HTTP/1.1" 200 7342 "-" "WordPress/6.2.6; https://store.terrorxxx.com"
208.122.213.31 - - [30/Apr/2026:11:58:17 -0400] "GET / HTTP/1.1" 200 7342 "-" "WordPress/6.2.6; https://store.terrorxxx.com"
208.122.213.31 - - [30/Apr/2026:11:58:17 -0400] "GET / HTTP/1.1" 200 7342 "-" "WordPress/6.2.6; https://store.terrorxxx.com"
208.122.213.31 - - [30/Apr/2026:11:58:17 -0400] "GET / HTTP/1.1" 200 7342 "-" "WordPress/6.2.6; https://store.terrorxxx.com"
208.122.213.31 - - [30/Apr/2026:12:06:38 -0400] "POST /wp-cron.php?doing_wp_cron=1777565198.5436460971832275390625 HTTP/1.1" 200 - "-" "WordPress/6.2.6; https://store.terrorxxx.com"
50.6.229.148 - - [30/Apr/2026:12:06:38 -0400] "POST /xmlrpc.php HTTP/2.0" 200 225 "-" "Mozilla/5.0 (Windows NT 6.1) AppleWebKit/537.36 (KHTML, like Gecko) Chrome/65.0.3325.181 Safari/537.36"
208.122.213.31 - - [30/Apr/2026:12:08:52 -0400] "POST /wp-cron.php?doing_wp_cron=1777565332.1545948982238769531250 HTTP/1.1" 200 - "-" "WordPress/6.2.6; https://store.terrorxxx.com"
216.73.217.31 - - [30/Apr/2026:12:08:52 -0400] "GET /robots.txt HTTP/2.0" 200 115 "-" "Mozilla/5.0 AppleWebKit/537.36 (KHTML, like Gecko; compatible; ClaudeBot/1.0; +claudebot@anthropic.com)"
216.73.217.31 - - [30/Apr/2026:12:08:52 -0400] "GET /wp-sitemap.xml HTTP/2.0" 200 740 "-" "Mozilla/5.0 AppleWebKit/537.36 (KHTML, like Gecko; compatible; ClaudeBot/1.0; +claudebot@anthropic.com)"
208.122.213.31 - - [30/Apr/2026:12:11:55 -0400] "POST /wp-cron.php?doing_wp_cron=1777565515.0915889739990234375000 HTTP/1.1" 200 - "-" "WordPress/6.2.6; https://store.terrorxxx.com"
50.6.7.129 - - [30/Apr/2026:12:11:54 -0400] "GET /wp-login.php HTTP/2.0" 200 1919 "-" "Mozilla/5.0 (Windows NT 6.3; WOW64; Trident/7.0; MAMIJS; rv:11.0) like Gecko"
50.6.7.129 - - [30/Apr/2026:12:11:55 -0400] "POST /wp-login.php HTTP/2.0" 200 2050 "https://store.terrorxxx.com/wp-login.php" "Mozilla/5.0 (Windows NT 6.3; WOW64; Trident/7.0; MAMIJS; rv:11.0) like Gecko"
208.122.213.31 - - [30/Apr/2026:12:28:51 -0400] "POST /wp-cron.php?doing_wp_cron=1777566531.9220690727233886718750 HTTP/1.1" 200 - "-" "WordPress/6.2.6; https://store.terrorxxx.com"
208.109.188.137 - - [30/Apr/2026:12:28:51 -0400] "POST /xmlrpc.php HTTP/2.0" 200 225 "-" "Mozilla/5.0 (Macintosh; Intel Mac OS X 10_11_6) AppleWebKit/537.36 (KHTML, like Gecko) Chrome/66.0.3359.117 Safari/537.36"
208.122.213.31 - - [30/Apr/2026:12:33:57 -0400] "POST /wp-cron.php?doing_wp_cron=1777566837.4877359867095947265625 HTTP/1.1" 200 - "-" "WordPress/6.2.6; https://store.terrorxxx.com"
86.125.136.144 - - [30/Apr/2026:12:33:57 -0400] "GET /wp-login.php HTTP/2.0" 200 1920 "-" "Mozilla/5.0 (Macintosh; Intel Mac OS X 10_12_6) AppleWebKit/605.1.15 (KHTML, like Gecko) Version/11.1.2 Safari/605.1.15"
86.125.136.144 - - [30/Apr/2026:12:33:57 -0400] "POST /wp-login.php HTTP/2.0" 200 2050 "https://store.terrorxxx.com/wp-login.php" "Mozilla/5.0 (Macintosh; Intel Mac OS X 10_12_6) AppleWebKit/605.1.15 (KHTML, like Gecko) Version/11.1.2 Safari/605.1.15"
208.122.213.31 - - [30/Apr/2026:12:36:56 -0400] "POST /wp-cron.php?doing_wp_cron=1777567016.1082029342651367187500 HTTP/1.1" 200 - "-" "WordPress/6.2.6; https://store.terrorxxx.com"
164.90.157.94 - - [30/Apr/2026:12:36:55 -0400] "GET /product/terrorxxx-tshirt/ HTTP/2.0" 200 43185 "-" "Mozilla/5.0 (Windows NT 10.0; Win64; x64; rv:109.0) Gecko/20100101 Firefox/121.0"
208.122.213.31 - - [30/Apr/2026:12:40:12 -0400] "POST /wp-cron.php?doing_wp_cron=1777567212.7620449066162109375000 HTTP/1.1" 200 - "-" "WordPress/6.2.6; https://store.terrorxxx.com"
103.121.26.217 - - [30/Apr/2026:12:40:12 -0400] "POST /xmlrpc.php HTTP/2.0" 200 225 "-" "Mozilla/5.0 (Windows NT 10.0; WOW64; Trident/7.0; Touch; MDDCJS; rv:11.0) like Gecko"
208.122.213.31 - - [30/Apr/2026:12:41:13 -0400] "POST /wp-cron.php?doing_wp_cron=1777567273.5771219730377197265625 HTTP/1.1" 200 - "-" "WordPress/6.2.6; https://store.terrorxxx.com"
114.119.134.178 - - [30/Apr/2026:12:41:13 -0400] "GET /robots.txt HTTP/1.1" 200 115 "-" "Mozilla/5.0 (compatible;PetalBot;+https://webmaster.petalsearch.com/site/petalbot)"
208.122.213.31 - - [30/Apr/2026:12:46:17 -0400] "POST /wp-cron.php?doing_wp_cron=1777567577.8171839714050292968750 HTTP/1.1" 200 - "-" "WordPress/6.2.6; https://store.terrorxxx.com"
164.90.157.94 - - [30/Apr/2026:12:46:17 -0400] "GET /?add-to-cart=128 HTTP/2.0" 200 32216 "-" "Mozilla/5.0 (Windows NT 10.0; Win64; x64; rv:109.0) Gecko/20100101 Firefox/121.0"
208.122.213.31 - - [30/Apr/2026:12:46:54 -0400] "POST /wp-cron.php?doing_wp_cron=1777567614.6553831100463867187500 HTTP/1.1" 200 - "-" "WordPress/6.2.6; https://store.terrorxxx.com"
128.241.254.194 - - [30/Apr/2026:12:46:54 -0400] "POST /wp-admin/admin-ajax.php HTTP/1.1" 400 1 "-" "Mozilla/5.0 (X11; Linux x86_64; rv:109.0) Gecko/20100101 Firefox/117.0"
208.122.213.31 - - [30/Apr/2026:12:54:00 -0400] "POST /wp-cron.php?doing_wp_cron=1777568040.7220621109008789062500 HTTP/1.1" 200 - "-" "WordPress/6.2.6; https://store.terrorxxx.com"
128.241.254.194 - - [30/Apr/2026:12:54:00 -0400] "POST /wp-content/plugins/simple-file-list/ee-upload-engine.php HTTP/1.1" 404 26379 "-" "Mozilla/5.0 (ZZ; Linux x86_64) AppleWebKit/537.36 (KHTML, like Gecko) Chrome/137.0.0.0 Safari/537.36"
128.241.254.194 - - [30/Apr/2026:12:54:00 -0400] "POST /wp-content/plugins/simple-file-list/ee-file-engine.php HTTP/1.1" 404 26379 "-" "Mozilla/5.0 (Windows NT 10.0; Win64; x64) AppleWebKit/537.36 (KHTML, like Gecko) Chrome/80.0.3987.132 Safari/537.36"
128.241.254.194 - - [30/Apr/2026:12:54:01 -0400] "GET /wp-content/uploads/simple-file-list/fgbdeih.php HTTP/1.1" 403 199 "-" "Mozilla/5.0 (Ubuntu; Linux i686) AppleWebKit/537.36 (KHTML, like Gecko) Chrome/134.0.0.0 Safari/537.36"
208.122.213.31 - - [30/Apr/2026:13:03:47 -0400] "POST /wp-cron.php?doing_wp_cron=1777568627.4283969402313232421875 HTTP/1.1" 200 - "-" "WordPress/6.2.6; https://store.terrorxxx.com"
103.90.232.170 - - [30/Apr/2026:13:03:47 -0400] "POST /xmlrpc.php HTTP/2.0" 200 225 "-" "Mozilla/4.0 (compatible; MSIE 7.0; Windows NT 6.1; Trident/7.0; SLCC2; .NET CLR 2.0.50727; .NET CLR 3.5.30729; .NET CLR 3.0.30729; .NET4.0C; .NET4.0E; Tablet PC 2.0; Creative AutoUpdate v1.40.01)"
208.122.213.31 - - [30/Apr/2026:13:06:50 -0400] "POST /wp-cron.php?doing_wp_cron=1777568810.1143870353698730468750 HTTP/1.1" 200 - "-" "WordPress/6.2.6; https://store.terrorxxx.com"
35.226.7.126 - - [30/Apr/2026:13:06:49 -0400] "GET /wp-login.php HTTP/2.0" 200 1920 "-" "Mozilla/5.0 (Windows NT 10.0; WOW64) AppleWebKit/537.36 (KHTML, like Gecko) Chrome/65.0.3325.181 Safari/537.36"
35.226.7.126 - - [30/Apr/2026:13:06:50 -0400] "POST /wp-login.php HTTP/2.0" 200 2050 "https://store.terrorxxx.com/wp-login.php" "Mozilla/5.0 (Windows NT 10.0; WOW64) AppleWebKit/537.36 (KHTML, like Gecko) Chrome/65.0.3325.181 Safari/537.36"
208.122.213.31 - - [30/Apr/2026:13:14:53 -0400] "POST /wp-cron.php?doing_wp_cron=1777569293.7714400291442871093750 HTTP/1.1" 200 - "-" "WordPress/6.2.6; https://store.terrorxxx.com"
103.121.26.217 - - [30/Apr/2026:13:14:53 -0400] "POST /xmlrpc.php HTTP/2.0" 200 225 "-" "Mozilla/4.0 (compatible; MSIE 7.0; Windows NT 6.1; WOW64; Trident/7.0; SLCC2; .NET CLR 2.0.50727; .NET4.0C; .NET4.0E; FBViewer-6.0.4.0)"
208.122.213.31 - - [30/Apr/2026:13:16:55 -0400] "POST /wp-cron.php?doing_wp_cron=1777569415.2060019969940185546875 HTTP/1.1" 200 - "-" "WordPress/6.2.6; https://store.terrorxxx.com"
192.176.172.166 - - [30/Apr/2026:13:16:55 -0400] "GET /wp-login.php HTTP/2.0" 200 1920 "-" "Mozilla/5.0 (Macintosh; Intel Mac OS X 10_13_3) AppleWebKit/537.36 (KHTML, like Gecko) Chrome/66.0.3359.139 Safari/537.36"
192.176.172.166 - - [30/Apr/2026:13:16:55 -0400] "POST /wp-login.php HTTP/2.0" 200 2050 "https://store.terrorxxx.com/wp-login.php" "Mozilla/5.0 (Macintosh; Intel Mac OS X 10_13_3) AppleWebKit/537.36 (KHTML, like Gecko) Chrome/66.0.3359.139 Safari/537.36"
208.122.213.31 - - [30/Apr/2026:13:24:11 -0400] "POST /wp-cron.php?doing_wp_cron=1777569851.0990869998931884765625 HTTP/1.1" 200 - "-" "WordPress/6.2.6; https://store.terrorxxx.com"
74.91.224.220 - - [30/Apr/2026:13:24:10 -0400] "POST /xmlrpc.php HTTP/2.0" 200 206 "-" "Mozilla/5.0 (Windows NT 6.3; WOW64; Trident/7.0; MALCJS; rv:11.0) like Gecko"
208.122.213.31 - - [30/Apr/2026:13:27:11 -0400] "POST /wp-cron.php?doing_wp_cron=1777570031.0234639644622802734375 HTTP/1.1" 200 - "-" "WordPress/6.2.6; https://store.terrorxxx.com"
74.91.224.220 - - [30/Apr/2026:13:27:10 -0400] "GET /wp-login.php HTTP/2.0" 200 1920 "-" "Mozilla/5.0 (Windows NT 6.3; Win64; x64) AppleWebKit/537.36 (KHTML, like Gecko) Chrome/66.0.3359.117 Safari/537.36"
74.91.224.220 - - [30/Apr/2026:13:27:11 -0400] "POST /wp-login.php HTTP/2.0" 200 2050 "https://store.terrorxxx.com/wp-login.php" "Mozilla/5.0 (Windows NT 6.3; Win64; x64) AppleWebKit/537.36 (KHTML, like Gecko) Chrome/66.0.3359.117 Safari/537.36"
208.122.213.31 - - [30/Apr/2026:13:29:53 -0400] "POST /wp-cron.php?doing_wp_cron=1777570193.3128819465637207031250 HTTP/1.1" 200 - "-" "WordPress/6.2.6; https://store.terrorxxx.com"
164.90.157.94 - - [30/Apr/2026:13:29:53 -0400] "GET /product/terrorxxx-sticker/ HTTP/2.0" 200 36848 "-" "Mozilla/5.0 (Windows NT 10.0; Win64; x64; rv:109.0) Gecko/20100101 Firefox/121.0"
208.122.213.31 - - [30/Apr/2026:13:34:39 -0400] "POST /wp-cron.php?doing_wp_cron=1777570479.0156450271606445312500 HTTP/1.1" 200 - "-" "WordPress/6.2.6; https://store.terrorxxx.com"
142.93.217.129 - - [30/Apr/2026:13:34:38 -0400] "POST /xmlrpc.php HTTP/2.0" 200 225 "-" "Mozilla/5.0 (Windows NT 10.0; Win64; x64) AppleWebKit/537.36 (KHTML, like Gecko) Chrome/66.0.3359.139 Safari/537.36"
208.122.213.31 - - [30/Apr/2026:13:40:46 -0400] "POST /wp-cron.php?doing_wp_cron=1777570846.9570899009704589843750 HTTP/1.1" 200 - "-" "WordPress/6.2.6; https://store.terrorxxx.com"
128.241.254.194 - - [30/Apr/2026:13:40:46 -0400] "GET /community/recent/?wpfob=(SELECT/**/1/**/FROM/**/(SELECT/**/SLEEP(8))a) HTTP/1.1" 404 26379 "-" "Mozilla/5.0 (X11; Linux x86_64; rv:1.9.6.20) Gecko/ Firefox/3.6.14"
208.122.213.31 - - [30/Apr/2026:13:45:11 -0400] "POST /wp-cron.php?doing_wp_cron=1777571111.8930280208587646484375 HTTP/1.1" 200 - "-" "WordPress/6.2.6; https://store.terrorxxx.com"
123.30.233.13 - - [30/Apr/2026:13:45:11 -0400] "POST /xmlrpc.php HTTP/2.0" 200 225 "-" "Mozilla/5.0 (Macintosh; Intel Mac OS X 10_11_6) AppleWebKit/602.4.8 (KHTML, like Gecko) Version/10.0.3 Safari/602.4.8"
208.122.213.31 - - [30/Apr/2026:13:47:49 -0400] "POST /wp-cron.php?doing_wp_cron=1777571269.5153489112854003906250 HTTP/1.1" 200 - "-" "WordPress/6.2.6; https://store.terrorxxx.com"
46.22.135.218 - - [30/Apr/2026:13:47:49 -0400] "GET /wp-login.php HTTP/2.0" 200 1919 "-" "Mozilla/5.0 (Windows NT 6.1; Trident/7.0; rv:11.0) like Gecko"
46.22.135.218 - - [30/Apr/2026:13:47:49 -0400] "POST /wp-login.php HTTP/2.0" 200 2049 "https://store.terrorxxx.com/wp-login.php" "Mozilla/5.0 (Windows NT 6.1; Trident/7.0; rv:11.0) like Gecko"
208.122.213.31 - - [30/Apr/2026:13:54:51 -0400] "POST /wp-cron.php?doing_wp_cron=1777571691.9824059009552001953125 HTTP/1.1" 200 - "-" "WordPress/6.2.6; https://store.terrorxxx.com"
69.49.112.60 - - [30/Apr/2026:13:54:51 -0400] "POST /xmlrpc.php HTTP/2.0" 200 225 "-" "Mozilla/5.0 (Windows NT 10.0; Win64; x64) AppleWebKit/537.36 (KHTML, like Gecko) Chrome/67.0.3396.79 Safari/537.36"
208.122.213.31 - - [30/Apr/2026:13:57:59 -0400] "POST /wp-cron.php?doing_wp_cron=1777571879.5180590152740478515625 HTTP/1.1" 200 - "-" "WordPress/6.2.6; https://store.terrorxxx.com"
46.246.47.58 - - [30/Apr/2026:13:57:59 -0400] "GET /wp-login.php HTTP/2.0" 200 1918 "-" "Mozilla/5.0 (Windows NT 10.0; Trident/7.0; rv:11.0) like Gecko"
46.246.47.58 - - [30/Apr/2026:13:58:00 -0400] "POST /wp-login.php HTTP/2.0" 200 2050 "https://store.terrorxxx.com/wp-login.php" "Mozilla/5.0 (Windows NT 10.0; Trident/7.0; rv:11.0) like Gecko"
208.122.213.31 - - [30/Apr/2026:14:04:47 -0400] "POST /wp-cron.php?doing_wp_cron=1777572287.0874099731445312500000 HTTP/1.1" 200 - "-" "WordPress/6.2.6; https://store.terrorxxx.com"
75.119.134.183 - - [30/Apr/2026:14:04:46 -0400] "POST /xmlrpc.php HTTP/2.0" 200 225 "-" "Mozilla/5.0 (Macintosh; Intel Mac OS X 10_13_1) AppleWebKit/537.36 (KHTML, like Gecko) Chrome/66.0.3359.139 Safari/537.36"
208.122.213.31 - - [30/Apr/2026:14:08:00 -0400] "POST /wp-cron.php?doing_wp_cron=1777572480.2308061122894287109375 HTTP/1.1" 200 - "-" "WordPress/6.2.6; https://store.terrorxxx.com"
159.100.13.237 - - [30/Apr/2026:14:08:00 -0400] "GET /wp-login.php HTTP/2.0" 200 1918 "-" "Mozilla/5.0 (Windows NT 10.0; WOW64; Trident/7.0; MAARJS; rv:11.0) like Gecko"
159.100.13.237 - - [30/Apr/2026:14:08:00 -0400] "POST /wp-login.php HTTP/2.0" 200 2048 "https://store.terrorxxx.com/wp-login.php" "Mozilla/5.0 (Windows NT 10.0; WOW64; Trident/7.0; MAARJS; rv:11.0) like Gecko"
208.122.213.31 - - [30/Apr/2026:14:08:24 -0400] "POST /wp-cron.php?doing_wp_cron=1777572504.3732869625091552734375 HTTP/1.1" 200 - "-" "WordPress/6.2.6; https://store.terrorxxx.com"
208.109.241.218 - - [30/Apr/2026:14:08:24 -0400] "GET /wp-json/wp/v2/gamipress-logs?trigger_type[]=test')%20AND%20(SELECT%201%20FROM%20(SELECT(SLEEP(6)))x)%20AND%20('a'='a HTTP/1.1" 404 114 "-" "Mozilla/5.0 (SS; Linux i686) AppleWebKit/537.36 (KHTML, like Gecko) Chrome/133.0.0.0 Safari/537.36"
208.122.213.31 - - [30/Apr/2026:14:11:05 -0400] "POST /wp-cron.php?doing_wp_cron=1777572665.7328450679779052734375 HTTP/1.1" 200 - "-" "WordPress/6.2.6; https://store.terrorxxx.com"
128.241.254.194 - - [30/Apr/2026:14:11:05 -0400] "POST /wp-admin/admin-ajax.php HTTP/1.1" 400 1 "-" "Mozilla/5.0 (X11; Linux x86_64; rv:1.9.6.20) Gecko/ Firefox/3.6.14"
128.241.254.194 - - [30/Apr/2026:14:11:05 -0400] "GET / HTTP/1.1" 200 7342 "-" "Mozilla/5.0 (Macintosh; Intel Mac OS X 15_3) AppleWebKit/605.1.15 (KHTML, like Gecko) Version/18.3 Safari/605.1.15"
208.122.213.31 - - [30/Apr/2026:14:14:49 -0400] "POST /wp-cron.php?doing_wp_cron=1777572889.5389881134033203125000 HTTP/1.1" 200 - "-" "WordPress/6.2.6; https://store.terrorxxx.com"
69.163.238.247 - - [30/Apr/2026:14:14:49 -0400] "POST /xmlrpc.php HTTP/2.0" 200 225 "-" "Mozilla/5.0 (Windows NT 10.0) AppleWebKit/537.36 (KHTML, like Gecko) Chrome/67.0.3396.87 Safari/537.36"
208.122.213.31 - - [30/Apr/2026:14:17:46 -0400] "POST /wp-cron.php?doing_wp_cron=1777573066.3385729789733886718750 HTTP/1.1" 200 - "-" "WordPress/6.2.6; https://store.terrorxxx.com"
95.140.39.34 - - [30/Apr/2026:14:17:46 -0400] "GET /wp-login.php HTTP/2.0" 200 1920 "-" "Mozilla/4.0 (compatible; MSIE 7.0; Windows NT 6.1; Trident/7.0; SLCC2; .NET CLR 2.0.50727; .NET CLR 3.5.30729; .NET CLR 3.0.30729; .NET4.0C; .NET4.0E; Media Center PC 6.0; InfoPath.3; BRI/2)"
95.140.39.34 - - [30/Apr/2026:14:17:46 -0400] "POST /wp-login.php HTTP/2.0" 200 2050 "https://store.terrorxxx.com/wp-login.php" "Mozilla/4.0 (compatible; MSIE 7.0; Windows NT 6.1; Trident/7.0; SLCC2; .NET CLR 2.0.50727; .NET CLR 3.5.30729; .NET CLR 3.0.30729; .NET4.0C; .NET4.0E; Media Center PC 6.0; InfoPath.3; BRI/2)"
208.122.213.31 - - [30/Apr/2026:14:26:07 -0400] "POST /wp-cron.php?doing_wp_cron=1777573567.2013430595397949218750 HTTP/1.1" 200 - "-" "WordPress/6.2.6; https://store.terrorxxx.com"
54.37.231.200 - - [30/Apr/2026:14:26:07 -0400] "GET /wp-login.php HTTP/2.0" 200 1920 "-" "Mozilla/5.0 (Windows NT 6.1; WOW64; Trident/7.0; HO32600; HO32600R; rv:11.0) like Gecko"
54.37.231.200 - - [30/Apr/2026:14:26:07 -0400] "POST /wp-login.php HTTP/2.0" 200 2050 "https://store.terrorxxx.com/wp-login.php" "Mozilla/5.0 (Windows NT 6.1; WOW64; Trident/7.0; HO32600; HO32600R; rv:11.0) like Gecko"
208.122.213.31 - - [30/Apr/2026:14:31:39 -0400] "POST /wp-cron.php?doing_wp_cron=1777573899.1941440105438232421875 HTTP/1.1" 200 - "-" "WordPress/6.2.6; https://store.terrorxxx.com"
208.109.241.218 - - [30/Apr/2026:14:31:39 -0400] "POST / HTTP/1.1" 401 116 "-" "Mozilla/5.0 (CentOS; Linux x86_64) AppleWebKit/537.36 (KHTML, like Gecko) Chrome/128.0.0.0 Safari/537.36"
208.122.213.31 - - [30/Apr/2026:14:34:31 -0400] "POST /wp-cron.php?doing_wp_cron=1777574071.7635099887847900390625 HTTP/1.1" 200 - "-" "WordPress/6.2.6; https://store.terrorxxx.com"
67.207.86.6 - - [30/Apr/2026:14:34:31 -0400] "POST /xmlrpc.php HTTP/2.0" 200 225 "-" "Mozilla/5.0 (Macintosh; Intel Mac OS X 10_13_5) AppleWebKit/605.1.15 (KHTML, like Gecko) Version/11.1.1 Safari/605.1.15"
208.122.213.31 - - [30/Apr/2026:14:36:24 -0400] "POST /wp-cron.php?doing_wp_cron=1777574184.1445250511169433593750 HTTP/1.1" 200 - "-" "WordPress/6.2.6; https://store.terrorxxx.com"
84.247.191.248 - - [30/Apr/2026:14:36:23 -0400] "GET /wp-login.php HTTP/2.0" 200 1920 "-" "Mozilla/5.0 (Windows NT 6.1; WOW64; Trident/7.0; MSBrowserIE; rv:11.0) like Gecko"
84.247.191.248 - - [30/Apr/2026:14:36:24 -0400] "POST /wp-login.php HTTP/2.0" 200 2050 "https://store.terrorxxx.com/wp-login.php" "Mozilla/5.0 (Windows NT 6.1; WOW64; Trident/7.0; MSBrowserIE; rv:11.0) like Gecko"
208.122.213.31 - - [30/Apr/2026:14:40:57 -0400] "POST /wp-cron.php?doing_wp_cron=1777574457.7564671039581298828125 HTTP/1.1" 200 - "-" "WordPress/6.2.6; https://store.terrorxxx.com"
216.73.216.78 - - [30/Apr/2026:14:40:57 -0400] "GET /robots.txt HTTP/2.0" 200 115 "-" "Mozilla/5.0 AppleWebKit/537.36 (KHTML, like Gecko; compatible; ClaudeBot/1.0; +claudebot@anthropic.com)"
216.73.216.78 - - [30/Apr/2026:14:40:57 -0400] "GET /wp-sitemap.xml HTTP/2.0" 200 740 "-" "Mozilla/5.0 AppleWebKit/537.36 (KHTML, like Gecko; compatible; ClaudeBot/1.0; +claudebot@anthropic.com)"
208.122.213.31 - - [30/Apr/2026:14:43:56 -0400] "POST /wp-cron.php?doing_wp_cron=1777574636.5271379947662353515625 HTTP/1.1" 200 - "-" "WordPress/6.2.6; https://store.terrorxxx.com"
149.18.50.19 - - [30/Apr/2026:14:43:56 -0400] "POST /xmlrpc.php HTTP/2.0" 200 225 "-" "Mozilla/5.0 (Macintosh; Intel Mac OS X 10.10; rv:60.0) Gecko/20100101 Firefox/60.0"
208.122.213.31 - - [30/Apr/2026:14:45:15 -0400] "POST /wp-cron.php?doing_wp_cron=1777574715.1675899028778076171875 HTTP/1.1" 200 - "-" "WordPress/6.2.6; https://store.terrorxxx.com"
103.53.170.39 - - [30/Apr/2026:14:45:15 -0400] "GET /wp-login.php HTTP/2.0" 200 1919 "-" "Mozilla/5.0 (Macintosh; Intel Mac OS X 10_11_6) AppleWebKit/604.1.38 (KHTML, like Gecko) Version/11.0 Safari/604.1.38"
103.53.170.39 - - [30/Apr/2026:14:45:15 -0400] "POST /wp-login.php HTTP/2.0" 200 2050 "https://store.terrorxxx.com/wp-login.php" "Mozilla/5.0 (Macintosh; Intel Mac OS X 10_11_6) AppleWebKit/604.1.38 (KHTML, like Gecko) Version/11.0 Safari/604.1.38"
208.122.213.31 - - [30/Apr/2026:14:45:58 -0400] "POST /wp-cron.php?doing_wp_cron=1777574758.4240601062774658203125 HTTP/1.1" 200 - "-" "WordPress/6.2.6; https://store.terrorxxx.com"
208.109.241.218 - - [30/Apr/2026:14:45:58 -0400] "GET / HTTP/1.1" 200 7342 "-" "Mozilla/5.0 (Macintosh; Intel Mac OS X 10_15_6) AppleWebKit/605.1.15 (KHTML, like Gecko) Version/15.5 Mobile/15E148 Safari/604.1"
208.122.213.31 - - [30/Apr/2026:14:50:12 -0400] "POST /wp-cron.php?doing_wp_cron=1777575012.6962509155273437500000 HTTP/1.1" 200 - "-" "WordPress/6.2.6; https://store.terrorxxx.com"
208.122.213.31 - - [30/Apr/2026:14:50:12 -0400] "POST /wp-cron.php?doing_wp_cron=1777575012.6957340240478515625000 HTTP/1.1" 200 - "-" "WordPress/6.2.6; https://store.terrorxxx.com"
77.75.73.26 - - [30/Apr/2026:14:50:12 -0400] "GET /robots.txt HTTP/1.1" 200 115 "-" "Mozilla/5.0 (compatible; SeznamBot/4.0; +https://o-seznam.cz/napoveda/vyhledavani/en/seznambot-crawler/)"
77.75.73.26 - - [30/Apr/2026:14:50:12 -0400] "GET /wp-sitemap-users-1.xml HTTP/1.1" 200 435 "-" "Mozilla/5.0 (compatible; SeznamBot/4.0; +https://o-seznam.cz/napoveda/vyhledavani/en/seznambot-crawler/)"
208.122.213.31 - - [30/Apr/2026:14:52:20 -0400] "POST /wp-cron.php?doing_wp_cron=1777575140.0565021038055419921875 HTTP/1.1" 200 - "-" "WordPress/6.2.6; https://store.terrorxxx.com"
209.141.56.175 - - [30/Apr/2026:14:52:19 -0400] "GET /wp-login.php HTTP/1.1" 200 6068 "-" "Mozilla/5.0 (X11; Linux x86_64) AppleWebKit/537.36 (KHTML, like Gecko) Chrome/35.0.1916.153 Safari/537.36"
208.122.213.31 - - [30/Apr/2026:14:52:57 -0400] "POST /wp-cron.php?doing_wp_cron=1777575177.3164789676666259765625 HTTP/1.1" 200 - "-" "WordPress/6.2.6; https://store.terrorxxx.com"
209.141.56.175 - - [30/Apr/2026:14:52:57 -0400] "POST /wp-login.php HTTP/1.1" 200 6483 "-" "Mozilla/5.0 (X11; Linux x86_64) AppleWebKit/537.36 (KHTML, like Gecko) Chrome/35.0.1916.153 Safari/537.36"
50.6.195.29 - - [30/Apr/2026:14:53:22 -0400] "POST /xmlrpc.php HTTP/2.0" 200 225 "-" "Mozilla/5.0 (Windows NT 6.1; WOW64; Trident/7.0; MASN; rv:11.0) like Gecko"
208.122.213.31 - - [30/Apr/2026:14:54:25 -0400] "POST /wp-cron.php?doing_wp_cron=1777575265.5958600044250488281250 HTTP/1.1" 200 - "-" "WordPress/6.2.6; https://store.terrorxxx.com"
164.90.157.94 - - [30/Apr/2026:14:54:25 -0400] "GET /?add-to-cart=140 HTTP/2.0" 200 32217 "-" "Mozilla/5.0 (Windows NT 10.0; Win64; x64; rv:109.0) Gecko/20100101 Firefox/121.0"
208.122.213.31 - - [30/Apr/2026:14:56:21 -0400] "POST /wp-cron.php?doing_wp_cron=1777575381.5078880786895751953125 HTTP/1.1" 200 - "-" "WordPress/6.2.6; https://store.terrorxxx.com"
208.109.241.218 - - [30/Apr/2026:14:56:21 -0400] "POST / HTTP/1.1" 200 7342 "-" "Mozilla/5.0 (Macintosh; U; Intel Mac OS X 10_5_5; en-us) AppleWebKit/525.25 (KHTML, like Gecko) Version/3.2 Safari/525.25"
208.122.213.31 - - [30/Apr/2026:14:58:19 -0400] "POST /wp-cron.php?doing_wp_cron=1777575499.2285499572753906250000 HTTP/1.1" 200 - "-" "WordPress/6.2.6; https://store.terrorxxx.com"
208.109.241.218 - - [30/Apr/2026:14:58:19 -0400] "GET / HTTP/1.1" 200 7342 "-" "Mozilla/5.0 (Macintosh; Intel Mac OS X 10_14_6) AppleWebKit/605.1.15 (KHTML, like Gecko) Version/13.0.3 Safari/605.1.15"
208.122.213.31 - - [30/Apr/2026:15:02:55 -0400] "POST /wp-cron.php?doing_wp_cron=1777575775.4721729755401611328125 HTTP/1.1" 200 - "-" "WordPress/6.2.6; https://store.terrorxxx.com"
38.95.35.85 - - [30/Apr/2026:15:02:55 -0400] "POST /xmlrpc.php HTTP/2.0" 200 225 "-" "Mozilla/5.0 (Windows NT 6.1; Trident/7.0; SLCC2; .NET CLR 2.0.50727; .NET CLR 3.5.30729; .NET CLR 3.0.30729; Media Center PC 6.0; InfoPath.2; .NET4.0C; rv:11.0) like Gecko"
208.122.213.31 - - [30/Apr/2026:15:05:38 -0400] "POST /wp-cron.php?doing_wp_cron=1777575938.6285109519958496093750 HTTP/1.1" 200 - "-" "WordPress/6.2.6; https://store.terrorxxx.com"
64.227.152.124 - - [30/Apr/2026:15:05:38 -0400] "GET /wp-login.php HTTP/2.0" 200 1919 "-" "Mozilla/4.0 (compatible; MSIE 7.0; Windows NT 6.1; WOW64; Trident/7.0; SLCC2; .NET CLR 2.0.50727; .NET CLR 3.5.30729; .NET CLR 3.0.30729; Media Center PC 6.0; .NET4.0C)"
64.227.152.124 - - [30/Apr/2026:15:05:39 -0400] "POST /wp-login.php HTTP/2.0" 200 2050 "https://store.terrorxxx.com/wp-login.php" "Mozilla/4.0 (compatible; MSIE 7.0; Windows NT 6.1; WOW64; Trident/7.0; SLCC2; .NET CLR 2.0.50727; .NET CLR 3.5.30729; .NET CLR 3.0.30729; Media Center PC 6.0; .NET4.0C)"
208.109.241.218 - - [30/Apr/2026:15:06:00 -0400] "GET /?rest_route=/pmpro/v1/order&code=a%27%20OR%20(SELECT%201%20FROM%20(SELECT(SLEEP(7)))a)--%20- HTTP/1.1" 404 114 "-" "Mozilla/5.0 (Windows NT 10.0; Win64; x64; rv:123.0) Gecko/20100101 Firefox/123.0"
208.109.241.218 - - [30/Apr/2026:15:06:13 -0400] "GET /wp-content/plugins/paid-memberships-pro/js/updates.js HTTP/1.1" 404 26379 "-" "Mozilla/5.0 (X11; Ubuntu; Linux x86_64; rv:140.0) Gecko/20100101 Firefox/140.0"
208.122.213.31 - - [30/Apr/2026:15:12:58 -0400] "POST /wp-cron.php?doing_wp_cron=1777576378.0234279632568359375000 HTTP/1.1" 200 - "-" "WordPress/6.2.6; https://store.terrorxxx.com"
18.190.119.140 - - [30/Apr/2026:15:12:57 -0400] "POST /xmlrpc.php HTTP/2.0" 200 225 "-" "Mozilla/5.0 (Windows NT 10.0; WOW64) AppleWebKit/537.36 (KHTML, like Gecko) Chrome/63.0.3239.132 Safari/537.36 OPR/50.0.2762.67"
208.122.213.31 - - [30/Apr/2026:15:14:11 -0400] "POST /wp-cron.php?doing_wp_cron=1777576451.9045209884643554687500 HTTP/1.1" 200 - "-" "WordPress/6.2.6; https://store.terrorxxx.com"
86.125.136.144 - - [30/Apr/2026:15:14:11 -0400] "GET /wp-login.php HTTP/2.0" 200 1920 "-" "Mozilla/4.0 (compatible; MSIE 7.0; Windows NT 6.2; WOW64; Trident/7.0; .NET4.0C; .NET4.0E; InfoPath.3)"
86.125.136.144 - - [30/Apr/2026:15:14:12 -0400] "POST /wp-login.php HTTP/2.0" 200 2050 "https://store.terrorxxx.com/wp-login.php" "Mozilla/4.0 (compatible; MSIE 7.0; Windows NT 6.2; WOW64; Trident/7.0; .NET4.0C; .NET4.0E; InfoPath.3)"
208.122.213.31 - - [30/Apr/2026:15:18:03 -0400] "POST /wp-cron.php?doing_wp_cron=1777576683.2944619655609130859375 HTTP/1.1" 200 - "-" "WordPress/6.2.6; https://store.terrorxxx.com"
208.109.241.218 - - [30/Apr/2026:15:18:03 -0400] "GET /wp-content/plugins/userpro/css/userpro.min.css HTTP/1.1" 404 26379 "-" "Mozilla/5.0 (Windows NT 10.0; Win64; x64; rv:135.0) Gecko/20100101 Firefox/135.0"
208.122.213.31 - - [30/Apr/2026:15:22:37 -0400] "POST /wp-cron.php?doing_wp_cron=1777576957.3519840240478515625000 HTTP/1.1" 200 - "-" "WordPress/6.2.6; https://store.terrorxxx.com"
46.105.28.235 - - [30/Apr/2026:15:22:37 -0400] "POST /xmlrpc.php HTTP/2.0" 200 225 "-" "Mozilla/5.0 (Windows NT 6.1; Win64; x64) AppleWebKit/537.36 (KHTML, like Gecko) Chrome/66.0.3359.170 Safari/537.36 OPR/53.0.2907.99"
128.241.254.194 - - [30/Apr/2026:15:23:13 -0400] "POST /wp-json/slider-future/v1/upload-image/ HTTP/1.1" 404 114 "-" "Mozilla/5.0 (CentOS; Linux x86_64) AppleWebKit/537.36 (KHTML, like Gecko) Chrome/130.0.0.0 Safari/537.36"
208.122.213.31 - - [30/Apr/2026:15:24:18 -0400] "POST /wp-cron.php?doing_wp_cron=1777577058.7974889278411865234375 HTTP/1.1" 200 - "-" "WordPress/6.2.6; https://store.terrorxxx.com"
148.72.155.217 - - [30/Apr/2026:15:24:18 -0400] "GET /wp-login.php HTTP/2.0" 200 1920 "-" "Mozilla/4.0 (compatible; MSIE 7.0; Windows NT 6.3; WOW64; Trident/7.0; Touch; .NET4.0E; .NET4.0C; Tablet PC 2.0; .NET CLR 3.5.30729; .NET CLR 2.0.50727; .NET CLR 3.0.30729)"
148.72.155.217 - - [30/Apr/2026:15:24:18 -0400] "POST /wp-login.php HTTP/2.0" 200 2050 "https://store.terrorxxx.com/wp-login.php" "Mozilla/4.0 (compatible; MSIE 7.0; Windows NT 6.3; WOW64; Trident/7.0; Touch; .NET4.0E; .NET4.0C; Tablet PC 2.0; .NET CLR 3.5.30729; .NET CLR 2.0.50727; .NET CLR 3.0.30729)"
208.122.213.31 - - [30/Apr/2026:15:30:05 -0400] "POST /wp-cron.php?doing_wp_cron=1777577405.2889530658721923828125 HTTP/1.1" 200 - "-" "WordPress/6.2.6; https://store.terrorxxx.com"
208.109.241.218 - - [30/Apr/2026:15:30:05 -0400] "POST /wp-json/textmagic/v1/smsreceived HTTP/1.1" 404 114 "-" "Mozilla/5.0 (Macintosh; Intel Mac OS X 10_15_7) AppleWebKit/605.1.15 (KHTML, like Gecko) Version/18.2 Safari/605.1.15"
208.122.213.31 - - [30/Apr/2026:15:31:47 -0400] "POST /wp-cron.php?doing_wp_cron=1777577507.4954299926757812500000 HTTP/1.1" 200 - "-" "WordPress/6.2.6; https://store.terrorxxx.com"
172.104.178.68 - - [30/Apr/2026:15:31:47 -0400] "POST /xmlrpc.php HTTP/2.0" 200 225 "-" "Mozilla/5.0 (Windows NT 6.1) AppleWebKit/537.36 (KHTML, like Gecko) Chrome/66.0.3359.170 Safari/537.36"
208.122.213.31 - - [30/Apr/2026:15:32:57 -0400] "POST /wp-cron.php?doing_wp_cron=1777577577.0022170543670654296875 HTTP/1.1" 200 - "-" "WordPress/6.2.6; https://store.terrorxxx.com"
38.95.35.85 - - [30/Apr/2026:15:32:56 -0400] "GET /wp-login.php HTTP/2.0" 200 1920 "-" "Mozilla/5.0 (Macintosh; Intel Mac OS X 10_10_5) AppleWebKit/537.36 (KHTML, like Gecko) Chrome/67.0.3396.87 Safari/537.36"
38.95.35.85 - - [30/Apr/2026:15:32:57 -0400] "POST /wp-login.php HTTP/2.0" 200 2050 "https://store.terrorxxx.com/wp-login.php" "Mozilla/5.0 (Macintosh; Intel Mac OS X 10_10_5) AppleWebKit/537.36 (KHTML, like Gecko) Chrome/67.0.3396.87 Safari/537.36"
208.109.241.218 - - [30/Apr/2026:15:33:17 -0400] "GET /wp-admin/admin-ajax.php?action=edd_download_search&s=1'+AND+(SELECT+1+FROM+(SELECT(SLEEP(6)))a)--+- HTTP/1.1" 400 1 "-" "Mozilla/5.0 (Fedora; Linux x86_64) AppleWebKit/537.36 (KHTML, like Gecko) Chrome/132.0.0.0 Safari/537.36"
208.122.213.31 - - [30/Apr/2026:15:33:30 -0400] "POST /wp-cron.php?doing_wp_cron=1777577610.2765169143676757812500 HTTP/1.1" 200 - "-" "WordPress/6.2.6; https://store.terrorxxx.com"
208.109.241.218 - - [30/Apr/2026:15:33:30 -0400] "GET /wp-content/plugins/easy-digital-downloads/readme.txt HTTP/1.1" 404 26379 "-" "Mozilla/5.0 (Macintosh; Intel Mac OS X 10_11_6) AppleWebKit/537.36 (KHTML, like Gecko) Chrome/103.0.0.0 Safari/537.36"
208.122.213.31 - - [30/Apr/2026:15:41:20 -0400] "POST /wp-cron.php?doing_wp_cron=1777578080.6302049160003662109375 HTTP/1.1" 200 - "-" "WordPress/6.2.6; https://store.terrorxxx.com"
185.151.196.205 - - [30/Apr/2026:15:41:20 -0400] "POST /xmlrpc.php HTTP/2.0" 200 225 "-" "Mozilla/5.0 (Macintosh; Intel Mac OS X 10_10_5) AppleWebKit/603.1.30 (KHTML, like Gecko) Version/10.1 Safari/603.1.30"
208.122.213.31 - - [30/Apr/2026:15:42:49 -0400] "POST /wp-cron.php?doing_wp_cron=1777578169.9178130626678466796875 HTTP/1.1" 200 - "-" "WordPress/6.2.6; https://store.terrorxxx.com"
216.172.172.20 - - [30/Apr/2026:15:42:49 -0400] "GET /wp-login.php HTTP/2.0" 200 1920 "-" "Mozilla/5.0 (Windows NT 10.0; WOW64; Trident/7.0; AS; rv:11.0) like Gecko"
216.172.172.20 - - [30/Apr/2026:15:42:50 -0400] "POST /wp-login.php HTTP/2.0" 200 2050 "https://store.terrorxxx.com/wp-login.php" "Mozilla/5.0 (Windows NT 10.0; WOW64; Trident/7.0; AS; rv:11.0) like Gecko"
208.122.213.31 - - [30/Apr/2026:15:45:54 -0400] "POST /wp-cron.php?doing_wp_cron=1777578354.4313499927520751953125 HTTP/1.1" 200 - "-" "WordPress/6.2.6; https://store.terrorxxx.com"
208.109.241.218 - - [30/Apr/2026:15:45:54 -0400] "GET /wp-json/wp/v2/add-listing?id=1 HTTP/1.1" 404 114 "-" "Mozilla/5.0 (CentOS; Linux x86_64) AppleWebKit/537.36 (KHTML, like Gecko) Chrome/132.0.0.0 Safari/537.36"
208.109.241.218 - - [30/Apr/2026:15:46:06 -0400] "GET /wp-admin/profile.php HTTP/1.1" 302 - "-" "Mozilla/5.0 (Debian; Linux x86_64) AppleWebKit/537.36 (KHTML, like Gecko) Chrome/140.0.0.0 Safari/537.36"
208.122.213.31 - - [30/Apr/2026:15:50:35 -0400] "POST /wp-cron.php?doing_wp_cron=1777578635.9735789299011230468750 HTTP/1.1" 200 - "-" "WordPress/6.2.6; https://store.terrorxxx.com"
113.190.40.93 - - [30/Apr/2026:15:50:35 -0400] "POST /xmlrpc.php HTTP/2.0" 200 225 "-" "Mozilla/5.0 (Windows NT 6.0; Win64; x64) AppleWebKit/537.36 (KHTML, like Gecko) Chrome/65.0.3325.181 Safari/537.36 OPR/52.0.2871.99"
208.122.213.31 - - [30/Apr/2026:15:51:35 -0400] "POST /wp-cron.php?doing_wp_cron=1777578695.1322109699249267578125 HTTP/1.1" 200 - "-" "WordPress/6.2.6; https://store.terrorxxx.com"
209.182.233.132 - - [30/Apr/2026:15:51:34 -0400] "GET /wp-login.php HTTP/2.0" 200 1919 "-" "Mozilla/5.0 (Macintosh; Intel Mac OS X 10_12_6) AppleWebKit/537.36 (KHTML, like Gecko) Chrome/67.0.3396.62 Safari/537.36"
209.182.233.132 - - [30/Apr/2026:15:51:35 -0400] "POST /wp-login.php HTTP/2.0" 200 2050 "https://store.terrorxxx.com/wp-login.php" "Mozilla/5.0 (Macintosh; Intel Mac OS X 10_12_6) AppleWebKit/537.36 (KHTML, like Gecko) Chrome/67.0.3396.62 Safari/537.36"
208.122.213.31 - - [30/Apr/2026:15:56:45 -0400] "POST /wp-cron.php?doing_wp_cron=1777579005.6624040603637695312500 HTTP/1.1" 200 - "-" "WordPress/6.2.6; https://store.terrorxxx.com"
35.150.139.63 - - [30/Apr/2026:15:56:45 -0400] "GET / HTTP/2.0" 200 7342 "-" "Mozilla/5.0 (Macintosh; Intel Mac OS X 10_15_7) AppleWebKit/605.1.15 (KHTML, like Gecko) Version/17.3 Safari/605.1.15"
35.150.139.63 - - [30/Apr/2026:15:56:45 -0400] "GET /wp-includes/css/classic-themes.min.css?ver=6.2.6 HTTP/2.0" 200 210 "https://store.terrorxxx.com/" "Mozilla/5.0 (Macintosh; Intel Mac OS X 10_15_7) AppleWebKit/605.1.15 (KHTML, like Gecko) Version/17.3 Safari/605.1.15"
35.150.139.63 - - [30/Apr/2026:15:56:45 -0400] "GET /wp-content/plugins/contact-form-7/includes/css/styles.css?ver=5.1.6 HTTP/2.0" 200 649 "https://store.terrorxxx.com/" "Mozilla/5.0 (Macintosh; Intel Mac OS X 10_15_7) AppleWebKit/605.1.15 (KHTML, like Gecko) Version/17.3 Safari/605.1.15"
35.150.139.63 - - [30/Apr/2026:15:56:45 -0400] "GET /wp-includes/css/dist/block-library/style.min.css?ver=6.2.6 HTTP/2.0" 200 12736 "https://store.terrorxxx.com/" "Mozilla/5.0 (Macintosh; Intel Mac OS X 10_15_7) AppleWebKit/605.1.15 (KHTML, like Gecko) Version/17.3 Safari/605.1.15"
35.150.139.63 - - [30/Apr/2026:15:56:45 -0400] "GET /wp-content/plugins/woo-gutenberg-products-block/build/style.css?ver=2.5.16 HTTP/2.0" 200 8309 "https://store.terrorxxx.com/" "Mozilla/5.0 (Macintosh; Intel Mac OS X 10_15_7) AppleWebKit/605.1.15 (KHTML, like Gecko) Version/17.3 Safari/605.1.15"
35.150.139.63 - - [30/Apr/2026:15:56:45 -0400] "GET /wp-content/plugins/woocommerce/assets/css/select2.css?ver=3.8.3 HTTP/2.0" 200 1963 "https://store.terrorxxx.com/" "Mozilla/5.0 (Macintosh; Intel Mac OS X 10_15_7) AppleWebKit/605.1.15 (KHTML, like Gecko) Version/17.3 Safari/605.1.15"
35.150.139.63 - - [30/Apr/2026:15:56:45 -0400] "GET /wp-content/plugins/woocommerce/assets/css/woocommerce-layout.css?ver=3.8.3 HTTP/2.0" 200 2157 "https://store.terrorxxx.com/" "Mozilla/5.0 (Macintosh; Intel Mac OS X 10_15_7) AppleWebKit/605.1.15 (KHTML, like Gecko) Version/17.3 Safari/605.1.15"
35.150.139.63 - - [30/Apr/2026:15:56:45 -0400] "GET /wp-content/themes/tyche/assets/vendors/owl-carousel/owl.carousel.min.css?ver=6.2.6 HTTP/2.0" 200 923 "https://store.terrorxxx.com/" "Mozilla/5.0 (Macintosh; Intel Mac OS X 10_15_7) AppleWebKit/605.1.15 (KHTML, like Gecko) Version/17.3 Safari/605.1.15"
35.150.139.63 - - [30/Apr/2026:15:56:45 -0400] "GET /wp-content/themes/tyche/style.css?ver=6.2.6 HTTP/2.0" 200 390 "https://store.terrorxxx.com/" "Mozilla/5.0 (Macintosh; Intel Mac OS X 10_15_7) AppleWebKit/605.1.15 (KHTML, like Gecko) Version/17.3 Safari/605.1.15"
35.150.139.63 - - [30/Apr/2026:15:56:45 -0400] "GET /wp-content/themes/tyche/assets/vendors/fontawesome/font-awesome.min.css?ver=6.2.6 HTTP/2.0" 200 7056 "https://store.terrorxxx.com/" "Mozilla/5.0 (Macintosh; Intel Mac OS X 10_15_7) AppleWebKit/605.1.15 (KHTML, like Gecko) Version/17.3 Safari/605.1.15"
35.150.139.63 - - [30/Apr/2026:15:56:45 -0400] "GET /wp-content/themes/tyche/assets/vendors/owl-carousel/owl.theme.default.css?ver=6.2.6 HTTP/2.0" 200 564 "https://store.terrorxxx.com/" "Mozilla/5.0 (Macintosh; Intel Mac OS X 10_15_7) AppleWebKit/605.1.15 (KHTML, like Gecko) Version/17.3 Safari/605.1.15"
35.150.139.63 - - [30/Apr/2026:15:56:45 -0400] "GET /wp-content/plugins/woocommerce/assets/css/woocommerce.css?ver=3.8.3 HTTP/2.0" 200 8820 "https://store.terrorxxx.com/" "Mozilla/5.0 (Macintosh; Intel Mac OS X 10_15_7) AppleWebKit/605.1.15 (KHTML, like Gecko) Version/17.3 Safari/605.1.15"
35.150.139.63 - - [30/Apr/2026:15:56:45 -0400] "GET /wp-includes/js/jquery/jquery-migrate.min.js?ver=3.4.0 HTTP/2.0" 200 4795 "https://store.terrorxxx.com/" "Mozilla/5.0 (Macintosh; Intel Mac OS X 10_15_7) AppleWebKit/605.1.15 (KHTML, like Gecko) Version/17.3 Safari/605.1.15"
35.150.139.63 - - [30/Apr/2026:15:56:45 -0400] "GET /wp-includes/css/dashicons.min.css?ver=6.2.6 HTTP/2.0" 200 35730 "https://store.terrorxxx.com/" "Mozilla/5.0 (Macintosh; Intel Mac OS X 10_15_7) AppleWebKit/605.1.15 (KHTML, like Gecko) Version/17.3 Safari/605.1.15"
35.150.139.63 - - [30/Apr/2026:15:56:45 -0400] "GET /wp-content/themes/tyche/assets/vendors/jquery-zoom/jquery.zoom.min.js?ver=1.3.3 HTTP/2.0" 200 1171 "https://store.terrorxxx.com/" "Mozilla/5.0 (Macintosh; Intel Mac OS X 10_15_7) AppleWebKit/605.1.15 (KHTML, like Gecko) Version/17.3 Safari/605.1.15"
35.150.139.63 - - [30/Apr/2026:15:56:45 -0400] "GET /wp-content/plugins/woocommerce/assets/js/frontend/add-to-cart.min.js?ver=3.8.3 HTTP/2.0" 200 1017 "https://store.terrorxxx.com/" "Mozilla/5.0 (Macintosh; Intel Mac OS X 10_15_7) AppleWebKit/605.1.15 (KHTML, like Gecko) Version/17.3 Safari/605.1.15"
35.150.139.63 - - [30/Apr/2026:15:56:45 -0400] "GET /wp-includes/js/jquery/jquery.min.js?ver=3.6.4 HTTP/2.0" 200 31049 "https://store.terrorxxx.com/" "Mozilla/5.0 (Macintosh; Intel Mac OS X 10_15_7) AppleWebKit/605.1.15 (KHTML, like Gecko) Version/17.3 Safari/605.1.15"
35.150.139.63 - - [30/Apr/2026:15:56:45 -0400] "GET /wp-content/plugins/woocommerce/assets/js/jquery-blockui/jquery.blockUI.min.js?ver=2.70 HTTP/2.0" 200 3533 "https://store.terrorxxx.com/" "Mozilla/5.0 (Macintosh; Intel Mac OS X 10_15_7) AppleWebKit/605.1.15 (KHTML, like Gecko) Version/17.3 Safari/605.1.15"
35.150.139.63 - - [30/Apr/2026:15:56:45 -0400] "GET /wp-content/plugins/wp-google-maps/wpgmza_data.js?ver=6.2.6 HTTP/2.0" 200 100 "https://store.terrorxxx.com/" "Mozilla/5.0 (Macintosh; Intel Mac OS X 10_15_7) AppleWebKit/605.1.15 (KHTML, like Gecko) Version/17.3 Safari/605.1.15"
35.150.139.63 - - [30/Apr/2026:15:56:45 -0400] "GET /wp-content/plugins/woocommerce/assets/js/frontend/cart-fragments.min.js?ver=3.8.3 HTTP/2.0" 200 1042 "https://store.terrorxxx.com/" "Mozilla/5.0 (Macintosh; Intel Mac OS X 10_15_7) AppleWebKit/605.1.15 (KHTML, like Gecko) Version/17.3 Safari/605.1.15"
35.150.139.63 - - [30/Apr/2026:15:56:45 -0400] "GET /wp-content/themes/tyche/assets/vendors/menu/menu.min.js?ver=6.2.6 HTTP/2.0" 200 435 "https://store.terrorxxx.com/" "Mozilla/5.0 (Macintosh; Intel Mac OS X 10_15_7) AppleWebKit/605.1.15 (KHTML, like Gecko) Version/17.3 Safari/605.1.15"
35.150.139.63 - - [30/Apr/2026:15:56:45 -0400] "GET /wp-content/plugins/woocommerce/assets/js/frontend/woocommerce.min.js?ver=3.8.3 HTTP/2.0" 200 619 "https://store.terrorxxx.com/" "Mozilla/5.0 (Macintosh; Intel Mac OS X 10_15_7) AppleWebKit/605.1.15 (KHTML, like Gecko) Version/17.3 Safari/605.1.15"
35.150.139.63 - - [30/Apr/2026:15:56:45 -0400] "GET /wp-content/plugins/contact-form-7/includes/js/scripts.js?ver=5.1.6 HTTP/2.0" 200 3993 "https://store.terrorxxx.com/" "Mozilla/5.0 (Macintosh; Intel Mac OS X 10_15_7) AppleWebKit/605.1.15 (KHTML, like Gecko) Version/17.3 Safari/605.1.15"
35.150.139.63 - - [30/Apr/2026:15:56:45 -0400] "GET /wp-content/plugins/woocommerce/assets/js/js-cookie/js.cookie.min.js?ver=2.1.4 HTTP/2.0" 200 981 "https://store.terrorxxx.com/" "Mozilla/5.0 (Macintosh; Intel Mac OS X 10_15_7) AppleWebKit/605.1.15 (KHTML, like Gecko) Version/17.3 Safari/605.1.15"
35.150.139.63 - - [30/Apr/2026:15:56:45 -0400] "GET /wp-content/themes/tyche/assets/js/functions.js?ver=6.2.6 HTTP/2.0" 200 2057 "https://store.terrorxxx.com/" "Mozilla/5.0 (Macintosh; Intel Mac OS X 10_15_7) AppleWebKit/605.1.15 (KHTML, like Gecko) Version/17.3 Safari/605.1.15"
35.150.139.63 - - [30/Apr/2026:15:56:45 -0400] "GET /wp-content/themes/tyche/assets/css/style-black.css?ver=6.2.6 HTTP/2.0" 200 22706 "https://store.terrorxxx.com/" "Mozilla/5.0 (Macintosh; Intel Mac OS X 10_15_7) AppleWebKit/605.1.15 (KHTML, like Gecko) Version/17.3 Safari/605.1.15"
35.150.139.63 - - [30/Apr/2026:15:56:45 -0400] "GET /wp-content/themes/tyche/assets/vendors/owl-carousel/owl.carousel.min.js?ver=1.3.3 HTTP/2.0" 200 10971 "https://store.terrorxxx.com/" "Mozilla/5.0 (Macintosh; Intel Mac OS X 10_15_7) AppleWebKit/605.1.15 (KHTML, like Gecko) Version/17.3 Safari/605.1.15"
35.150.139.63 - - [30/Apr/2026:15:56:45 -0400] "GET /wp-content/themes/tyche/assets/js/skip-link-focus-fix.js?ver=6.2.6 HTTP/2.0" 200 464 "https://store.terrorxxx.com/" "Mozilla/5.0 (Macintosh; Intel Mac OS X 10_15_7) AppleWebKit/605.1.15 (KHTML, like Gecko) Version/17.3 Safari/605.1.15"
35.150.139.63 - - [30/Apr/2026:15:56:45 -0400] "GET /wp-content/plugins/woocommerce/assets/js/selectWoo/selectWoo.full.min.js?ver=1.0.6 HTTP/2.0" 200 21611 "https://store.terrorxxx.com/" "Mozilla/5.0 (Macintosh; Intel Mac OS X 10_15_7) AppleWebKit/605.1.15 (KHTML, like Gecko) Version/17.3 Safari/605.1.15"
35.150.139.63 - - [30/Apr/2026:15:56:46 -0400] "GET /wp-content/plugins/woocommerce/assets/css/woocommerce-smallscreen.css?ver=3.8.3 HTTP/2.0" 200 1055 "https://store.terrorxxx.com/" "Mozilla/5.0 (Macintosh; Intel Mac OS X 10_15_7) AppleWebKit/605.1.15 (KHTML, like Gecko) Version/17.3 Safari/605.1.15"
35.150.139.63 - - [30/Apr/2026:15:56:46 -0400] "GET /wp-content/uploads/2019/02/cropped-store-logo.png HTTP/2.0" 200 7269 "https://store.terrorxxx.com/" "Mozilla/5.0 (Macintosh; Intel Mac OS X 10_15_7) AppleWebKit/605.1.15 (KHTML, like Gecko) Version/17.3 Safari/605.1.15"
35.150.139.63 - - [30/Apr/2026:15:56:46 -0400] "GET /wp-content/themes/tyche/assets/vendors/fontawesome/fontawesome-webfont.woff2?v=4.7.0 HTTP/2.0" 200 77162 "https://store.terrorxxx.com/" "Mozilla/5.0 (Macintosh; Intel Mac OS X 10_15_7) AppleWebKit/605.1.15 (KHTML, like Gecko) Version/17.3 Safari/605.1.15"
35.150.139.63 - - [30/Apr/2026:15:56:46 -0400] "GET /wp-content/uploads/2019/02/IMG_7008-300x300.jpg HTTP/2.0" 200 14882 "https://store.terrorxxx.com/" "Mozilla/5.0 (Macintosh; Intel Mac OS X 10_15_7) AppleWebKit/605.1.15 (KHTML, like Gecko) Version/17.3 Safari/605.1.15"
35.150.139.63 - - [30/Apr/2026:15:56:46 -0400] "GET /wp-content/uploads/2019/02/IMG_1092-300x300.jpeg HTTP/2.0" 200 18286 "https://store.terrorxxx.com/" "Mozilla/5.0 (Macintosh; Intel Mac OS X 10_15_7) AppleWebKit/605.1.15 (KHTML, like Gecko) Version/17.3 Safari/605.1.15"
35.150.139.63 - - [30/Apr/2026:15:56:46 -0400] "GET /wp-content/uploads/2019/02/terrorxxx-header.jpg HTTP/2.0" 200 79567 "https://store.terrorxxx.com/" "Mozilla/5.0 (Macintosh; Intel Mac OS X 10_15_7) AppleWebKit/605.1.15 (KHTML, like Gecko) Version/17.3 Safari/605.1.15"
35.150.139.63 - - [30/Apr/2026:15:56:46 -0400] "POST /?wc-ajax=get_refreshed_fragments HTTP/2.0" 200 161 "https://store.terrorxxx.com/" "Mozilla/5.0 (Macintosh; Intel Mac OS X 10_15_7) AppleWebKit/605.1.15 (KHTML, like Gecko) Version/17.3 Safari/605.1.15"
35.150.139.63 - - [30/Apr/2026:15:56:46 -0400] "GET /favicon.ico HTTP/2.0" 302 - "https://store.terrorxxx.com/" "Mozilla/5.0 (Macintosh; Intel Mac OS X 10_15_7) AppleWebKit/605.1.15 (KHTML, like Gecko) Version/17.3 Safari/605.1.15"
35.150.139.63 - - [30/Apr/2026:15:56:46 -0400] "GET /wp-includes/images/w-logo-blue-white-bg.png HTTP/2.0" 200 4119 "https://store.terrorxxx.com/" "Mozilla/5.0 (Macintosh; Intel Mac OS X 10_15_7) AppleWebKit/605.1.15 (KHTML, like Gecko) Version/17.3 Safari/605.1.15"
208.122.213.31 - - [30/Apr/2026:16:00:25 -0400] "POST /wp-cron.php?doing_wp_cron=1777579225.6495978832244873046875 HTTP/1.1" 200 - "-" "WordPress/6.2.6; https://store.terrorxxx.com"
168.187.5.210 - - [30/Apr/2026:16:00:25 -0400] "POST /xmlrpc.php HTTP/2.0" 200 225 "-" "Mozilla/5.0 (Windows NT 6.3; ARM; Trident/7.0; Touch; ARMBJS; rv:11.0) like Gecko"
208.122.213.31 - - [30/Apr/2026:16:01:41 -0400] "POST /wp-cron.php?doing_wp_cron=1777579301.1882669925689697265625 HTTP/1.1" 200 - "-" "WordPress/6.2.6; https://store.terrorxxx.com"
103.53.170.39 - - [30/Apr/2026:16:01:41 -0400] "GET /wp-login.php HTTP/2.0" 200 1918 "-" "Mozilla/5.0 (Windows NT 6.3) AppleWebKit/537.36 (KHTML, like Gecko) Chrome/65.0.3325.181 Safari/537.36"
103.53.170.39 - - [30/Apr/2026:16:01:41 -0400] "POST /wp-login.php HTTP/2.0" 200 2048 "https://store.terrorxxx.com/wp-login.php" "Mozilla/5.0 (Windows NT 6.3) AppleWebKit/537.36 (KHTML, like Gecko) Chrome/65.0.3325.181 Safari/537.36"
208.122.213.31 - - [30/Apr/2026:16:04:20 -0400] "POST /wp-cron.php?doing_wp_cron=1777579460.3355081081390380859375 HTTP/1.1" 200 - "-" "WordPress/6.2.6; https://store.terrorxxx.com"
208.109.241.218 - - [30/Apr/2026:16:04:20 -0400] "GET /wp-content/plugins/gift-voucher/readme.txt HTTP/1.1" 404 26379 "-" "Mozilla/5.0 (Kubuntu; Linux i686) AppleWebKit/537.36 (KHTML, like Gecko) Chrome/138.0.0.0 Safari/537.36"
208.122.213.31 - - [30/Apr/2026:16:09:47 -0400] "POST /wp-cron.php?doing_wp_cron=1777579787.5305430889129638671875 HTTP/1.1" 200 - "-" "WordPress/6.2.6; https://store.terrorxxx.com"
149.18.50.19 - - [30/Apr/2026:16:09:47 -0400] "POST /xmlrpc.php HTTP/2.0" 200 225 "-" "Mozilla/5.0 (Windows NT 6.3; Trident/7.0; rv:11.0) like Gecko"
208.122.213.31 - - [30/Apr/2026:16:10:48 -0400] "POST /wp-cron.php?doing_wp_cron=1777579848.5054640769958496093750 HTTP/1.1" 200 - "-" "WordPress/6.2.6; https://store.terrorxxx.com"
162.214.192.209 - - [30/Apr/2026:16:10:48 -0400] "GET /wp-login.php HTTP/2.0" 200 1919 "-" "Mozilla/5.0 (Windows NT 6.3; Trident/7.0; Touch; rv:11.0) like Gecko"
162.214.192.209 - - [30/Apr/2026:16:10:51 -0400] "POST /wp-login.php HTTP/2.0" 200 2048 "https://store.terrorxxx.com/wp-login.php" "Mozilla/5.0 (Windows NT 6.3; Trident/7.0; Touch; rv:11.0) like Gecko"
208.122.213.31 - - [30/Apr/2026:16:16:49 -0400] "POST /wp-cron.php?doing_wp_cron=1777580209.2514140605926513671875 HTTP/1.1" 200 - "-" "WordPress/6.2.6; https://store.terrorxxx.com"
128.241.254.194 - - [30/Apr/2026:16:16:49 -0400] "POST /wp-admin/admin-ajax.php HTTP/1.1" 400 1 "-" "Mozilla/5.0 (Macintosh; Intel Mac OS X 14_7_6) AppleWebKit/605.1.15 (KHTML, like Gecko) Version/18.4 Safari/605.1.15"
208.122.213.31 - - [30/Apr/2026:16:19:19 -0400] "POST /wp-cron.php?doing_wp_cron=1777580359.6423900127410888671875 HTTP/1.1" 200 - "-" "WordPress/6.2.6; https://store.terrorxxx.com"
137.74.133.23 - - [30/Apr/2026:16:19:19 -0400] "POST /xmlrpc.php HTTP/2.0" 200 225 "-" "Mozilla/5.0 (Windows NT 6.1) AppleWebKit/537.36 (KHTML, like Gecko) Chrome/65.0.3325.162 Safari/537.36"
208.122.213.31 - - [30/Apr/2026:16:27:58 -0400] "POST /wp-cron.php?doing_wp_cron=1777580878.6558020114898681640625 HTTP/1.1" 200 - "-" "WordPress/6.2.6; https://store.terrorxxx.com"
115.245.68.130 - - [30/Apr/2026:16:27:58 -0400] "POST /xmlrpc.php HTTP/2.0" 200 225 "-" "Mozilla/5.0 (Windows NT 6.3; Win64; x64) AppleWebKit/537.36 (KHTML, like Gecko) Chrome/66.0.3359.181 Safari/537.36"
208.122.213.31 - - [30/Apr/2026:16:29:28 -0400] "POST /wp-cron.php?doing_wp_cron=1777580968.3139569759368896484375 HTTP/1.1" 200 - "-" "WordPress/6.2.6; https://store.terrorxxx.com"
193.1.187.229 - - [30/Apr/2026:16:29:28 -0400] "GET /wp-login.php HTTP/2.0" 200 1919 "-" "Mozilla/5.0 (Macintosh; Intel Mac OS X 10_9_5) AppleWebKit/537.36 (KHTML, like Gecko) Chrome/65.0.3325.181 Safari/537.36"
193.1.187.229 - - [30/Apr/2026:16:29:29 -0400] "POST /wp-login.php HTTP/2.0" 200 2048 "https://store.terrorxxx.com/wp-login.php" "Mozilla/5.0 (Macintosh; Intel Mac OS X 10_9_5) AppleWebKit/537.36 (KHTML, like Gecko) Chrome/65.0.3325.181 Safari/537.36"
208.122.213.31 - - [30/Apr/2026:16:37:13 -0400] "POST /wp-cron.php?doing_wp_cron=1777581433.6802790164947509765625 HTTP/1.1" 200 - "-" "WordPress/6.2.6; https://store.terrorxxx.com"
54.39.17.116 - - [30/Apr/2026:16:37:13 -0400] "POST /xmlrpc.php HTTP/2.0" 200 225 "-" "Mozilla/5.0 (Windows NT 6.1; Win64; x64) AppleWebKit/537.36 (KHTML, like Gecko) Chrome/66.0.3359.181 Safari/537.36"
208.122.213.31 - - [30/Apr/2026:16:38:01 -0400] "POST /wp-cron.php?doing_wp_cron=1777581481.6889529228210449218750 HTTP/1.1" 200 - "-" "WordPress/6.2.6; https://store.terrorxxx.com"
85.17.244.176 - - [30/Apr/2026:16:38:01 -0400] "GET /wp-login.php HTTP/2.0" 200 1919 "-" "Mozilla/5.0 (Macintosh; Intel Mac OS X 10_10_5) AppleWebKit/537.36 (KHTML, like Gecko) Chrome/65.0.3325.162 Safari/537.36"
85.17.244.176 - - [30/Apr/2026:16:38:02 -0400] "POST /wp-login.php HTTP/2.0" 200 2049 "https://store.terrorxxx.com/wp-login.php" "Mozilla/5.0 (Macintosh; Intel Mac OS X 10_10_5) AppleWebKit/537.36 (KHTML, like Gecko) Chrome/65.0.3325.162 Safari/537.36"
208.122.213.31 - - [30/Apr/2026:16:41:05 -0400] "POST /wp-cron.php?doing_wp_cron=1777581665.4039831161499023437500 HTTP/1.1" 200 - "-" "WordPress/6.2.6; https://store.terrorxxx.com"
208.109.241.218 - - [30/Apr/2026:16:41:05 -0400] "POST /wp-job-portal-jobseeker-controlpanel/jobs HTTP/1.1" 404 26379 "-" "Mozilla/5.0 (SS; Linux x86_64) AppleWebKit/537.36 (KHTML, like Gecko) Chrome/128.0.0.0 Safari/537.36"
