82.102.18.190 - - [01/May/2026:02:50:30 -0400] "POST /xmlrpc.php HTTP/1.1" 200 401 "-" "Mozilla/5.0 (Windows NT 10.0; Win64; x64) AppleWebKit/537.36 (KHTML, like Gecko) Chrome/78.0.3904.108 Safari/537.36"
82.102.18.190 - - [01/May/2026:02:50:30 -0400] "POST /xmlrpc.php HTTP/1.1" 200 401 "-" "Mozilla/5.0 (Windows NT 10.0; Win64; x64) AppleWebKit/537.36 (KHTML, like Gecko) Chrome/78.0.3904.108 Safari/537.36"
82.102.18.190 - - [01/May/2026:02:50:31 -0400] "POST /xmlrpc.php HTTP/1.1" 200 401 "-" "Mozilla/5.0 (Windows NT 10.0; Win64; x64) AppleWebKit/537.36 (KHTML, like Gecko) Chrome/78.0.3904.108 Safari/537.36"
82.102.18.190 - - [01/May/2026:02:50:31 -0400] "POST /xmlrpc.php HTTP/1.1" 200 401 "-" "Mozilla/5.0 (Windows NT 10.0; Win64; x64) AppleWebKit/537.36 (KHTML, like Gecko) Chrome/78.0.3904.108 Safari/537.36"
82.102.18.190 - - [01/May/2026:02:50:31 -0400] "POST /xmlrpc.php HTTP/1.1" 200 401 "-" "Mozilla/5.0 (Windows NT 10.0; Win64; x64) AppleWebKit/537.36 (KHTML, like Gecko) Chrome/78.0.3904.108 Safari/537.36"
82.102.18.190 - - [01/May/2026:02:50:32 -0400] "POST /xmlrpc.php HTTP/1.1" 200 401 "-" "Mozilla/5.0 (Windows NT 10.0; Win64; x64) AppleWebKit/537.36 (KHTML, like Gecko) Chrome/78.0.3904.108 Safari/537.36"
82.102.18.190 - - [01/May/2026:02:50:32 -0400] "POST /xmlrpc.php HTTP/1.1" 200 401 "-" "Mozilla/5.0 (Windows NT 10.0; Win64; x64) AppleWebKit/537.36 (KHTML, like Gecko) Chrome/78.0.3904.108 Safari/537.36"
82.102.18.190 - - [01/May/2026:02:50:32 -0400] "POST /xmlrpc.php HTTP/1.1" 200 401 "-" "Mozilla/5.0 (Windows NT 10.0; Win64; x64) AppleWebKit/537.36 (KHTML, like Gecko) Chrome/78.0.3904.108 Safari/537.36"
82.102.18.190 - - [01/May/2026:02:50:33 -0400] "POST /xmlrpc.php HTTP/1.1" 200 401 "-" "Mozilla/5.0 (Windows NT 10.0; Win64; x64) AppleWebKit/537.36 (KHTML, like Gecko) Chrome/78.0.3904.108 Safari/537.36"
82.102.18.190 - - [01/May/2026:02:50:33 -0400] "POST /xmlrpc.php HTTP/1.1" 200 401 "-" "Mozilla/5.0 (Windows NT 10.0; Win64; x64) AppleWebKit/537.36 (KHTML, like Gecko) Chrome/78.0.3904.108 Safari/537.36"
82.102.18.190 - - [01/May/2026:02:50:33 -0400] "POST /xmlrpc.php HTTP/1.1" 200 401 "-" "Mozilla/5.0 (Windows NT 10.0; Win64; x64) AppleWebKit/537.36 (KHTML, like Gecko) Chrome/78.0.3904.108 Safari/537.36"
82.102.18.190 - - [01/May/2026:02:50:34 -0400] "POST /xmlrpc.php HTTP/1.1" 200 401 "-" "Mozilla/5.0 (Windows NT 10.0; Win64; x64) AppleWebKit/537.36 (KHTML, like Gecko) Chrome/78.0.3904.108 Safari/537.36"
82.102.18.190 - - [01/May/2026:02:50:34 -0400] "POST /xmlrpc.php HTTP/1.1" 200 401 "-" "Mozilla/5.0 (Windows NT 10.0; Win64; x64) AppleWebKit/537.36 (KHTML, like Gecko) Chrome/78.0.3904.108 Safari/537.36"
82.102.18.190 - - [01/May/2026:02:50:35 -0400] "POST /xmlrpc.php HTTP/1.1" 200 401 "-" "Mozilla/5.0 (Windows NT 10.0; Win64; x64) AppleWebKit/537.36 (KHTML, like Gecko) Chrome/78.0.3904.108 Safari/537.36"
82.102.18.190 - - [01/May/2026:02:50:35 -0400] "POST /xmlrpc.php HTTP/1.1" 200 401 "-" "Mozilla/5.0 (Windows NT 10.0; Win64; x64) AppleWebKit/537.36 (KHTML, like Gecko) Chrome/78.0.3904.108 Safari/537.36"
82.102.18.190 - - [01/May/2026:02:50:35 -0400] "POST /xmlrpc.php HTTP/1.1" 200 401 "-" "Mozilla/5.0 (Windows NT 10.0; Win64; x64) AppleWebKit/537.36 (KHTML, like Gecko) Chrome/78.0.3904.108 Safari/537.36"
82.102.18.190 - - [01/May/2026:02:50:36 -0400] "POST /xmlrpc.php HTTP/1.1" 200 401 "-" "Mozilla/5.0 (Windows NT 10.0; Win64; x64) AppleWebKit/537.36 (KHTML, like Gecko) Chrome/78.0.3904.108 Safari/537.36"
82.102.18.190 - - [01/May/2026:02:50:36 -0400] "POST /xmlrpc.php HTTP/1.1" 200 401 "-" "Mozilla/5.0 (Windows NT 10.0; Win64; x64) AppleWebKit/537.36 (KHTML, like Gecko) Chrome/78.0.3904.108 Safari/537.36"
82.102.18.190 - - [01/May/2026:02:50:36 -0400] "POST /xmlrpc.php HTTP/1.1" 200 401 "-" "Mozilla/5.0 (Windows NT 10.0; Win64; x64) AppleWebKit/537.36 (KHTML, like Gecko) Chrome/78.0.3904.108 Safari/537.36"
82.102.18.190 - - [01/May/2026:02:50:37 -0400] "POST /xmlrpc.php HTTP/1.1" 200 401 "-" "Mozilla/5.0 (Windows NT 10.0; Win64; x64) AppleWebKit/537.36 (KHTML, like Gecko) Chrome/78.0.3904.108 Safari/537.36"
82.102.18.190 - - [01/May/2026:02:50:37 -0400] "POST /xmlrpc.php HTTP/1.1" 200 401 "-" "Mozilla/5.0 (Windows NT 10.0; Win64; x64) AppleWebKit/537.36 (KHTML, like Gecko) Chrome/78.0.3904.108 Safari/537.36"
82.102.18.190 - - [01/May/2026:02:50:38 -0400] "POST /xmlrpc.php HTTP/1.1" 200 401 "-" "Mozilla/5.0 (Windows NT 10.0; Win64; x64) AppleWebKit/537.36 (KHTML, like Gecko) Chrome/78.0.3904.108 Safari/537.36"
82.102.18.190 - - [01/May/2026:02:50:38 -0400] "POST /xmlrpc.php HTTP/1.1" 200 401 "-" "Mozilla/5.0 (Windows NT 10.0; Win64; x64) AppleWebKit/537.36 (KHTML, like Gecko) Chrome/78.0.3904.108 Safari/537.36"
82.102.18.190 - - [01/May/2026:02:50:38 -0400] "POST /xmlrpc.php HTTP/1.1" 200 401 "-" "Mozilla/5.0 (Windows NT 10.0; Win64; x64) AppleWebKit/537.36 (KHTML, like Gecko) Chrome/78.0.3904.108 Safari/537.36"
82.102.18.190 - - [01/May/2026:02:50:39 -0400] "POST /xmlrpc.php HTTP/1.1" 200 401 "-" "Mozilla/5.0 (Windows NT 10.0; Win64; x64) AppleWebKit/537.36 (KHTML, like Gecko) Chrome/78.0.3904.108 Safari/537.36"
82.102.18.190 - - [01/May/2026:02:50:39 -0400] "POST /xmlrpc.php HTTP/1.1" 200 401 "-" "Mozilla/5.0 (Windows NT 10.0; Win64; x64) AppleWebKit/537.36 (KHTML, like Gecko) Chrome/78.0.3904.108 Safari/537.36"
82.102.18.190 - - [01/May/2026:02:50:39 -0400] "POST /xmlrpc.php HTTP/1.1" 200 401 "-" "Mozilla/5.0 (Windows NT 10.0; Win64; x64) AppleWebKit/537.36 (KHTML, like Gecko) Chrome/78.0.3904.108 Safari/537.36"
82.102.18.190 - - [01/May/2026:02:50:40 -0400] "POST /xmlrpc.php HTTP/1.1" 200 401 "-" "Mozilla/5.0 (Windows NT 10.0; Win64; x64) AppleWebKit/537.36 (KHTML, like Gecko) Chrome/78.0.3904.108 Safari/537.36"
82.102.18.190 - - [01/May/2026:02:50:40 -0400] "POST /xmlrpc.php HTTP/1.1" 200 401 "-" "Mozilla/5.0 (Windows NT 10.0; Win64; x64) AppleWebKit/537.36 (KHTML, like Gecko) Chrome/78.0.3904.108 Safari/537.36"
82.102.18.190 - - [01/May/2026:02:50:41 -0400] "POST /xmlrpc.php HTTP/1.1" 200 401 "-" "Mozilla/5.0 (Windows NT 10.0; Win64; x64) AppleWebKit/537.36 (KHTML, like Gecko) Chrome/78.0.3904.108 Safari/537.36"
82.102.18.190 - - [01/May/2026:02:50:41 -0400] "POST /xmlrpc.php HTTP/1.1" 200 401 "-" "Mozilla/5.0 (Windows NT 10.0; Win64; x64) AppleWebKit/537.36 (KHTML, like Gecko) Chrome/78.0.3904.108 Safari/537.36"
82.102.18.190 - - [01/May/2026:02:50:41 -0400] "POST /xmlrpc.php HTTP/1.1" 200 401 "-" "Mozilla/5.0 (Windows NT 10.0; Win64; x64) AppleWebKit/537.36 (KHTML, like Gecko) Chrome/78.0.3904.108 Safari/537.36"
82.102.18.190 - - [01/May/2026:02:50:42 -0400] "POST /xmlrpc.php HTTP/1.1" 200 401 "-" "Mozilla/5.0 (Windows NT 10.0; Win64; x64) AppleWebKit/537.36 (KHTML, like Gecko) Chrome/78.0.3904.108 Safari/537.36"
82.102.18.190 - - [01/May/2026:02:50:42 -0400] "POST /xmlrpc.php HTTP/1.1" 200 401 "-" "Mozilla/5.0 (Windows NT 10.0; Win64; x64) AppleWebKit/537.36 (KHTML, like Gecko) Chrome/78.0.3904.108 Safari/537.36"
82.102.18.190 - - [01/May/2026:02:50:42 -0400] "POST /xmlrpc.php HTTP/1.1" 200 401 "-" "Mozilla/5.0 (Windows NT 10.0; Win64; x64) AppleWebKit/537.36 (KHTML, like Gecko) Chrome/78.0.3904.108 Safari/537.36"
82.102.18.190 - - [01/May/2026:02:50:43 -0400] "POST /xmlrpc.php HTTP/1.1" 200 401 "-" "Mozilla/5.0 (Windows NT 10.0; Win64; x64) AppleWebKit/537.36 (KHTML, like Gecko) Chrome/78.0.3904.108 Safari/537.36"
82.102.18.190 - - [01/May/2026:02:50:43 -0400] "POST /xmlrpc.php HTTP/1.1" 200 401 "-" "Mozilla/5.0 (Windows NT 10.0; Win64; x64) AppleWebKit/537.36 (KHTML, like Gecko) Chrome/78.0.3904.108 Safari/537.36"
82.102.18.190 - - [01/May/2026:02:50:43 -0400] "POST /xmlrpc.php HTTP/1.1" 200 401 "-" "Mozilla/5.0 (Windows NT 10.0; Win64; x64) AppleWebKit/537.36 (KHTML, like Gecko) Chrome/78.0.3904.108 Safari/537.36"
82.102.18.190 - - [01/May/2026:02:50:44 -0400] "POST /xmlrpc.php HTTP/1.1" 200 401 "-" "Mozilla/5.0 (Windows NT 10.0; Win64; x64) AppleWebKit/537.36 (KHTML, like Gecko) Chrome/78.0.3904.108 Safari/537.36"
82.102.18.190 - - [01/May/2026:02:50:44 -0400] "POST /xmlrpc.php HTTP/1.1" 200 401 "-" "Mozilla/5.0 (Windows NT 10.0; Win64; x64) AppleWebKit/537.36 (KHTML, like Gecko) Chrome/78.0.3904.108 Safari/537.36"
82.102.18.190 - - [01/May/2026:02:50:45 -0400] "POST /xmlrpc.php HTTP/1.1" 200 401 "-" "Mozilla/5.0 (Windows NT 10.0; Win64; x64) AppleWebKit/537.36 (KHTML, like Gecko) Chrome/78.0.3904.108 Safari/537.36"
82.102.18.190 - - [01/May/2026:02:50:45 -0400] "POST /xmlrpc.php HTTP/1.1" 200 401 "-" "Mozilla/5.0 (Windows NT 10.0; Win64; x64) AppleWebKit/537.36 (KHTML, like Gecko) Chrome/78.0.3904.108 Safari/537.36"
82.102.18.190 - - [01/May/2026:02:50:45 -0400] "POST /xmlrpc.php HTTP/1.1" 200 401 "-" "Mozilla/5.0 (Windows NT 10.0; Win64; x64) AppleWebKit/537.36 (KHTML, like Gecko) Chrome/78.0.3904.108 Safari/537.36"
82.102.18.190 - - [01/May/2026:02:50:46 -0400] "POST /xmlrpc.php HTTP/1.1" 200 401 "-" "Mozilla/5.0 (Windows NT 10.0; Win64; x64) AppleWebKit/537.36 (KHTML, like Gecko) Chrome/78.0.3904.108 Safari/537.36"
208.122.213.31 - - [01/May/2026:02:58:29 -0400] "POST /wp-cron.php?doing_wp_cron=1777618709.5336129665374755859375 HTTP/1.1" 200 - "-" "WordPress/6.2.6; https://store.terrorxxx.com"
148.113.9.51 - - [01/May/2026:02:58:29 -0400] "GET /wp-login.php HTTP/2.0" 200 1920 "-" "Mozilla/5.0 (Windows NT 6.1; Win64; x64) AppleWebKit/537.36 (KHTML, like Gecko) Chrome/66.0.3359.170 Safari/537.36 OPR/53.0.2907.99"
148.113.9.51 - - [01/May/2026:02:58:30 -0400] "POST /wp-login.php HTTP/2.0" 200 2049 "https://store.terrorxxx.com/wp-login.php" "Mozilla/5.0 (Windows NT 6.1; Win64; x64) AppleWebKit/537.36 (KHTML, like Gecko) Chrome/66.0.3359.170 Safari/537.36 OPR/53.0.2907.99"
208.122.213.31 - - [01/May/2026:02:59:25 -0400] "POST /wp-cron.php?doing_wp_cron=1777618765.6552820205688476562500 HTTP/1.1" 200 - "-" "WordPress/6.2.6; https://store.terrorxxx.com"
86.125.136.144 - - [01/May/2026:02:59:25 -0400] "POST /xmlrpc.php HTTP/2.0" 200 225 "-" "Mozilla/5.0 (SAP NetWeaverBusinessClient; Windows NT 6.2; WOW64; Trident/7.0; rv:11.0) like Gecko"
208.122.213.31 - - [01/May/2026:03:02:12 -0400] "POST /wp-cron.php?doing_wp_cron=1777618932.3744900226593017578125 HTTP/1.1" 200 - "-" "WordPress/6.2.6; https://store.terrorxxx.com"
208.109.241.218 - - [01/May/2026:03:02:12 -0400] "GET /wp-login.php HTTP/1.1" 200 1918 "-" "Mozilla/5.0 (Macintosh; Intel Mac OS X 14_6_1) AppleWebKit/605.1.15 (KHTML, like Gecko) Version/17.5 Safari/605.1.15"
208.109.241.218 - - [01/May/2026:03:02:19 -0400] "POST /?rest_route=/reallysimplessl/v1/two_fa/skip_onboarding HTTP/1.1" 404 114 "-" "Mozilla/5.0 (Windows NT 10.0; Win64; x64) AppleWebKit/537.36 (KHTML, like Gecko) Chrome/51.0.2704.79 Safari/537.36 Edge/14.14393"
208.122.213.31 - - [01/May/2026:03:03:51 -0400] "POST /wp-cron.php?doing_wp_cron=1777619031.9594569206237792968750 HTTP/1.1" 200 - "-" "WordPress/6.2.6; https://store.terrorxxx.com"
143.244.57.86 - - [01/May/2026:03:03:51 -0400] "GET / HTTP/1.1" 200 31911 "-" "Mozilla/5.0 (Windows NT 10.0; Win64; x64) AppleWebKit/537.36 (KHTML, like Gecko) Chrome/78.0.3904.108 Safari/537.36"
143.244.57.86 - - [01/May/2026:03:03:52 -0400] "GET /?author=1 HTTP/1.1" 301 - "-" "Mozilla/5.0 (Windows NT 10.0; Win64; x64) AppleWebKit/537.36 (KHTML, like Gecko) Chrome/78.0.3904.108 Safari/537.36"
143.244.57.86 - - [01/May/2026:03:03:52 -0400] "GET /?author=2 HTTP/1.1" 404 26349 "-" "Mozilla/5.0 (Windows NT 10.0; Win64; x64) AppleWebKit/537.36 (KHTML, like Gecko) Chrome/78.0.3904.108 Safari/537.36"
143.244.57.86 - - [01/May/2026:03:03:52 -0400] "GET /wp-json/wp/v2/users/ HTTP/1.1" 200 577 "-" "Mozilla/5.0 (Windows NT 10.0; Win64; x64) AppleWebKit/537.36 (KHTML, like Gecko) Chrome/78.0.3904.108 Safari/537.36"
143.244.57.86 - - [01/May/2026:03:03:53 -0400] "POST /xmlrpc.php HTTP/1.1" 200 401 "-" "Mozilla/5.0 (Windows NT 10.0; Win64; x64) AppleWebKit/537.36 (KHTML, like Gecko) Chrome/78.0.3904.108 Safari/537.36"
143.244.57.86 - - [01/May/2026:03:03:53 -0400] "POST /xmlrpc.php HTTP/1.1" 200 401 "-" "Mozilla/5.0 (Windows NT 10.0; Win64; x64) AppleWebKit/537.36 (KHTML, like Gecko) Chrome/78.0.3904.108 Safari/537.36"
143.244.57.86 - - [01/May/2026:03:03:53 -0400] "POST /xmlrpc.php HTTP/1.1" 200 401 "-" "Mozilla/5.0 (Windows NT 10.0; Win64; x64) AppleWebKit/537.36 (KHTML, like Gecko) Chrome/78.0.3904.108 Safari/537.36"
143.244.57.86 - - [01/May/2026:03:03:54 -0400] "POST /xmlrpc.php HTTP/1.1" 200 401 "-" "Mozilla/5.0 (Windows NT 10.0; Win64; x64) AppleWebKit/537.36 (KHTML, like Gecko) Chrome/78.0.3904.108 Safari/537.36"
143.244.57.86 - - [01/May/2026:03:03:54 -0400] "POST /xmlrpc.php HTTP/1.1" 200 401 "-" "Mozilla/5.0 (Windows NT 10.0; Win64; x64) AppleWebKit/537.36 (KHTML, like Gecko) Chrome/78.0.3904.108 Safari/537.36"
143.244.57.86 - - [01/May/2026:03:03:54 -0400] "POST /xmlrpc.php HTTP/1.1" 200 401 "-" "Mozilla/5.0 (Windows NT 10.0; Win64; x64) AppleWebKit/537.36 (KHTML, like Gecko) Chrome/78.0.3904.108 Safari/537.36"
143.244.57.86 - - [01/May/2026:03:03:55 -0400] "POST /xmlrpc.php HTTP/1.1" 200 401 "-" "Mozilla/5.0 (Windows NT 10.0; Win64; x64) AppleWebKit/537.36 (KHTML, like Gecko) Chrome/78.0.3904.108 Safari/537.36"
143.244.57.86 - - [01/May/2026:03:03:55 -0400] "POST /xmlrpc.php HTTP/1.1" 200 401 "-" "Mozilla/5.0 (Windows NT 10.0; Win64; x64) AppleWebKit/537.36 (KHTML, like Gecko) Chrome/78.0.3904.108 Safari/537.36"
143.244.57.86 - - [01/May/2026:03:03:56 -0400] "POST /xmlrpc.php HTTP/1.1" 200 401 "-" "Mozilla/5.0 (Windows NT 10.0; Win64; x64) AppleWebKit/537.36 (KHTML, like Gecko) Chrome/78.0.3904.108 Safari/537.36"
143.244.57.86 - - [01/May/2026:03:03:56 -0400] "POST /xmlrpc.php HTTP/1.1" 200 401 "-" "Mozilla/5.0 (Windows NT 10.0; Win64; x64) AppleWebKit/537.36 (KHTML, like Gecko) Chrome/78.0.3904.108 Safari/537.36"
143.244.57.86 - - [01/May/2026:03:03:56 -0400] "POST /xmlrpc.php HTTP/1.1" 200 401 "-" "Mozilla/5.0 (Windows NT 10.0; Win64; x64) AppleWebKit/537.36 (KHTML, like Gecko) Chrome/78.0.3904.108 Safari/537.36"
143.244.57.86 - - [01/May/2026:03:03:57 -0400] "POST /xmlrpc.php HTTP/1.1" 200 401 "-" "Mozilla/5.0 (Windows NT 10.0; Win64; x64) AppleWebKit/537.36 (KHTML, like Gecko) Chrome/78.0.3904.108 Safari/537.36"
143.244.57.86 - - [01/May/2026:03:03:57 -0400] "POST /xmlrpc.php HTTP/1.1" 200 401 "-" "Mozilla/5.0 (Windows NT 10.0; Win64; x64) AppleWebKit/537.36 (KHTML, like Gecko) Chrome/78.0.3904.108 Safari/537.36"
143.244.57.86 - - [01/May/2026:03:03:57 -0400] "POST /xmlrpc.php HTTP/1.1" 200 401 "-" "Mozilla/5.0 (Windows NT 10.0; Win64; x64) AppleWebKit/537.36 (KHTML, like Gecko) Chrome/78.0.3904.108 Safari/537.36"
143.244.57.86 - - [01/May/2026:03:03:58 -0400] "POST /xmlrpc.php HTTP/1.1" 200 401 "-" "Mozilla/5.0 (Windows NT 10.0; Win64; x64) AppleWebKit/537.36 (KHTML, like Gecko) Chrome/78.0.3904.108 Safari/537.36"
143.244.57.86 - - [01/May/2026:03:03:58 -0400] "POST /xmlrpc.php HTTP/1.1" 200 401 "-" "Mozilla/5.0 (Windows NT 10.0; Win64; x64) AppleWebKit/537.36 (KHTML, like Gecko) Chrome/78.0.3904.108 Safari/537.36"
143.244.57.86 - - [01/May/2026:03:03:58 -0400] "POST /xmlrpc.php HTTP/1.1" 200 401 "-" "Mozilla/5.0 (Windows NT 10.0; Win64; x64) AppleWebKit/537.36 (KHTML, like Gecko) Chrome/78.0.3904.108 Safari/537.36"
143.244.57.86 - - [01/May/2026:03:03:59 -0400] "POST /xmlrpc.php HTTP/1.1" 200 401 "-" "Mozilla/5.0 (Windows NT 10.0; Win64; x64) AppleWebKit/537.36 (KHTML, like Gecko) Chrome/78.0.3904.108 Safari/537.36"
143.244.57.86 - - [01/May/2026:03:03:59 -0400] "POST /xmlrpc.php HTTP/1.1" 200 401 "-" "Mozilla/5.0 (Windows NT 10.0; Win64; x64) AppleWebKit/537.36 (KHTML, like Gecko) Chrome/78.0.3904.108 Safari/537.36"
143.244.57.86 - - [01/May/2026:03:04:00 -0400] "POST /xmlrpc.php HTTP/1.1" 200 401 "-" "Mozilla/5.0 (Windows NT 10.0; Win64; x64) AppleWebKit/537.36 (KHTML, like Gecko) Chrome/78.0.3904.108 Safari/537.36"
143.244.57.86 - - [01/May/2026:03:04:00 -0400] "POST /xmlrpc.php HTTP/1.1" 200 401 "-" "Mozilla/5.0 (Windows NT 10.0; Win64; x64) AppleWebKit/537.36 (KHTML, like Gecko) Chrome/78.0.3904.108 Safari/537.36"
143.244.57.86 - - [01/May/2026:03:04:00 -0400] "POST /xmlrpc.php HTTP/1.1" 200 401 "-" "Mozilla/5.0 (Windows NT 10.0; Win64; x64) AppleWebKit/537.36 (KHTML, like Gecko) Chrome/78.0.3904.108 Safari/537.36"
143.244.57.86 - - [01/May/2026:03:04:01 -0400] "POST /xmlrpc.php HTTP/1.1" 200 401 "-" "Mozilla/5.0 (Windows NT 10.0; Win64; x64) AppleWebKit/537.36 (KHTML, like Gecko) Chrome/78.0.3904.108 Safari/537.36"
143.244.57.86 - - [01/May/2026:03:04:01 -0400] "POST /xmlrpc.php HTTP/1.1" 200 401 "-" "Mozilla/5.0 (Windows NT 10.0; Win64; x64) AppleWebKit/537.36 (KHTML, like Gecko) Chrome/78.0.3904.108 Safari/537.36"
143.244.57.86 - - [01/May/2026:03:04:01 -0400] "POST /xmlrpc.php HTTP/1.1" 200 401 "-" "Mozilla/5.0 (Windows NT 10.0; Win64; x64) AppleWebKit/537.36 (KHTML, like Gecko) Chrome/78.0.3904.108 Safari/537.36"
143.244.57.86 - - [01/May/2026:03:04:02 -0400] "POST /xmlrpc.php HTTP/1.1" 200 401 "-" "Mozilla/5.0 (Windows NT 10.0; Win64; x64) AppleWebKit/537.36 (KHTML, like Gecko) Chrome/78.0.3904.108 Safari/537.36"
143.244.57.86 - - [01/May/2026:03:04:02 -0400] "POST /xmlrpc.php HTTP/1.1" 200 401 "-" "Mozilla/5.0 (Windows NT 10.0; Win64; x64) AppleWebKit/537.36 (KHTML, like Gecko) Chrome/78.0.3904.108 Safari/537.36"
143.244.57.86 - - [01/May/2026:03:04:03 -0400] "POST /xmlrpc.php HTTP/1.1" 200 401 "-" "Mozilla/5.0 (Windows NT 10.0; Win64; x64) AppleWebKit/537.36 (KHTML, like Gecko) Chrome/78.0.3904.108 Safari/537.36"
143.244.57.86 - - [01/May/2026:03:04:03 -0400] "POST /xmlrpc.php HTTP/1.1" 200 401 "-" "Mozilla/5.0 (Windows NT 10.0; Win64; x64) AppleWebKit/537.36 (KHTML, like Gecko) Chrome/78.0.3904.108 Safari/537.36"
143.244.57.86 - - [01/May/2026:03:04:03 -0400] "POST /xmlrpc.php HTTP/1.1" 200 401 "-" "Mozilla/5.0 (Windows NT 10.0; Win64; x64) AppleWebKit/537.36 (KHTML, like Gecko) Chrome/78.0.3904.108 Safari/537.36"
143.244.57.86 - - [01/May/2026:03:04:04 -0400] "POST /xmlrpc.php HTTP/1.1" 200 401 "-" "Mozilla/5.0 (Windows NT 10.0; Win64; x64) AppleWebKit/537.36 (KHTML, like Gecko) Chrome/78.0.3904.108 Safari/537.36"
143.244.57.86 - - [01/May/2026:03:04:04 -0400] "POST /xmlrpc.php HTTP/1.1" 200 401 "-" "Mozilla/5.0 (Windows NT 10.0; Win64; x64) AppleWebKit/537.36 (KHTML, like Gecko) Chrome/78.0.3904.108 Safari/537.36"
143.244.57.86 - - [01/May/2026:03:04:04 -0400] "POST /xmlrpc.php HTTP/1.1" 200 401 "-" "Mozilla/5.0 (Windows NT 10.0; Win64; x64) AppleWebKit/537.36 (KHTML, like Gecko) Chrome/78.0.3904.108 Safari/537.36"
143.244.57.86 - - [01/May/2026:03:04:05 -0400] "POST /xmlrpc.php HTTP/1.1" 200 401 "-" "Mozilla/5.0 (Windows NT 10.0; Win64; x64) AppleWebKit/537.36 (KHTML, like Gecko) Chrome/78.0.3904.108 Safari/537.36"
143.244.57.86 - - [01/May/2026:03:04:05 -0400] "POST /xmlrpc.php HTTP/1.1" 200 401 "-" "Mozilla/5.0 (Windows NT 10.0; Win64; x64) AppleWebKit/537.36 (KHTML, like Gecko) Chrome/78.0.3904.108 Safari/537.36"
143.244.57.86 - - [01/May/2026:03:04:05 -0400] "POST /xmlrpc.php HTTP/1.1" 200 401 "-" "Mozilla/5.0 (Windows NT 10.0; Win64; x64) AppleWebKit/537.36 (KHTML, like Gecko) Chrome/78.0.3904.108 Safari/537.36"
143.244.57.86 - - [01/May/2026:03:04:06 -0400] "POST /xmlrpc.php HTTP/1.1" 200 401 "-" "Mozilla/5.0 (Windows NT 10.0; Win64; x64) AppleWebKit/537.36 (KHTML, like Gecko) Chrome/78.0.3904.108 Safari/537.36"
143.244.57.86 - - [01/May/2026:03:04:06 -0400] "POST /xmlrpc.php HTTP/1.1" 200 401 "-" "Mozilla/5.0 (Windows NT 10.0; Win64; x64) AppleWebKit/537.36 (KHTML, like Gecko) Chrome/78.0.3904.108 Safari/537.36"
143.244.57.86 - - [01/May/2026:03:04:07 -0400] "POST /xmlrpc.php HTTP/1.1" 200 401 "-" "Mozilla/5.0 (Windows NT 10.0; Win64; x64) AppleWebKit/537.36 (KHTML, like Gecko) Chrome/78.0.3904.108 Safari/537.36"
143.244.57.86 - - [01/May/2026:03:04:07 -0400] "POST /xmlrpc.php HTTP/1.1" 200 401 "-" "Mozilla/5.0 (Windows NT 10.0; Win64; x64) AppleWebKit/537.36 (KHTML, like Gecko) Chrome/78.0.3904.108 Safari/537.36"
143.244.57.86 - - [01/May/2026:03:04:07 -0400] "POST /xmlrpc.php HTTP/1.1" 200 401 "-" "Mozilla/5.0 (Windows NT 10.0; Win64; x64) AppleWebKit/537.36 (KHTML, like Gecko) Chrome/78.0.3904.108 Safari/537.36"
143.244.57.86 - - [01/May/2026:03:04:08 -0400] "POST /xmlrpc.php HTTP/1.1" 200 401 "-" "Mozilla/5.0 (Windows NT 10.0; Win64; x64) AppleWebKit/537.36 (KHTML, like Gecko) Chrome/78.0.3904.108 Safari/537.36"
143.244.57.86 - - [01/May/2026:03:04:08 -0400] "POST /xmlrpc.php HTTP/1.1" 200 401 "-" "Mozilla/5.0 (Windows NT 10.0; Win64; x64) AppleWebKit/537.36 (KHTML, like Gecko) Chrome/78.0.3904.108 Safari/537.36"
143.244.57.86 - - [01/May/2026:03:04:08 -0400] "POST /xmlrpc.php HTTP/1.1" 200 401 "-" "Mozilla/5.0 (Windows NT 10.0; Win64; x64) AppleWebKit/537.36 (KHTML, like Gecko) Chrome/78.0.3904.108 Safari/537.36"
143.244.57.86 - - [01/May/2026:03:04:09 -0400] "POST /xmlrpc.php HTTP/1.1" 200 401 "-" "Mozilla/5.0 (Windows NT 10.0; Win64; x64) AppleWebKit/537.36 (KHTML, like Gecko) Chrome/78.0.3904.108 Safari/537.36"
143.244.57.86 - - [01/May/2026:03:04:09 -0400] "POST /xmlrpc.php HTTP/1.1" 200 401 "-" "Mozilla/5.0 (Windows NT 10.0; Win64; x64) AppleWebKit/537.36 (KHTML, like Gecko) Chrome/78.0.3904.108 Safari/537.36"
143.244.57.86 - - [01/May/2026:03:04:09 -0400] "POST /xmlrpc.php HTTP/1.1" 200 401 "-" "Mozilla/5.0 (Windows NT 10.0; Win64; x64) AppleWebKit/537.36 (KHTML, like Gecko) Chrome/78.0.3904.108 Safari/537.36"
143.244.57.86 - - [01/May/2026:03:04:10 -0400] "POST /xmlrpc.php HTTP/1.1" 200 401 "-" "Mozilla/5.0 (Windows NT 10.0; Win64; x64) AppleWebKit/537.36 (KHTML, like Gecko) Chrome/78.0.3904.108 Safari/537.36"
143.244.57.86 - - [01/May/2026:03:04:10 -0400] "POST /xmlrpc.php HTTP/1.1" 200 401 "-" "Mozilla/5.0 (Windows NT 10.0; Win64; x64) AppleWebKit/537.36 (KHTML, like Gecko) Chrome/78.0.3904.108 Safari/537.36"
143.244.57.86 - - [01/May/2026:03:04:11 -0400] "POST /xmlrpc.php HTTP/1.1" 200 401 "-" "Mozilla/5.0 (Windows NT 10.0; Win64; x64) AppleWebKit/537.36 (KHTML, like Gecko) Chrome/78.0.3904.108 Safari/537.36"
143.244.57.86 - - [01/May/2026:03:04:11 -0400] "POST /xmlrpc.php HTTP/1.1" 200 401 "-" "Mozilla/5.0 (Windows NT 10.0; Win64; x64) AppleWebKit/537.36 (KHTML, like Gecko) Chrome/78.0.3904.108 Safari/537.36"
143.244.57.86 - - [01/May/2026:03:04:11 -0400] "POST /xmlrpc.php HTTP/1.1" 200 401 "-" "Mozilla/5.0 (Windows NT 10.0; Win64; x64) AppleWebKit/537.36 (KHTML, like Gecko) Chrome/78.0.3904.108 Safari/537.36"
143.244.57.86 - - [01/May/2026:03:04:12 -0400] "POST /xmlrpc.php HTTP/1.1" 200 401 "-" "Mozilla/5.0 (Windows NT 10.0; Win64; x64) AppleWebKit/537.36 (KHTML, like Gecko) Chrome/78.0.3904.108 Safari/537.36"
143.244.57.86 - - [01/May/2026:03:04:12 -0400] "POST /xmlrpc.php HTTP/1.1" 200 401 "-" "Mozilla/5.0 (Windows NT 10.0; Win64; x64) AppleWebKit/537.36 (KHTML, like Gecko) Chrome/78.0.3904.108 Safari/537.36"
143.244.57.86 - - [01/May/2026:03:04:12 -0400] "POST /xmlrpc.php HTTP/1.1" 200 401 "-" "Mozilla/5.0 (Windows NT 10.0; Win64; x64) AppleWebKit/537.36 (KHTML, like Gecko) Chrome/78.0.3904.108 Safari/537.36"
143.244.57.86 - - [01/May/2026:03:04:13 -0400] "POST /xmlrpc.php HTTP/1.1" 200 401 "-" "Mozilla/5.0 (Windows NT 10.0; Win64; x64) AppleWebKit/537.36 (KHTML, like Gecko) Chrome/78.0.3904.108 Safari/537.36"
143.244.57.86 - - [01/May/2026:03:04:13 -0400] "POST /xmlrpc.php HTTP/1.1" 200 401 "-" "Mozilla/5.0 (Windows NT 10.0; Win64; x64) AppleWebKit/537.36 (KHTML, like Gecko) Chrome/78.0.3904.108 Safari/537.36"
143.244.57.86 - - [01/May/2026:03:04:13 -0400] "POST /xmlrpc.php HTTP/1.1" 200 401 "-" "Mozilla/5.0 (Windows NT 10.0; Win64; x64) AppleWebKit/537.36 (KHTML, like Gecko) Chrome/78.0.3904.108 Safari/537.36"
143.244.57.86 - - [01/May/2026:03:04:14 -0400] "POST /xmlrpc.php HTTP/1.1" 200 401 "-" "Mozilla/5.0 (Windows NT 10.0; Win64; x64) AppleWebKit/537.36 (KHTML, like Gecko) Chrome/78.0.3904.108 Safari/537.36"
143.244.57.86 - - [01/May/2026:03:04:14 -0400] "POST /xmlrpc.php HTTP/1.1" 200 401 "-" "Mozilla/5.0 (Windows NT 10.0; Win64; x64) AppleWebKit/537.36 (KHTML, like Gecko) Chrome/78.0.3904.108 Safari/537.36"
208.122.213.31 - - [01/May/2026:03:08:47 -0400] "POST /wp-cron.php?doing_wp_cron=1777619327.0129048824310302734375 HTTP/1.1" 200 - "-" "WordPress/6.2.6; https://store.terrorxxx.com"
5.35.7.175 - - [01/May/2026:03:08:46 -0400] "POST /xmlrpc.php HTTP/2.0" 200 225 "-" "Mozilla/5.0 (compatible; MSIE 10.0; Windows NT 6.1; Trident/7.0)"
208.122.213.31 - - [01/May/2026:03:17:34 -0400] "POST /wp-cron.php?doing_wp_cron=1777619854.0091159343719482421875 HTTP/1.1" 200 - "-" "WordPress/6.2.6; https://store.terrorxxx.com"
54.37.231.200 - - [01/May/2026:03:17:33 -0400] "POST /xmlrpc.php HTTP/2.0" 200 225 "-" "Mozilla/4.0 (compatible; MSIE 7.0; Windows NT 10.0; WOW64; Trident/7.0; .NET4.0C; .NET4.0E; .NET CLR 2.0.50727; .NET CLR 3.0.30729; .NET CLR 3.5.30729; ms-office)"
208.122.213.31 - - [01/May/2026:03:25:43 -0400] "POST /wp-cron.php?doing_wp_cron=1777620343.1678268909454345703125 HTTP/1.1" 200 - "-" "WordPress/6.2.6; https://store.terrorxxx.com"
185.151.196.205 - - [01/May/2026:03:25:43 -0400] "GET /wp-login.php HTTP/2.0" 200 1919 "-" "Mozilla/5.0 (MSIE 10.0; Windows NT 6.1; WOW64; Trident/7.0; rv:11.0) like Gecko"
185.151.196.205 - - [01/May/2026:03:25:43 -0400] "POST /wp-login.php HTTP/2.0" 200 2049 "https://store.terrorxxx.com/wp-login.php" "Mozilla/5.0 (MSIE 10.0; Windows NT 6.1; WOW64; Trident/7.0; rv:11.0) like Gecko"
208.122.213.31 - - [01/May/2026:03:27:55 -0400] "POST /wp-cron.php?doing_wp_cron=1777620475.0214829444885253906250 HTTP/1.1" 200 - "-" "WordPress/6.2.6; https://store.terrorxxx.com"
103.121.26.217 - - [01/May/2026:03:27:54 -0400] "POST /xmlrpc.php HTTP/2.0" 200 225 "-" "Mozilla/5.0 (Windows NT 10.0; Win64; x64) AppleWebKit/537.36 (KHTML, like Gecko) Chrome/65.0.3325.162 Safari/537.36"
208.122.213.31 - - [01/May/2026:03:33:27 -0400] "POST /wp-cron.php?doing_wp_cron=1777620807.6201910972595214843750 HTTP/1.1" 200 - "-" "WordPress/6.2.6; https://store.terrorxxx.com"
208.109.241.218 - - [01/May/2026:03:33:27 -0400] "GET / HTTP/1.1" 200 7342 "-" "Mozilla/5.0 (Ubuntu; Linux x86_64) AppleWebKit/537.36 (KHTML, like Gecko) Chrome/132.0.0.0 Safari/537.36"
208.122.213.31 - - [01/May/2026:03:37:04 -0400] "POST /wp-cron.php?doing_wp_cron=1777621024.1702120304107666015625 HTTP/1.1" 200 - "-" "WordPress/6.2.6; https://store.terrorxxx.com"
167.71.226.156 - - [01/May/2026:03:37:04 -0400] "POST /xmlrpc.php HTTP/2.0" 200 225 "-" "Mozilla/5.0 (Windows NT 6.3; Win64; x64; rv:60.0) Gecko/20100101 Firefox/60.0"
208.122.213.31 - - [01/May/2026:03:37:48 -0400] "POST /wp-cron.php?doing_wp_cron=1777621068.4799280166625976562500 HTTP/1.1" 200 - "-" "WordPress/6.2.6; https://store.terrorxxx.com"
15.235.164.131 - - [01/May/2026:03:37:48 -0400] "GET /wp-login.php HTTP/2.0" 200 1919 "-" "Mozilla/5.0 (Windows NT 6.3; Win64; x64; Trident/7.0; Touch; MDDCJS; rv:11.0) like Gecko"
208.122.213.31 - - [01/May/2026:03:42:49 -0400] "POST /wp-cron.php?doing_wp_cron=1777621369.2893431186676025390625 HTTP/1.1" 200 - "-" "WordPress/6.2.6; https://store.terrorxxx.com"
114.119.145.192 - - [01/May/2026:03:42:49 -0400] "GET /robots.txt HTTP/1.1" 200 115 "-" "Mozilla/5.0 (compatible;PetalBot;+https://webmaster.petalsearch.com/site/petalbot)"
208.122.213.31 - - [01/May/2026:03:47:03 -0400] "POST /wp-cron.php?doing_wp_cron=1777621623.7049229145050048828125 HTTP/1.1" 200 - "-" "WordPress/6.2.6; https://store.terrorxxx.com"
208.109.241.218 - - [01/May/2026:03:47:03 -0400] "GET /?rest_route=/lms/stm-lms/order/items&author_id=1&user=1)+AND+%28SELECT+3493+FROM+%28SELECT%28SLEEP%286%29%29%29sauT%29+AND+%283071%3D3071 HTTP/1.1" 404 114 "-" "Mozilla/5.0 (ZZ; Linux i686) AppleWebKit/537.36 (KHTML, like Gecko) Chrome/140.0.0.0 Safari/537.36"
208.122.213.31 - - [01/May/2026:03:47:26 -0400] "POST /wp-cron.php?doing_wp_cron=1777621646.5755848884582519531250 HTTP/1.1" 200 - "-" "WordPress/6.2.6; https://store.terrorxxx.com"
77.75.72.26 - - [01/May/2026:03:47:26 -0400] "GET /wp-sitemap-posts-product-1.xml HTTP/1.1" 200 523 "-" "Mozilla/5.0 (compatible; SeznamBot/4.0; +https://o-seznam.cz/napoveda/vyhledavani/en/seznambot-crawler/)"
144.16.144.93 - - [01/May/2026:03:47:48 -0400] "POST /xmlrpc.php HTTP/2.0" 200 225 "-" "Mozilla/5.0 (Windows NT 6.1; WOW64; Trident/7.0; MATP; MATP; MATPJS; rv:11.0) like Gecko"
208.122.213.31 - - [01/May/2026:03:50:32 -0400] "POST /wp-cron.php?doing_wp_cron=1777621832.7670979499816894531250 HTTP/1.1" 200 - "-" "WordPress/6.2.6; https://store.terrorxxx.com"
52.45.194.165 - - [01/May/2026:03:50:32 -0400] "GET /cart/ HTTP/1.1" 200 7729 "-" "Mozilla/5.0 AppleWebKit/537.36 (KHTML, like Gecko; compatible; Amazonbot/0.1; +https://developer.amazon.com/support/amazonbot) Chrome/119.0.6045.214 Safari/537.36"
208.122.213.31 - - [01/May/2026:03:55:35 -0400] "POST /wp-cron.php?doing_wp_cron=1777622135.4496059417724609375000 HTTP/1.1" 200 - "-" "WordPress/6.2.6; https://store.terrorxxx.com"
208.109.241.218 - - [01/May/2026:03:55:35 -0400] "GET / HTTP/1.1" 200 7342 "-" "Mozilla/5.0 (Kubuntu; Linux x86_64) AppleWebKit/537.36 (KHTML, like Gecko) Chrome/133.0.0.0 Safari/537.36"
208.122.213.31 - - [01/May/2026:03:59:04 -0400] "POST /wp-cron.php?doing_wp_cron=1777622344.5944249629974365234375 HTTP/1.1" 200 - "-" "WordPress/6.2.6; https://store.terrorxxx.com"
216.73.216.78 - - [01/May/2026:03:59:04 -0400] "GET /robots.txt HTTP/2.0" 200 115 "-" "Mozilla/5.0 AppleWebKit/537.36 (KHTML, like Gecko; compatible; ClaudeBot/1.0; +claudebot@anthropic.com)"
216.73.216.78 - - [01/May/2026:03:59:04 -0400] "GET /wp-sitemap.xml HTTP/2.0" 200 740 "-" "Mozilla/5.0 AppleWebKit/537.36 (KHTML, like Gecko; compatible; ClaudeBot/1.0; +claudebot@anthropic.com)"
208.122.213.31 - - [01/May/2026:03:59:38 -0400] "POST /wp-cron.php?doing_wp_cron=1777622378.1793739795684814453125 HTTP/1.1" 200 - "-" "WordPress/6.2.6; https://store.terrorxxx.com"
208.109.191.182 - - [01/May/2026:03:59:37 -0400] "POST /xmlrpc.php HTTP/2.0" 200 225 "-" "Mozilla/4.0 (compatible; MSIE 7.0; Windows NT 6.2; Win64; x64; Trident/7.0; .NET4.0C; .NET4.0E)"
208.122.213.31 - - [01/May/2026:04:01:37 -0400] "POST /wp-cron.php?doing_wp_cron=1777622497.3659129142761230468750 HTTP/1.1" 200 - "-" "WordPress/6.2.6; https://store.terrorxxx.com"
179.108.84.136 - - [01/May/2026:04:01:37 -0400] "GET /wp-login.php HTTP/2.0" 200 1918 "-" "Mozilla/5.0 (Windows NT 6.1; WOW64; Trident/7.0; BOIE9;ENUS; rv:11.0) like Gecko"
179.108.84.136 - - [01/May/2026:04:01:37 -0400] "POST /wp-login.php HTTP/2.0" 200 2049 "https://store.terrorxxx.com/wp-login.php" "Mozilla/5.0 (Windows NT 6.1; WOW64; Trident/7.0; BOIE9;ENUS; rv:11.0) like Gecko"
208.122.213.31 - - [01/May/2026:04:02:44 -0400] "POST /wp-cron.php?doing_wp_cron=1777622564.4548480510711669921875 HTTP/1.1" 200 - "-" "WordPress/6.2.6; https://store.terrorxxx.com"
208.109.241.218 - - [01/May/2026:04:02:44 -0400] "POST /wp-json/notificationx/v1/analytics HTTP/1.1" 404 114 "-" "Mozilla/5.0 (Macintosh; Intel Mac OS X 10.15; rv:109.0) Gecko/20100101 Firefox/115.0"
208.122.213.31 - - [01/May/2026:04:05:19 -0400] "POST /wp-cron.php?doing_wp_cron=1777622719.0719079971313476562500 HTTP/1.1" 200 - "-" "WordPress/6.2.6; https://store.terrorxxx.com"
40.77.167.219 - - [01/May/2026:04:05:18 -0400] "GET /robots.txt HTTP/2.0" 200 115 "-" "Mozilla/5.0 AppleWebKit/537.36 (KHTML, like Gecko; compatible; bingbot/2.0; +http://www.bing.com/bingbot.htm) Chrome/116.0.1938.76 Safari/537.36"
208.122.213.31 - - [01/May/2026:04:05:25 -0400] "POST /wp-cron.php?doing_wp_cron=1777622725.7833180427551269531250 HTTP/1.1" 200 - "-" "WordPress/6.2.6; https://store.terrorxxx.com"
40.77.167.11 - - [01/May/2026:04:05:25 -0400] "GET /wp-sitemap.xml HTTP/2.0" 200 740 "-" "Mozilla/5.0 AppleWebKit/537.36 (KHTML, like Gecko; compatible; bingbot/2.0; +http://www.bing.com/bingbot.htm) Chrome/116.0.1938.76 Safari/537.36"
208.122.213.31 - - [01/May/2026:04:11:45 -0400] "POST /wp-cron.php?doing_wp_cron=1777623105.1269690990447998046875 HTTP/1.1" 200 - "-" "WordPress/6.2.6; https://store.terrorxxx.com"
152.53.44.20 - - [01/May/2026:04:11:44 -0400] "POST /xmlrpc.php HTTP/2.0" 200 225 "-" "Mozilla/4.0 (compatible; MSIE 7.0; Windows NT 6.1; WOW64; Trident/7.0; SLCC2; .NET CLR 2.0.50727; .NET CLR 3.5.30729; .NET CLR 3.0.30729; .NET CLR 1.1.4322; .NET4.0C; .NET4.0E)"
208.122.213.31 - - [01/May/2026:04:12:52 -0400] "POST /wp-cron.php?doing_wp_cron=1777623172.8623061180114746093750 HTTP/1.1" 200 - "-" "WordPress/6.2.6; https://store.terrorxxx.com"
185.177.116.6 - - [01/May/2026:04:12:52 -0400] "GET /wp-login.php HTTP/2.0" 200 1919 "-" "Mozilla/5.0 (X11; Linux x86_64) AppleWebKit/537.36 (KHTML, like Gecko) Chrome/65.0.3325.181 Safari/537.36"
185.177.116.6 - - [01/May/2026:04:12:53 -0400] "POST /wp-login.php HTTP/2.0" 200 2049 "https://store.terrorxxx.com/wp-login.php" "Mozilla/5.0 (X11; Linux x86_64) AppleWebKit/537.36 (KHTML, like Gecko) Chrome/65.0.3325.181 Safari/537.36"
208.122.213.31 - - [01/May/2026:04:22:58 -0400] "POST /wp-cron.php?doing_wp_cron=1777623778.2302479743957519531250 HTTP/1.1" 200 - "-" "WordPress/6.2.6; https://store.terrorxxx.com"
199.203.54.15 - - [01/May/2026:04:22:58 -0400] "POST /xmlrpc.php HTTP/2.0" 200 225 "-" "Mozilla/5.0 (Macintosh; Intel Mac OS X 10_13_4) AppleWebKit/537.36 (KHTML, like Gecko) Chrome/66.0.3359.139 Safari/537.36"
208.122.213.31 - - [01/May/2026:04:23:48 -0400] "POST /wp-cron.php?doing_wp_cron=1777623828.1869509220123291015625 HTTP/1.1" 200 - "-" "WordPress/6.2.6; https://store.terrorxxx.com"
77.75.72.26 - - [01/May/2026:04:23:48 -0400] "GET /wp-sitemap-posts-page-1.xml HTTP/1.1" 200 828 "-" "Mozilla/5.0 (compatible; SeznamBot/4.0; +https://o-seznam.cz/napoveda/vyhledavani/en/seznambot-crawler/)"
208.122.213.31 - - [01/May/2026:04:33:49 -0400] "POST /wp-cron.php?doing_wp_cron=1777624429.1786870956420898437500 HTTP/1.1" 200 - "-" "WordPress/6.2.6; https://store.terrorxxx.com"
84.46.243.88 - - [01/May/2026:04:33:49 -0400] "GET /wp-login.php HTTP/2.0" 200 1919 "-" "Mozilla/5.0 (Windows NT 6.1; WOW64; Trident/7.0; MATM; rv:11.0) like Gecko"
84.46.243.88 - - [01/May/2026:04:33:51 -0400] "POST /wp-login.php HTTP/2.0" 200 2049 "https://store.terrorxxx.com/wp-login.php" "Mozilla/5.0 (Windows NT 6.1; WOW64; Trident/7.0; MATM; rv:11.0) like Gecko"
208.109.241.218 - - [01/May/2026:04:34:10 -0400] "POST /?rest_route=/instawp-connect/v1/config HTTP/1.1" 404 114 "-" "Mozilla/5.0 (Ubuntu; Linux x86_64) AppleWebKit/537.36 (KHTML, like Gecko) Chrome/140.0.0.0 Safari/537.36"
202.92.6.73 - - [01/May/2026:04:34:12 -0400] "POST /xmlrpc.php HTTP/2.0" 200 225 "-" "Mozilla/4.0 (compatible; MSIE 7.0; Windows NT 6.1; Win64; x64; Trident/7.0; .NET CLR 2.0.50727; SLCC2; .NET CLR 3.5.30729; .NET CLR 3.0.30729; Media Center PC 6.0; .NET4.0C; .NET4.0E)"
208.122.213.31 - - [01/May/2026:04:43:57 -0400] "POST /wp-cron.php?doing_wp_cron=1777625037.8448309898376464843750 HTTP/1.1" 200 - "-" "WordPress/6.2.6; https://store.terrorxxx.com"
208.109.241.218 - - [01/May/2026:04:43:57 -0400] "GET / HTTP/1.1" 200 7342 "-" "Mozilla/5.0 (SS; Linux i686) AppleWebKit/537.36 (KHTML, like Gecko) Chrome/140.0.0.0 Safari/537.36"
49.13.89.191 - - [01/May/2026:04:44:19 -0400] "POST /xmlrpc.php HTTP/2.0" 200 225 "-" "Mozilla/5.0 (Windows NT 6.1; WOW64; Trident/7.0; BOIE9;ENCA; rv:11.0) like Gecko"
208.122.213.31 - - [01/May/2026:04:44:42 -0400] "POST /wp-cron.php?doing_wp_cron=1777625082.3235080242156982421875 HTTP/1.1" 200 - "-" "WordPress/6.2.6; https://store.terrorxxx.com"
111.109.37.114 - - [01/May/2026:04:44:42 -0400] "GET /wp-login.php HTTP/2.0" 200 1920 "-" "Mozilla/5.0 (Macintosh; Intel Mac OS X 10_12_6) AppleWebKit/605.1.15 (KHTML, like Gecko) Version/11.1.1 Safari/605.1.15"
111.109.37.114 - - [01/May/2026:04:44:42 -0400] "POST /wp-login.php HTTP/2.0" 200 2050 "https://store.terrorxxx.com/wp-login.php" "Mozilla/5.0 (Macintosh; Intel Mac OS X 10_12_6) AppleWebKit/605.1.15 (KHTML, like Gecko) Version/11.1.1 Safari/605.1.15"
208.122.213.31 - - [01/May/2026:04:54:45 -0400] "POST /wp-cron.php?doing_wp_cron=1777625685.2583279609680175781250 HTTP/1.1" 200 - "-" "WordPress/6.2.6; https://store.terrorxxx.com"
3.70.164.132 - - [01/May/2026:04:54:45 -0400] "GET /wp-login.php HTTP/2.0" 200 1919 "-" "Mozilla/5.0 (MSIE 8.0; Windows NT 6.0; Trident/7.0; rv:11.0) like Gecko"
3.70.164.132 - - [01/May/2026:04:54:45 -0400] "POST /wp-login.php HTTP/2.0" 200 2050 "https://store.terrorxxx.com/wp-login.php" "Mozilla/5.0 (MSIE 8.0; Windows NT 6.0; Trident/7.0; rv:11.0) like Gecko"
208.122.213.31 - - [01/May/2026:05:00:20 -0400] "POST /wp-cron.php?doing_wp_cron=1777626020.9246249198913574218750 HTTP/1.1" 200 - "-" "WordPress/6.2.6; https://store.terrorxxx.com"
3.229.2.217 - - [01/May/2026:05:00:20 -0400] "GET /cart/ HTTP/1.1" 200 7729 "-" "Mozilla/5.0 AppleWebKit/537.36 (KHTML, like Gecko; compatible; Amazonbot/0.1; +https://developer.amazon.com/support/amazonbot) Chrome/119.0.6045.214 Safari/537.36"
208.122.213.31 - - [01/May/2026:05:01:28 -0400] "POST /wp-cron.php?doing_wp_cron=1777626088.5949070453643798828125 HTTP/1.1" 200 - "-" "WordPress/6.2.6; https://store.terrorxxx.com"
216.73.216.78 - - [01/May/2026:05:01:28 -0400] "GET /robots.txt HTTP/2.0" 200 115 "-" "Mozilla/5.0 AppleWebKit/537.36 (KHTML, like Gecko; compatible; ClaudeBot/1.0; +claudebot@anthropic.com)"
216.73.216.78 - - [01/May/2026:05:01:28 -0400] "GET /wp-sitemap.xml HTTP/2.0" 200 740 "-" "Mozilla/5.0 AppleWebKit/537.36 (KHTML, like Gecko; compatible; ClaudeBot/1.0; +claudebot@anthropic.com)"
208.122.213.31 - - [01/May/2026:05:03:43 -0400] "POST /wp-cron.php?doing_wp_cron=1777626223.0358960628509521484375 HTTP/1.1" 200 - "-" "WordPress/6.2.6; https://store.terrorxxx.com"
45.55.138.32 - - [01/May/2026:05:03:42 -0400] "GET /wp-login.php HTTP/2.0" 200 1919 "-" "Mozilla/4.0 (compatible; MSIE 7.0; Windows NT 6.3; WOW64; Trident/7.0; .NET4.0E; .NET4.0C; InfoPath.3)"
45.55.138.32 - - [01/May/2026:05:03:43 -0400] "POST /wp-login.php HTTP/2.0" 200 2049 "https://store.terrorxxx.com/wp-login.php" "Mozilla/4.0 (compatible; MSIE 7.0; Windows NT 6.3; WOW64; Trident/7.0; .NET4.0E; .NET4.0C; InfoPath.3)"
109.199.96.209 - - [01/May/2026:05:03:50 -0400] "POST /xmlrpc.php HTTP/2.0" 200 225 "-" "Mozilla/5.0 (Windows NT 6.1; WOW64; Trident/7.0; EIE11;ENUSMSN; rv:11.0) like Gecko"
208.122.213.31 - - [01/May/2026:05:10:40 -0400] "POST /wp-cron.php?doing_wp_cron=1777626640.6896750926971435546875 HTTP/1.1" 200 - "-" "WordPress/6.2.6; https://store.terrorxxx.com"
208.109.241.218 - - [01/May/2026:05:10:40 -0400] "GET / HTTP/1.1" 200 7342 "-" "Mozilla/5.0 (Macintosh; Intel Mac OS X 10.13; rv:109.0) Gecko/20100101 Firefox/115.0"
208.122.213.31 - - [01/May/2026:05:13:06 -0400] "POST /wp-cron.php?doing_wp_cron=1777626786.5642640590667724609375 HTTP/1.1" 200 - "-" "WordPress/6.2.6; https://store.terrorxxx.com"
208.109.241.218 - - [01/May/2026:05:13:06 -0400] "POST /wp-json/fluentform/v1/global-settings HTTP/1.1" 404 114 "-" "Mozilla/5.0 (ZZ; Linux i686) AppleWebKit/537.36 (KHTML, like Gecko) Chrome/128.0.0.0 Safari/537.36"
208.122.213.31 - - [01/May/2026:05:14:02 -0400] "POST /wp-cron.php?doing_wp_cron=1777626842.5689260959625244140625 HTTP/1.1" 200 - "-" "WordPress/6.2.6; https://store.terrorxxx.com"
208.109.241.218 - - [01/May/2026:05:14:02 -0400] "POST /wp-content/plugins/wp-automatic/inc/csv.php HTTP/1.1" 404 26379 "-" "Mozilla/5.0 (Macintosh; Intel Mac OS X 10_15_7) AppleWebKit/537.36 (KHTML, like Gecko) Chrome/120.0.0.0 Safari/537.36"
157.66.27.56 - - [01/May/2026:05:14:16 -0400] "GET /wp-login.php HTTP/2.0" 200 1919 "-" "Mozilla/5.0 (Windows NT 6.1; Win64; x64; Trident/7.0; managedpc; rv:11.0) like Gecko"
157.66.27.56 - - [01/May/2026:05:14:17 -0400] "POST /wp-login.php HTTP/2.0" 200 2049 "https://store.terrorxxx.com/wp-login.php" "Mozilla/5.0 (Windows NT 6.1; Win64; x64; Trident/7.0; managedpc; rv:11.0) like Gecko"
208.122.213.31 - - [01/May/2026:05:14:40 -0400] "POST /wp-cron.php?doing_wp_cron=1777626879.9947578907012939453125 HTTP/1.1" 200 - "-" "WordPress/6.2.6; https://store.terrorxxx.com"
167.71.226.156 - - [01/May/2026:05:14:39 -0400] "POST /xmlrpc.php HTTP/2.0" 200 225 "-" "Mozilla/5.0 (Windows NT 10.0; Win64; x64) AppleWebKit/537.36 (KHTML, like Gecko) Chrome/65.0.3325.181 Safari/537.36 OPR/52.0.2871.40"
32.193.60.53 - - [01/May/2026:05:15:12 -0400] "GET /robots.txt HTTP/1.1" 200 115 "-" "Mozilla/5.0 (Macintosh; Intel Mac OS X 10_10_1) AppleWebKit/600.2.5 (KHTML, like Gecko) Version/8.0.2 Safari/600.2.5 (Gort)"
208.122.213.31 - - [01/May/2026:05:24:45 -0400] "POST /wp-cron.php?doing_wp_cron=1777627485.0999250411987304687500 HTTP/1.1" 200 - "-" "WordPress/6.2.6; https://store.terrorxxx.com"
67.207.86.6 - - [01/May/2026:05:24:44 -0400] "POST /xmlrpc.php HTTP/2.0" 200 225 "-" "Mozilla/5.0 (Windows NT 6.2; Win64; x64; Trident/7.0; rv:11.0) like Gecko"
148.72.155.217 - - [01/May/2026:05:24:59 -0400] "GET /wp-login.php HTTP/2.0" 200 1920 "-" "Mozilla/5.0 (Windows NT 6.1; WOW64; Trident/7.0; NISSC; rv:11.0) like Gecko"
148.72.155.217 - - [01/May/2026:05:24:59 -0400] "POST /wp-login.php HTTP/2.0" 200 2049 "https://store.terrorxxx.com/wp-login.php" "Mozilla/5.0 (Windows NT 6.1; WOW64; Trident/7.0; NISSC; rv:11.0) like Gecko"
208.122.213.31 - - [01/May/2026:05:32:32 -0400] "POST /wp-cron.php?doing_wp_cron=1777627952.7666180133819580078125 HTTP/1.1" 200 - "-" "WordPress/6.2.6; https://store.terrorxxx.com"
208.109.241.218 - - [01/May/2026:05:32:32 -0400] "POST /wp-admin/admin-post.php HTTP/1.1" 400 2565 "-" "Mozilla/5.0 (X11; CrOS x86_64 14092.77.0) AppleWebKit/537.36 (KHTML, like Gecko) Chrome/93.0.4577.107 Safari/537.36"
208.122.213.31 - - [01/May/2026:05:34:04 -0400] "POST /wp-cron.php?doing_wp_cron=1777628044.1054630279541015625000 HTTP/1.1" 200 - "-" "WordPress/6.2.6; https://store.terrorxxx.com"
51.222.71.146 - - [01/May/2026:05:34:03 -0400] "POST /xmlrpc.php HTTP/2.0" 200 225 "-" "Mozilla/5.0 (Windows NT 6.3; Trident/7.0; Touch; rv:11.0) like Gecko"
208.122.213.31 - - [01/May/2026:05:35:33 -0400] "POST /wp-cron.php?doing_wp_cron=1777628133.3780190944671630859375 HTTP/1.1" 200 - "-" "WordPress/6.2.6; https://store.terrorxxx.com"
52.232.35.131 - - [01/May/2026:05:35:33 -0400] "GET /wp-login.php HTTP/2.0" 200 1920 "-" "Mozilla/5.0 (Windows NT 6.3; WOW64; Trident/7.0; Touch; MAARJS; rv:11.0) like Gecko"
52.232.35.131 - - [01/May/2026:05:35:33 -0400] "POST /wp-login.php HTTP/2.0" 200 2050 "https://store.terrorxxx.com/wp-login.php" "Mozilla/5.0 (Windows NT 6.3; WOW64; Trident/7.0; Touch; MAARJS; rv:11.0) like Gecko"
208.122.213.31 - - [01/May/2026:05:44:18 -0400] "POST /wp-cron.php?doing_wp_cron=1777628658.3742079734802246093750 HTTP/1.1" 200 - "-" "WordPress/6.2.6; https://store.terrorxxx.com"
162.240.175.101 - - [01/May/2026:05:44:18 -0400] "GET /wp-login.php HTTP/2.0" 200 1919 "-" "Mozilla/5.0 (Windows NT 6.3; WOW64; Trident/7.0; AS; rv:11.0) like Gecko"
162.240.175.101 - - [01/May/2026:05:44:18 -0400] "POST /wp-login.php HTTP/2.0" 200 2049 "https://store.terrorxxx.com/wp-login.php" "Mozilla/5.0 (Windows NT 6.3; WOW64; Trident/7.0; AS; rv:11.0) like Gecko"
208.122.213.31 - - [01/May/2026:05:44:31 -0400] "POST /wp-cron.php?doing_wp_cron=1777628671.4615690708160400390625 HTTP/1.1" 200 - "-" "WordPress/6.2.6; https://store.terrorxxx.com"
3.110.254.12 - - [01/May/2026:05:44:31 -0400] "POST /xmlrpc.php HTTP/2.0" 200 225 "-" "Mozilla/5.0 (compatible; MSIE 10.0; Windows NT 6.1; Trident/7.0)"
208.122.213.31 - - [01/May/2026:05:54:50 -0400] "POST /wp-cron.php?doing_wp_cron=1777629290.1553869247436523437500 HTTP/1.1" 200 - "-" "WordPress/6.2.6; https://store.terrorxxx.com"
43.225.108.103 - - [01/May/2026:05:54:49 -0400] "GET /wp-login.php HTTP/2.0" 200 1919 "-" "Mozilla/5.0 (Windows NT 10.0; WOW64) AppleWebKit/537.36 (KHTML, like Gecko) Chrome/66.0.3359.181 Safari/537.36"
43.225.108.103 - - [01/May/2026:05:54:51 -0400] "POST /wp-login.php HTTP/2.0" 200 2050 "https://store.terrorxxx.com/wp-login.php" "Mozilla/5.0 (Windows NT 10.0; WOW64) AppleWebKit/537.36 (KHTML, like Gecko) Chrome/66.0.3359.181 Safari/537.36"
103.255.134.61 - - [01/May/2026:05:55:15 -0400] "POST /xmlrpc.php HTTP/2.0" 200 225 "-" "Mozilla/5.0 (Windows NT 10.0; Win64; x64) AppleWebKit/537.36 (KHTML, like Gecko) Chrome/58.0.3029.110 Safari/537.36 Edge/16.16299"
208.122.213.31 - - [01/May/2026:05:56:38 -0400] "POST /wp-cron.php?doing_wp_cron=1777629398.6357669830322265625000 HTTP/1.1" 200 - "-" "WordPress/6.2.6; https://store.terrorxxx.com"
208.109.241.218 - - [01/May/2026:05:56:38 -0400] "GET / HTTP/1.1" 200 7342 "-" "Mozilla/5.0 (X11; Linux x86_64; rv:105.0) Gecko/20100101 Firefox/105.0"
208.122.213.31 - - [01/May/2026:06:00:30 -0400] "POST /wp-cron.php?doing_wp_cron=1777629630.8791639804840087890625 HTTP/1.1" 200 - "-" "WordPress/6.2.6; https://store.terrorxxx.com"
128.241.254.194 - - [01/May/2026:06:00:30 -0400] "GET / HTTP/1.1" 200 7341 "-" "Mozilla/5.0 (Windows NT 6.2; Win64; x64; rv:109.0) Gecko/20100101 Firefox/112.0"
208.122.213.31 - - [01/May/2026:06:02:16 -0400] "POST /wp-cron.php?doing_wp_cron=1777629736.6760709285736083984375 HTTP/1.1" 200 - "-" "WordPress/6.2.6; https://store.terrorxxx.com"
208.109.241.218 - - [01/May/2026:06:02:16 -0400] "POST /wp-admin/admin-ajax.php HTTP/1.1" 400 1 "-" "Mozilla/5.0 (Windows NT 10.0; Win64; x64; rv:109.0) Gecko/20100101 Firefox/115.0"
208.122.213.31 - - [01/May/2026:06:03:37 -0400] "POST /wp-cron.php?doing_wp_cron=1777629817.1008749008178710937500 HTTP/1.1" 200 - "-" "WordPress/6.2.6; https://store.terrorxxx.com"
103.216.117.42 - - [01/May/2026:06:03:36 -0400] "GET /wp-login.php HTTP/2.0" 200 1918 "-" "Mozilla/5.0 (Macintosh; Intel Mac OS X 10_13_3) AppleWebKit/537.36 (KHTML, like Gecko) Chrome/66.0.3359.181 Safari/537.36"
103.216.117.42 - - [01/May/2026:06:03:38 -0400] "POST /wp-login.php HTTP/2.0" 200 2049 "https://store.terrorxxx.com/wp-login.php" "Mozilla/5.0 (Macintosh; Intel Mac OS X 10_13_3) AppleWebKit/537.36 (KHTML, like Gecko) Chrome/66.0.3359.181 Safari/537.36"
208.122.213.31 - - [01/May/2026:06:05:15 -0400] "POST /wp-cron.php?doing_wp_cron=1777629915.7996459007263183593750 HTTP/1.1" 200 - "-" "WordPress/6.2.6; https://store.terrorxxx.com"
216.245.208.230 - - [01/May/2026:06:05:15 -0400] "POST /xmlrpc.php HTTP/2.0" 200 225 "-" "Mozilla/5.0 (Windows NT 5.1; Win64; x64) AppleWebKit/537.36 (KHTML, like Gecko) Chrome/58.0.3029.110 Safari/537.36 Edge/16.16299"
208.122.213.31 - - [01/May/2026:06:14:07 -0400] "POST /wp-cron.php?doing_wp_cron=1777630447.4976000785827636718750 HTTP/1.1" 200 - "-" "WordPress/6.2.6; https://store.terrorxxx.com"
75.119.134.183 - - [01/May/2026:06:14:07 -0400] "GET /wp-login.php HTTP/2.0" 200 1918 "-" "Mozilla/4.0 (compatible; MSIE 8.0; Windows NT 6.1; WOW64; Trident/7.0; SLCC2; .NET CLR 2.0.50727; .NET CLR 3.5.30729; .NET CLR 3.0.30729; Media Center PC 6.0; .NET4.0C; .NET4.0E)"
75.119.134.183 - - [01/May/2026:06:14:07 -0400] "POST /wp-login.php HTTP/2.0" 200 2048 "https://store.terrorxxx.com/wp-login.php" "Mozilla/4.0 (compatible; MSIE 8.0; Windows NT 6.1; WOW64; Trident/7.0; SLCC2; .NET CLR 2.0.50727; .NET CLR 3.5.30729; .NET CLR 3.0.30729; Media Center PC 6.0; .NET4.0C; .NET4.0E)"
208.122.213.31 - - [01/May/2026:06:14:32 -0400] "POST /wp-cron.php?doing_wp_cron=1777630472.9738230705261230468750 HTTP/1.1" 200 - "-" "WordPress/6.2.6; https://store.terrorxxx.com"
208.109.241.218 - - [01/May/2026:06:14:32 -0400] "POST /wp-admin/admin-ajax.php HTTP/1.1" 400 1 "-" "Mozilla/5.0 (X11; Linux i686; rv:1.9.5.20) Gecko/ Firefox/7.0"
208.122.213.31 - - [01/May/2026:06:24:05 -0400] "POST /wp-cron.php?doing_wp_cron=1777631045.6829741001129150390625 HTTP/1.1" 200 - "-" "WordPress/6.2.6; https://store.terrorxxx.com"
208.109.241.218 - - [01/May/2026:06:24:05 -0400] "GET / HTTP/1.1" 200 7341 "-" "Mozilla/5.0 (Kubuntu; Linux x86_64) AppleWebKit/537.36 (KHTML, like Gecko) Chrome/136.0.0.0 Safari/537.36"
208.122.213.31 - - [01/May/2026:06:24:33 -0400] "POST /wp-cron.php?doing_wp_cron=1777631073.0167241096496582031250 HTTP/1.1" 200 - "-" "WordPress/6.2.6; https://store.terrorxxx.com"
173.214.162.167 - - [01/May/2026:06:24:32 -0400] "POST /xmlrpc.php HTTP/2.0" 200 225 "-" "Mozilla/5.0 (compatible, MSIE 11, Windows NT 6.3; Trident/7.0; rv:11.0) like Gecko"
158.220.126.105 - - [01/May/2026:06:24:36 -0400] "GET /wp-login.php HTTP/2.0" 200 1920 "-" "Mozilla/5.0 (Windows NT 6.1; WOW64) AppleWebKit/537.36 (KHTML, like Gecko) Chrome/67.0.3396.79 Safari/537.36"
158.220.126.105 - - [01/May/2026:06:24:36 -0400] "POST /wp-login.php HTTP/2.0" 200 2049 "https://store.terrorxxx.com/wp-login.php" "Mozilla/5.0 (Windows NT 6.1; WOW64) AppleWebKit/537.36 (KHTML, like Gecko) Chrome/67.0.3396.79 Safari/537.36"
208.122.213.31 - - [01/May/2026:06:32:32 -0400] "POST /wp-cron.php?doing_wp_cron=1777631552.8371479511260986328125 HTTP/1.1" 200 - "-" "WordPress/6.2.6; https://store.terrorxxx.com"
216.73.216.78 - - [01/May/2026:06:32:32 -0400] "GET /robots.txt HTTP/2.0" 200 115 "-" "Mozilla/5.0 AppleWebKit/537.36 (KHTML, like Gecko; compatible; ClaudeBot/1.0; +claudebot@anthropic.com)"
216.73.216.78 - - [01/May/2026:06:32:32 -0400] "GET / HTTP/2.0" 200 7342 "-" "Mozilla/5.0 AppleWebKit/537.36 (KHTML, like Gecko; compatible; ClaudeBot/1.0; +claudebot@anthropic.com)"
82.39.156.138 - - [01/May/2026:06:32:52 -0400] "GET / HTTP/1.1" 200 7341 "-" "Mozilla/5.0 (Macintosh; Intel Mac OS X 10_15_7) AppleWebKit/537.36 (KHTML, like Gecko) Chrome/104.0.0.0 Safari/537.36"
208.122.213.31 - - [01/May/2026:06:33:52 -0400] "POST /wp-cron.php?doing_wp_cron=1777631632.6747319698333740234375 HTTP/1.1" 200 - "-" "WordPress/6.2.6; https://store.terrorxxx.com"
148.72.155.217 - - [01/May/2026:06:33:52 -0400] "POST /xmlrpc.php HTTP/2.0" 200 225 "-" "Mozilla/5.0 (Windows NT 10.0; Win64; x64) AppleWebKit/537.36 (KHTML, like Gecko) Chrome/66.0.3359.170 Safari/537.36 OPR/53.0.2907.99"
208.122.213.31 - - [01/May/2026:06:35:11 -0400] "POST /wp-cron.php?doing_wp_cron=1777631711.6913039684295654296875 HTTP/1.1" 200 - "-" "WordPress/6.2.6; https://store.terrorxxx.com"
