208.122.213.31 - - [01/May/2026:13:16:31 -0400] "POST /wp-cron.php?doing_wp_cron=1777655791.4178938865661621093750 HTTP/1.1" 200 - "-" "WordPress/6.2.6; https://store.terrorxxx.com"
43.165.7.74 - - [01/May/2026:13:16:31 -0400] "GET /home/?add-to-cart=128 HTTP/1.1" 200 6850 "-" "Mozilla/5.0 (compatible; ThinkBot/0.5.8; +In_the_test_phase,_if_the_ThinkBot_brings_you_trouble,_please_block_its_IP_address._Thank_you.)"
208.122.213.31 - - [01/May/2026:13:17:52 -0400] "POST /wp-cron.php?doing_wp_cron=1777655872.8110990524291992187500 HTTP/1.1" 200 - "-" "WordPress/6.2.6; https://store.terrorxxx.com"
43.225.108.103 - - [01/May/2026:13:17:52 -0400] "GET /wp-login.php HTTP/2.0" 200 1918 "-" "Mozilla/5.0 (Macintosh; Intel Mac OS X 10_11_6) AppleWebKit/604.3.5 (KHTML, like Gecko) Version/11.0.1 Safari/604.3.5"
43.225.108.103 - - [01/May/2026:13:17:53 -0400] "POST /wp-login.php HTTP/2.0" 200 2048 "https://store.terrorxxx.com/wp-login.php" "Mozilla/5.0 (Macintosh; Intel Mac OS X 10_11_6) AppleWebKit/604.3.5 (KHTML, like Gecko) Version/11.0.1 Safari/604.3.5"
103.50.205.131 - - [01/May/2026:13:17:58 -0400] "POST /xmlrpc.php HTTP/2.0" 200 225 "-" "Mozilla/5.0 (Windows NT 10.0; Win64; x64) AppleWebKit/537.36 (KHTML, like Gecko) Chrome/65.0.3325.162 Safari/537.36"
208.122.213.31 - - [01/May/2026:13:28:59 -0400] "POST /wp-cron.php?doing_wp_cron=1777656539.9781520366668701171875 HTTP/1.1" 200 - "-" "WordPress/6.2.6; https://store.terrorxxx.com"
103.218.122.61 - - [01/May/2026:13:28:59 -0400] "GET /wp-login.php HTTP/2.0" 200 1919 "-" "Mozilla/5.0 (Windows NT 6.1; WOW64) AppleWebKit/537.36 (KHTML, like Gecko) Chrome/65.0.3325.146 Safari/537.36"
103.218.122.61 - - [01/May/2026:13:29:00 -0400] "POST /wp-login.php HTTP/2.0" 200 2049 "https://store.terrorxxx.com/wp-login.php" "Mozilla/5.0 (Windows NT 6.1; WOW64) AppleWebKit/537.36 (KHTML, like Gecko) Chrome/65.0.3325.146 Safari/537.36"
103.216.117.118 - - [01/May/2026:13:29:05 -0400] "POST /xmlrpc.php HTTP/2.0" 200 225 "-" "Mozilla/4.0 (compatible; MSIE 7.0; Windows NT 6.2; WOW64; Trident/7.0; .NET4.0C; .NET4.0E; Tablet PC 2.0)"
208.122.213.31 - - [01/May/2026:13:37:51 -0400] "POST /wp-cron.php?doing_wp_cron=1777657071.7363259792327880859375 HTTP/1.1" 200 - "-" "WordPress/6.2.6; https://store.terrorxxx.com"
50.6.249.156 - - [01/May/2026:13:37:51 -0400] "GET /wp-login.php HTTP/2.0" 200 1919 "-" "Mozilla/5.0 (X11; Linux x86_64) AppleWebKit/537.36 (KHTML, like Gecko) Chrome/65.0.3325.181 Safari/537.36"
50.6.249.156 - - [01/May/2026:13:37:52 -0400] "POST /wp-login.php HTTP/2.0" 200 2049 "https://store.terrorxxx.com/wp-login.php" "Mozilla/5.0 (X11; Linux x86_64) AppleWebKit/537.36 (KHTML, like Gecko) Chrome/65.0.3325.181 Safari/537.36"
208.122.213.31 - - [01/May/2026:13:40:02 -0400] "POST /wp-cron.php?doing_wp_cron=1777657202.5718400478363037109375 HTTP/1.1" 200 - "-" "WordPress/6.2.6; https://store.terrorxxx.com"
213.238.191.143 - - [01/May/2026:13:40:02 -0400] "POST /xmlrpc.php HTTP/2.0" 200 225 "-" "Mozilla/5.0 (Macintosh; Intel Mac OS X 10_13_1) AppleWebKit/537.36 (KHTML, like Gecko) Chrome/65.0.3325.162 Safari/537.36"
208.122.213.31 - - [01/May/2026:13:47:09 -0400] "POST /wp-cron.php?doing_wp_cron=1777657629.0652000904083251953125 HTTP/1.1" 200 - "-" "WordPress/6.2.6; https://store.terrorxxx.com"
103.218.122.61 - - [01/May/2026:13:47:08 -0400] "GET /wp-login.php HTTP/2.0" 200 1919 "-" "Mozilla/5.0 (Macintosh; Intel Mac OS X 10_12_6) AppleWebKit/537.36 (KHTML, like Gecko) Chrome/66.0.3359.139 Safari/537.36"
103.218.122.61 - - [01/May/2026:13:47:09 -0400] "POST /wp-login.php HTTP/2.0" 200 2049 "https://store.terrorxxx.com/wp-login.php" "Mozilla/5.0 (Macintosh; Intel Mac OS X 10_12_6) AppleWebKit/537.36 (KHTML, like Gecko) Chrome/66.0.3359.139 Safari/537.36"
208.122.213.31 - - [01/May/2026:13:51:07 -0400] "POST /wp-cron.php?doing_wp_cron=1777657867.2743389606475830078125 HTTP/1.1" 200 - "-" "WordPress/6.2.6; https://store.terrorxxx.com"
5.35.7.175 - - [01/May/2026:13:51:07 -0400] "POST /xmlrpc.php HTTP/2.0" 200 225 "-" "Mozilla/5.0 (Macintosh; Intel Mac OS X 10_12) AppleWebKit/602.1.50 (KHTML, like Gecko) Version/10.0 Safari/602.1.50"
208.122.213.31 - - [01/May/2026:13:52:20 -0400] "POST /wp-cron.php?doing_wp_cron=1777657940.3709089756011962890625 HTTP/1.1" 200 - "-" "WordPress/6.2.6; https://store.terrorxxx.com"
208.109.241.218 - - [01/May/2026:13:52:20 -0400] "GET /wp-content/plugins/easy-digital-downloads/readme.txt HTTP/1.1" 404 26379 "-" "Mozilla/5.0 (Kubuntu; Linux i686) AppleWebKit/537.36 (KHTML, like Gecko) Chrome/134.0.0.0 Safari/537.36"
208.122.213.31 - - [01/May/2026:13:57:44 -0400] "POST /wp-cron.php?doing_wp_cron=1777658264.1374359130859375000000 HTTP/1.1" 200 - "-" "WordPress/6.2.6; https://store.terrorxxx.com"
47.251.82.1 - - [01/May/2026:13:57:43 -0400] "GET /wp-login.php HTTP/2.0" 200 1919 "-" "Mozilla/5.0 (Windows NT 6.1; WOW64; Trident/7.0; MATM; rv:11.0) like Gecko"
47.251.82.1 - - [01/May/2026:13:57:45 -0400] "POST /wp-login.php HTTP/2.0" 200 2049 "https://store.terrorxxx.com/wp-login.php" "Mozilla/5.0 (Windows NT 6.1; WOW64; Trident/7.0; MATM; rv:11.0) like Gecko"
208.122.213.31 - - [01/May/2026:14:02:03 -0400] "POST /wp-cron.php?doing_wp_cron=1777658523.6936290264129638671875 HTTP/1.1" 200 - "-" "WordPress/6.2.6; https://store.terrorxxx.com"
103.50.205.131 - - [01/May/2026:14:02:03 -0400] "POST /xmlrpc.php HTTP/2.0" 200 225 "-" "Mozilla/5.0 (Windows NT 6.1; WOW64; Trident/7.0; yie9; rv:11.0) like Gecko"
208.122.213.31 - - [01/May/2026:14:06:26 -0400] "POST /wp-cron.php?doing_wp_cron=1777658786.6421511173248291015625 HTTP/1.1" 200 - "-" "WordPress/6.2.6; https://store.terrorxxx.com"
150.254.155.252 - - [01/May/2026:14:06:26 -0400] "GET /wp-login.php HTTP/2.0" 200 1920 "-" "Mozilla/5.0 (Windows NT 6.3; WOW64; Trident/7.0; ASU2JS; rv:11.0) like Gecko"
150.254.155.252 - - [01/May/2026:14:06:26 -0400] "POST /wp-login.php HTTP/2.0" 200 2049 "https://store.terrorxxx.com/wp-login.php" "Mozilla/5.0 (Windows NT 6.3; WOW64; Trident/7.0; ASU2JS; rv:11.0) like Gecko"
208.122.213.31 - - [01/May/2026:14:10:36 -0400] "POST /wp-cron.php?doing_wp_cron=1777659036.8473210334777832031250 HTTP/1.1" 200 - "-" "WordPress/6.2.6; https://store.terrorxxx.com"
103.172.92.89 - - [01/May/2026:14:10:36 -0400] "POST /xmlrpc.php HTTP/2.0" 200 225 "-" "Mozilla/5.0 (Windows NT 10.0; WOW64; Trident/7.0; MALNJS; rv:11.0) like Gecko"
208.109.241.218 - - [01/May/2026:14:11:10 -0400] "GET / HTTP/1.1" 200 7341 "-" "Mozilla/5.0 (Macintosh; Intel Mac OS X 10_9_5) AppleWebKit/537.36 (KHTML, like Gecko) Chrome/64.0.3282.140 Safari/537.36"
216.73.216.78 - - [01/May/2026:14:11:20 -0400] "GET /robots.txt HTTP/2.0" 200 115 "-" "Mozilla/5.0 AppleWebKit/537.36 (KHTML, like Gecko; compatible; ClaudeBot/1.0; +claudebot@anthropic.com)"
216.73.216.78 - - [01/May/2026:14:11:20 -0400] "GET /wp-sitemap.xml HTTP/2.0" 200 740 "-" "Mozilla/5.0 AppleWebKit/537.36 (KHTML, like Gecko; compatible; ClaudeBot/1.0; +claudebot@anthropic.com)"
208.122.213.31 - - [01/May/2026:14:17:06 -0400] "POST /wp-cron.php?doing_wp_cron=1777659426.4383409023284912109375 HTTP/1.1" 200 - "-" "WordPress/6.2.6; https://store.terrorxxx.com"
5.35.7.175 - - [01/May/2026:14:17:06 -0400] "GET /wp-login.php HTTP/2.0" 200 1919 "-" "Mozilla/5.0 (compatible; MSIE 10.0; Windows NT 6.1; WOW64; Trident/7.0)"
5.35.7.175 - - [01/May/2026:14:17:06 -0400] "POST /wp-login.php HTTP/2.0" 200 2049 "https://store.terrorxxx.com/wp-login.php" "Mozilla/5.0 (compatible; MSIE 10.0; Windows NT 6.1; WOW64; Trident/7.0)"
208.122.213.31 - - [01/May/2026:14:21:44 -0400] "POST /wp-cron.php?doing_wp_cron=1777659704.1958949565887451171875 HTTP/1.1" 200 - "-" "WordPress/6.2.6; https://store.terrorxxx.com"
118.71.227.65 - - [01/May/2026:14:21:44 -0400] "POST /xmlrpc.php HTTP/2.0" 200 225 "-" "Mozilla/5.0 (Windows NT 10.0; Win64; x64; WebView/3.0) AppleWebKit/537.36 (KHTML, like Gecko) Chrome/58.0.3029.110 Safari/537.36 Edge/16.16299"
208.109.241.218 - - [01/May/2026:14:22:06 -0400] "GET / HTTP/1.1" 200 7341 "-" "Mozilla/5.0 (Macintosh; Intel Mac OS X 10_14_6) AppleWebKit/605.1.15 (KHTML, like Gecko) Version/13.0.2 Safari/605.1.15"
208.122.213.31 - - [01/May/2026:14:28:12 -0400] "POST /wp-cron.php?doing_wp_cron=1777660092.5222868919372558593750 HTTP/1.1" 200 - "-" "WordPress/6.2.6; https://store.terrorxxx.com"
152.53.111.131 - - [01/May/2026:14:28:12 -0400] "GET /wp-login.php HTTP/2.0" 200 1920 "-" "Mozilla/5.0 (Macintosh; Intel Mac OS X 10_11_6) AppleWebKit/602.1.50 (KHTML, like Gecko) Version/10.0 Safari/602.1.50"
152.53.111.131 - - [01/May/2026:14:28:12 -0400] "POST /wp-login.php HTTP/2.0" 200 2050 "https://store.terrorxxx.com/wp-login.php" "Mozilla/5.0 (Macintosh; Intel Mac OS X 10_11_6) AppleWebKit/602.1.50 (KHTML, like Gecko) Version/10.0 Safari/602.1.50"
208.122.213.31 - - [01/May/2026:14:30:37 -0400] "POST /wp-cron.php?doing_wp_cron=1777660237.4309580326080322265625 HTTP/1.1" 200 - "-" "WordPress/6.2.6; https://store.terrorxxx.com"
208.109.241.218 - - [01/May/2026:14:30:37 -0400] "PUT /wp-json/seopress/v1/posts/1/title-description-metas HTTP/1.1" 404 114 "-" "Mozilla/5.0 (SS; Linux x86_64) AppleWebKit/537.36 (KHTML, like Gecko) Chrome/134.0.0.0 Safari/537.36"
75.119.132.40 - - [01/May/2026:14:30:48 -0400] "POST /xmlrpc.php HTTP/2.0" 200 225 "-" "Mozilla/5.0 (X11; Linux x86_64) AppleWebKit/537.36 (KHTML, like Gecko) Chrome/65.0.3325.146 Safari/537.36"
208.122.213.31 - - [01/May/2026:14:34:07 -0400] "POST /wp-cron.php?doing_wp_cron=1777660447.4330880641937255859375 HTTP/1.1" 200 - "-" "WordPress/6.2.6; https://store.terrorxxx.com"
208.109.241.218 - - [01/May/2026:14:34:07 -0400] "GET / HTTP/1.1" 200 7342 "-" "Mozilla/5.0 (X11; Linux x86_64; rv:91.0) Gecko/20100101 Firefox/91.0"
208.109.241.218 - - [01/May/2026:14:34:07 -0400] "GET /wp-json/wp/v2/give_forms/ HTTP/1.1" 404 114 "-" "Mozilla/5.0 (Fedora; Linux i686) AppleWebKit/537.36 (KHTML, like Gecko) Chrome/130.0.0.0 Safari/537.36"
208.122.213.31 - - [01/May/2026:14:39:01 -0400] "POST /wp-cron.php?doing_wp_cron=1777660741.2196660041809082031250 HTTP/1.1" 200 - "-" "WordPress/6.2.6; https://store.terrorxxx.com"
18.169.227.47 - - [01/May/2026:14:39:01 -0400] "GET /wp-login.php HTTP/2.0" 200 1919 "-" "Mozilla/5.0 (Windows NT 6.3; Win64, x64; Trident/7.0; rv:11.0) like Gecko"
18.169.227.47 - - [01/May/2026:14:39:01 -0400] "POST /wp-login.php HTTP/2.0" 200 2049 "https://store.terrorxxx.com/wp-login.php" "Mozilla/5.0 (Windows NT 6.3; Win64, x64; Trident/7.0; rv:11.0) like Gecko"
208.122.213.31 - - [01/May/2026:14:41:53 -0400] "POST /wp-cron.php?doing_wp_cron=1777660913.8285040855407714843750 HTTP/1.1" 200 - "-" "WordPress/6.2.6; https://store.terrorxxx.com"
43.225.108.103 - - [01/May/2026:14:41:53 -0400] "POST /xmlrpc.php HTTP/2.0" 200 225 "-" "Mozilla/5.0 (Macintosh; Intel Mac OS X 10_13_4) AppleWebKit/537.36 (KHTML, like Gecko) Chrome/67.0.3396.62 Safari/537.36"
208.122.213.31 - - [01/May/2026:14:48:20 -0400] "POST /wp-cron.php?doing_wp_cron=1777661300.4618999958038330078125 HTTP/1.1" 200 - "-" "WordPress/6.2.6; https://store.terrorxxx.com"
208.109.241.218 - - [01/May/2026:14:48:20 -0400] "GET /wp-content/plugins/cz-loan-management/README.txt HTTP/1.1" 404 26379 "-" "Mozilla/5.0 (Macintosh; Intel Mac OS X 10.12; rv:104.0) Gecko/20100101 Firefox/104.0"
208.122.213.31 - - [01/May/2026:14:51:40 -0400] "POST /wp-cron.php?doing_wp_cron=1777661500.4722869396209716796875 HTTP/1.1" 200 - "-" "WordPress/6.2.6; https://store.terrorxxx.com"
208.109.241.218 - - [01/May/2026:14:51:40 -0400] "GET /wp-json/learnpress/v1/courses?course_filter&c_only_fields=post_title,(select(sleep(6))),ID HTTP/1.1" 404 114 "-" "Mozilla/5.0 (X11; Linux x86_64; rv:1.9.5.20) Gecko/ Firefox/9.0"
208.122.213.31 - - [01/May/2026:14:53:09 -0400] "POST /wp-cron.php?doing_wp_cron=1777661589.3190190792083740234375 HTTP/1.1" 200 - "-" "WordPress/6.2.6; https://store.terrorxxx.com"
54.39.17.116 - - [01/May/2026:14:53:09 -0400] "POST /xmlrpc.php HTTP/2.0" 200 225 "-" "Mozilla/4.0 (compatible; MSIE 7.0; Windows NT 6.2; Trident/7.0; .NET4.0C; .NET4.0E; .NET CLR 2.0.50727; .NET CLR 3.0.30729; .NET CLR 3.5.30729; SLCC2; Media Center PC 6.0)"
208.122.213.31 - - [01/May/2026:14:59:47 -0400] "POST /wp-cron.php?doing_wp_cron=1777661987.5270140171051025390625 HTTP/1.1" 200 - "-" "WordPress/6.2.6; https://store.terrorxxx.com"
84.46.243.88 - - [01/May/2026:14:59:47 -0400] "GET /wp-login.php HTTP/2.0" 200 1919 "-" "Mozilla/5.0 (Macintosh; Intel Mac OS X 10_11_6) AppleWebKit/604.4.7 (KHTML, like Gecko) Version/11.0.2 Safari/604.4.7"
84.46.243.88 - - [01/May/2026:14:59:50 -0400] "POST /wp-login.php HTTP/2.0" 200 2050 "https://store.terrorxxx.com/wp-login.php" "Mozilla/5.0 (Macintosh; Intel Mac OS X 10_11_6) AppleWebKit/604.4.7 (KHTML, like Gecko) Version/11.0.2 Safari/604.4.7"
208.122.213.31 - - [01/May/2026:15:04:28 -0400] "POST /wp-cron.php?doing_wp_cron=1777662268.8129630088806152343750 HTTP/1.1" 200 - "-" "WordPress/6.2.6; https://store.terrorxxx.com"
162.240.175.101 - - [01/May/2026:15:04:28 -0400] "POST /xmlrpc.php HTTP/2.0" 200 225 "-" "Mozilla/5.0 (Windows NT 10.0; WOW64; Trident/7.0; yie9; rv:11.0) like Gecko"
208.109.241.218 - - [01/May/2026:15:05:16 -0400] "GET / HTTP/1.1" 200 7342 "-" "Mozilla/5.0 (X11; Linux x86_64; rv:128.0) Gecko/20100101 Firefox/128.0"
208.122.213.31 - - [01/May/2026:15:10:17 -0400] "POST /wp-cron.php?doing_wp_cron=1777662617.5051178932189941406250 HTTP/1.1" 200 - "-" "WordPress/6.2.6; https://store.terrorxxx.com"
208.109.241.218 - - [01/May/2026:15:10:17 -0400] "POST /?__kds_flag=post HTTP/1.1" 200 7360 "-" "Mozilla/5.0 (X11; Linux x86_64; rv:1.9.7.20) Gecko/ Firefox/3.6.8"
208.122.213.31 - - [01/May/2026:15:11:06 -0400] "POST /wp-cron.php?doing_wp_cron=1777662666.8001029491424560546875 HTTP/1.1" 200 - "-" "WordPress/6.2.6; https://store.terrorxxx.com"
38.95.35.85 - - [01/May/2026:15:11:06 -0400] "GET /wp-login.php HTTP/2.0" 200 1920 "-" "Mozilla/5.0 (Windows NT 6.3; WOW64; Trident/7.0; AS; rv:11.0) like Gecko"
38.95.35.85 - - [01/May/2026:15:11:06 -0400] "POST /wp-login.php HTTP/2.0" 200 2049 "https://store.terrorxxx.com/wp-login.php" "Mozilla/5.0 (Windows NT 6.3; WOW64; Trident/7.0; AS; rv:11.0) like Gecko"
208.122.213.31 - - [01/May/2026:15:14:38 -0400] "POST /wp-cron.php?doing_wp_cron=1777662878.5090880393981933593750 HTTP/1.1" 200 - "-" "WordPress/6.2.6; https://store.terrorxxx.com"
208.109.241.218 - - [01/May/2026:15:14:38 -0400] "GET / HTTP/1.1" 200 7342 "-" "Mozilla/5.0 (SS; Linux i686) AppleWebKit/537.36 (KHTML, like Gecko) Chrome/133.0.0.0 Safari/537.36"
208.122.213.31 - - [01/May/2026:15:15:38 -0400] "POST /wp-cron.php?doing_wp_cron=1777662938.6250519752502441406250 HTTP/1.1" 200 - "-" "WordPress/6.2.6; https://store.terrorxxx.com"
217.142.142.174 - - [01/May/2026:15:15:38 -0400] "POST /xmlrpc.php HTTP/2.0" 200 225 "-" "Mozilla/5.0 (compatible; MSIE 9.0; Windows NT 6.1; Trident/7.0)"
208.122.213.31 - - [01/May/2026:15:20:14 -0400] "POST /wp-cron.php?doing_wp_cron=1777663214.6578650474548339843750 HTTP/1.1" 200 - "-" "WordPress/6.2.6; https://store.terrorxxx.com"
62.146.233.9 - - [01/May/2026:15:20:14 -0400] "GET /wp-login.php HTTP/2.0" 200 1920 "-" "Mozilla/5.0 (Windows NT 6.3; WOW64; Trident/7.0; Touch; MASMJS; rv:11.0) like Gecko"
62.146.233.9 - - [01/May/2026:15:20:15 -0400] "POST /wp-login.php HTTP/2.0" 200 2050 "https://store.terrorxxx.com/wp-login.php" "Mozilla/5.0 (Windows NT 6.3; WOW64; Trident/7.0; Touch; MASMJS; rv:11.0) like Gecko"
208.122.213.31 - - [01/May/2026:15:21:17 -0400] "POST /wp-cron.php?doing_wp_cron=1777663277.2960729598999023437500 HTTP/1.1" 200 - "-" "WordPress/6.2.6; https://store.terrorxxx.com"
77.75.78.161 - - [01/May/2026:15:21:17 -0400] "GET /robots.txt HTTP/1.1" 200 115 "-" "Mozilla/5.0 (compatible; SeznamBot/4.0; +https://o-seznam.cz/napoveda/vyhledavani/en/seznambot-crawler/)"
208.122.213.31 - - [01/May/2026:15:21:32 -0400] "POST /wp-cron.php?doing_wp_cron=1777663292.5759849548339843750000 HTTP/1.1" 200 - "-" "WordPress/6.2.6; https://store.terrorxxx.com"
77.75.78.161 - - [01/May/2026:15:21:32 -0400] "GET /contact/ HTTP/1.1" 200 6385 "-" "Mozilla/5.0 (compatible; SeznamBot/4.0; +https://o-seznam.cz/napoveda/vyhledavani/en/seznambot-crawler/)"
208.109.241.218 - - [01/May/2026:15:22:22 -0400] "GET / HTTP/1.1" 200 7341 "-" "Mozilla/5.0 (Kubuntu; Linux i686) AppleWebKit/537.36 (KHTML, like Gecko) Chrome/133.0.0.0 Safari/537.36"
208.122.213.31 - - [01/May/2026:15:25:58 -0400] "POST /wp-cron.php?doing_wp_cron=1777663558.5269289016723632812500 HTTP/1.1" 200 - "-" "WordPress/6.2.6; https://store.terrorxxx.com"
208.109.241.218 - - [01/May/2026:15:25:58 -0400] "GET / HTTP/1.1" 200 7342 "-" "Mozilla/5.0 (X11; Linux x86_64; rv:128.0) Gecko/20100101 Firefox/128.0"
208.122.213.31 - - [01/May/2026:15:26:59 -0400] "POST /wp-cron.php?doing_wp_cron=1777663619.3490629196166992187500 HTTP/1.1" 200 - "-" "WordPress/6.2.6; https://store.terrorxxx.com"
167.71.226.156 - - [01/May/2026:15:26:59 -0400] "POST /xmlrpc.php HTTP/2.0" 200 225 "-" "Mozilla/5.0 (Windows NT 6.1) AppleWebKit/537.36 (KHTML, like Gecko) Chrome/65.0.3325.146 Safari/537.36"
208.122.213.31 - - [01/May/2026:15:33:55 -0400] "POST /wp-cron.php?doing_wp_cron=1777664035.5392758846282958984375 HTTP/1.1" 200 - "-" "WordPress/6.2.6; https://store.terrorxxx.com"
208.109.241.218 - - [01/May/2026:15:33:55 -0400] "GET / HTTP/1.1" 200 7342 "-" "Mozilla/5.0 (X11; Linux x86_64; rv:103.0) Gecko/20100101 Firefox/103.0"
208.122.213.31 - - [01/May/2026:15:38:16 -0400] "POST /wp-cron.php?doing_wp_cron=1777664296.1170558929443359375000 HTTP/1.1" 200 - "-" "WordPress/6.2.6; https://store.terrorxxx.com"
77.75.78.161 - - [01/May/2026:15:38:15 -0400] "GET /contact/ HTTP/1.1" 200 6385 "-" "Mozilla/5.0 (compatible; SeznamBot/4.0; +https://o-seznam.cz/napoveda/vyhledavani/en/seznambot-crawler/)"
208.122.213.31 - - [01/May/2026:15:38:32 -0400] "POST /wp-cron.php?doing_wp_cron=1777664312.0196719169616699218750 HTTP/1.1" 200 - "-" "WordPress/6.2.6; https://store.terrorxxx.com"
98.130.43.189 - - [01/May/2026:15:38:31 -0400] "POST /xmlrpc.php HTTP/2.0" 200 225 "-" "Mozilla/5.0 (Windows NT 10.0; Win64; x64) AppleWebKit/537.36 (KHTML, like Gecko) Chrome/65.0.3325.162 Safari/537.36"
208.122.213.31 - - [01/May/2026:15:48:07 -0400] "POST /wp-cron.php?doing_wp_cron=1777664887.7648739814758300781250 HTTP/1.1" 200 - "-" "WordPress/6.2.6; https://store.terrorxxx.com"
91.227.37.60 - - [01/May/2026:15:48:07 -0400] "POST /xmlrpc.php HTTP/2.0" 200 225 "-" "Mozilla/5.0 (Windows NT 10.0; WOW64) AppleWebKit/537.36 (KHTML, like Gecko) Chrome/65.0.3325.146 Safari/537.36"
208.122.213.31 - - [01/May/2026:15:50:52 -0400] "POST /wp-cron.php?doing_wp_cron=1777665052.5592260360717773437500 HTTP/1.1" 200 - "-" "WordPress/6.2.6; https://store.terrorxxx.com"
208.122.213.31 - - [01/May/2026:15:50:52 -0400] "POST /wp-cron.php?doing_wp_cron=1777665052.5600719451904296875000 HTTP/1.1" 200 - "-" "WordPress/6.2.6; https://store.terrorxxx.com"
208.109.241.218 - - [01/May/2026:15:50:52 -0400] "GET / HTTP/1.1" 200 7342 "-" "Mozilla/5.0 (Macintosh; Intel Mac OS X 10_15_7) AppleWebKit/605.1.15 (KHTML, like Gecko) Version/17.5 Safari/605.1.15 MarketGoo/2.1"
208.109.241.218 - - [01/May/2026:15:50:52 -0400] "GET / HTTP/1.1" 200 7342 "-" "Mozilla/5.0 (Windows NT 10.0; Win64; x64) AppleWebKit/537.36 (KHTML, like Gecko) Chrome/64.0.3282.140 Safari/537.36 Edge/18.17763"
208.109.241.218 - - [01/May/2026:15:50:52 -0400] "GET / HTTP/1.1" 200 7342 "-" "Mozilla/5.0 (Macintosh; Intel Mac OS X 13) AppleWebKit/619.4 (KHTML, like Gecko) Version/16.1.13 Safari/619.4"
208.122.213.31 - - [01/May/2026:15:52:18 -0400] "POST /wp-cron.php?doing_wp_cron=1777665138.6704919338226318359375 HTTP/1.1" 200 - "-" "WordPress/6.2.6; https://store.terrorxxx.com"
77.75.76.161 - - [01/May/2026:15:52:18 -0400] "GET /contact/ HTTP/1.1" 200 6386 "-" "Mozilla/5.0 (compatible; SeznamBot/4.0; +https://o-seznam.cz/napoveda/vyhledavani/en/seznambot-crawler/)"
208.122.213.31 - - [01/May/2026:15:52:41 -0400] "POST /wp-cron.php?doing_wp_cron=1777665161.5515930652618408203125 HTTP/1.1" 200 - "-" "WordPress/6.2.6; https://store.terrorxxx.com"
208.109.241.218 - - [01/May/2026:15:52:41 -0400] "GET /index.php/wp-json/wp/v2/sensei_email/ HTTP/1.1" 404 114 "-" "Mozilla/5.0 (Macintosh; Intel Mac OS X 10_15_7) AppleWebKit/605.1.15 (KHTML, like Gecko) Version/15.2 Safari/605.1.15"
208.122.213.31 - - [01/May/2026:15:54:41 -0400] "POST /wp-cron.php?doing_wp_cron=1777665281.9084289073944091796875 HTTP/1.1" 200 - "-" "WordPress/6.2.6; https://store.terrorxxx.com"
15.235.164.131 - - [01/May/2026:15:54:41 -0400] "GET /wp-login.php HTTP/2.0" 200 1920 "-" "Mozilla/5.0 (Windows NT 6.3; WOW64; Trident/7.0; Touch; rv:11.0) like Gecko"
15.235.164.131 - - [01/May/2026:15:54:43 -0400] "POST /wp-login.php HTTP/2.0" 200 2050 "https://store.terrorxxx.com/wp-login.php" "Mozilla/5.0 (Windows NT 6.3; WOW64; Trident/7.0; Touch; rv:11.0) like Gecko"
208.122.213.31 - - [01/May/2026:15:57:43 -0400] "POST /wp-cron.php?doing_wp_cron=1777665463.5827310085296630859375 HTTP/1.1" 200 - "-" "WordPress/6.2.6; https://store.terrorxxx.com"
208.109.241.218 - - [01/May/2026:15:57:43 -0400] "GET / HTTP/1.1" 200 7342 "-" "Mozilla/5.0 (Windows NT 10.0; Win64; x64) AppleWebKit/537.36 (KHTML, like Gecko) Chrome/70.0.3538.77 Safari/537.36"
208.122.213.31 - - [01/May/2026:15:59:28 -0400] "POST /wp-cron.php?doing_wp_cron=1777665568.9669599533081054687500 HTTP/1.1" 200 - "-" "WordPress/6.2.6; https://store.terrorxxx.com"
72.167.150.128 - - [01/May/2026:15:59:28 -0400] "POST /xmlrpc.php HTTP/2.0" 200 225 "-" "Mozilla/5.0 (Windows NT 6.3; WOW64; Trident/7.0; TAJB; rv:11.0) like Gecko"
208.109.241.218 - - [01/May/2026:15:59:53 -0400] "GET /wp-content/plugins/clean-login/readme.txt HTTP/1.1" 404 26379 "-" "Mozilla/5.0 (Windows NT 10.0; rv:139.0) Gecko/20100101 Firefox/139.0"
208.122.213.31 - - [01/May/2026:16:04:07 -0400] "POST /wp-cron.php?doing_wp_cron=1777665847.6206560134887695312500 HTTP/1.1" 200 - "-" "WordPress/6.2.6; https://store.terrorxxx.com"
208.109.241.218 - - [01/May/2026:16:04:07 -0400] "POST /wp-admin/admin-ajax.php HTTP/1.1" 400 1 "-" "Mozilla/5.0 (Macintosh; Intel Mac OS X 10_13_6) AppleWebKit/605.1.15 (KHTML, like Gecko) Version/12.0 Safari/605.1.15"
208.122.213.31 - - [01/May/2026:16:05:34 -0400] "POST /wp-cron.php?doing_wp_cron=1777665934.1962800025939941406250 HTTP/1.1" 200 - "-" "WordPress/6.2.6; https://store.terrorxxx.com"
135.181.3.173 - - [01/May/2026:16:05:34 -0400] "GET /wp-login.php HTTP/2.0" 200 1919 "-" "Mozilla/4.0 (compatible; MSIE 7.0; Windows NT 6.2; WOW64; Trident/7.0; .NET4.0C; .NET4.0E; .NET CLR 2.0.50727; .NET CLR 3.0.30729; .NET CLR 3.5.30729)"
135.181.3.173 - - [01/May/2026:16:05:34 -0400] "POST /wp-login.php HTTP/2.0" 200 2048 "https://store.terrorxxx.com/wp-login.php" "Mozilla/4.0 (compatible; MSIE 7.0; Windows NT 6.2; WOW64; Trident/7.0; .NET4.0C; .NET4.0E; .NET CLR 2.0.50727; .NET CLR 3.0.30729; .NET CLR 3.5.30729)"
208.122.213.31 - - [01/May/2026:16:07:54 -0400] "POST /wp-cron.php?doing_wp_cron=1777666074.2312428951263427734375 HTTP/1.1" 200 - "-" "WordPress/6.2.6; https://store.terrorxxx.com"
107.189.4.58 - - [01/May/2026:16:07:54 -0400] "GET /wp-login.php HTTP/1.1" 200 6068 "-" "Mozilla/5.0 (Android 14; Mobile; rv:122.0) Gecko/122.0 Firefox/122.0"
208.122.213.31 - - [01/May/2026:16:09:20 -0400] "POST /wp-cron.php?doing_wp_cron=1777666160.1469841003417968750000 HTTP/1.1" 200 - "-" "WordPress/6.2.6; https://store.terrorxxx.com"
107.189.4.58 - - [01/May/2026:16:09:19 -0400] "POST /wp-login.php HTTP/1.1" 200 6483 "-" "Mozilla/5.0 (Android 14; Mobile; rv:122.0) Gecko/122.0 Firefox/122.0"
208.122.213.31 - - [01/May/2026:16:10:24 -0400] "POST /wp-cron.php?doing_wp_cron=1777666224.6308081150054931640625 HTTP/1.1" 200 - "-" "WordPress/6.2.6; https://store.terrorxxx.com"
77.75.79.36 - - [01/May/2026:16:10:24 -0400] "GET /contact/ HTTP/1.1" 200 6384 "-" "Mozilla/5.0 (compatible; SeznamBot/4.0; +https://o-seznam.cz/napoveda/vyhledavani/en/seznambot-crawler/)"
208.122.213.31 - - [01/May/2026:16:13:19 -0400] "POST /wp-cron.php?doing_wp_cron=1777666399.6216740608215332031250 HTTP/1.1" 200 - "-" "WordPress/6.2.6; https://store.terrorxxx.com"
208.109.241.218 - - [01/May/2026:16:13:19 -0400] "POST /wp-admin/admin-ajax.php?action=mwb_wgm_preview_mail HTTP/1.1" 400 1 "-" "Mozilla/5.0 (Fedora; Linux i686) AppleWebKit/537.36 (KHTML, like Gecko) Chrome/130.0.0.0 Safari/537.36"
208.122.213.31 - - [01/May/2026:16:16:37 -0400] "POST /wp-cron.php?doing_wp_cron=1777666597.6101429462432861328125 HTTP/1.1" 200 - "-" "WordPress/6.2.6; https://store.terrorxxx.com"
208.109.241.218 - - [01/May/2026:16:16:37 -0400] "GET /wp-content/plugins/wp-file-upload/wfu_file_downloader.php?file=In07qZ4aoXKx5ghR&ticket=aIabwSLxX6igq7en&handler=dboption&session_legacy=1&dboption_base=cookies&dboption_useold=0&wfu_cookie=wp_wpfileupload_uGTz5qpdy017Ls7M7Q8qRvktz1OBIGqB HTTP/1.1" 404 26379 "-" "Mozilla/5.0 (Macintosh; Intel Mac OS X 15_3) AppleWebKit/605.1.15 (KHTML, like Gecko) Version/18.3 Safari/605.1.15"
152.53.44.20 - - [01/May/2026:16:16:39 -0400] "GET /wp-login.php HTTP/2.0" 200 1919 "-" "Mozilla/4.0 (compatible; MSIE 7.0; Windows NT 6.3; WOW64; Trident/7.0; .NET4.0C; .NET4.0E; .NET CLR 2.0.50727; .NET CLR 3.0.30729; .NET CLR 3.5.30729)"
152.53.44.20 - - [01/May/2026:16:16:39 -0400] "POST /wp-login.php HTTP/2.0" 200 2048 "https://store.terrorxxx.com/wp-login.php" "Mozilla/4.0 (compatible; MSIE 7.0; Windows NT 6.3; WOW64; Trident/7.0; .NET4.0C; .NET4.0E; .NET CLR 2.0.50727; .NET CLR 3.0.30729; .NET CLR 3.5.30729)"
208.122.213.31 - - [01/May/2026:16:18:07 -0400] "POST /wp-cron.php?doing_wp_cron=1777666687.4931550025939941406250 HTTP/1.1" 200 - "-" "WordPress/6.2.6; https://store.terrorxxx.com"
128.241.254.194 - - [01/May/2026:16:18:07 -0400] "GET /wp-content/plugins/smart-manager-for-wp-e-commerce/readme.txt HTTP/1.1" 404 26379 "-" "Mozilla/5.0 (Windows NT 10.0; Win64; x64; rv:64.0) Gecko/20100101 Firefox/64.0"
128.241.254.194 - - [01/May/2026:16:18:07 -0400] "POST /wp-content/plugins/smart-manager-for-wp-e-commerce/sm/woo-json.php HTTP/1.1" 404 26379 "-" "Mozilla/5.0 (Kubuntu; Linux x86_64) AppleWebKit/537.36 (KHTML, like Gecko) Chrome/132.0.0.0 Safari/537.36"
208.122.213.31 - - [01/May/2026:16:19:07 -0400] "POST /wp-cron.php?doing_wp_cron=1777666747.6042020320892333984375 HTTP/1.1" 200 - "-" "WordPress/6.2.6; https://store.terrorxxx.com"
208.109.241.218 - - [01/May/2026:16:19:07 -0400] "GET / HTTP/1.1" 200 7341 "-" "Mozilla/5.0 (X11; Linux i686; rv:1.9.6.20) Gecko/ Firefox/3.6.9"
208.109.241.218 - - [01/May/2026:16:19:12 -0400] "POST /wp-admin/admin-ajax.php HTTP/1.1" 400 1 "-" "Mozilla/5.0 (X11; Linux x86_64; rv:1.9.5.20) Gecko/ Firefox/3.8"
208.122.213.31 - - [01/May/2026:16:20:57 -0400] "POST /wp-cron.php?doing_wp_cron=1777666856.9726519584655761718750 HTTP/1.1" 200 - "-" "WordPress/6.2.6; https://store.terrorxxx.com"
128.241.254.194 - - [01/May/2026:16:20:56 -0400] "GET / HTTP/1.1" 200 7340 "-" "Mozilla/5.0 (Windows NT 10.0; Win64; x64; rv:140.0) Gecko/20100101 Firefox/140.6"
208.122.213.31 - - [01/May/2026:16:21:55 -0400] "POST /wp-cron.php?doing_wp_cron=1777666915.7682719230651855468750 HTTP/1.1" 200 - "-" "WordPress/6.2.6; https://store.terrorxxx.com"
185.151.196.205 - - [01/May/2026:16:21:55 -0400] "POST /xmlrpc.php HTTP/2.0" 200 225 "-" "Mozilla/5.0 (Windows NT 10.0) AppleWebKit/537.36 (KHTML, like Gecko) Chrome/65.0.3325.162 Safari/537.36"
208.122.213.31 - - [01/May/2026:16:27:43 -0400] "POST /wp-cron.php?doing_wp_cron=1777667263.6271989345550537109375 HTTP/1.1" 200 - "-" "WordPress/6.2.6; https://store.terrorxxx.com"
208.109.241.218 - - [01/May/2026:16:27:43 -0400] "GET / HTTP/1.1" 200 7341 "-" "Mozilla/5.0 (Macintosh; Intel Mac OS X 10_15_7) AppleWebKit/605.1.15 (KHTML, like Gecko) Version/17.2 Safari/605.1.15"
167.71.226.156 - - [01/May/2026:16:27:50 -0400] "GET /wp-login.php HTTP/2.0" 200 1918 "-" "Mozilla/4.0 (compatible; MSIE 7.0; Windows NT 6.1; WOW64; Trident/7.0; SLCC2; .NET CLR 2.0.50727; .NET CLR 3.5.30729; .NET CLR 3.0.30729; Media Center PC 6.0; .NET4.0C)"
167.71.226.156 - - [01/May/2026:16:27:51 -0400] "POST /wp-login.php HTTP/2.0" 200 2047 "https://store.terrorxxx.com/wp-login.php" "Mozilla/4.0 (compatible; MSIE 7.0; Windows NT 6.1; WOW64; Trident/7.0; SLCC2; .NET CLR 2.0.50727; .NET CLR 3.5.30729; .NET CLR 3.0.30729; Media Center PC 6.0; .NET4.0C)"
208.122.213.31 - - [01/May/2026:16:33:15 -0400] "POST /wp-cron.php?doing_wp_cron=1777667595.8639769554138183593750 HTTP/1.1" 200 - "-" "WordPress/6.2.6; https://store.terrorxxx.com"
18.169.227.47 - - [01/May/2026:16:33:15 -0400] "POST /xmlrpc.php HTTP/2.0" 200 225 "-" "Mozilla/5.0 (Windows NT 6.3; WOW64; Trident/7.0; MANMJS; rv:11.0) like Gecko"
208.122.213.31 - - [01/May/2026:16:37:17 -0400] "POST /wp-cron.php?doing_wp_cron=1777667837.0791859626770019531250 HTTP/1.1" 200 - "-" "WordPress/6.2.6; https://store.terrorxxx.com"
18.190.119.140 - - [01/May/2026:16:37:16 -0400] "GET /wp-login.php HTTP/2.0" 200 1918 "-" "Mozilla/5.0 (Macintosh; Intel Mac OS X 10_11_6) AppleWebKit/604.5.6 (KHTML, like Gecko) Version/11.0.3 Safari/604.5.6"
18.190.119.140 - - [01/May/2026:16:37:17 -0400] "POST /wp-login.php HTTP/2.0" 200 2047 "https://store.terrorxxx.com/wp-login.php" "Mozilla/5.0 (Macintosh; Intel Mac OS X 10_11_6) AppleWebKit/604.5.6 (KHTML, like Gecko) Version/11.0.3 Safari/604.5.6"
208.122.213.31 - - [01/May/2026:16:44:38 -0400] "POST /wp-cron.php?doing_wp_cron=1777668278.9481461048126220703125 HTTP/1.1" 200 - "-" "WordPress/6.2.6; https://store.terrorxxx.com"
162.214.192.209 - - [01/May/2026:16:44:38 -0400] "POST /xmlrpc.php HTTP/2.0" 200 225 "-" "Mozilla/5.0 (Windows NT 6.1; WOW64; Trident/7.0; EIE10;ENGBWOL; rv:11.0) like Gecko"
208.122.213.31 - - [01/May/2026:16:48:33 -0400] "POST /wp-cron.php?doing_wp_cron=1777668513.8257930278778076171875 HTTP/1.1" 200 - "-" "WordPress/6.2.6; https://store.terrorxxx.com"
216.73.216.151 - - [01/May/2026:16:48:33 -0400] "GET /robots.txt HTTP/2.0" 200 115 "-" "Mozilla/5.0 AppleWebKit/537.36 (KHTML, like Gecko; compatible; ClaudeBot/1.0; +claudebot@anthropic.com)"
216.73.216.151 - - [01/May/2026:16:48:38 -0400] "GET /wp-sitemap.xml HTTP/2.0" 200 740 "-" "Mozilla/5.0 AppleWebKit/537.36 (KHTML, like Gecko; compatible; ClaudeBot/1.0; +claudebot@anthropic.com)"
199.203.54.15 - - [01/May/2026:16:48:55 -0400] "GET /wp-login.php HTTP/2.0" 200 1919 "-" "Mozilla/5.0 (X11; Linux x86_64) AppleWebKit/537.36 (KHTML, like Gecko) Chrome/67.0.3396.87 Safari/537.36"
199.203.54.15 - - [01/May/2026:16:48:55 -0400] "POST /wp-login.php HTTP/2.0" 200 2048 "https://store.terrorxxx.com/wp-login.php" "Mozilla/5.0 (X11; Linux x86_64) AppleWebKit/537.36 (KHTML, like Gecko) Chrome/67.0.3396.87 Safari/537.36"
208.122.213.31 - - [01/May/2026:16:56:23 -0400] "POST /wp-cron.php?doing_wp_cron=1777668983.4613831043243408203125 HTTP/1.1" 200 - "-" "WordPress/6.2.6; https://store.terrorxxx.com"
52.232.35.131 - - [01/May/2026:16:56:23 -0400] "POST /xmlrpc.php HTTP/2.0" 200 225 "-" "Mozilla/5.0 (Windows NT 10.0; Win64; x64) AppleWebKit/537.36 (KHTML, like Gecko) Chrome/65.0.3325.181 Safari/537.36 OPR/52.0.2871.64"
208.122.213.31 - - [01/May/2026:16:57:19 -0400] "POST /wp-cron.php?doing_wp_cron=1777669039.6777861118316650390625 HTTP/1.1" 200 - "-" "WordPress/6.2.6; https://store.terrorxxx.com"
208.109.241.218 - - [01/May/2026:16:57:19 -0400] "GET /wp-content/plugins/learnpress/readme.txt HTTP/1.1" 404 26379 "-" "Mozilla/5.0 (SS; Linux i686) AppleWebKit/537.36 (KHTML, like Gecko) Chrome/140.0.0.0 Safari/537.36"
208.122.213.31 - - [01/May/2026:17:00:21 -0400] "POST /wp-cron.php?doing_wp_cron=1777669221.9250450134277343750000 HTTP/1.1" 200 - "-" "WordPress/6.2.6; https://store.terrorxxx.com"
162.241.60.154 - - [01/May/2026:17:00:21 -0400] "GET /wp-login.php HTTP/2.0" 200 1919 "-" "Mozilla/5.0 (Windows NT 6.1; WOW64; Trident/7.0; MALCJS; rv:11.0) like Gecko"
162.241.60.154 - - [01/May/2026:17:00:22 -0400] "POST /wp-login.php HTTP/2.0" 200 2050 "https://store.terrorxxx.com/wp-login.php" "Mozilla/5.0 (Windows NT 6.1; WOW64; Trident/7.0; MALCJS; rv:11.0) like Gecko"
208.122.213.31 - - [01/May/2026:17:08:08 -0400] "POST /wp-cron.php?doing_wp_cron=1777669688.2482268810272216796875 HTTP/1.1" 200 - "-" "WordPress/6.2.6; https://store.terrorxxx.com"
38.255.17.179 - - [01/May/2026:17:08:08 -0400] "POST /xmlrpc.php HTTP/2.0" 200 225 "-" "Mozilla/5.0 (Windows NT 6.1) AppleWebKit/537.36 (KHTML, like Gecko) Chrome/63.0.3239.132 Safari/537.36 OPR/50.0.2762.67"
208.122.213.31 - - [01/May/2026:17:08:56 -0400] "POST /wp-cron.php?doing_wp_cron=1777669736.8583889007568359375000 HTTP/1.1" 200 - "-" "WordPress/6.2.6; https://store.terrorxxx.com"
208.109.241.218 - - [01/May/2026:17:08:56 -0400] "POST /wp-json/hc/v1/themehunk-import HTTP/1.1" 404 114 "-" "Mozilla/5.0 (X11; Linux x86_64; rv:1.9.6.20) Gecko/ Firefox/9.0"
208.122.213.31 - - [01/May/2026:17:11:49 -0400] "POST /wp-cron.php?doing_wp_cron=1777669909.7158539295196533203125 HTTP/1.1" 200 - "-" "WordPress/6.2.6; https://store.terrorxxx.com"
208.109.241.218 - - [01/May/2026:17:11:49 -0400] "POST /wp-admin/admin-ajax.php?+config-create+/&/<?=base64_decode($_GET[0])?>+/tmp/3D0tjlD8Lvs7LCWy4JAkuKZOAg2.php HTTP/1.1" 400 1 "-" "Mozilla/5.0 (Macintosh, Intel Mac OS X 10_15_7) AppleWebKit/605.1.15 (KHTML, like Gecko) Version/18.3 Safari/605.1.15"
208.109.241.218 - - [01/May/2026:17:11:54 -0400] "POST /wp-admin/admin-ajax.php?0=M0QwdGpoSVlrTzJyOHZ3WGFWVlg0SThWOE5q HTTP/1.1" 400 1 "-" "Mozilla/5.0 (Windows NT 10.0; Win64; x64) AppleWebKit/537.36 (KHTML, like Gecko) Chrome/80.0.3987.132 Safari/537.36"
51.195.100.8 - - [01/May/2026:17:11:56 -0400] "GET /wp-login.php HTTP/2.0" 200 1920 "-" "Mozilla/4.0 (compatible; MSIE 7.0; Windows NT 6.1; WOW64; Trident/7.0; SLCC2; .NET CLR 2.0.50727; .NET CLR 3.5.30729; .NET CLR 3.0.30729; Media Center PC 6.0; InfoPath.2; .NET4.0C; .NET4.0E)"
51.195.100.8 - - [01/May/2026:17:11:57 -0400] "POST /wp-login.php HTTP/2.0" 200 2049 "https://store.terrorxxx.com/wp-login.php" "Mozilla/4.0 (compatible; MSIE 7.0; Windows NT 6.1; WOW64; Trident/7.0; SLCC2; .NET CLR 2.0.50727; .NET CLR 3.5.30729; .NET CLR 3.0.30729; Media Center PC 6.0; InfoPath.2; .NET4.0C; .NET4.0E)"
208.122.213.31 - - [01/May/2026:17:17:54 -0400] "POST /wp-cron.php?doing_wp_cron=1777670274.9282360076904296875000 HTTP/1.1" 200 - "-" "WordPress/6.2.6; https://store.terrorxxx.com"
44.206.93.215 - - [01/May/2026:17:17:54 -0400] "GET /home/ HTTP/1.1" 200 6770 "-" "Mozilla/5.0 AppleWebKit/537.36 (KHTML, like Gecko; compatible; Amazonbot/0.1; +https://developer.amazon.com/support/amazonbot) Chrome/119.0.6045.214 Safari/537.36"
208.122.213.31 - - [01/May/2026:17:19:39 -0400] "POST /wp-cron.php?doing_wp_cron=1777670379.6284399032592773437500 HTTP/1.1" 200 - "-" "WordPress/6.2.6; https://store.terrorxxx.com"
107.6.141.106 - - [01/May/2026:17:19:39 -0400] "POST /xmlrpc.php HTTP/2.0" 200 225 "-" "Mozilla/5.0 (Macintosh; Intel Mac OS X 10_12_6) AppleWebKit/605.1.15 (KHTML, like Gecko) Version/11.1.2 Safari/605.1.15"
208.122.213.31 - - [01/May/2026:17:23:03 -0400] "POST /wp-cron.php?doing_wp_cron=1777670583.0985720157623291015625 HTTP/1.1" 200 - "-" "WordPress/6.2.6; https://store.terrorxxx.com"
52.167.144.19 - - [01/May/2026:17:23:02 -0400] "GET /wp-sitemap-users-1.xml HTTP/2.0" 200 435 "-" "Mozilla/5.0 AppleWebKit/537.36 (KHTML, like Gecko; compatible; bingbot/2.0; +http://www.bing.com/bingbot.htm) Chrome/116.0.1938.76 Safari/537.36"
208.122.213.31 - - [01/May/2026:17:23:44 -0400] "POST /wp-cron.php?doing_wp_cron=1777670624.4384698867797851562500 HTTP/1.1" 200 - "-" "WordPress/6.2.6; https://store.terrorxxx.com"
179.108.84.136 - - [01/May/2026:17:23:44 -0400] "GET /wp-login.php HTTP/2.0" 200 1920 "-" "Mozilla/5.0 (Windows NT 6.1; Win64; x64; rv:61.0) Gecko/20100101 Firefox/61.0"
179.108.84.136 - - [01/May/2026:17:23:44 -0400] "POST /wp-login.php HTTP/2.0" 200 2050 "https://store.terrorxxx.com/wp-login.php" "Mozilla/5.0 (Windows NT 6.1; Win64; x64; rv:61.0) Gecko/20100101 Firefox/61.0"
208.122.213.31 - - [01/May/2026:17:29:29 -0400] "POST /wp-cron.php?doing_wp_cron=1777670969.5401298999786376953125 HTTP/1.1" 200 - "-" "WordPress/6.2.6; https://store.terrorxxx.com"
188.241.62.65 - - [01/May/2026:17:29:29 -0400] "POST /xmlrpc.php HTTP/2.0" 200 225 "-" "Mozilla/5.0 (Windows NT 6.3; WOW64; Trident/7.0; Touch; MATBJS; rv:11.0) like Gecko"
92.118.39.29 - - [01/May/2026:17:34:07 -0400] "GET /.git/config HTTP/1.1" 403 199 "-" "Mozilla/5.0 (Windows; U; Windows NT 6.1; en-US) AppleWebKit/533.19.4 (KHTML, like Gecko) Version/5.0.2 Safari/533.18.5"
208.122.213.31 - - [01/May/2026:17:35:14 -0400] "POST /wp-cron.php?doing_wp_cron=1777671314.8401401042938232421875 HTTP/1.1" 200 - "-" "WordPress/6.2.6; https://store.terrorxxx.com"
45.124.84.150 - - [01/May/2026:17:35:14 -0400] "GET /wp-login.php HTTP/2.0" 200 1920 "-" "Mozilla/5.0 (Windows NT 6.1) AppleWebKit/537.36 (KHTML, like Gecko) Chrome/65.0.3325.146 Safari/537.36"
45.124.84.150 - - [01/May/2026:17:35:16 -0400] "POST /wp-login.php HTTP/2.0" 200 2050 "https://store.terrorxxx.com/wp-login.php" "Mozilla/5.0 (Windows NT 6.1) AppleWebKit/537.36 (KHTML, like Gecko) Chrome/65.0.3325.146 Safari/537.36"
44.244.218.153 - - [01/May/2026:17:40:43 -0400] "GET /wp-content/uploads/2019/02/IMG_7008.jpg HTTP/2.0" 200 112865 "-" "Mozilla/5.0 (Windows NT 10.0; Win64; x64) AppleWebKit/537.36 (KHTML, like Gecko) Chrome/144.0.0.0 Safari/537.36"
208.122.213.31 - - [01/May/2026:17:40:48 -0400] "POST /wp-cron.php?doing_wp_cron=1777671648.0242989063262939453125 HTTP/1.1" 200 - "-" "WordPress/6.2.6; https://store.terrorxxx.com"
84.46.243.88 - - [01/May/2026:17:40:47 -0400] "POST /xmlrpc.php HTTP/2.0" 200 225 "-" "Mozilla/5.0 (Windows NT 6.1; WOW64; Trident/7.0; EIE11;ENGBWOL; rv:11.0) like Gecko"
208.122.213.31 - - [01/May/2026:17:46:31 -0400] "POST /wp-cron.php?doing_wp_cron=1777671991.0961899757385253906250 HTTP/1.1" 200 - "-" "WordPress/6.2.6; https://store.terrorxxx.com"
152.53.111.131 - - [01/May/2026:17:46:30 -0400] "GET /wp-login.php HTTP/2.0" 200 1920 "-" "Mozilla/4.0 (compatible; MSIE 7.0; Windows NT 6.3; WOW64; Trident/7.0; Touch; .NET4.0E; .NET4.0C; Tablet PC 2.0; .NET CLR 3.5.30729; .NET CLR 2.0.50727; .NET CLR 3.0.30729)"
152.53.111.131 - - [01/May/2026:17:46:31 -0400] "POST /wp-login.php HTTP/2.0" 200 2050 "https://store.terrorxxx.com/wp-login.php" "Mozilla/4.0 (compatible; MSIE 7.0; Windows NT 6.3; WOW64; Trident/7.0; Touch; .NET4.0E; .NET4.0C; Tablet PC 2.0; .NET CLR 3.5.30729; .NET CLR 2.0.50727; .NET CLR 3.0.30729)"
3.226.202.248 - - [01/May/2026:17:47:02 -0400] "GET /robots.txt HTTP/1.1" 200 115 "-" "Mozilla/5.0 (Macintosh; Intel Mac OS X 10_10_1) AppleWebKit/600.2.5 (KHTML, like Gecko) Version/8.0.2 Safari/600.2.5 (Gort)"
208.122.213.31 - - [01/May/2026:17:52:07 -0400] "POST /wp-cron.php?doing_wp_cron=1777672327.9088089466094970703125 HTTP/1.1" 200 - "-" "WordPress/6.2.6; https://store.terrorxxx.com"
159.100.13.237 - - [01/May/2026:17:52:07 -0400] "POST /xmlrpc.php HTTP/2.0" 200 225 "-" "Mozilla/5.0 (Windows NT 10.0; WOW64) AppleWebKit/537.36 (KHTML, like Gecko) Chrome/66.0.3359.170 Safari/537.36"
208.122.213.31 - - [01/May/2026:17:54:21 -0400] "POST /wp-cron.php?doing_wp_cron=1777672461.9771499633789062500000 HTTP/1.1" 200 - "-" "WordPress/6.2.6; https://store.terrorxxx.com"
208.109.241.218 - - [01/May/2026:17:54:21 -0400] "POST /wp-content/plugins/wp-time-capsule/wp-tcapsule-bridge/upload/php/index.php HTTP/1.1" 404 26379 "-" "Mozilla/5.0 (Macintosh; Intel Mac OS X 10_15_6) AppleWebKit/605.1.15 (KHTML, like Gecko) Version/15.3 Safari/605.1.15"
208.122.213.31 - - [01/May/2026:17:57:28 -0400] "POST /wp-cron.php?doing_wp_cron=1777672648.8558299541473388671875 HTTP/1.1" 200 - "-" "WordPress/6.2.6; https://store.terrorxxx.com"
103.53.170.39 - - [01/May/2026:17:57:28 -0400] "GET /wp-login.php HTTP/2.0" 200 1919 "-" "Mozilla/5.0 (Windows NT 6.3; Win64; x64) AppleWebKit/537.36 (KHTML, like Gecko) Chrome/67.0.3396.87 Safari/537.36"
103.53.170.39 - - [01/May/2026:17:57:29 -0400] "POST /wp-login.php HTTP/2.0" 200 2049 "https://store.terrorxxx.com/wp-login.php" "Mozilla/5.0 (Windows NT 6.3; Win64; x64) AppleWebKit/537.36 (KHTML, like Gecko) Chrome/67.0.3396.87 Safari/537.36"
208.122.213.31 - - [01/May/2026:18:03:16 -0400] "POST /wp-cron.php?doing_wp_cron=1777672996.7604749202728271484375 HTTP/1.1" 200 - "-" "WordPress/6.2.6; https://store.terrorxxx.com"
34.101.189.231 - - [01/May/2026:18:03:16 -0400] "POST /xmlrpc.php HTTP/2.0" 200 225 "-" "Mozilla/5.0 (Windows NT 6.1; Trident/7.0; yie11; rv:11.0) like Gecko"
77.75.78.171 - - [01/May/2026:18:03:30 -0400] "GET /wp-content/uploads/2019/02/IMG_1407.jpg HTTP/1.1" 304 - "-" "Mozilla/5.0 (compatible; SeznamBot/4.0; +https://o-seznam.cz/napoveda/vyhledavani/en/seznambot-crawler/)"
208.122.213.31 - - [01/May/2026:18:08:42 -0400] "POST /wp-cron.php?doing_wp_cron=1777673322.0904328823089599609375 HTTP/1.1" 200 - "-" "WordPress/6.2.6; https://store.terrorxxx.com"
51.21.247.64 - - [01/May/2026:18:08:41 -0400] "GET /wp-login.php HTTP/2.0" 200 1920 "-" "Mozilla/4.0 (compatible; MSIE 7.0; Windows NT 6.1; WOW64; Trident/7.0; SLCC2; .NET CLR 2.0.50727; .NET CLR 3.5.30729; .NET CLR 3.0.30729; Media Center PC 6.0; .NET4.0C; .NET4.0E; GWX:RESERVED)"
51.21.247.64 - - [01/May/2026:18:08:42 -0400] "POST /wp-login.php HTTP/2.0" 200 2050 "https://store.terrorxxx.com/wp-login.php" "Mozilla/4.0 (compatible; MSIE 7.0; Windows NT 6.1; WOW64; Trident/7.0; SLCC2; .NET CLR 2.0.50727; .NET CLR 3.5.30729; .NET CLR 3.0.30729; Media Center PC 6.0; .NET4.0C; .NET4.0E; GWX:RESERVED)"
208.122.213.31 - - [01/May/2026:18:11:32 -0400] "POST /wp-cron.php?doing_wp_cron=1777673492.0224759578704833984375 HTTP/1.1" 200 - "-" "WordPress/6.2.6; https://store.terrorxxx.com"
208.109.241.218 - - [01/May/2026:18:11:31 -0400] "POST /wp-admin/admin-ajax.php HTTP/1.1" 400 1 "-" "Mozilla/5.0 (CentOS; Linux i686) AppleWebKit/537.36 (KHTML, like Gecko) Chrome/139.0.0.0 Safari/537.36"
208.122.213.31 - - [01/May/2026:18:15:15 -0400] "POST /wp-cron.php?doing_wp_cron=1777673715.4571979045867919921875 HTTP/1.1" 200 - "-" "WordPress/6.2.6; https://store.terrorxxx.com"
50.6.195.29 - - [01/May/2026:18:15:15 -0400] "POST /xmlrpc.php HTTP/2.0" 200 225 "-" "Mozilla/4.0 (compatible; MSIE 7.0; Windows NT 6.1; WOW64; Trident/7.0; SLCC2; .NET CLR 2.0.50727; .NET CLR 3.5.30729; .NET CLR 3.0.30729; Media Center PC 6.0; MASA; .NET4.0C; .NET4.0E; AskTbFWV5/5.15.29.67612)"
208.122.213.31 - - [01/May/2026:18:18:26 -0400] "POST /wp-cron.php?doing_wp_cron=1777673906.3912589550018310546875 HTTP/1.1" 200 - "-" "WordPress/6.2.6; https://store.terrorxxx.com"
116.203.148.109 - - [01/May/2026:18:18:26 -0400] "GET /wp-login.php HTTP/2.0" 200 1920 "-" "Mozilla/5.0 (X11; CrOS x86_64 10452.85.0) AppleWebKit/537.36 (KHTML, like Gecko) Chrome/66.0.3359.158 Safari/537.36"
116.203.148.109 - - [01/May/2026:18:18:27 -0400] "POST /wp-login.php HTTP/2.0" 200 2049 "https://store.terrorxxx.com/wp-login.php" "Mozilla/5.0 (X11; CrOS x86_64 10452.85.0) AppleWebKit/537.36 (KHTML, like Gecko) Chrome/66.0.3359.158 Safari/537.36"
208.122.213.31 - - [01/May/2026:18:25:27 -0400] "POST /wp-cron.php?doing_wp_cron=1777674327.8068180084228515625000 HTTP/1.1" 200 - "-" "WordPress/6.2.6; https://store.terrorxxx.com"
208.109.241.218 - - [01/May/2026:18:25:27 -0400] "GET / HTTP/1.1" 200 7342 "-" "Mozilla/5.0 (Windows NT 6.2; Win64; x64; rv:109.0) Gecko/20100101 Firefox/114.0"
208.122.213.31 - - [01/May/2026:18:27:17 -0400] "POST /wp-cron.php?doing_wp_cron=1777674437.4995861053466796875000 HTTP/1.1" 200 - "-" "WordPress/6.2.6; https://store.terrorxxx.com"
192.176.172.166 - - [01/May/2026:18:27:17 -0400] "POST /xmlrpc.php HTTP/2.0" 200 225 "-" "Mozilla/5.0 (Windows NT 6.1; WOW64; Trident/7.0; MASN; rv:11.0) like Gecko"
208.122.213.31 - - [01/May/2026:18:28:01 -0400] "POST /wp-cron.php?doing_wp_cron=1777674481.8190340995788574218750 HTTP/1.1" 200 - "-" "WordPress/6.2.6; https://store.terrorxxx.com"
208.109.241.218 - - [01/May/2026:18:28:01 -0400] "GET /wp-content/wphb-logs/api-debug.log HTTP/1.1" 404 26379 "-" "Mozilla/5.0 (X11; Ubuntu; Linux x86_64; rv:127.0) Gecko/20100101 Firefox/127.0"
208.122.213.31 - - [01/May/2026:18:30:10 -0400] "POST /wp-cron.php?doing_wp_cron=1777674610.1091630458831787109375 HTTP/1.1" 200 - "-" "WordPress/6.2.6; https://store.terrorxxx.com"
91.227.37.60 - - [01/May/2026:18:30:09 -0400] "GET /wp-login.php HTTP/2.0" 200 1919 "-" "Mozilla/5.0 (Windows NT 6.3; Win64; x64) AppleWebKit/537.36 (KHTML, like Gecko) Chrome/52.0.2743.116 Safari/537.36 Edge/15.15063"
91.227.37.60 - - [01/May/2026:18:30:10 -0400] "POST /wp-login.php HTTP/2.0" 200 2050 "https://store.terrorxxx.com/wp-login.php" "Mozilla/5.0 (Windows NT 6.3; Win64; x64) AppleWebKit/537.36 (KHTML, like Gecko) Chrome/52.0.2743.116 Safari/537.36 Edge/15.15063"
208.122.213.31 - - [01/May/2026:18:38:30 -0400] "POST /wp-cron.php?doing_wp_cron=1777675110.0162270069122314453125 HTTP/1.1" 200 - "-" "WordPress/6.2.6; https://store.terrorxxx.com"
103.216.117.118 - - [01/May/2026:18:38:29 -0400] "POST /xmlrpc.php HTTP/2.0" 200 225 "-" "Mozilla/5.0 (Windows NT 6.3; WOW64; Trident/7.0; MATBJS; rv:11.0) like Gecko"
208.122.213.31 - - [01/May/2026:18:43:12 -0400] "POST /wp-cron.php?doing_wp_cron=1777675392.4621179103851318359375 HTTP/1.1" 200 - "-" "WordPress/6.2.6; https://store.terrorxxx.com"
109.199.96.43 - - [01/May/2026:18:43:12 -0400] "GET /wp-login.php HTTP/2.0" 200 1920 "-" "Mozilla/5.0 (Windows NT 6.1; Win64; x64) AppleWebKit/537.36 (KHTML, like Gecko) Chrome/66.0.3359.181 Safari/537.36"
109.199.96.43 - - [01/May/2026:18:43:16 -0400] "POST /wp-login.php HTTP/2.0" 200 2050 "https://store.terrorxxx.com/wp-login.php" "Mozilla/5.0 (Windows NT 6.1; Win64; x64) AppleWebKit/537.36 (KHTML, like Gecko) Chrome/66.0.3359.181 Safari/537.36"
208.122.213.31 - - [01/May/2026:18:50:53 -0400] "POST /wp-cron.php?doing_wp_cron=1777675853.8793969154357910156250 HTTP/1.1" 200 - "-" "WordPress/6.2.6; https://store.terrorxxx.com"
103.216.117.118 - - [01/May/2026:18:50:53 -0400] "POST /xmlrpc.php HTTP/2.0" 200 225 "-" "Mozilla/4.0 (compatible; MSIE 7.0; Windows NT 6.2; WOW64; Trident/7.0; .NET4.0C; .NET4.0E; .NET CLR 2.0.50727; .NET CLR 3.0.30729; .NET CLR 3.5.30729; Tablet PC 2.0; InfoPath.3)"
208.122.213.31 - - [01/May/2026:18:51:49 -0400] "POST /wp-cron.php?doing_wp_cron=1777675909.8371169567108154296875 HTTP/1.1" 200 - "-" "WordPress/6.2.6; https://store.terrorxxx.com"
208.109.241.218 - - [01/May/2026:18:51:49 -0400] "GET / HTTP/1.1" 200 7342 "-" "Mozilla/5.0 (X11; Linux i686; rv:1.9.7.20) Gecko/ Firefox/3.6.10"
208.122.213.31 - - [01/May/2026:18:55:05 -0400] "POST /wp-cron.php?doing_wp_cron=1777676105.4540700912475585937500 HTTP/1.1" 200 - "-" "WordPress/6.2.6; https://store.terrorxxx.com"
109.115.239.23 - - [01/May/2026:18:55:05 -0400] "GET /wp-login.php HTTP/2.0" 200 1920 "-" "Mozilla/5.0 (X11; Linux x86_64) AppleWebKit/537.36 (KHTML, like Gecko) Chrome/66.0.3359.170 Safari/537.36"
109.115.239.23 - - [01/May/2026:18:55:05 -0400] "POST /wp-login.php HTTP/2.0" 200 2050 "https://store.terrorxxx.com/wp-login.php" "Mozilla/5.0 (X11; Linux x86_64) AppleWebKit/537.36 (KHTML, like Gecko) Chrome/66.0.3359.170 Safari/537.36"
208.122.213.31 - - [01/May/2026:18:55:44 -0400] "POST /wp-cron.php?doing_wp_cron=1777676144.8119568824768066406250 HTTP/1.1" 200 - "-" "WordPress/6.2.6; https://store.terrorxxx.com"
77.75.78.171 - - [01/May/2026:18:55:44 -0400] "GET /porn-videos/ HTTP/1.1" 200 6863 "-" "Mozilla/5.0 (compatible; SeznamBot/4.0; +https://o-seznam.cz/napoveda/vyhledavani/en/seznambot-crawler/)"
208.122.213.31 - - [01/May/2026:19:00:08 -0400] "POST /wp-cron.php?doing_wp_cron=1777676408.9287459850311279296875 HTTP/1.1" 200 - "-" "WordPress/6.2.6; https://store.terrorxxx.com"
208.109.241.218 - - [01/May/2026:19:00:08 -0400] "GET / HTTP/1.1" 200 7341 "-" "Mozilla/5.0 (Macintosh; Intel Mac OS X 10_15_7) AppleWebKit/537.36 (KHTML, like Gecko) Chrome/110.0.0.0 Safari/537.36"
208.109.241.218 - - [01/May/2026:19:00:09 -0400] "GET / HTTP/1.1" 200 7342 "-" "Mozilla/5.0 (SS; Linux i686) AppleWebKit/537.36 (KHTML, like Gecko) Chrome/134.0.0.0 Safari/537.36"
208.122.213.31 - - [01/May/2026:19:03:46 -0400] "POST /wp-cron.php?doing_wp_cron=1777676626.8834409713745117187500 HTTP/1.1" 200 - "-" "WordPress/6.2.6; https://store.terrorxxx.com"
208.109.241.218 - - [01/May/2026:19:03:46 -0400] "GET /wp-admin/admin-ajax.php?s=9999')union+select+111,222,(select(concat(0x44617461626173653a20,database()))),4444,+5--+-&perpage=20&page=1&orderBy=source_id&dateEnd&dateStart&order=DESC&sources&action=depicter-lead-index HTTP/1.1" 400 1 "-" "Mozilla/5.0 (X11; Linux x86_64) AppleWebKit/537.36 (KHTML, like Gecko) Chrome/106.0.0.0 Safari/537.36"
160.250.204.105 - - [01/May/2026:19:03:51 -0400] "POST /xmlrpc.php HTTP/2.0" 200 225 "-" "Mozilla/4.0 (compatible; MSIE 7.0; Windows NT 10.0; WOW64; Trident/7.0; .NET4.0C; .NET4.0E; .NET CLR 2.0.50727; .NET CLR 3.0.30729; .NET CLR 3.5.30729; InfoPath.3)"
208.122.213.31 - - [01/May/2026:19:06:25 -0400] "POST /wp-cron.php?doing_wp_cron=1777676785.8588650226593017578125 HTTP/1.1" 200 - "-" "WordPress/6.2.6; https://store.terrorxxx.com"
208.122.213.31 - - [01/May/2026:19:06:25 -0400] "POST /wp-cron.php?doing_wp_cron=1777676785.8590409755706787109375 HTTP/1.1" 200 - "-" "WordPress/6.2.6; https://store.terrorxxx.com"
208.109.241.218 - - [01/May/2026:19:06:25 -0400] "GET /wp-json/wp/v2/users HTTP/1.1" 200 265 "-" "Mozilla/5.0 (Macintosh; Intel Mac OS X 10_15_7) AppleWebKit/537.36 (KHTML, like Gecko) Chrome/118.0.0.0 Safari/537.36"
208.109.241.218 - - [01/May/2026:19:06:25 -0400] "GET /?rest_route=/wp/v2/users HTTP/1.1" 200 265 "-" "Mozilla/5.0 (Kubuntu; Linux x86_64) AppleWebKit/537.36 (KHTML, like Gecko) Chrome/133.0.0.0 Safari/537.36"
208.109.241.218 - - [01/May/2026:19:06:33 -0400] "POST /wp-admin/admin-ajax.php HTTP/1.1" 400 1 "-" "Mozilla/5.0 (X11; Linux x86_64; rv:1.9.7.20) Gecko/ Firefox/3.8"
208.122.213.31 - - [01/May/2026:19:07:30 -0400] "POST /wp-cron.php?doing_wp_cron=1777676850.5586450099945068359375 HTTP/1.1" 200 - "-" "WordPress/6.2.6; https://store.terrorxxx.com"
