165.22.235.126 - - [30/Apr/2026:17:56:03 -0400] "POST /xmlrpc.php HTTP/1.1" 200 401 "-" "Mozilla/5.0 (Windows NT 10.0; Win64; x64) AppleWebKit/537.36 (KHTML, like Gecko) Chrome/80.0.3987.149 Safari/537.36"
165.22.235.126 - - [30/Apr/2026:17:56:03 -0400] "POST /xmlrpc.php HTTP/1.1" 200 401 "-" "Mozilla/5.0 (Windows NT 10.0; Win64; x64) AppleWebKit/537.36 (KHTML, like Gecko) Chrome/80.0.3987.149 Safari/537.36"
165.22.235.126 - - [30/Apr/2026:17:56:04 -0400] "POST /xmlrpc.php HTTP/1.1" 200 401 "-" "Mozilla/5.0 (Windows NT 10.0; Win64; x64) AppleWebKit/537.36 (KHTML, like Gecko) Chrome/80.0.3987.149 Safari/537.36"
165.22.235.126 - - [30/Apr/2026:17:56:04 -0400] "POST /xmlrpc.php HTTP/1.1" 200 401 "-" "Mozilla/5.0 (Windows NT 10.0; Win64; x64) AppleWebKit/537.36 (KHTML, like Gecko) Chrome/80.0.3987.149 Safari/537.36"
165.22.235.126 - - [30/Apr/2026:17:56:04 -0400] "POST /xmlrpc.php HTTP/1.1" 200 401 "-" "Mozilla/5.0 (Windows NT 10.0; Win64; x64) AppleWebKit/537.36 (KHTML, like Gecko) Chrome/80.0.3987.149 Safari/537.36"
165.22.235.126 - - [30/Apr/2026:17:56:04 -0400] "POST /xmlrpc.php HTTP/1.1" 200 401 "-" "Mozilla/5.0 (Windows NT 10.0; Win64; x64) AppleWebKit/537.36 (KHTML, like Gecko) Chrome/80.0.3987.149 Safari/537.36"
165.22.235.126 - - [30/Apr/2026:17:56:04 -0400] "POST /xmlrpc.php HTTP/1.1" 200 401 "-" "Mozilla/5.0 (Windows NT 10.0; Win64; x64) AppleWebKit/537.36 (KHTML, like Gecko) Chrome/80.0.3987.149 Safari/537.36"
165.22.235.126 - - [30/Apr/2026:17:56:05 -0400] "POST /xmlrpc.php HTTP/1.1" 200 401 "-" "Mozilla/5.0 (Windows NT 10.0; Win64; x64) AppleWebKit/537.36 (KHTML, like Gecko) Chrome/80.0.3987.149 Safari/537.36"
165.22.235.126 - - [30/Apr/2026:17:56:05 -0400] "POST /xmlrpc.php HTTP/1.1" 200 401 "-" "Mozilla/5.0 (Windows NT 10.0; Win64; x64) AppleWebKit/537.36 (KHTML, like Gecko) Chrome/80.0.3987.149 Safari/537.36"
165.22.235.126 - - [30/Apr/2026:17:56:05 -0400] "POST /xmlrpc.php HTTP/1.1" 200 401 "-" "Mozilla/5.0 (Windows NT 10.0; Win64; x64) AppleWebKit/537.36 (KHTML, like Gecko) Chrome/80.0.3987.149 Safari/537.36"
165.22.235.126 - - [30/Apr/2026:17:56:05 -0400] "POST /xmlrpc.php HTTP/1.1" 200 401 "-" "Mozilla/5.0 (Windows NT 10.0; Win64; x64) AppleWebKit/537.36 (KHTML, like Gecko) Chrome/80.0.3987.149 Safari/537.36"
165.22.235.126 - - [30/Apr/2026:17:56:05 -0400] "POST /xmlrpc.php HTTP/1.1" 200 401 "-" "Mozilla/5.0 (Windows NT 10.0; Win64; x64) AppleWebKit/537.36 (KHTML, like Gecko) Chrome/80.0.3987.149 Safari/537.36"
165.22.235.126 - - [30/Apr/2026:17:56:06 -0400] "POST /xmlrpc.php HTTP/1.1" 200 401 "-" "Mozilla/5.0 (Windows NT 10.0; Win64; x64) AppleWebKit/537.36 (KHTML, like Gecko) Chrome/80.0.3987.149 Safari/537.36"
165.22.235.126 - - [30/Apr/2026:17:56:06 -0400] "POST /xmlrpc.php HTTP/1.1" 200 401 "-" "Mozilla/5.0 (Windows NT 10.0; Win64; x64) AppleWebKit/537.36 (KHTML, like Gecko) Chrome/80.0.3987.149 Safari/537.36"
165.22.235.126 - - [30/Apr/2026:17:56:06 -0400] "POST /xmlrpc.php HTTP/1.1" 200 401 "-" "Mozilla/5.0 (Windows NT 10.0; Win64; x64) AppleWebKit/537.36 (KHTML, like Gecko) Chrome/80.0.3987.149 Safari/537.36"
165.22.235.126 - - [30/Apr/2026:17:56:06 -0400] "POST /xmlrpc.php HTTP/1.1" 200 401 "-" "Mozilla/5.0 (Windows NT 10.0; Win64; x64) AppleWebKit/537.36 (KHTML, like Gecko) Chrome/80.0.3987.149 Safari/537.36"
165.22.235.126 - - [30/Apr/2026:17:56:06 -0400] "POST /xmlrpc.php HTTP/1.1" 200 401 "-" "Mozilla/5.0 (Windows NT 10.0; Win64; x64) AppleWebKit/537.36 (KHTML, like Gecko) Chrome/80.0.3987.149 Safari/537.36"
165.22.235.126 - - [30/Apr/2026:17:56:07 -0400] "POST /xmlrpc.php HTTP/1.1" 200 401 "-" "Mozilla/5.0 (Windows NT 10.0; Win64; x64) AppleWebKit/537.36 (KHTML, like Gecko) Chrome/80.0.3987.149 Safari/537.36"
165.22.235.126 - - [30/Apr/2026:17:56:07 -0400] "POST /xmlrpc.php HTTP/1.1" 200 401 "-" "Mozilla/5.0 (Windows NT 10.0; Win64; x64) AppleWebKit/537.36 (KHTML, like Gecko) Chrome/80.0.3987.149 Safari/537.36"
165.22.235.126 - - [30/Apr/2026:17:56:07 -0400] "POST /xmlrpc.php HTTP/1.1" 200 401 "-" "Mozilla/5.0 (Windows NT 10.0; Win64; x64) AppleWebKit/537.36 (KHTML, like Gecko) Chrome/80.0.3987.149 Safari/537.36"
165.22.235.126 - - [30/Apr/2026:17:56:07 -0400] "POST /xmlrpc.php HTTP/1.1" 200 401 "-" "Mozilla/5.0 (Windows NT 10.0; Win64; x64) AppleWebKit/537.36 (KHTML, like Gecko) Chrome/80.0.3987.149 Safari/537.36"
165.22.235.126 - - [30/Apr/2026:17:56:07 -0400] "POST /xmlrpc.php HTTP/1.1" 200 401 "-" "Mozilla/5.0 (Windows NT 10.0; Win64; x64) AppleWebKit/537.36 (KHTML, like Gecko) Chrome/80.0.3987.149 Safari/537.36"
165.22.235.126 - - [30/Apr/2026:17:56:08 -0400] "POST /xmlrpc.php HTTP/1.1" 200 401 "-" "Mozilla/5.0 (Windows NT 10.0; Win64; x64) AppleWebKit/537.36 (KHTML, like Gecko) Chrome/80.0.3987.149 Safari/537.36"
165.22.235.126 - - [30/Apr/2026:17:56:08 -0400] "POST /xmlrpc.php HTTP/1.1" 200 401 "-" "Mozilla/5.0 (Windows NT 10.0; Win64; x64) AppleWebKit/537.36 (KHTML, like Gecko) Chrome/80.0.3987.149 Safari/537.36"
165.22.235.126 - - [30/Apr/2026:17:56:08 -0400] "POST /xmlrpc.php HTTP/1.1" 200 401 "-" "Mozilla/5.0 (Windows NT 10.0; Win64; x64) AppleWebKit/537.36 (KHTML, like Gecko) Chrome/80.0.3987.149 Safari/537.36"
165.22.235.126 - - [30/Apr/2026:17:56:08 -0400] "POST /xmlrpc.php HTTP/1.1" 200 401 "-" "Mozilla/5.0 (Windows NT 10.0; Win64; x64) AppleWebKit/537.36 (KHTML, like Gecko) Chrome/80.0.3987.149 Safari/537.36"
165.22.235.126 - - [30/Apr/2026:17:56:08 -0400] "POST /xmlrpc.php HTTP/1.1" 200 401 "-" "Mozilla/5.0 (Windows NT 10.0; Win64; x64) AppleWebKit/537.36 (KHTML, like Gecko) Chrome/80.0.3987.149 Safari/537.36"
165.22.235.126 - - [30/Apr/2026:17:56:09 -0400] "POST /xmlrpc.php HTTP/1.1" 200 401 "-" "Mozilla/5.0 (Windows NT 10.0; Win64; x64) AppleWebKit/537.36 (KHTML, like Gecko) Chrome/80.0.3987.149 Safari/537.36"
165.22.235.126 - - [30/Apr/2026:17:56:09 -0400] "POST /xmlrpc.php HTTP/1.1" 200 401 "-" "Mozilla/5.0 (Windows NT 10.0; Win64; x64) AppleWebKit/537.36 (KHTML, like Gecko) Chrome/80.0.3987.149 Safari/537.36"
208.122.213.31 - - [30/Apr/2026:17:57:04 -0400] "POST /wp-cron.php?doing_wp_cron=1777586224.1629190444946289062500 HTTP/1.1" 200 - "-" "WordPress/6.2.6; https://store.terrorxxx.com"
51.222.71.146 - - [30/Apr/2026:17:57:04 -0400] "GET /wp-login.php HTTP/2.0" 200 1920 "-" "Mozilla/5.0 (Windows NT 6.1; WOW64; Trident/7.0; MALCJS; rv:11.0) like Gecko"
51.222.71.146 - - [30/Apr/2026:17:57:04 -0400] "POST /wp-login.php HTTP/2.0" 200 2050 "https://store.terrorxxx.com/wp-login.php" "Mozilla/5.0 (Windows NT 6.1; WOW64; Trident/7.0; MALCJS; rv:11.0) like Gecko"
208.122.213.31 - - [30/Apr/2026:17:59:08 -0400] "POST /wp-cron.php?doing_wp_cron=1777586348.5164139270782470703125 HTTP/1.1" 200 - "-" "WordPress/6.2.6; https://store.terrorxxx.com"
208.109.241.218 - - [30/Apr/2026:17:59:08 -0400] "GET / HTTP/1.1" 200 7342 "-" "Mozilla/5.0 (Macintosh; Intel Mac OS X 10_15_7) AppleWebKit/605.1.15 (KHTML, like Gecko) Version/18.1.1 Mobile/15E148 Safari/604.1"
208.122.213.31 - - [30/Apr/2026:18:04:23 -0400] "POST /wp-cron.php?doing_wp_cron=1777586663.5220079421997070312500 HTTP/1.1" 200 - "-" "WordPress/6.2.6; https://store.terrorxxx.com"
208.109.241.218 - - [30/Apr/2026:18:04:23 -0400] "POST /wp-json/mwai-ui/v1/files/upload HTTP/1.1" 404 114 "-" "Mozilla/5.0 (Windows NT 10.0; Win64; x64) AppleWebKit/537.36 (KHTML, like Gecko) Chrome/42.0.2311.135 Safari/537.36 Edge/12.10240"
208.122.213.31 - - [30/Apr/2026:18:15:06 -0400] "POST /wp-cron.php?doing_wp_cron=1777587306.8349990844726562500000 HTTP/1.1" 200 - "-" "WordPress/6.2.6; https://store.terrorxxx.com"
103.172.92.89 - - [30/Apr/2026:18:15:06 -0400] "POST /xmlrpc.php HTTP/2.0" 200 225 "-" "Mozilla/5.0 (Windows NT 6.3; Win64; x64; Trident/7.0; MAGWJS; rv:11.0) like Gecko"
208.122.213.31 - - [30/Apr/2026:18:17:36 -0400] "POST /wp-cron.php?doing_wp_cron=1777587456.5427539348602294921875 HTTP/1.1" 200 - "-" "WordPress/6.2.6; https://store.terrorxxx.com"
208.109.241.218 - - [30/Apr/2026:18:17:36 -0400] "GET /?id=1%27%20AND%20%28SELECT%201%20FROM%20%28SELECT%28SLEEP%287%29%29%29test%29%20--%20 HTTP/1.1" 200 7392 "-" "Mozilla/5.0 (CentOS; Linux i686) AppleWebKit/537.36 (KHTML, like Gecko) Chrome/142.0.0.0 Safari/537.36"
103.14.120.43 - - [30/Apr/2026:18:17:42 -0400] "GET /wp-login.php HTTP/2.0" 200 1920 "-" "Mozilla/4.0 (compatible; MSIE 7.0; Windows NT 6.1; WOW64; Trident/7.0; SLCC2; .NET CLR 2.0.50727; .NET CLR 3.5.30729; .NET CLR 3.0.30729; Media Center PC 6.0; .NET4.0C; .NET4.0E; .NET CLR 1.1.4322)"
103.14.120.43 - - [30/Apr/2026:18:17:42 -0400] "POST /wp-login.php HTTP/2.0" 200 2050 "https://store.terrorxxx.com/wp-login.php" "Mozilla/4.0 (compatible; MSIE 7.0; Windows NT 6.1; WOW64; Trident/7.0; SLCC2; .NET CLR 2.0.50727; .NET CLR 3.5.30729; .NET CLR 3.0.30729; Media Center PC 6.0; .NET4.0C; .NET4.0E; .NET CLR 1.1.4322)"
208.122.213.31 - - [30/Apr/2026:18:20:15 -0400] "POST /wp-cron.php?doing_wp_cron=1777587615.5559639930725097656250 HTTP/1.1" 200 - "-" "WordPress/6.2.6; https://store.terrorxxx.com"
208.109.241.218 - - [30/Apr/2026:18:20:15 -0400] "GET /wp-content/plugins/media-library-assistant/readme.txt HTTP/1.1" 404 26379 "-" "Mozilla/5.0 (SS; Linux i686) AppleWebKit/537.36 (KHTML, like Gecko) Chrome/140.0.0.0 Safari/537.36"
208.122.213.31 - - [30/Apr/2026:18:20:25 -0400] "POST /wp-cron.php?doing_wp_cron=1777587625.5546619892120361328125 HTTP/1.1" 200 - "-" "WordPress/6.2.6; https://store.terrorxxx.com"
208.109.241.218 - - [30/Apr/2026:18:20:25 -0400] "GET /wp-content/plugins/media-library-assistant/includes/mla-stream-image.php?mla_stream_file=ftp://d7on3b6nalpl2372g8j0yzi54hm7ow135.oast.live/patrowl.svg HTTP/1.1" 404 26379 "-" "Mozilla/5.0 (X11; Linux x86_64) AppleWebKit/537.36 (KHTML, like Gecko) Chrome/131.0.0.0 Safari/537.36"
208.109.241.218 - - [30/Apr/2026:18:20:54 -0400] "GET /?rest_route=/wp/v2/users HTTP/1.1" 200 265 "-" "Mozilla/5.0 (X11; Ubuntu; Linux x86_64; rv:120.0) Gecko/20100101 Firefox/120.0"
208.109.241.218 - - [30/Apr/2026:18:20:54 -0400] "GET /wp-json/wp/v2/users HTTP/1.1" 200 265 "-" "Mozilla/5.0 (Windows NT 10.0; Win64; x64; rv:109.0) Gecko/20100101 Firefox/115.0"
208.109.241.218 - - [30/Apr/2026:18:21:05 -0400] "GET /?edd_action=user_reset_password&user_login=Admin&pass1=x6T5SdGg&pass2=x6T5SdGg HTTP/1.1" 200 7401 "-" "Mozilla/5.0 (Windows NT 10.0; Win64; x64) AppleWebKit/537.36 (KHTML, like Gecko) Chrome/88.0.4324.190 Safari/537.36"
208.122.213.31 - - [30/Apr/2026:18:26:02 -0400] "POST /wp-cron.php?doing_wp_cron=1777587962.2290759086608886718750 HTTP/1.1" 200 - "-" "WordPress/6.2.6; https://store.terrorxxx.com"
103.138.244.247 - - [30/Apr/2026:18:26:02 -0400] "POST /xmlrpc.php HTTP/2.0" 200 225 "-" "Mozilla/5.0 (Windows NT 10.0; WOW64; Trident/7.0; MAGWJS; rv:11.0) like Gecko"
208.122.213.31 - - [30/Apr/2026:18:27:17 -0400] "POST /wp-cron.php?doing_wp_cron=1777588037.5677618980407714843750 HTTP/1.1" 200 - "-" "WordPress/6.2.6; https://store.terrorxxx.com"
208.109.241.218 - - [30/Apr/2026:18:27:17 -0400] "POST /wp-admin/admin-ajax.php HTTP/1.1" 400 1 "-" "Mozilla/5.0 (Macintosh; Intel Mac OS X 10_15_7) AppleWebKit/537.36 (KHTML, like Gecko) Chrome/106.0.0.0 Safari/537.36"
208.122.213.31 - - [30/Apr/2026:18:28:36 -0400] "POST /wp-cron.php?doing_wp_cron=1777588116.7606189250946044921875 HTTP/1.1" 200 - "-" "WordPress/6.2.6; https://store.terrorxxx.com"
94.23.67.41 - - [30/Apr/2026:18:28:36 -0400] "GET /wp-login.php HTTP/2.0" 200 1920 "-" "Mozilla/5.0 (Windows NT 6.1; WOW64; Trident/7.0; UHG_Win7_Build 11-15-2010; rv:11.0) like Gecko"
94.23.67.41 - - [30/Apr/2026:18:28:51 -0400] "POST /wp-login.php HTTP/2.0" 200 2050 "https://store.terrorxxx.com/wp-login.php" "Mozilla/5.0 (Windows NT 6.1; WOW64; Trident/7.0; UHG_Win7_Build 11-15-2010; rv:11.0) like Gecko"
208.122.213.31 - - [30/Apr/2026:18:29:31 -0400] "POST /wp-cron.php?doing_wp_cron=1777588171.5675690174102783203125 HTTP/1.1" 200 - "-" "WordPress/6.2.6; https://store.terrorxxx.com"
208.109.241.218 - - [30/Apr/2026:18:29:31 -0400] "POST /wp-json/tdw/save_css HTTP/1.1" 404 114 "-" "Mozilla/5.0 (Fedora; Linux i686) AppleWebKit/537.36 (KHTML, like Gecko) Chrome/139.0.0.0 Safari/537.36"
208.109.241.218 - - [30/Apr/2026:18:29:42 -0400] "GET / HTTP/1.1" 200 7342 "-" "Mozilla/5.0 (Fedora; Linux i686) AppleWebKit/537.36 (KHTML, like Gecko) Chrome/135.0.0.0 Safari/537.36"
208.122.213.31 - - [30/Apr/2026:18:36:55 -0400] "POST /wp-cron.php?doing_wp_cron=1777588615.5606729984283447265625 HTTP/1.1" 200 - "-" "WordPress/6.2.6; https://store.terrorxxx.com"
86.125.136.144 - - [30/Apr/2026:18:36:55 -0400] "POST /xmlrpc.php HTTP/2.0" 200 225 "-" "Mozilla/5.0 (Windows NT 6.1; Win64; x64; Trident/7.0; rv:11.0) like Gecko"
208.122.213.31 - - [30/Apr/2026:18:38:03 -0400] "POST /wp-cron.php?doing_wp_cron=1777588683.1942539215087890625000 HTTP/1.1" 200 - "-" "WordPress/6.2.6; https://store.terrorxxx.com"
45.61.187.178 - - [30/Apr/2026:18:38:03 -0400] "GET /wp-login.php HTTP/1.1" 200 6068 "-" "Mozilla/5.0 (X11; Linux x86_64) AppleWebKit/537.36 (KHTML, like Gecko) Chrome/36.0.1985.125 Safari/537.36"
208.122.213.31 - - [30/Apr/2026:18:39:15 -0400] "POST /wp-cron.php?doing_wp_cron=1777588755.3025999069213867187500 HTTP/1.1" 200 - "-" "WordPress/6.2.6; https://store.terrorxxx.com"
45.61.187.178 - - [30/Apr/2026:18:39:15 -0400] "POST /wp-login.php HTTP/1.1" 200 6483 "-" "Mozilla/5.0 (X11; Linux x86_64) AppleWebKit/537.36 (KHTML, like Gecko) Chrome/36.0.1985.125 Safari/537.36"
208.122.213.31 - - [30/Apr/2026:18:45:26 -0400] "POST /wp-cron.php?doing_wp_cron=1777589126.4588539600372314453125 HTTP/1.1" 200 - "-" "WordPress/6.2.6; https://store.terrorxxx.com"
192.42.116.100 - - [30/Apr/2026:18:45:26 -0400] "GET / HTTP/2.0" 200 31943 "https://store.terrorxxx.com" "Mozilla/5.0 (Linux; Android 10; Pixel 4 XL) AppleWebKit/537.36 (KHTML, like Gecko) Chrome/77.0.3865.116 Mobile Safari/537.36 EdgA/45.03.4.4955"
208.122.213.31 - - [30/Apr/2026:18:47:10 -0400] "POST /wp-cron.php?doing_wp_cron=1777589230.5935699939727783203125 HTTP/1.1" 200 - "-" "WordPress/6.2.6; https://store.terrorxxx.com"
208.109.241.218 - - [30/Apr/2026:18:47:10 -0400] "GET /wp-content/plugins/canto/readme.txt HTTP/1.1" 404 26379 "-" "Mozilla/5.0 (Windows NT 10.0; Win64; x64; rv:132.0) Gecko/20100101 Firefox/132.0"
208.122.213.31 - - [30/Apr/2026:18:49:32 -0400] "POST /wp-cron.php?doing_wp_cron=1777589372.8525331020355224609375 HTTP/1.1" 200 - "-" "WordPress/6.2.6; https://store.terrorxxx.com"
5.255.231.10 - - [30/Apr/2026:18:49:32 -0400] "GET /robots.txt HTTP/1.1" 200 120 "-" "Mozilla/5.0 (compatible; YandexBot/3.0; +http://yandex.com/bots)"
213.180.203.156 - - [30/Apr/2026:18:49:33 -0400] "GET /home/?add-to-cart=140 HTTP/1.1" 200 6839 "-" "Mozilla/5.0 (compatible; YaDirectFetcher/1.0; +http://yandex.com/bots)"
208.122.213.31 - - [30/Apr/2026:18:52:26 -0400] "POST /wp-cron.php?doing_wp_cron=1777589546.8576920032501220703125 HTTP/1.1" 200 - "-" "WordPress/6.2.6; https://store.terrorxxx.com"
128.241.254.194 - - [30/Apr/2026:18:52:26 -0400] "GET /community/recent/?wpfob=(SELECT/**/1/**/FROM/**/(SELECT/**/SLEEP(8))a) HTTP/1.1" 404 26379 "-" "Mozilla/5.0 (Windows NT 10.0; Win64; x64; rv:85.0) Gecko/20100101 Firefox/85.0"
208.122.213.31 - - [30/Apr/2026:18:59:46 -0400] "POST /wp-cron.php?doing_wp_cron=1777589986.6288819313049316406250 HTTP/1.1" 200 - "-" "WordPress/6.2.6; https://store.terrorxxx.com"
208.109.241.218 - - [30/Apr/2026:18:59:46 -0400] "POST /wp-admin/admin-ajax.php?action=htmega_ajax_register HTTP/1.1" 400 1 "-" "Mozilla/5.0 (ZZ; Linux x86_64) AppleWebKit/537.36 (KHTML, like Gecko) Chrome/137.0.0.0 Safari/537.36"
208.122.213.31 - - [30/Apr/2026:19:02:38 -0400] "POST /wp-cron.php?doing_wp_cron=1777590158.8008530139923095703125 HTTP/1.1" 200 - "-" "WordPress/6.2.6; https://store.terrorxxx.com"
50.6.7.129 - - [30/Apr/2026:19:02:38 -0400] "POST /xmlrpc.php HTTP/2.0" 200 225 "-" "Mozilla/5.0 (Windows NT 6.3; Win64; x64) AppleWebKit/537.36 (KHTML, like Gecko) Chrome/67.0.3396.62 Safari/537.36"
216.81.245.64 - - [30/Apr/2026:19:05:21 -0400] "GET /.git/config HTTP/1.1" 403 199 "-" "Mozilla/5.0 (Macintosh; Intel Mac OS X 10_14_5) AppleWebKit/537.36 (KHTML, like Gecko) Chrome/73.0.3683.103 Safari/537.36 OPR/60.0.3255.170"
208.122.213.31 - - [30/Apr/2026:19:09:03 -0400] "POST /wp-cron.php?doing_wp_cron=1777590543.6551790237426757812500 HTTP/1.1" 200 - "-" "WordPress/6.2.6; https://store.terrorxxx.com"
208.109.241.218 - - [30/Apr/2026:19:09:03 -0400] "POST /wp-admin/admin-post.php HTTP/1.1" 200 - "-" "Mozilla/5.0 (Macintosh; Intel Mac OS X 10_15_7) AppleWebKit/605.1.15 (KHTML, like Gecko) Version/18.5 Mobile/15E148 Safari/604.1"
208.109.241.218 - - [30/Apr/2026:19:09:11 -0400] "GET / HTTP/1.1" 200 7342 "-" "Mozilla/5.0 (Windows NT 10.0; rv:109.0) Gecko/20100101 Firefox/115.0"
208.122.213.31 - - [30/Apr/2026:19:09:26 -0400] "POST /wp-cron.php?doing_wp_cron=1777590566.6333639621734619140625 HTTP/1.1" 200 - "-" "WordPress/6.2.6; https://store.terrorxxx.com"
208.109.241.218 - - [30/Apr/2026:19:09:26 -0400] "POST /wp-admin/admin-ajax.php HTTP/1.1" 400 1 "-" "Mozilla/5.0 (Windows NT 6.2; Win64; x64) AppleWebKit/537.36 (KHTML, like Gecko) Chrome/91.0.4472.114 Safari/537.36"
208.122.213.31 - - [30/Apr/2026:19:16:33 -0400] "POST /wp-cron.php?doing_wp_cron=1777590993.4558229446411132812500 HTTP/1.1" 200 - "-" "WordPress/6.2.6; https://store.terrorxxx.com"
190.92.159.60 - - [30/Apr/2026:19:16:33 -0400] "GET /wp-login.php HTTP/2.0" 200 1920 "-" "Mozilla/5.0 (Windows NT 6.1; WOW64; Trident/7.0; MDDRJS; rv:11.0) like Gecko"
190.92.159.60 - - [30/Apr/2026:19:16:33 -0400] "POST /wp-login.php HTTP/2.0" 200 2050 "https://store.terrorxxx.com/wp-login.php" "Mozilla/5.0 (Windows NT 6.1; WOW64; Trident/7.0; MDDRJS; rv:11.0) like Gecko"
208.122.213.31 - - [30/Apr/2026:19:27:58 -0400] "POST /wp-cron.php?doing_wp_cron=1777591678.8143029212951660156250 HTTP/1.1" 200 - "-" "WordPress/6.2.6; https://store.terrorxxx.com"
165.140.159.17 - - [30/Apr/2026:19:27:58 -0400] "POST /xmlrpc.php HTTP/2.0" 200 225 "-" "Mozilla/5.0 (Windows NT 6.3; Win64; x64; Trident/7.0; Touch; MAARJS; rv:11.0) like Gecko"
209.182.233.132 - - [30/Apr/2026:19:28:18 -0400] "GET /wp-login.php HTTP/2.0" 200 1920 "-" "Mozilla/4.0 (compatible; MSIE 7.0; Windows NT 6.2; WOW64; Trident/7.0; .NET4.0E; .NET4.0C; InfoPath.3; .NET CLR 3.5.30729; .NET CLR 2.0.50727; .NET CLR 3.0.30729)"
209.182.233.132 - - [30/Apr/2026:19:28:19 -0400] "POST /wp-login.php HTTP/2.0" 200 2050 "https://store.terrorxxx.com/wp-login.php" "Mozilla/4.0 (compatible; MSIE 7.0; Windows NT 6.2; WOW64; Trident/7.0; .NET4.0E; .NET4.0C; InfoPath.3; .NET CLR 3.5.30729; .NET CLR 2.0.50727; .NET CLR 3.0.30729)"
208.122.213.31 - - [30/Apr/2026:19:37:52 -0400] "POST /wp-cron.php?doing_wp_cron=1777592272.4444220066070556640625 HTTP/1.1" 200 - "-" "WordPress/6.2.6; https://store.terrorxxx.com"
67.207.86.6 - - [30/Apr/2026:19:37:52 -0400] "POST /xmlrpc.php HTTP/2.0" 200 225 "-" "Mozilla/5.0 (Macintosh; Intel Mac OS X 10_13_3) AppleWebKit/537.36 (KHTML, like Gecko) Chrome/67.0.3396.87 Safari/537.36"
208.122.213.31 - - [30/Apr/2026:19:37:52 -0400] "GET / HTTP/1.1" 200 7342 "-" "WordPress/6.2.6; https://store.terrorxxx.com"
208.122.213.31 - - [30/Apr/2026:19:38:44 -0400] "POST /wp-cron.php?doing_wp_cron=1777592324.7504279613494873046875 HTTP/1.1" 200 - "-" "WordPress/6.2.6; https://store.terrorxxx.com"
3.70.164.132 - - [30/Apr/2026:19:38:44 -0400] "GET /wp-login.php HTTP/2.0" 200 1920 "-" "Mozilla/5.0 (Macintosh; Intel Mac OS X 10_10_5) AppleWebKit/537.36 (KHTML, like Gecko) Chrome/67.0.3396.87 Safari/537.36"
3.70.164.132 - - [30/Apr/2026:19:38:44 -0400] "POST /wp-login.php HTTP/2.0" 200 2050 "https://store.terrorxxx.com/wp-login.php" "Mozilla/5.0 (Macintosh; Intel Mac OS X 10_10_5) AppleWebKit/537.36 (KHTML, like Gecko) Chrome/67.0.3396.87 Safari/537.36"
208.109.241.218 - - [30/Apr/2026:19:39:00 -0400] "POST /wp-admin/admin-ajax.php HTTP/1.1" 400 1 "-" "Mozilla/5.0 (Macintosh; Intel Mac OS X 10_15_7) AppleWebKit/605.1.15 (KHTML, like Gecko) Version/17.13 Mobile/15E148 Safari/604.1"
208.122.213.31 - - [30/Apr/2026:19:40:32 -0400] "POST /wp-cron.php?doing_wp_cron=1777592432.5892770290374755859375 HTTP/1.1" 200 - "-" "WordPress/6.2.6; https://store.terrorxxx.com"
216.73.216.78 - - [30/Apr/2026:19:40:32 -0400] "GET /robots.txt HTTP/2.0" 200 115 "-" "Mozilla/5.0 AppleWebKit/537.36 (KHTML, like Gecko; compatible; ClaudeBot/1.0; +claudebot@anthropic.com)"
216.73.216.78 - - [30/Apr/2026:19:40:32 -0400] "GET /wp-sitemap.xml HTTP/2.0" 200 740 "-" "Mozilla/5.0 AppleWebKit/537.36 (KHTML, like Gecko; compatible; ClaudeBot/1.0; +claudebot@anthropic.com)"
23.105.150.137 - - [30/Apr/2026:19:40:44 -0400] "GET / HTTP/2.0" 200 7342 "-" "Mozilla/5.0 (Windows NT 10.0; Win64; x64) AppleWebKit/537.36 (KHTML, like Gecko) Chrome/145.0.0.0 Safari/537.36"
208.122.213.31 - - [30/Apr/2026:19:42:04 -0400] "POST /wp-cron.php?doing_wp_cron=1777592524.2139320373535156250000 HTTP/1.1" 200 - "-" "WordPress/6.2.6; https://store.terrorxxx.com"
208.122.213.31 - - [30/Apr/2026:19:42:04 -0400] "POST /wp-cron.php?doing_wp_cron=1777592524.2137360572814941406250 HTTP/1.1" 200 - "-" "WordPress/6.2.6; https://store.terrorxxx.com"
89.188.119.66 - - [30/Apr/2026:19:42:04 -0400] "GET /product-category/clothing/ HTTP/1.1" 200 6734 "-" "Python/3.11 aiohttp/3.13.5"
89.188.119.66 - - [30/Apr/2026:19:42:04 -0400] "GET /site/ HTTP/1.1" 200 6861 "-" "Python/3.11 aiohttp/3.13.5"
89.188.119.66 - - [30/Apr/2026:19:42:04 -0400] "GET /cart/ HTTP/1.1" 200 7729 "-" "Python/3.11 aiohttp/3.13.5"
208.122.213.31 - - [30/Apr/2026:19:46:29 -0400] "POST /wp-cron.php?doing_wp_cron=1777592789.6811709403991699218750 HTTP/1.1" 200 - "-" "WordPress/6.2.6; https://store.terrorxxx.com"
208.109.241.218 - - [30/Apr/2026:19:46:29 -0400] "GET / HTTP/1.1" 200 7342 "-" "Mozilla/5.0 (Windows NT 10.0; Win64; x64; rv:64.0) Gecko/20100101 Firefox/64.0"
208.122.213.31 - - [30/Apr/2026:19:48:29 -0400] "POST /wp-cron.php?doing_wp_cron=1777592909.8660559654235839843750 HTTP/1.1" 200 - "-" "WordPress/6.2.6; https://store.terrorxxx.com"
95.217.133.85 - - [30/Apr/2026:19:48:29 -0400] "POST /xmlrpc.php HTTP/2.0" 200 225 "-" "Mozilla/5.0 (Windows NT 10.0; WOW64) AppleWebKit/537.36 (KHTML, like Gecko) Chrome/66.0.3359.170 Safari/537.36 OPR/53.0.2907.99"
208.122.213.31 - - [30/Apr/2026:19:49:30 -0400] "POST /wp-cron.php?doing_wp_cron=1777592970.2440409660339355468750 HTTP/1.1" 200 - "-" "WordPress/6.2.6; https://store.terrorxxx.com"
160.250.204.105 - - [30/Apr/2026:19:49:30 -0400] "GET /wp-login.php HTTP/2.0" 200 1919 "-" "Mozilla/4.0 (compatible; MSIE 7.0; Windows NT 6.1; Trident/7.0; SLCC2; .NET CLR 2.0.50727; .NET CLR 3.5.30729; .NET CLR 3.0.30729; Media Center PC 6.0; InfoPath.3; .NET4.0C; .NET4.0E)"
160.250.204.105 - - [30/Apr/2026:19:49:30 -0400] "POST /wp-login.php HTTP/2.0" 200 2049 "https://store.terrorxxx.com/wp-login.php" "Mozilla/4.0 (compatible; MSIE 7.0; Windows NT 6.1; Trident/7.0; SLCC2; .NET CLR 2.0.50727; .NET CLR 3.5.30729; .NET CLR 3.0.30729; Media Center PC 6.0; InfoPath.3; .NET4.0C; .NET4.0E)"
208.122.213.31 - - [30/Apr/2026:19:54:14 -0400] "POST /wp-cron.php?doing_wp_cron=1777593254.6911270618438720703125 HTTP/1.1" 200 - "-" "WordPress/6.2.6; https://store.terrorxxx.com"
208.109.241.218 - - [30/Apr/2026:19:54:14 -0400] "GET /?rest_route=/wp/v2/users HTTP/1.1" 200 265 "-" "Mozilla/5.0 (Windows NT 10.0; Win64; x64; rv:140.0) Gecko/20100101 Firefox/140.0"
208.109.241.218 - - [30/Apr/2026:19:54:14 -0400] "GET /wp-json/wp/v2/users HTTP/1.1" 200 265 "-" "Mozilla/5.0 (Windows NT 10.0; Win64; x64; rv:103.0) Gecko/20100101 Firefox/103.0"
208.109.241.218 - - [30/Apr/2026:19:54:21 -0400] "POST /wp-json/post-grid/v2/get_user_meta HTTP/1.1" 404 114 "-" "Mozilla/5.0 (Macintosh; Intel Mac OS X 10_15_7) AppleWebKit/605.1.15 (KHTML, like Gecko) Version/17.3 Safari/605.1.15"
208.122.213.31 - - [30/Apr/2026:19:59:00 -0400] "POST /wp-cron.php?doing_wp_cron=1777593540.0868470668792724609375 HTTP/1.1" 200 - "-" "WordPress/6.2.6; https://store.terrorxxx.com"
136.116.217.68 - - [30/Apr/2026:19:58:59 -0400] "POST /xmlrpc.php HTTP/2.0" 200 225 "-" "Mozilla/5.0 (X11; Linux x86_64) AppleWebKit/537.36 (KHTML, like Gecko) Chrome/65.0.3325.146 Safari/537.36"
135.181.3.173 - - [30/Apr/2026:19:59:11 -0400] "GET /wp-login.php HTTP/2.0" 200 1920 "-" "Mozilla/4.0 (compatible; MSIE 7.0; Windows NT 6.1; WOW64; Trident/7.0; SLCC2; .NET CLR 2.0.50727; .NET CLR 3.5.30729; .NET CLR 3.0.30729; Media Center PC 6.0; .NET4.0C; .NET4.0E; InfoPath.3; McAfee; RaidCall)"
135.181.3.173 - - [30/Apr/2026:19:59:12 -0400] "POST /wp-login.php HTTP/2.0" 200 2050 "https://store.terrorxxx.com/wp-login.php" "Mozilla/4.0 (compatible; MSIE 7.0; Windows NT 6.1; WOW64; Trident/7.0; SLCC2; .NET CLR 2.0.50727; .NET CLR 3.5.30729; .NET CLR 3.0.30729; Media Center PC 6.0; .NET4.0C; .NET4.0E; InfoPath.3; McAfee; RaidCall)"
208.122.213.31 - - [30/Apr/2026:20:00:45 -0400] "POST /wp-cron.php?doing_wp_cron=1777593645.7128019332885742187500 HTTP/1.1" 200 - "-" "WordPress/6.2.6; https://store.terrorxxx.com"
208.109.241.218 - - [30/Apr/2026:20:00:45 -0400] "GET / HTTP/1.1" 200 7341 "-" "Mozilla/5.0 (CentOS; Linux i686) AppleWebKit/537.36 (KHTML, like Gecko) Chrome/140.0.0.0 Safari/537.36"
208.122.213.31 - - [30/Apr/2026:20:09:34 -0400] "POST /wp-cron.php?doing_wp_cron=1777594174.7172389030456542968750 HTTP/1.1" 200 - "-" "WordPress/6.2.6; https://store.terrorxxx.com"
74.91.224.220 - - [30/Apr/2026:20:09:34 -0400] "GET /wp-login.php HTTP/2.0" 200 1919 "-" "Mozilla/5.0 (Macintosh; Intel Mac OS X 10_9_5) AppleWebKit/537.36 (KHTML, like Gecko) Chrome/66.0.3359.117 Safari/537.36"
74.91.224.220 - - [30/Apr/2026:20:09:35 -0400] "POST /wp-login.php HTTP/2.0" 200 2049 "https://store.terrorxxx.com/wp-login.php" "Mozilla/5.0 (Macintosh; Intel Mac OS X 10_9_5) AppleWebKit/537.36 (KHTML, like Gecko) Chrome/66.0.3359.117 Safari/537.36"
208.122.213.31 - - [30/Apr/2026:20:12:21 -0400] "POST /wp-cron.php?doing_wp_cron=1777594341.7303650379180908203125 HTTP/1.1" 200 - "-" "WordPress/6.2.6; https://store.terrorxxx.com"
208.109.241.218 - - [30/Apr/2026:20:12:21 -0400] "GET /wp-content/plugins/import-xml-feed/readme.txt HTTP/1.1" 404 26379 "-" "Mozilla/5.0 (Windows NT 6.1; WOW64; rv:40.0) Gecko/20100101 Firefox/40.1"
208.122.213.31 - - [30/Apr/2026:20:15:39 -0400] "POST /wp-cron.php?doing_wp_cron=1777594539.9842100143432617187500 HTTP/1.1" 200 - "-" "WordPress/6.2.6; https://store.terrorxxx.com"
208.109.241.218 - - [30/Apr/2026:20:15:39 -0400] "GET /wp-content/plugins/litespeed-cache/readme.txt HTTP/1.1" 404 26379 "-" "Mozilla/5.0 (Macintosh; Intel Mac OS X 10.15; rv:109.0) Gecko/20100101 Firefox/118.0"
208.109.241.218 - - [30/Apr/2026:20:15:47 -0400] "POST /wp-json/litespeed/v1/cdn_status HTTP/1.1" 404 114 "-" "Mozilla/5.0 (Windows NT 10.0; WOW64; rv:50.0) Gecko/20100101 Firefox/50.0"
208.122.213.31 - - [30/Apr/2026:20:19:19 -0400] "POST /wp-cron.php?doing_wp_cron=1777594759.0264949798583984375000 HTTP/1.1" 200 - "-" "WordPress/6.2.6; https://store.terrorxxx.com"
107.6.141.106 - - [30/Apr/2026:20:19:18 -0400] "POST /xmlrpc.php HTTP/2.0" 200 225 "-" "Mozilla/5.0 (Windows NT 10.0; Trident/7.0; rv:11.0) like Gecko"
208.122.213.31 - - [30/Apr/2026:20:20:11 -0400] "POST /wp-cron.php?doing_wp_cron=1777594811.5831849575042724609375 HTTP/1.1" 200 - "-" "WordPress/6.2.6; https://store.terrorxxx.com"
18.214.27.45 - - [30/Apr/2026:20:20:11 -0400] "GET /wp-login.php HTTP/2.0" 200 1919 "-" "Mozilla/5.0 (Macintosh; Intel Mac OS X 10_12_6) AppleWebKit/537.36 (KHTML, like Gecko) Chrome/66.0.3359.117 Safari/537.36"
18.214.27.45 - - [30/Apr/2026:20:20:11 -0400] "POST /wp-login.php HTTP/2.0" 200 2049 "https://store.terrorxxx.com/wp-login.php" "Mozilla/5.0 (Macintosh; Intel Mac OS X 10_12_6) AppleWebKit/537.36 (KHTML, like Gecko) Chrome/66.0.3359.117 Safari/537.36"
208.122.213.31 - - [30/Apr/2026:20:26:52 -0400] "POST /wp-cron.php?doing_wp_cron=1777595212.0240468978881835937500 HTTP/1.1" 200 - "-" "WordPress/6.2.6; https://store.terrorxxx.com"
208.109.241.218 - - [30/Apr/2026:20:26:51 -0400] "GET /wp-login.php HTTP/1.1" 200 1919 "-" "Mozilla/5.0 (Windows NT 10.0; rv:140.0) Gecko/20100101 Firefox/140.0"
208.109.241.218 - - [30/Apr/2026:20:26:59 -0400] "GET /wp-json/wp/v2/users/ HTTP/1.1" 200 265 "-" "Mozilla/5.0 (Windows NT 10.0; Win64; x64) AppleWebKit/537.36 (KHTML, like Gecko) Chrome/46.0.2486.0 Safari/537.36 Edge/13.10586"
208.109.241.218 - - [30/Apr/2026:20:27:06 -0400] "GET /?rest_route=/wp/v2/users HTTP/1.1" 200 265 "-" "Mozilla/5.0 (Knoppix; Linux i686) AppleWebKit/537.36 (KHTML, like Gecko) Chrome/131.0.0.0 Safari/537.36"
208.109.241.218 - - [30/Apr/2026:20:27:14 -0400] "GET /feed/ HTTP/1.1" 200 1032 "-" "Mozilla/5.0 (X11; Ubuntu; Linux aarch64; rv:90.0) Gecko/20100101 Firefox/90.0"
208.109.241.218 - - [30/Apr/2026:20:27:22 -0400] "GET /author-sitemap.xml HTTP/1.1" 404 26379 "-" "Mozilla/5.0 (Windows NT 6.2; rv:140.0) Gecko/20100101 Firefox/140.0"
208.122.213.31 - - [30/Apr/2026:20:29:41 -0400] "POST /wp-cron.php?doing_wp_cron=1777595381.8624050617218017578125 HTTP/1.1" 200 - "-" "WordPress/6.2.6; https://store.terrorxxx.com"
103.218.122.61 - - [30/Apr/2026:20:29:41 -0400] "POST /xmlrpc.php HTTP/2.0" 200 225 "-" "Mozilla/4.0 (compatible; MSIE 7.0; Windows NT 6.2; WOW64; Trident/7.0; .NET4.0E; .NET4.0C; .NET CLR 3.5.30729; .NET CLR 2.0.50727; .NET CLR 3.0.30729; InfoPath.3; MANMJS)"
208.122.213.31 - - [30/Apr/2026:20:30:26 -0400] "POST /wp-cron.php?doing_wp_cron=1777595426.2241449356079101562500 HTTP/1.1" 200 - "-" "WordPress/6.2.6; https://store.terrorxxx.com"
5.78.181.253 - - [30/Apr/2026:20:30:26 -0400] "GET /wp-login.php HTTP/2.0" 200 1919 "-" "Mozilla/5.0 (Windows NT 6.1; WOW64; Trident/7.0; EIE11;ENUSMSN; rv:11.0) like Gecko"
5.78.181.253 - - [30/Apr/2026:20:30:26 -0400] "POST /wp-login.php HTTP/2.0" 200 2049 "https://store.terrorxxx.com/wp-login.php" "Mozilla/5.0 (Windows NT 6.1; WOW64; Trident/7.0; EIE11;ENUSMSN; rv:11.0) like Gecko"
208.109.241.218 - - [30/Apr/2026:20:31:22 -0400] "GET /wp-json/lp/v1/courses/archive-course?order_by=1+AND+(SELECT+1+FROM+(SELECT(SLEEP(6)))X)&limit=-1 HTTP/1.1" 404 114 "-" "Mozilla/5.0 (Macintosh; Intel Mac OS X 10_14_2) AppleWebKit/605.1.15 (KHTML, like Gecko) Version/12.0.2 Safari/605.1.15"
77.75.78.172 - - [30/Apr/2026:20:38:23 -0400] "GET /wp-content/uploads/2019/02/IMG_1407.jpg HTTP/1.1" 304 - "-" "Mozilla/5.0 (compatible; SeznamBot/4.0; +https://o-seznam.cz/napoveda/vyhledavani/en/seznambot-crawler/)"
208.122.213.31 - - [30/Apr/2026:20:39:30 -0400] "POST /wp-cron.php?doing_wp_cron=1777595970.2675359249114990234375 HTTP/1.1" 200 - "-" "WordPress/6.2.6; https://store.terrorxxx.com"
108.167.132.225 - - [30/Apr/2026:20:39:30 -0400] "GET /wp-login.php HTTP/2.0" 200 1919 "-" "Mozilla/4.0 (compatible; MSIE 7.0; Windows NT 6.1; WOW64; Trident/7.0; SLCC2; .NET CLR 2.0.50727; .NET4.0C; .NET4.0E; .NET CLR 3.5.30729; .NET CLR 3.0.30729)"
108.167.132.225 - - [30/Apr/2026:20:39:31 -0400] "POST /wp-login.php HTTP/2.0" 200 2049 "https://store.terrorxxx.com/wp-login.php" "Mozilla/4.0 (compatible; MSIE 7.0; Windows NT 6.1; WOW64; Trident/7.0; SLCC2; .NET CLR 2.0.50727; .NET4.0C; .NET4.0E; .NET CLR 3.5.30729; .NET CLR 3.0.30729)"
157.90.191.199 - - [30/Apr/2026:20:40:07 -0400] "POST /xmlrpc.php HTTP/2.0" 200 225 "-" "Mozilla/5.0 (X11; Linux x86_64) AppleWebKit/537.36 (KHTML, like Gecko) Chrome/66.0.3359.158 Safari/537.36"
208.122.213.31 - - [30/Apr/2026:20:44:15 -0400] "POST /wp-cron.php?doing_wp_cron=1777596255.0520560741424560546875 HTTP/1.1" 200 - "-" "WordPress/6.2.6; https://store.terrorxxx.com"
52.167.144.213 - - [30/Apr/2026:20:44:14 -0400] "GET /wp-sitemap-posts-product-1.xml HTTP/2.0" 200 523 "-" "Mozilla/5.0 AppleWebKit/537.36 (KHTML, like Gecko; compatible; bingbot/2.0; +http://www.bing.com/bingbot.htm) Chrome/116.0.1938.76 Safari/537.36"
208.122.213.31 - - [30/Apr/2026:20:50:41 -0400] "POST /wp-cron.php?doing_wp_cron=1777596641.1571989059448242187500 HTTP/1.1" 200 - "-" "WordPress/6.2.6; https://store.terrorxxx.com"
43.133.253.85 - - [30/Apr/2026:20:50:40 -0400] "POST /xmlrpc.php HTTP/2.0" 200 225 "-" "Mozilla/5.0 (X11; CrOS x86_64 10323.67.0) AppleWebKit/537.36 (KHTML, like Gecko) Chrome/65.0.3325.209 Safari/537.36"
208.122.213.31 - - [30/Apr/2026:20:57:27 -0400] "POST /wp-cron.php?doing_wp_cron=1777597047.0489590167999267578125 HTTP/1.1" 200 - "-" "WordPress/6.2.6; https://store.terrorxxx.com"
198.244.240.34 - - [30/Apr/2026:20:57:26 -0400] "GET /robots.txt HTTP/2.0" 200 115 "-" "Mozilla/5.0 (compatible; AhrefsBot/7.0; +http://ahrefs.com/robot/)"
54.39.136.92 - - [30/Apr/2026:20:57:28 -0400] "GET / HTTP/2.0" 200 7342 "-" "Mozilla/5.0 (compatible; AhrefsBot/7.0; +http://ahrefs.com/robot/)"
208.122.213.31 - - [30/Apr/2026:20:58:53 -0400] "POST /wp-cron.php?doing_wp_cron=1777597133.0401608943939208984375 HTTP/1.1" 200 - "-" "WordPress/6.2.6; https://store.terrorxxx.com"
50.6.7.129 - - [30/Apr/2026:20:58:52 -0400] "GET /wp-login.php HTTP/2.0" 200 1919 "-" "Mozilla/4.0 (compatible; MSIE 7.0; Windows NT 6.1; WOW64; Trident/7.0; SLCC2; .NET CLR 2.0.50727; .NET CLR 3.5.30729; .NET CLR 3.0.30729; Media Center PC 6.0; .NET4.0C; .NET4.0E; MS-RTC LM 8)"
50.6.7.129 - - [30/Apr/2026:20:58:55 -0400] "POST /wp-login.php HTTP/2.0" 200 2049 "https://store.terrorxxx.com/wp-login.php" "Mozilla/4.0 (compatible; MSIE 7.0; Windows NT 6.1; WOW64; Trident/7.0; SLCC2; .NET CLR 2.0.50727; .NET CLR 3.5.30729; .NET CLR 3.0.30729; Media Center PC 6.0; .NET4.0C; .NET4.0E; MS-RTC LM 8)"
208.122.213.31 - - [30/Apr/2026:20:59:39 -0400] "POST /wp-cron.php?doing_wp_cron=1777597179.8173658847808837890625 HTTP/1.1" 200 - "-" "WordPress/6.2.6; https://store.terrorxxx.com"
66.116.235.214 - - [30/Apr/2026:20:59:39 -0400] "POST /xmlrpc.php HTTP/2.0" 200 225 "-" "Mozilla/5.0 (Windows NT 10.0; WOW64) AppleWebKit/537.36 (KHTML, like Gecko) Chrome/65.0.3325.181 Safari/537.36 OPR/52.0.2871.64"
208.122.213.31 - - [30/Apr/2026:21:08:26 -0400] "POST /wp-cron.php?doing_wp_cron=1777597706.2386219501495361328125 HTTP/1.1" 200 - "-" "WordPress/6.2.6; https://store.terrorxxx.com"
103.230.156.120 - - [30/Apr/2026:21:08:26 -0400] "POST /xmlrpc.php HTTP/2.0" 200 225 "-" "Mozilla/5.0 (Macintosh; Intel Mac OS X 10_13_3) AppleWebKit/537.36 (KHTML, like Gecko) Chrome/66.0.3359.139 Safari/537.36"
47.251.53.97 - - [30/Apr/2026:21:09:17 -0400] "GET /wp-login.php HTTP/2.0" 200 1918 "-" "Mozilla/5.0 (Windows NT 6.1; WOW64; Trident/7.0; ATT-IE11; rv:11.0) like Gecko"
47.251.53.97 - - [30/Apr/2026:21:09:17 -0400] "POST /wp-login.php HTTP/2.0" 200 2049 "https://store.terrorxxx.com/wp-login.php" "Mozilla/5.0 (Windows NT 6.1; WOW64; Trident/7.0; ATT-IE11; rv:11.0) like Gecko"
208.122.213.31 - - [30/Apr/2026:21:19:20 -0400] "POST /wp-cron.php?doing_wp_cron=1777598360.7432770729064941406250 HTTP/1.1" 200 - "-" "WordPress/6.2.6; https://store.terrorxxx.com"
64.227.152.124 - - [30/Apr/2026:21:19:20 -0400] "GET /wp-login.php HTTP/2.0" 200 1919 "-" "Mozilla/5.0 (X11; CrOS x86_64 10452.99.0) AppleWebKit/537.36 (KHTML, like Gecko) Chrome/66.0.3359.203 Safari/537.36"
64.227.152.124 - - [30/Apr/2026:21:19:21 -0400] "POST /wp-login.php HTTP/2.0" 200 2049 "https://store.terrorxxx.com/wp-login.php" "Mozilla/5.0 (X11; CrOS x86_64 10452.99.0) AppleWebKit/537.36 (KHTML, like Gecko) Chrome/66.0.3359.203 Safari/537.36"
208.122.213.31 - - [30/Apr/2026:21:19:57 -0400] "POST /wp-cron.php?doing_wp_cron=1777598397.8014850616455078125000 HTTP/1.1" 200 - "-" "WordPress/6.2.6; https://store.terrorxxx.com"
47.128.98.27 - - [30/Apr/2026:21:19:57 -0400] "GET /blog/ HTTP/2.0" 200 6849 "-" "Mozilla/5.0 (Linux; Android 5.0) AppleWebKit/537.36 (KHTML, like Gecko) Mobile Safari/537.36 (compatible; Bytespider; spider-feedback@bytedance.com)"
47.128.98.27 - - [30/Apr/2026:21:20:00 -0400] "GET /wp-content/plugins/woo-gutenberg-products-block/build/style.css?ver=2.5.16 HTTP/2.0" 200 8309 "https://store.terrorxxx.com/blog/" "Mozilla/5.0 (Linux; Android 5.0) AppleWebKit/537.36 (KHTML, like Gecko) Mobile Safari/537.36 (compatible; Bytespider; spider-feedback@bytedance.com)"
47.128.98.27 - - [30/Apr/2026:21:20:00 -0400] "GET /wp-includes/css/classic-themes.min.css?ver=6.2.6 HTTP/2.0" 200 210 "https://store.terrorxxx.com/blog/" "Mozilla/5.0 (Linux; Android 5.0) AppleWebKit/537.36 (KHTML, like Gecko) Mobile Safari/537.36 (compatible; Bytespider; spider-feedback@bytedance.com)"
47.128.98.27 - - [30/Apr/2026:21:20:00 -0400] "GET /wp-content/plugins/contact-form-7/includes/css/styles.css?ver=5.1.6 HTTP/2.0" 200 649 "https://store.terrorxxx.com/blog/" "Mozilla/5.0 (Linux; Android 5.0) AppleWebKit/537.36 (KHTML, like Gecko) Mobile Safari/537.36 (compatible; Bytespider; spider-feedback@bytedance.com)"
47.128.98.27 - - [30/Apr/2026:21:20:00 -0400] "GET /wp-content/themes/tyche/assets/vendors/fontawesome/font-awesome.min.css?ver=6.2.6 HTTP/2.0" 200 7056 "https://store.terrorxxx.com/blog/" "Mozilla/5.0 (Linux; Android 5.0) AppleWebKit/537.36 (KHTML, like Gecko) Mobile Safari/537.36 (compatible; Bytespider; spider-feedback@bytedance.com)"
47.128.98.27 - - [30/Apr/2026:21:20:00 -0400] "GET /wp-content/plugins/woocommerce/assets/css/woocommerce-smallscreen.css?ver=3.8.3 HTTP/2.0" 200 1055 "https://store.terrorxxx.com/blog/" "Mozilla/5.0 (Linux; Android 5.0) AppleWebKit/537.36 (KHTML, like Gecko) Mobile Safari/537.36 (compatible; Bytespider; spider-feedback@bytedance.com)"
208.122.213.31 - - [30/Apr/2026:21:28:50 -0400] "POST /wp-cron.php?doing_wp_cron=1777598930.4407579898834228515625 HTTP/1.1" 200 - "-" "WordPress/6.2.6; https://store.terrorxxx.com"
45.55.138.32 - - [30/Apr/2026:21:28:50 -0400] "POST /xmlrpc.php HTTP/2.0" 200 225 "-" "Mozilla/5.0 (Windows NT 10.0; WOW64; Trident/7.0; FSJB; rv:11.0) like Gecko"
103.100.38.132 - - [30/Apr/2026:21:29:13 -0400] "GET /wp-login.php HTTP/2.0" 200 1919 "-" "Mozilla/4.0 (compatible; MSIE 7.0; Windows NT 6.1; Win64; x64; Trident/7.0; .NET CLR 2.0.50727; SLCC2; .NET CLR 3.5.30729; .NET CLR 3.0.30729; Media Center PC 6.0; .NET4.0C; .NET4.0E)"
103.100.38.132 - - [30/Apr/2026:21:29:14 -0400] "POST /wp-login.php HTTP/2.0" 200 2049 "https://store.terrorxxx.com/wp-login.php" "Mozilla/4.0 (compatible; MSIE 7.0; Windows NT 6.1; Win64; x64; Trident/7.0; .NET CLR 2.0.50727; SLCC2; .NET CLR 3.5.30729; .NET CLR 3.0.30729; Media Center PC 6.0; .NET4.0C; .NET4.0E)"
208.122.213.31 - - [30/Apr/2026:21:30:37 -0400] "POST /wp-cron.php?doing_wp_cron=1777599037.2474360466003417968750 HTTP/1.1" 200 - "-" "WordPress/6.2.6; https://store.terrorxxx.com"
128.241.254.194 - - [30/Apr/2026:21:30:37 -0400] "POST /wp-admin/admin-ajax.php?image_id=123 HTTP/1.1" 400 1 "-" "Mozilla/5.0 (Macintosh; Intel Mac OS X 10_15_7) AppleWebKit/605.1.15 (KHTML, like Gecko) Version/17.10 Safari/605.1.15"
208.122.213.31 - - [30/Apr/2026:21:39:02 -0400] "POST /wp-cron.php?doing_wp_cron=1777599542.8856909275054931640625 HTTP/1.1" 200 - "-" "WordPress/6.2.6; https://store.terrorxxx.com"
66.116.235.214 - - [30/Apr/2026:21:39:02 -0400] "POST /xmlrpc.php HTTP/2.0" 200 225 "-" "Mozilla/5.0 (Windows NT 6.1; rv:61.0) Gecko/20100101 Firefox/61.0"
208.122.213.31 - - [30/Apr/2026:21:39:54 -0400] "POST /wp-cron.php?doing_wp_cron=1777599594.3499410152435302734375 HTTP/1.1" 200 - "-" "WordPress/6.2.6; https://store.terrorxxx.com"
194.233.87.198 - - [30/Apr/2026:21:39:54 -0400] "GET /wp-login.php HTTP/2.0" 200 1919 "-" "Mozilla/4.0 (compatible; MSIE 7.0; Windows NT 6.2; WOW64; Trident/7.0; .NET4.0C; .NET4.0E; .NET CLR 2.0.50727; .NET CLR 3.0.30729; .NET CLR 3.5.30729; McAfee)"
208.109.241.218 - - [30/Apr/2026:21:40:13 -0400] "GET /wp-json/lp/v1/load_content_via_ajax/?callback={\"class\"%3a\"LP_Debug\",\"method\"%3a\"var_dump\"}&args=\"3D0tjUho8I7PnDa9p8lulN82ARt\" HTTP/1.1" 404 114 "-" "Mozilla/5.0 (Macintosh; Intel Mac OS X 10.13; rv:109.0) Gecko/20100101 Firefox/115.0"
208.122.213.31 - - [30/Apr/2026:21:45:06 -0400] "POST /wp-cron.php?doing_wp_cron=1777599906.8740899562835693359375 HTTP/1.1" 200 - "-" "WordPress/6.2.6; https://store.terrorxxx.com"
208.109.241.218 - - [30/Apr/2026:21:45:06 -0400] "GET /index.php?rest_route=%2Fessential-blocks%2Fv1%2Fproducts&is_frontend=true&attributes={\"__file\":\"/etc%2fpasswd\"} HTTP/1.1" 404 114 "-" "Mozilla/5.0 (X11; Linux i686; rv:1.9.5.20) Gecko/ Firefox/3.6.14"
208.109.241.218 - - [30/Apr/2026:21:45:15 -0400] "GET /wp-content/plugins/essential-blocks/readme.txt HTTP/1.1" 404 26379 "-" "Mozilla/5.0 (X11; Linux i686) AppleWebKit/537.36 (KHTML, like Gecko) Chrome/132.0.0.0 Safari/537.36"
208.122.213.31 - - [30/Apr/2026:21:48:54 -0400] "POST /wp-cron.php?doing_wp_cron=1777600134.9743320941925048828125 HTTP/1.1" 200 - "-" "WordPress/6.2.6; https://store.terrorxxx.com"
45.239.148.226 - - [30/Apr/2026:21:48:54 -0400] "POST /xmlrpc.php HTTP/2.0" 200 225 "-" "Mozilla/5.0 (Windows NT 6.1; WOW64; Trident/7.0; EIE10;ENUSMCM; rv:11.0) like Gecko"
208.122.213.31 - - [30/Apr/2026:21:58:41 -0400] "POST /wp-cron.php?doing_wp_cron=1777600721.3163850307464599609375 HTTP/1.1" 200 - "-" "WordPress/6.2.6; https://store.terrorxxx.com"
54.39.17.116 - - [30/Apr/2026:21:58:41 -0400] "POST /xmlrpc.php HTTP/2.0" 200 225 "-" "Mozilla/5.0 (Windows NT 6.1; WOW64; Trident/7.0; EIE10;ENGBWOL; rv:11.0) like Gecko"
208.122.213.31 - - [30/Apr/2026:21:59:34 -0400] "POST /wp-cron.php?doing_wp_cron=1777600774.2308909893035888671875 HTTP/1.1" 200 - "-" "WordPress/6.2.6; https://store.terrorxxx.com"
208.109.241.218 - - [30/Apr/2026:21:59:34 -0400] "POST /js-support-ticket-controlpanel/ HTTP/1.1" 404 26379 "-" "Mozilla/5.0 (Windows NT 10.0; Win64; x64) AppleWebKit/537.36"
208.109.241.218 - - [30/Apr/2026:21:59:42 -0400] "POST /js-support-ticket-controlpanel/ HTTP/1.1" 404 26379 "-" "Mozilla/5.0 (Windows NT 10.0; Win64; x64) AppleWebKit/537.36"
104.248.54.112 - - [30/Apr/2026:21:59:54 -0400] "GET /wp-login.php HTTP/2.0" 200 1920 "-" "Mozilla/5.0 (Windows NT 6.0; Win64; x64) AppleWebKit/537.36 (KHTML, like Gecko) Chrome/52.0.2743.116 Safari/537.36 Edge/15.15063"
104.248.54.112 - - [30/Apr/2026:21:59:55 -0400] "POST /wp-login.php HTTP/2.0" 200 2049 "https://store.terrorxxx.com/wp-login.php" "Mozilla/5.0 (Windows NT 6.0; Win64; x64) AppleWebKit/537.36 (KHTML, like Gecko) Chrome/52.0.2743.116 Safari/537.36 Edge/15.15063"
208.122.213.31 - - [30/Apr/2026:22:01:13 -0400] "POST /wp-cron.php?doing_wp_cron=1777600873.9072139263153076171875 HTTP/1.1" 200 - "-" "WordPress/6.2.6; https://store.terrorxxx.com"
208.109.241.218 - - [30/Apr/2026:22:01:13 -0400] "POST /wp-admin/admin-ajax.php HTTP/1.1" 400 1 "-" "Mozilla/5.0 (SS; Linux x86_64) AppleWebKit/537.36 (KHTML, like Gecko) Chrome/130.0.0.0 Safari/537.36"
208.122.213.31 - - [30/Apr/2026:22:09:07 -0400] "POST /wp-cron.php?doing_wp_cron=1777601347.4110260009765625000000 HTTP/1.1" 200 - "-" "WordPress/6.2.6; https://store.terrorxxx.com"
41.32.118.74 - - [30/Apr/2026:22:09:07 -0400] "POST /xmlrpc.php HTTP/2.0" 200 225 "-" "Mozilla/5.0 (Windows NT 10.0; Win64; x64) AppleWebKit/537.36 (KHTML, like Gecko) Chrome/65.0.3325.181 Safari/537.36 OPR/52.0.2871.64"
208.122.213.31 - - [30/Apr/2026:22:09:32 -0400] "POST /wp-cron.php?doing_wp_cron=1777601372.4409708976745605468750 HTTP/1.1" 200 - "-" "WordPress/6.2.6; https://store.terrorxxx.com"
146.59.240.216 - - [30/Apr/2026:22:09:32 -0400] "GET /wp-login.php HTTP/2.0" 200 1919 "-" "Mozilla/5.0 (Windows NT 10.0; WOW64; Trident/7.0; EIE10;ENUSMSN; rv:11.0) like Gecko"
146.59.240.216 - - [30/Apr/2026:22:09:32 -0400] "POST /wp-login.php HTTP/2.0" 200 2050 "https://store.terrorxxx.com/wp-login.php" "Mozilla/5.0 (Windows NT 10.0; WOW64; Trident/7.0; EIE10;ENUSMSN; rv:11.0) like Gecko"
208.122.213.31 - - [30/Apr/2026:22:13:43 -0400] "POST /wp-cron.php?doing_wp_cron=1777601623.7649559974670410156250 HTTP/1.1" 200 - "-" "WordPress/6.2.6; https://store.terrorxxx.com"
52.167.144.177 - - [30/Apr/2026:22:13:43 -0400] "GET /wp-sitemap-posts-product-1.xml HTTP/2.0" 200 523 "-" "Mozilla/5.0 AppleWebKit/537.36 (KHTML, like Gecko; compatible; bingbot/2.0; +http://www.bing.com/bingbot.htm) Chrome/116.0.1938.76 Safari/537.36"
216.73.216.78 - - [30/Apr/2026:22:14:21 -0400] "GET /robots.txt HTTP/2.0" 200 115 "-" "Mozilla/5.0 AppleWebKit/537.36 (KHTML, like Gecko; compatible; ClaudeBot/1.0; +claudebot@anthropic.com)"
208.122.213.31 - - [30/Apr/2026:22:14:24 -0400] "POST /wp-cron.php?doing_wp_cron=1777601664.7375879287719726562500 HTTP/1.1" 200 - "-" "WordPress/6.2.6; https://store.terrorxxx.com"
216.73.216.78 - - [30/Apr/2026:22:14:24 -0400] "GET /wp-sitemap.xml HTTP/2.0" 200 740 "-" "Mozilla/5.0 AppleWebKit/537.36 (KHTML, like Gecko; compatible; ClaudeBot/1.0; +claudebot@anthropic.com)"
44.248.202.0 - - [30/Apr/2026:22:14:34 -0400] "GET / HTTP/1.1" 200 7349 "-" "Mozilla/5.0 (Macintosh; Intel Mac OS X 10_15_7) AppleWebKit/537.36 (KHTML, like Gecko) Chrome/113.0.0.0 Safari/537.3"
208.122.213.31 - - [30/Apr/2026:22:18:50 -0400] "POST /wp-cron.php?doing_wp_cron=1777601930.3735849857330322265625 HTTP/1.1" 200 - "-" "WordPress/6.2.6; https://store.terrorxxx.com"
136.116.217.68 - - [30/Apr/2026:22:18:50 -0400] "POST /xmlrpc.php HTTP/2.0" 200 225 "-" "Mozilla/5.0 (Windows NT 6.1) AppleWebKit/537.36 (KHTML, like Gecko) Chrome/63.0.3239.132 Safari/537.36 OPR/50.0.2762.67"
206.189.39.144 - - [30/Apr/2026:22:19:04 -0400] "GET /wp-login.php HTTP/2.0" 200 1919 "-" "Mozilla/5.0 (Windows NT 6.1; WOW64; Trident/7.0; ASJB; ASJB; MAAU; rv:11.0) like Gecko"
206.189.39.144 - - [30/Apr/2026:22:19:05 -0400] "POST /wp-login.php HTTP/2.0" 200 2049 "https://store.terrorxxx.com/wp-login.php" "Mozilla/5.0 (Windows NT 6.1; WOW64; Trident/7.0; ASJB; ASJB; MAAU; rv:11.0) like Gecko"
208.122.213.31 - - [30/Apr/2026:22:23:37 -0400] "POST /wp-cron.php?doing_wp_cron=1777602217.0128579139709472656250 HTTP/1.1" 200 - "-" "WordPress/6.2.6; https://store.terrorxxx.com"
208.109.241.218 - - [30/Apr/2026:22:23:36 -0400] "GET /js-support-ticket-controlpanel/?jstmod=ticket&jstlay=ticketdetail&jssupportticketid=1 HTTP/1.1" 404 26379 "-" "Mozilla/5.0 (Windows NT 10.0; Win64; x64; rv:64.0) Gecko/20100101 Firefox/64.0"
208.122.213.31 - - [30/Apr/2026:22:27:35 -0400] "POST /wp-cron.php?doing_wp_cron=1777602455.7714929580688476562500 HTTP/1.1" 200 - "-" "WordPress/6.2.6; https://store.terrorxxx.com"
18.169.227.47 - - [30/Apr/2026:22:27:35 -0400] "GET /wp-login.php HTTP/2.0" 200 1919 "-" "Mozilla/5.0 (Macintosh; Intel Mac OS X 10_13) AppleWebKit/604.1.38 (KHTML, like Gecko) Version/11.0 Safari/604.1.38"
18.169.227.47 - - [30/Apr/2026:22:27:35 -0400] "POST /wp-login.php HTTP/2.0" 200 2049 "https://store.terrorxxx.com/wp-login.php" "Mozilla/5.0 (Macintosh; Intel Mac OS X 10_13) AppleWebKit/604.1.38 (KHTML, like Gecko) Version/11.0 Safari/604.1.38"
208.122.213.31 - - [30/Apr/2026:22:28:27 -0400] "POST /wp-cron.php?doing_wp_cron=1777602507.8785979747772216796875 HTTP/1.1" 200 - "-" "WordPress/6.2.6; https://store.terrorxxx.com"
217.173.193.12 - - [30/Apr/2026:22:28:27 -0400] "POST /xmlrpc.php HTTP/2.0" 200 225 "-" "Mozilla/5.0 (Macintosh; Intel Mac OS X 10.9; rv:60.0) Gecko/20100101 Firefox/60.0"
208.122.213.31 - - [30/Apr/2026:22:35:18 -0400] "POST /wp-cron.php?doing_wp_cron=1777602918.6128189563751220703125 HTTP/1.1" 200 - "-" "WordPress/6.2.6; https://store.terrorxxx.com"
135.181.3.173 - - [30/Apr/2026:22:35:18 -0400] "GET /wp-login.php HTTP/2.0" 200 1920 "-" "Mozilla/5.0 (Macintosh; Intel Mac OS X 10_12_6) AppleWebKit/605.1.15 (KHTML, like Gecko) Version/11.1 Safari/605.1.15"
135.181.3.173 - - [30/Apr/2026:22:35:19 -0400] "POST /wp-login.php HTTP/2.0" 200 2049 "https://store.terrorxxx.com/wp-login.php" "Mozilla/5.0 (Macintosh; Intel Mac OS X 10_12_6) AppleWebKit/605.1.15 (KHTML, like Gecko) Version/11.1 Safari/605.1.15"
208.122.213.31 - - [30/Apr/2026:22:37:34 -0400] "POST /wp-cron.php?doing_wp_cron=1777603054.9488461017608642578125 HTTP/1.1" 200 - "-" "WordPress/6.2.6; https://store.terrorxxx.com"
167.172.79.172 - - [30/Apr/2026:22:37:34 -0400] "POST /xmlrpc.php HTTP/2.0" 200 225 "-" "Mozilla/5.0 (Windows NT 6.2; Win64; x64; rv:60.0) Gecko/20100101 Firefox/60.0"
113.188.198.94 - - [30/Apr/2026:22:37:47 -0400] "GET /cart/ HTTP/1.1" 200 7729 "-" "Mozilla/5.0 (Windows NT 6.1; Win64; x64) AppleWebKit/537.36 (KHTML, like Gecko) Chrome/90.0.4430.41 Safari/537.36"
5.255.231.109 - - [30/Apr/2026:22:38:02 -0400] "GET /robots.txt HTTP/1.1" 200 120 "-" "Mozilla/5.0 (compatible; YandexBot/3.0; +http://yandex.com/bots)"
213.180.203.172 - - [30/Apr/2026:22:38:03 -0400] "GET /product-category/clothing/feed/ HTTP/1.1" 200 2168 "-" "Mozilla/5.0 (compatible; YaDirectFetcher/1.0; +http://yandex.com/bots)"
208.122.213.31 - - [30/Apr/2026:22:38:56 -0400] "POST /wp-cron.php?doing_wp_cron=1777603136.7238869667053222656250 HTTP/1.1" 200 - "-" "WordPress/6.2.6; https://store.terrorxxx.com"
128.241.254.194 - - [30/Apr/2026:22:38:56 -0400] "GET /?season=1&league_id=1season=1&league_id=1'+AND+(SELECT+1909+FROM+(SELECT(SLEEP(6)))ZiBf)--+qODp&match_day=1&match_day=1&team_id=1&team_id=1 HTTP/1.1" 200 7433 "-" "Mozilla/5.0 (Fedora; Linux i686) AppleWebKit/537.36 (KHTML, like Gecko) Chrome/133.0.0.0 Safari/537.36"
208.122.213.31 - - [30/Apr/2026:22:42:53 -0400] "POST /wp-cron.php?doing_wp_cron=1777603373.6806540489196777343750 HTTP/1.1" 200 - "-" "WordPress/6.2.6; https://store.terrorxxx.com"
144.76.72.43 - - [30/Apr/2026:22:42:53 -0400] "GET /wp-login.php HTTP/2.0" 200 1920 "-" "Mozilla/5.0 (Windows NT 6.2; WOW64; Trident/7.0; rv:11.0) like Gecko"
144.76.72.43 - - [30/Apr/2026:22:42:53 -0400] "POST /wp-login.php HTTP/2.0" 200 2050 "https://store.terrorxxx.com/wp-login.php" "Mozilla/5.0 (Windows NT 6.2; WOW64; Trident/7.0; rv:11.0) like Gecko"
128.241.254.194 - - [30/Apr/2026:22:43:17 -0400] "POST /wp-content/plugins/ait-csv-import-export/admin/upload-handler.php HTTP/1.1" 404 26379 "-" "Mozilla/5.0 (Windows NT 10.0; Win64; x64; rv:108.0) Gecko/20100101 Firefox/108.0"
128.241.254.194 - - [30/Apr/2026:22:43:18 -0400] "GET /wp-content/uploads/3CsfubIvMvPeJ6gLv7V4Ygn6Ips.php HTTP/1.1" 403 199 "-" "Mozilla/5.0 (Fedora; Linux x86_64) AppleWebKit/537.36 (KHTML, like Gecko) Chrome/133.0.0.0 Safari/537.36"
