216.73.217.39 - - [03/May/2026:01:46:54 -0400] "GET /wp-sitemap.xml HTTP/2.0" 200 740 "-" "Mozilla/5.0 AppleWebKit/537.36 (KHTML, like Gecko; compatible; ClaudeBot/1.0; +claudebot@anthropic.com)"
208.122.213.31 - - [03/May/2026:01:53:16 -0400] "POST /wp-cron.php?doing_wp_cron=1777787596.9644389152526855468750 HTTP/1.1" 200 - "-" "WordPress/6.2.6; https://store.terrorxxx.com"
202.92.6.73 - - [03/May/2026:01:53:16 -0400] "POST /xmlrpc.php HTTP/2.0" 200 225 "-" "Mozilla/5.0 (Windows NT 6.1; WOW64; Trident/7.0; EIE11;ENUSMSN; rv:11.0) like Gecko"
208.122.213.31 - - [03/May/2026:02:03:26 -0400] "POST /wp-cron.php?doing_wp_cron=1777788206.9828920364379882812500 HTTP/1.1" 200 - "-" "WordPress/6.2.6; https://store.terrorxxx.com"
80.77.146.194 - - [03/May/2026:02:03:26 -0400] "POST /xmlrpc.php HTTP/2.0" 200 225 "-" "Mozilla/5.0 (Windows NT 6.1; WOW64; Trident/7.0; yie10; rv:11.0) like Gecko"
45.224.144.210 - - [03/May/2026:02:03:40 -0400] "GET /wp-login.php HTTP/2.0" 200 1921 "-" "Mozilla/5.0 (Windows NT 6.1; WOW64; Trident/7.0; AS; rv:11.0) like Gecko"
45.224.144.210 - - [03/May/2026:02:03:41 -0400] "POST /wp-login.php HTTP/2.0" 200 2051 "https://store.terrorxxx.com/wp-login.php" "Mozilla/5.0 (Windows NT 6.1; WOW64; Trident/7.0; AS; rv:11.0) like Gecko"
208.122.213.31 - - [03/May/2026:02:10:29 -0400] "POST /wp-cron.php?doing_wp_cron=1777788629.7810859680175781250000 HTTP/1.1" 200 - "-" "WordPress/6.2.6; https://store.terrorxxx.com"
185.191.171.1 - - [03/May/2026:02:10:29 -0400] "GET /porn-videos/ HTTP/1.1" 200 6861 "-" "Mozilla/5.0 (compatible; SemrushBot/7~bl; +http://www.semrush.com/bot.html)"
208.122.213.31 - - [03/May/2026:02:15:39 -0400] "POST /wp-cron.php?doing_wp_cron=1777788939.6894431114196777343750 HTTP/1.1" 200 - "-" "WordPress/6.2.6; https://store.terrorxxx.com"
192.176.172.166 - - [03/May/2026:02:15:39 -0400] "POST /xmlrpc.php HTTP/2.0" 200 225 "-" "Mozilla/5.0 (X11; Ubuntu; Linux x86_64; rv:61.0) Gecko/20100101 Firefox/61.0"
78.46.5.140 - - [03/May/2026:02:15:46 -0400] "GET /wp-login.php HTTP/2.0" 200 1921 "-" "Mozilla/5.0 (Windows NT 6.3; Win64; x64; Trident/7.0; ASU2JS; rv:11.0) like Gecko"
78.46.5.140 - - [03/May/2026:02:15:46 -0400] "POST /wp-login.php HTTP/2.0" 200 2051 "https://store.terrorxxx.com/wp-login.php" "Mozilla/5.0 (Windows NT 6.3; Win64; x64; Trident/7.0; ASU2JS; rv:11.0) like Gecko"
208.122.213.31 - - [03/May/2026:02:28:03 -0400] "POST /wp-cron.php?doing_wp_cron=1777789683.1823539733886718750000 HTTP/1.1" 200 - "-" "WordPress/6.2.6; https://store.terrorxxx.com"
199.203.54.15 - - [03/May/2026:02:28:03 -0400] "POST /xmlrpc.php HTTP/2.0" 200 225 "-" "Mozilla/5.0 (Windows NT 10.0; Win64; x64) AppleWebKit/537.36 (KHTML, like Gecko) Chrome/64.0.3282.186 Safari/537.36 OPR/51.0.2830.55"
121.200.217.27 - - [03/May/2026:02:28:17 -0400] "GET /wp-login.php HTTP/2.0" 200 1921 "-" "Mozilla/5.0 (Windows NT 6.1; WOW64; Trident/7.0; MATBJS; rv:11.0) like Gecko"
121.200.217.27 - - [03/May/2026:02:28:19 -0400] "POST /wp-login.php HTTP/2.0" 200 2051 "https://store.terrorxxx.com/wp-login.php" "Mozilla/5.0 (Windows NT 6.1; WOW64; Trident/7.0; MATBJS; rv:11.0) like Gecko"
208.122.213.31 - - [03/May/2026:02:28:47 -0400] "POST /wp-cron.php?doing_wp_cron=1777789726.9966220855712890625000 HTTP/1.1" 200 - "-" "WordPress/6.2.6; https://store.terrorxxx.com"
185.191.171.7 - - [03/May/2026:02:28:46 -0400] "GET /product/terrorxxx-tshirt/ HTTP/1.1" 200 9354 "-" "Mozilla/5.0 (compatible; SemrushBot/7~bl; +http://www.semrush.com/bot.html)"
208.122.213.31 - - [03/May/2026:02:40:36 -0400] "POST /wp-cron.php?doing_wp_cron=1777790436.7369248867034912109375 HTTP/1.1" 200 - "-" "WordPress/6.2.6; https://store.terrorxxx.com"
103.100.38.132 - - [03/May/2026:02:40:36 -0400] "POST /xmlrpc.php HTTP/2.0" 200 225 "-" "Mozilla/5.0 (Macintosh; Intel Mac OS X 10_10_5) AppleWebKit/602.4.8 (KHTML, like Gecko) Version/10.0.3 Safari/602.4.8"
152.53.44.20 - - [03/May/2026:02:41:03 -0400] "GET /wp-login.php HTTP/2.0" 200 1920 "-" "Mozilla/5.0 (Windows NT 10.0; Win64; x64; rv:62.0) Gecko/20100101 Firefox/62.0"
152.53.44.20 - - [03/May/2026:02:41:03 -0400] "POST /wp-login.php HTTP/2.0" 200 2051 "https://store.terrorxxx.com/wp-login.php" "Mozilla/5.0 (Windows NT 10.0; Win64; x64; rv:62.0) Gecko/20100101 Firefox/62.0"
208.122.213.31 - - [03/May/2026:02:53:21 -0400] "POST /wp-cron.php?doing_wp_cron=1777791201.0395269393920898437500 HTTP/1.1" 200 - "-" "WordPress/6.2.6; https://store.terrorxxx.com"
38.95.35.85 - - [03/May/2026:02:53:20 -0400] "POST /xmlrpc.php HTTP/2.0" 200 225 "-" "Mozilla/5.0 (Macintosh; Intel Mac OS X 10_12_6) AppleWebKit/604.5.6 (KHTML, like Gecko) Version/11.0.3 Safari/604.5.6"
208.122.213.31 - - [03/May/2026:02:53:40 -0400] "POST /wp-cron.php?doing_wp_cron=1777791220.8043420314788818359375 HTTP/1.1" 200 - "-" "WordPress/6.2.6; https://store.terrorxxx.com"
158.220.126.105 - - [03/May/2026:02:53:40 -0400] "GET /wp-login.php HTTP/2.0" 200 1921 "-" "Mozilla/5.0 (Windows NT 6.3; Win64; x64; Trident/7.0; Touch; rv:11.0) like Gecko"
158.220.126.105 - - [03/May/2026:02:53:45 -0400] "POST /wp-login.php HTTP/2.0" 200 2051 "https://store.terrorxxx.com/wp-login.php" "Mozilla/5.0 (Windows NT 6.3; Win64; x64; Trident/7.0; Touch; rv:11.0) like Gecko"
208.122.213.31 - - [03/May/2026:03:16:02 -0400] "POST /wp-cron.php?doing_wp_cron=1777792562.3509950637817382812500 HTTP/1.1" 200 - "-" "WordPress/6.2.6; https://store.terrorxxx.com"
157.55.39.59 - - [03/May/2026:03:16:02 -0400] "GET /wp-sitemap-posts-product-1.xml HTTP/2.0" 200 523 "-" "Mozilla/5.0 AppleWebKit/537.36 (KHTML, like Gecko; compatible; bingbot/2.0; +http://www.bing.com/bingbot.htm) Chrome/116.0.1938.76 Safari/537.36"
208.122.213.31 - - [03/May/2026:03:39:18 -0400] "POST /wp-cron.php?doing_wp_cron=1777793958.6637620925903320312500 HTTP/1.1" 200 - "-" "WordPress/6.2.6; https://store.terrorxxx.com"
128.241.254.194 - - [03/May/2026:03:39:18 -0400] "GET /wp-content/plugins/wechat-broadcast/wechat/Image.php?url=../../../../../../../../../../etc/passwd HTTP/1.1" 404 26379 "-" "Mozilla/5.0 (Kubuntu; Linux i686) AppleWebKit/537.36 (KHTML, like Gecko) Chrome/135.0.0.0 Safari/537.36"
208.122.213.31 - - [03/May/2026:03:54:19 -0400] "POST /wp-cron.php?doing_wp_cron=1777794859.8693609237670898437500 HTTP/1.1" 200 - "-" "WordPress/6.2.6; https://store.terrorxxx.com"
54.80.185.200 - - [03/May/2026:03:54:19 -0400] "GET / HTTP/1.1" 200 7343 "-" "Mozilla/5.0 AppleWebKit/537.36 (KHTML, like Gecko; compatible; Amazonbot/0.1; +https://developer.amazon.com/support/amazonbot) Chrome/119.0.6045.214 Safari/537.36"
208.122.213.31 - - [03/May/2026:04:10:50 -0400] "POST /wp-cron.php?doing_wp_cron=1777795850.9384589195251464843750 HTTP/1.1" 200 - "-" "WordPress/6.2.6; https://store.terrorxxx.com"
128.241.254.194 - - [03/May/2026:04:10:50 -0400] "GET /wp-admin/admin-ajax.php?action=upg_datatable&field=field:exec:head+-1+/etc/passwd:NULL:NULL HTTP/1.1" 400 1 "-" "Mozilla/5.0 (X11; Ubuntu; Linux x86_64; rv:65.1) Gecko/20100101 Firefox/65.1"
208.122.213.31 - - [03/May/2026:04:16:48 -0400] "POST /wp-cron.php?doing_wp_cron=1777796208.7089068889617919921875 HTTP/1.1" 200 - "-" "WordPress/6.2.6; https://store.terrorxxx.com"
216.73.217.39 - - [03/May/2026:04:16:48 -0400] "GET /robots.txt HTTP/2.0" 200 115 "-" "Mozilla/5.0 AppleWebKit/537.36 (KHTML, like Gecko; compatible; ClaudeBot/1.0; +claudebot@anthropic.com)"
216.73.217.39 - - [03/May/2026:04:16:48 -0400] "GET /wp-sitemap.xml HTTP/2.0" 200 740 "-" "Mozilla/5.0 AppleWebKit/537.36 (KHTML, like Gecko; compatible; ClaudeBot/1.0; +claudebot@anthropic.com)"
208.122.213.31 - - [03/May/2026:04:22:36 -0400] "POST /wp-cron.php?doing_wp_cron=1777796556.7106089591979980468750 HTTP/1.1" 200 - "-" "WordPress/6.2.6; https://store.terrorxxx.com"
152.32.192.241 - - [03/May/2026:04:22:36 -0400] "GET / HTTP/2.0" 200 31943 "-" "Mozilla/5.0 (Windows NT 6.1) AppleWebKit/537.36 (KHTML, like Gecko) Chrome/49.0.2623.112 Safari/537.36"
152.32.192.241 - - [03/May/2026:04:22:38 -0400] "GET /favicon.ico HTTP/2.0" 302 - "https://store.terrorxxx.com" "Mozilla/5.0 (Windows NT 6.1) AppleWebKit/537.36 (KHTML, like Gecko) Chrome/49.0.2623.112 Safari/537.36"
152.32.192.241 - - [03/May/2026:04:22:40 -0400] "GET /wp-includes/images/w-logo-blue-white-bg.png HTTP/2.0" 200 4119 "https://store.terrorxxx.com" "Mozilla/5.0 (Windows NT 6.1) AppleWebKit/537.36 (KHTML, like Gecko) Chrome/49.0.2623.112 Safari/537.36"
152.32.192.241 - - [03/May/2026:04:22:42 -0400] "GET /wp-includes/js/jquery/jquery.min.js?ver=3.6.4 HTTP/2.0" 200 89815 "-" "Mozilla/5.0 (Windows NT 6.1) AppleWebKit/537.36 (KHTML, like Gecko) Chrome/49.0.2623.112 Safari/537.36"
152.32.192.241 - - [03/May/2026:04:22:44 -0400] "GET /wp-includes/js/jquery/jquery-migrate.min.js?ver=3.4.0 HTTP/2.0" 200 13424 "-" "Mozilla/5.0 (Windows NT 6.1) AppleWebKit/537.36 (KHTML, like Gecko) Chrome/49.0.2623.112 Safari/537.36"
152.32.192.241 - - [03/May/2026:04:22:46 -0400] "GET /wp-content/plugins/wp-google-maps/wpgmza_data.js?ver=6.2.6 HTTP/2.0" 200 91 "-" "Mozilla/5.0 (Windows NT 6.1) AppleWebKit/537.36 (KHTML, like Gecko) Chrome/49.0.2623.112 Safari/537.36"
152.32.192.241 - - [03/May/2026:04:22:47 -0400] "GET /wp-content/themes/tyche/assets/vendors/owl-carousel/owl.carousel.min.js?ver=1.3.3 HTTP/2.0" 200 42792 "-" "Mozilla/5.0 (Windows NT 6.1) AppleWebKit/537.36 (KHTML, like Gecko) Chrome/49.0.2623.112 Safari/537.36"
152.32.192.241 - - [03/May/2026:04:22:49 -0400] "GET /wp-content/themes/tyche/assets/vendors/jquery-zoom/jquery.zoom.min.js?ver=1.3.3 HTTP/2.0" 200 2607 "-" "Mozilla/5.0 (Windows NT 6.1) AppleWebKit/537.36 (KHTML, like Gecko) Chrome/49.0.2623.112 Safari/537.36"
152.32.192.241 - - [03/May/2026:04:22:51 -0400] "GET /wp-content/themes/tyche/assets/js/functions.js?ver=6.2.6 HTTP/2.0" 200 7990 "-" "Mozilla/5.0 (Windows NT 6.1) AppleWebKit/537.36 (KHTML, like Gecko) Chrome/49.0.2623.112 Safari/537.36"
152.32.239.49 - - [03/May/2026:04:22:53 -0400] "GET / HTTP/1.1" 200 31911 "-" "Mozilla/5.0 (Windows NT 6.1) AppleWebKit/537.36 (KHTML, like Gecko) Chrome/49.0.2623.112 Safari/537.36"
152.32.239.49 - - [03/May/2026:04:23:01 -0400] "GET /favicon.ico HTTP/1.1" 302 - "http://store.terrorxxx.com" "Mozilla/5.0 (Windows NT 6.1) AppleWebKit/537.36 (KHTML, like Gecko) Chrome/49.0.2623.112 Safari/537.36"
152.32.239.49 - - [03/May/2026:04:23:02 -0400] "GET /wp-includes/images/w-logo-blue-white-bg.png HTTP/1.1" 200 4119 "http://store.terrorxxx.com" "Mozilla/5.0 (Windows NT 6.1) AppleWebKit/537.36 (KHTML, like Gecko) Chrome/49.0.2623.112 Safari/537.36"
152.32.239.49 - - [03/May/2026:04:23:03 -0400] "GET /wp-includes/js/jquery/jquery.min.js?ver=3.6.4 HTTP/1.1" 200 89815 "-" "Mozilla/5.0 (Windows NT 6.1) AppleWebKit/537.36 (KHTML, like Gecko) Chrome/49.0.2623.112 Safari/537.36"
152.32.239.49 - - [03/May/2026:04:23:05 -0400] "GET /wp-includes/js/jquery/jquery-migrate.min.js?ver=3.4.0 HTTP/1.1" 200 13424 "-" "Mozilla/5.0 (Windows NT 6.1) AppleWebKit/537.36 (KHTML, like Gecko) Chrome/49.0.2623.112 Safari/537.36"
152.32.239.49 - - [03/May/2026:04:23:06 -0400] "GET /wp-content/plugins/wp-google-maps/wpgmza_data.js?ver=6.2.6 HTTP/1.1" 200 91 "-" "Mozilla/5.0 (Windows NT 6.1) AppleWebKit/537.36 (KHTML, like Gecko) Chrome/49.0.2623.112 Safari/537.36"
152.32.239.49 - - [03/May/2026:04:23:07 -0400] "GET /wp-content/themes/tyche/assets/vendors/owl-carousel/owl.carousel.min.js?ver=1.3.3 HTTP/1.1" 200 42792 "-" "Mozilla/5.0 (Windows NT 6.1) AppleWebKit/537.36 (KHTML, like Gecko) Chrome/49.0.2623.112 Safari/537.36"
152.32.239.49 - - [03/May/2026:04:23:09 -0400] "GET /wp-content/themes/tyche/assets/vendors/jquery-zoom/jquery.zoom.min.js?ver=1.3.3 HTTP/1.1" 200 2607 "-" "Mozilla/5.0 (Windows NT 6.1) AppleWebKit/537.36 (KHTML, like Gecko) Chrome/49.0.2623.112 Safari/537.36"
152.32.239.49 - - [03/May/2026:04:23:10 -0400] "GET /wp-content/themes/tyche/assets/js/functions.js?ver=6.2.6 HTTP/1.1" 200 7990 "-" "Mozilla/5.0 (Windows NT 6.1) AppleWebKit/537.36 (KHTML, like Gecko) Chrome/49.0.2623.112 Safari/537.36"
208.122.213.31 - - [03/May/2026:04:47:06 -0400] "POST /wp-cron.php?doing_wp_cron=1777798026.2708640098571777343750 HTTP/1.1" 200 - "-" "WordPress/6.2.6; https://store.terrorxxx.com"
40.77.167.219 - - [03/May/2026:04:47:06 -0400] "GET /robots.txt HTTP/2.0" 200 115 "-" "Mozilla/5.0 AppleWebKit/537.36 (KHTML, like Gecko; compatible; bingbot/2.0; +http://www.bing.com/bingbot.htm) Chrome/116.0.1938.76 Safari/537.36"
52.167.144.167 - - [03/May/2026:04:47:08 -0400] "GET /wp-sitemap-posts-page-1.xml HTTP/2.0" 200 828 "-" "Mozilla/5.0 AppleWebKit/537.36 (KHTML, like Gecko; compatible; bingbot/2.0; +http://www.bing.com/bingbot.htm) Chrome/116.0.1938.76 Safari/537.36"
208.122.213.31 - - [03/May/2026:04:47:45 -0400] "POST /wp-cron.php?doing_wp_cron=1777798065.6891849040985107421875 HTTP/1.1" 200 - "-" "WordPress/6.2.6; https://store.terrorxxx.com"
176.227.240.94 - - [03/May/2026:04:47:45 -0400] "GET / HTTP/1.1" 200 7350 "-" "Mozilla/5.0 (Windows NT 10.0; Win64; x64) AppleWebKit/537.36 (KHTML, like Gecko) Chrome/121.0.0.0 Safari/537.36"
176.227.240.94 - - [03/May/2026:04:47:46 -0400] "GET /xmlrpc.php HTTP/1.1" 405 42 "-" "Mozilla/5.0 (Windows NT 10.0; Win64; x64) AppleWebKit/537.36 (KHTML, like Gecko) Chrome/121.0.0.0 Safari/537.36"
208.122.213.31 - - [03/May/2026:04:52:47 -0400] "POST /wp-cron.php?doing_wp_cron=1777798367.6193320751190185546875 HTTP/1.1" 200 - "-" "WordPress/6.2.6; https://store.terrorxxx.com"
128.241.254.194 - - [03/May/2026:04:52:47 -0400] "GET /wp-admin/admin-ajax.php?action=inpost_gallery_get_gallery&popup_shortcode_key=inpost_fancy&popup_shortcode_attributes=eyJwYWdlcGF0aCI6ICJmaWxlOi8vL2V0Yy9wYXNzd2QifQ== HTTP/1.1" 400 1 "-" "Mozilla/5.0 (Windows NT 10.0; Win64; x64; WOW64; rv:41.0) Gecko/20100101 Firefox/140.0 (x64 de)"
208.122.213.31 - - [03/May/2026:04:58:31 -0400] "POST /wp-cron.php?doing_wp_cron=1777798711.2031319141387939453125 HTTP/1.1" 200 - "-" "WordPress/6.2.6; https://store.terrorxxx.com"
176.227.240.94 - - [03/May/2026:04:58:31 -0400] "GET /wp-json/wp/v2/users HTTP/1.1" 200 265 "-" "Mozilla/5.0 (Windows NT 10.0; Win64; x64) AppleWebKit/537.36 (KHTML, like Gecko) Chrome/121.0.0.0 Safari/537.36"
142.202.49.71 - - [03/May/2026:05:07:44 -0400] "GET /.git/config HTTP/1.1" 403 199 "-" "Mozilla/5.0 (Windows NT 10.0; Win64; x64) AppleWebKit/537.36 (KHTML, like Gecko) Chrome/132.0.0.0 Safari/537.36"
208.122.213.31 - - [03/May/2026:05:09:43 -0400] "POST /wp-cron.php?doing_wp_cron=1777799383.6398980617523193359375 HTTP/1.1" 200 - "-" "WordPress/6.2.6; https://store.terrorxxx.com"
176.227.240.94 - - [03/May/2026:05:09:43 -0400] "POST /xmlrpc.php HTTP/1.1" 200 340 "-" "Mozilla/5.0 (Windows NT 10.0; Win64; x64) AppleWebKit/537.36 (KHTML, like Gecko) Chrome/121.0.0.0 Safari/537.36"
176.227.240.94 - - [03/May/2026:05:09:47 -0400] "POST /xmlrpc.php HTTP/1.1" 200 340 "-" "Mozilla/5.0 (Windows NT 10.0; Win64; x64) AppleWebKit/537.36 (KHTML, like Gecko) Chrome/121.0.0.0 Safari/537.36"
176.227.240.94 - - [03/May/2026:05:09:49 -0400] "POST /xmlrpc.php HTTP/1.1" 200 340 "-" "Mozilla/5.0 (Windows NT 10.0; Win64; x64) AppleWebKit/537.36 (KHTML, like Gecko) Chrome/121.0.0.0 Safari/537.36"
176.227.240.94 - - [03/May/2026:05:09:51 -0400] "POST /xmlrpc.php HTTP/1.1" 200 340 "-" "Mozilla/5.0 (Windows NT 10.0; Win64; x64) AppleWebKit/537.36 (KHTML, like Gecko) Chrome/121.0.0.0 Safari/537.36"
176.227.240.94 - - [03/May/2026:05:09:52 -0400] "POST /xmlrpc.php HTTP/1.1" 200 340 "-" "Mozilla/5.0 (Windows NT 10.0; Win64; x64) AppleWebKit/537.36 (KHTML, like Gecko) Chrome/121.0.0.0 Safari/537.36"
176.227.240.94 - - [03/May/2026:05:09:54 -0400] "POST /xmlrpc.php HTTP/1.1" 200 340 "-" "Mozilla/5.0 (Windows NT 10.0; Win64; x64) AppleWebKit/537.36 (KHTML, like Gecko) Chrome/121.0.0.0 Safari/537.36"
176.227.240.94 - - [03/May/2026:05:09:57 -0400] "POST /xmlrpc.php HTTP/1.1" 200 340 "-" "Mozilla/5.0 (Windows NT 10.0; Win64; x64) AppleWebKit/537.36 (KHTML, like Gecko) Chrome/121.0.0.0 Safari/537.36"
176.227.240.94 - - [03/May/2026:05:09:59 -0400] "POST /xmlrpc.php HTTP/1.1" 200 340 "-" "Mozilla/5.0 (Windows NT 10.0; Win64; x64) AppleWebKit/537.36 (KHTML, like Gecko) Chrome/121.0.0.0 Safari/537.36"
176.227.240.94 - - [03/May/2026:05:10:02 -0400] "POST /xmlrpc.php HTTP/1.1" 200 340 "-" "Mozilla/5.0 (Windows NT 10.0; Win64; x64) AppleWebKit/537.36 (KHTML, like Gecko) Chrome/121.0.0.0 Safari/537.36"
176.227.240.94 - - [03/May/2026:05:10:03 -0400] "POST /xmlrpc.php HTTP/1.1" 200 340 "-" "Mozilla/5.0 (Windows NT 10.0; Win64; x64) AppleWebKit/537.36 (KHTML, like Gecko) Chrome/121.0.0.0 Safari/537.36"
176.227.240.94 - - [03/May/2026:05:10:06 -0400] "POST /xmlrpc.php HTTP/1.1" 200 340 "-" "Mozilla/5.0 (Windows NT 10.0; Win64; x64) AppleWebKit/537.36 (KHTML, like Gecko) Chrome/121.0.0.0 Safari/537.36"
176.227.240.94 - - [03/May/2026:05:10:09 -0400] "POST /xmlrpc.php HTTP/1.1" 200 340 "-" "Mozilla/5.0 (Windows NT 10.0; Win64; x64) AppleWebKit/537.36 (KHTML, like Gecko) Chrome/121.0.0.0 Safari/537.36"
176.227.240.94 - - [03/May/2026:05:10:11 -0400] "POST /xmlrpc.php HTTP/1.1" 200 340 "-" "Mozilla/5.0 (Windows NT 10.0; Win64; x64) AppleWebKit/537.36 (KHTML, like Gecko) Chrome/121.0.0.0 Safari/537.36"
176.227.240.94 - - [03/May/2026:05:10:14 -0400] "POST /xmlrpc.php HTTP/1.1" 200 340 "-" "Mozilla/5.0 (Windows NT 10.0; Win64; x64) AppleWebKit/537.36 (KHTML, like Gecko) Chrome/121.0.0.0 Safari/537.36"
176.227.240.94 - - [03/May/2026:05:10:17 -0400] "POST /xmlrpc.php HTTP/1.1" 200 340 "-" "Mozilla/5.0 (Windows NT 10.0; Win64; x64) AppleWebKit/537.36 (KHTML, like Gecko) Chrome/121.0.0.0 Safari/537.36"
176.227.240.94 - - [03/May/2026:05:10:19 -0400] "POST /xmlrpc.php HTTP/1.1" 200 340 "-" "Mozilla/5.0 (Windows NT 10.0; Win64; x64) AppleWebKit/537.36 (KHTML, like Gecko) Chrome/121.0.0.0 Safari/537.36"
176.227.240.94 - - [03/May/2026:05:10:21 -0400] "POST /xmlrpc.php HTTP/1.1" 200 340 "-" "Mozilla/5.0 (Windows NT 10.0; Win64; x64) AppleWebKit/537.36 (KHTML, like Gecko) Chrome/121.0.0.0 Safari/537.36"
208.122.213.31 - - [03/May/2026:05:10:25 -0400] "POST /wp-cron.php?doing_wp_cron=1777799425.0781910419464111328125 HTTP/1.1" 200 - "-" "WordPress/6.2.6; https://store.terrorxxx.com"
176.227.240.94 - - [03/May/2026:05:10:23 -0400] "POST /xmlrpc.php HTTP/1.1" 200 340 "-" "Mozilla/5.0 (Windows NT 10.0; Win64; x64) AppleWebKit/537.36 (KHTML, like Gecko) Chrome/121.0.0.0 Safari/537.36"
176.227.240.94 - - [03/May/2026:05:10:26 -0400] "POST /xmlrpc.php HTTP/1.1" 200 340 "-" "Mozilla/5.0 (Windows NT 10.0; Win64; x64) AppleWebKit/537.36 (KHTML, like Gecko) Chrome/121.0.0.0 Safari/537.36"
176.227.240.94 - - [03/May/2026:05:10:29 -0400] "POST /xmlrpc.php HTTP/1.1" 200 340 "-" "Mozilla/5.0 (Windows NT 10.0; Win64; x64) AppleWebKit/537.36 (KHTML, like Gecko) Chrome/121.0.0.0 Safari/537.36"
176.227.240.94 - - [03/May/2026:05:10:32 -0400] "POST /xmlrpc.php HTTP/1.1" 200 340 "-" "Mozilla/5.0 (Windows NT 10.0; Win64; x64) AppleWebKit/537.36 (KHTML, like Gecko) Chrome/121.0.0.0 Safari/537.36"
176.227.240.94 - - [03/May/2026:05:10:34 -0400] "POST /xmlrpc.php HTTP/1.1" 200 340 "-" "Mozilla/5.0 (Windows NT 10.0; Win64; x64) AppleWebKit/537.36 (KHTML, like Gecko) Chrome/121.0.0.0 Safari/537.36"
176.227.240.94 - - [03/May/2026:05:10:36 -0400] "POST /xmlrpc.php HTTP/1.1" 200 340 "-" "Mozilla/5.0 (Windows NT 10.0; Win64; x64) AppleWebKit/537.36 (KHTML, like Gecko) Chrome/121.0.0.0 Safari/537.36"
176.227.240.94 - - [03/May/2026:05:10:38 -0400] "POST /xmlrpc.php HTTP/1.1" 200 340 "-" "Mozilla/5.0 (Windows NT 10.0; Win64; x64) AppleWebKit/537.36 (KHTML, like Gecko) Chrome/121.0.0.0 Safari/537.36"
176.227.240.94 - - [03/May/2026:05:10:39 -0400] "POST /xmlrpc.php HTTP/1.1" 200 340 "-" "Mozilla/5.0 (Windows NT 10.0; Win64; x64) AppleWebKit/537.36 (KHTML, like Gecko) Chrome/121.0.0.0 Safari/537.36"
176.227.240.94 - - [03/May/2026:05:10:42 -0400] "POST /xmlrpc.php HTTP/1.1" 200 340 "-" "Mozilla/5.0 (Windows NT 10.0; Win64; x64) AppleWebKit/537.36 (KHTML, like Gecko) Chrome/121.0.0.0 Safari/537.36"
176.227.240.94 - - [03/May/2026:05:10:44 -0400] "POST /xmlrpc.php HTTP/1.1" 200 340 "-" "Mozilla/5.0 (Windows NT 10.0; Win64; x64) AppleWebKit/537.36 (KHTML, like Gecko) Chrome/121.0.0.0 Safari/537.36"
176.227.240.94 - - [03/May/2026:05:10:49 -0400] "POST /xmlrpc.php HTTP/1.1" 200 340 "-" "Mozilla/5.0 (Windows NT 10.0; Win64; x64) AppleWebKit/537.36 (KHTML, like Gecko) Chrome/121.0.0.0 Safari/537.36"
176.227.240.94 - - [03/May/2026:05:10:52 -0400] "POST /xmlrpc.php HTTP/1.1" 200 340 "-" "Mozilla/5.0 (Windows NT 10.0; Win64; x64) AppleWebKit/537.36 (KHTML, like Gecko) Chrome/121.0.0.0 Safari/537.36"
176.227.240.94 - - [03/May/2026:05:10:56 -0400] "POST /xmlrpc.php HTTP/1.1" 200 340 "-" "Mozilla/5.0 (Windows NT 10.0; Win64; x64) AppleWebKit/537.36 (KHTML, like Gecko) Chrome/121.0.0.0 Safari/537.36"
176.227.240.94 - - [03/May/2026:05:10:58 -0400] "POST /xmlrpc.php HTTP/1.1" 200 340 "-" "Mozilla/5.0 (Windows NT 10.0; Win64; x64) AppleWebKit/537.36 (KHTML, like Gecko) Chrome/121.0.0.0 Safari/537.36"
176.227.240.94 - - [03/May/2026:05:11:00 -0400] "POST /xmlrpc.php HTTP/1.1" 200 340 "-" "Mozilla/5.0 (Windows NT 10.0; Win64; x64) AppleWebKit/537.36 (KHTML, like Gecko) Chrome/121.0.0.0 Safari/537.36"
176.227.240.94 - - [03/May/2026:05:11:05 -0400] "POST /xmlrpc.php HTTP/1.1" 200 340 "-" "Mozilla/5.0 (Windows NT 10.0; Win64; x64) AppleWebKit/537.36 (KHTML, like Gecko) Chrome/121.0.0.0 Safari/537.36"
176.227.240.94 - - [03/May/2026:05:11:09 -0400] "POST /xmlrpc.php HTTP/1.1" 200 340 "-" "Mozilla/5.0 (Windows NT 10.0; Win64; x64) AppleWebKit/537.36 (KHTML, like Gecko) Chrome/121.0.0.0 Safari/537.36"
176.227.240.94 - - [03/May/2026:05:11:12 -0400] "POST /xmlrpc.php HTTP/1.1" 200 340 "-" "Mozilla/5.0 (Windows NT 10.0; Win64; x64) AppleWebKit/537.36 (KHTML, like Gecko) Chrome/121.0.0.0 Safari/537.36"
176.227.240.94 - - [03/May/2026:05:11:15 -0400] "POST /xmlrpc.php HTTP/1.1" 200 340 "-" "Mozilla/5.0 (Windows NT 10.0; Win64; x64) AppleWebKit/537.36 (KHTML, like Gecko) Chrome/121.0.0.0 Safari/537.36"
176.227.240.94 - - [03/May/2026:05:11:18 -0400] "POST /xmlrpc.php HTTP/1.1" 200 340 "-" "Mozilla/5.0 (Windows NT 10.0; Win64; x64) AppleWebKit/537.36 (KHTML, like Gecko) Chrome/121.0.0.0 Safari/537.36"
208.122.213.31 - - [03/May/2026:05:11:25 -0400] "POST /wp-cron.php?doing_wp_cron=1777799485.8375771045684814453125 HTTP/1.1" 200 - "-" "WordPress/6.2.6; https://store.terrorxxx.com"
176.227.240.94 - - [03/May/2026:05:11:25 -0400] "POST /xmlrpc.php HTTP/1.1" 200 340 "-" "Mozilla/5.0 (Windows NT 10.0; Win64; x64) AppleWebKit/537.36 (KHTML, like Gecko) Chrome/121.0.0.0 Safari/537.36"
176.227.240.94 - - [03/May/2026:05:11:28 -0400] "POST /xmlrpc.php HTTP/1.1" 200 340 "-" "Mozilla/5.0 (Windows NT 10.0; Win64; x64) AppleWebKit/537.36 (KHTML, like Gecko) Chrome/121.0.0.0 Safari/537.36"
176.227.240.94 - - [03/May/2026:05:11:31 -0400] "POST /xmlrpc.php HTTP/1.1" 200 340 "-" "Mozilla/5.0 (Windows NT 10.0; Win64; x64) AppleWebKit/537.36 (KHTML, like Gecko) Chrome/121.0.0.0 Safari/537.36"
176.227.240.94 - - [03/May/2026:05:11:33 -0400] "POST /xmlrpc.php HTTP/1.1" 200 340 "-" "Mozilla/5.0 (Windows NT 10.0; Win64; x64) AppleWebKit/537.36 (KHTML, like Gecko) Chrome/121.0.0.0 Safari/537.36"
176.227.240.94 - - [03/May/2026:05:11:36 -0400] "POST /xmlrpc.php HTTP/1.1" 200 340 "-" "Mozilla/5.0 (Windows NT 10.0; Win64; x64) AppleWebKit/537.36 (KHTML, like Gecko) Chrome/121.0.0.0 Safari/537.36"
176.227.240.94 - - [03/May/2026:05:11:40 -0400] "POST /xmlrpc.php HTTP/1.1" 200 340 "-" "Mozilla/5.0 (Windows NT 10.0; Win64; x64) AppleWebKit/537.36 (KHTML, like Gecko) Chrome/121.0.0.0 Safari/537.36"
176.227.240.94 - - [03/May/2026:05:11:41 -0400] "POST /xmlrpc.php HTTP/1.1" 200 340 "-" "Mozilla/5.0 (Windows NT 10.0; Win64; x64) AppleWebKit/537.36 (KHTML, like Gecko) Chrome/121.0.0.0 Safari/537.36"
176.227.240.94 - - [03/May/2026:05:11:43 -0400] "POST /xmlrpc.php HTTP/1.1" 200 340 "-" "Mozilla/5.0 (Windows NT 10.0; Win64; x64) AppleWebKit/537.36 (KHTML, like Gecko) Chrome/121.0.0.0 Safari/537.36"
176.227.240.94 - - [03/May/2026:05:11:45 -0400] "POST /xmlrpc.php HTTP/1.1" 200 340 "-" "Mozilla/5.0 (Windows NT 10.0; Win64; x64) AppleWebKit/537.36 (KHTML, like Gecko) Chrome/121.0.0.0 Safari/537.36"
176.227.240.94 - - [03/May/2026:05:11:47 -0400] "POST /xmlrpc.php HTTP/1.1" 200 340 "-" "Mozilla/5.0 (Windows NT 10.0; Win64; x64) AppleWebKit/537.36 (KHTML, like Gecko) Chrome/121.0.0.0 Safari/537.36"
176.227.240.94 - - [03/May/2026:05:11:48 -0400] "POST /xmlrpc.php HTTP/1.1" 200 340 "-" "Mozilla/5.0 (Windows NT 10.0; Win64; x64) AppleWebKit/537.36 (KHTML, like Gecko) Chrome/121.0.0.0 Safari/537.36"
176.227.240.94 - - [03/May/2026:05:11:50 -0400] "POST /xmlrpc.php HTTP/1.1" 200 340 "-" "Mozilla/5.0 (Windows NT 10.0; Win64; x64) AppleWebKit/537.36 (KHTML, like Gecko) Chrome/121.0.0.0 Safari/537.36"
176.227.240.94 - - [03/May/2026:05:11:53 -0400] "POST /xmlrpc.php HTTP/1.1" 200 340 "-" "Mozilla/5.0 (Windows NT 10.0; Win64; x64) AppleWebKit/537.36 (KHTML, like Gecko) Chrome/121.0.0.0 Safari/537.36"
176.227.240.94 - - [03/May/2026:05:11:56 -0400] "POST /xmlrpc.php HTTP/1.1" 200 340 "-" "Mozilla/5.0 (Windows NT 10.0; Win64; x64) AppleWebKit/537.36 (KHTML, like Gecko) Chrome/121.0.0.0 Safari/537.36"
176.227.240.94 - - [03/May/2026:05:11:59 -0400] "POST /xmlrpc.php HTTP/1.1" 200 340 "-" "Mozilla/5.0 (Windows NT 10.0; Win64; x64) AppleWebKit/537.36 (KHTML, like Gecko) Chrome/121.0.0.0 Safari/537.36"
176.227.240.94 - - [03/May/2026:05:12:00 -0400] "POST /xmlrpc.php HTTP/1.1" 200 340 "-" "Mozilla/5.0 (Windows NT 10.0; Win64; x64) AppleWebKit/537.36 (KHTML, like Gecko) Chrome/121.0.0.0 Safari/537.36"
176.227.240.94 - - [03/May/2026:05:12:04 -0400] "POST /xmlrpc.php HTTP/1.1" 200 340 "-" "Mozilla/5.0 (Windows NT 10.0; Win64; x64) AppleWebKit/537.36 (KHTML, like Gecko) Chrome/121.0.0.0 Safari/537.36"
176.227.240.94 - - [03/May/2026:05:12:06 -0400] "POST /xmlrpc.php HTTP/1.1" 200 340 "-" "Mozilla/5.0 (Windows NT 10.0; Win64; x64) AppleWebKit/537.36 (KHTML, like Gecko) Chrome/121.0.0.0 Safari/537.36"
176.227.240.94 - - [03/May/2026:05:12:08 -0400] "POST /xmlrpc.php HTTP/1.1" 200 340 "-" "Mozilla/5.0 (Windows NT 10.0; Win64; x64) AppleWebKit/537.36 (KHTML, like Gecko) Chrome/121.0.0.0 Safari/537.36"
176.227.240.94 - - [03/May/2026:05:12:12 -0400] "POST /xmlrpc.php HTTP/1.1" 200 319 "-" "Mozilla/5.0 (Windows NT 10.0; Win64; x64) AppleWebKit/537.36 (KHTML, like Gecko) Chrome/121.0.0.0 Safari/537.36"
142.202.49.71 - - [03/May/2026:05:38:41 -0400] "GET /.git/config HTTP/1.1" 403 199 "-" "Mozilla/5.0 (Windows NT 10.0; Win64; x64) AppleWebKit/537.36 (KHTML, like Gecko) Chrome/132.0.0.0 Safari/537.36"
208.122.213.31 - - [03/May/2026:05:50:20 -0400] "POST /wp-cron.php?doing_wp_cron=1777801820.6608989238739013671875 HTTP/1.1" 200 - "-" "WordPress/6.2.6; https://store.terrorxxx.com"
128.241.254.194 - - [03/May/2026:05:50:20 -0400] "GET /index.php?rest_route=/podlove/v1/social/services/contributor/1&id=1%20UNION%20ALL%20SELECT%20NULL,NULL,md5('CVE-2021-24666'),NULL,NULL,NULL--%20- HTTP/1.1" 404 114 "-" "Mozilla/5.0 (X11; Linux i686; rv:1.9.5.20) Gecko/ Firefox/3.6.16"
128.241.254.194 - - [03/May/2026:05:50:20 -0400] "GET /wp1/home-18/?qtproxycall=https://oast.me HTTP/1.1" 404 26379 "-" "Mozilla/5.0 (ZZ; Linux x86_64) AppleWebKit/537.36 (KHTML, like Gecko) Chrome/138.0.0.0 Safari/537.36"
208.122.213.31 - - [03/May/2026:06:36:53 -0400] "POST /wp-cron.php?doing_wp_cron=1777804613.8604319095611572265625 HTTP/1.1" 200 - "-" "WordPress/6.2.6; https://store.terrorxxx.com"
216.73.217.39 - - [03/May/2026:06:36:53 -0400] "GET /robots.txt HTTP/2.0" 200 115 "-" "Mozilla/5.0 AppleWebKit/537.36 (KHTML, like Gecko; compatible; ClaudeBot/1.0; +claudebot@anthropic.com)"
216.73.217.39 - - [03/May/2026:06:36:53 -0400] "GET / HTTP/2.0" 200 7342 "-" "Mozilla/5.0 AppleWebKit/537.36 (KHTML, like Gecko; compatible; ClaudeBot/1.0; +claudebot@anthropic.com)"
208.122.213.31 - - [03/May/2026:06:51:40 -0400] "POST /wp-cron.php?doing_wp_cron=1777805500.5371830463409423828125 HTTP/1.1" 200 - "-" "WordPress/6.2.6; https://store.terrorxxx.com"
54.147.150.116 - - [03/May/2026:06:51:40 -0400] "GET /robots.txt HTTP/1.1" 200 115 "-" "Mozilla/5.0 (Macintosh; Intel Mac OS X 10_10_1) AppleWebKit/600.2.5 (KHTML, like Gecko) Version/8.0.2 Safari/600.2.5 (Gort)"
208.122.213.31 - - [03/May/2026:06:58:20 -0400] "POST /wp-cron.php?doing_wp_cron=1777805900.2097549438476562500000 HTTP/1.1" 200 - "-" "WordPress/6.2.6; https://store.terrorxxx.com"
216.73.217.39 - - [03/May/2026:06:58:20 -0400] "GET /wp-sitemap.xml HTTP/2.0" 200 740 "-" "Mozilla/5.0 AppleWebKit/537.36 (KHTML, like Gecko; compatible; ClaudeBot/1.0; +claudebot@anthropic.com)"
208.122.213.31 - - [03/May/2026:07:12:25 -0400] "POST /wp-cron.php?doing_wp_cron=1777806745.7834339141845703125000 HTTP/1.1" 200 - "-" "WordPress/6.2.6; https://store.terrorxxx.com"
40.77.167.155 - - [03/May/2026:07:12:25 -0400] "GET /wp-sitemap-taxonomies-product_cat-1.xml HTTP/2.0" 200 524 "-" "Mozilla/5.0 AppleWebKit/537.36 (KHTML, like Gecko; compatible; bingbot/2.0; +http://www.bing.com/bingbot.htm) Chrome/116.0.1938.76 Safari/537.36"
208.122.213.31 - - [03/May/2026:07:15:53 -0400] "POST /wp-cron.php?doing_wp_cron=1777806953.7051780223846435546875 HTTP/1.1" 200 - "-" "WordPress/6.2.6; https://store.terrorxxx.com"
128.241.254.194 - - [03/May/2026:07:15:53 -0400] "GET /wp-content/plugins/usc-e-shop/functions/progress-check.php?progressfile=../../../../../../../../../../../../../etc/passwd HTTP/1.1" 404 26379 "-" "Mozilla/5.0 (X11; Linux i686; rv:1.9.5.20) Gecko/ Firefox/7.0"
208.122.213.31 - - [03/May/2026:08:49:59 -0400] "POST /wp-cron.php?doing_wp_cron=1777812598.9466319084167480468750 HTTP/1.1" 200 - "-" "WordPress/6.2.6; https://store.terrorxxx.com"
74.7.241.167 - - [03/May/2026:08:49:58 -0400] "GET /robots.txt HTTP/2.0" 200 115 "-" "Mozilla/5.0 (Macintosh; Intel Mac OS X 10_15_7) AppleWebKit/537.36 (KHTML, like Gecko) Chrome/131.0.0.0 Safari/537.36; compatible; OAI-SearchBot/1.3; robots.txt; +https://openai.com/searchbot"
208.122.213.31 - - [03/May/2026:08:49:59 -0400] "GET / HTTP/1.1" 200 7342 "-" "WordPress/6.2.6; https://store.terrorxxx.com"
208.122.213.31 - - [03/May/2026:08:55:10 -0400] "POST /wp-cron.php?doing_wp_cron=1777812910.6257610321044921875000 HTTP/1.1" 200 - "-" "WordPress/6.2.6; https://store.terrorxxx.com"
176.227.240.94 - - [03/May/2026:08:55:10 -0400] "GET / HTTP/1.1" 200 7349 "-" "Mozilla/5.0 (Windows NT 10.0; Win64; x64) AppleWebKit/537.36 (KHTML, like Gecko) Chrome/121.0.0.0 Safari/537.36"
216.73.217.39 - - [03/May/2026:08:55:11 -0400] "GET /robots.txt HTTP/2.0" 200 115 "-" "Mozilla/5.0 AppleWebKit/537.36 (KHTML, like Gecko; compatible; ClaudeBot/1.0; +claudebot@anthropic.com)"
216.73.217.39 - - [03/May/2026:08:55:11 -0400] "GET /wp-sitemap.xml HTTP/2.0" 200 740 "-" "Mozilla/5.0 AppleWebKit/537.36 (KHTML, like Gecko; compatible; ClaudeBot/1.0; +claudebot@anthropic.com)"
176.227.240.94 - - [03/May/2026:08:55:12 -0400] "GET /xmlrpc.php HTTP/1.1" 405 42 "-" "Mozilla/5.0 (Windows NT 10.0; Win64; x64) AppleWebKit/537.36 (KHTML, like Gecko) Chrome/121.0.0.0 Safari/537.36"
208.122.213.31 - - [03/May/2026:09:06:39 -0400] "POST /wp-cron.php?doing_wp_cron=1777813599.7882978916168212890625 HTTP/1.1" 200 - "-" "WordPress/6.2.6; https://store.terrorxxx.com"
176.227.240.94 - - [03/May/2026:09:06:39 -0400] "GET /wp-json/wp/v2/users HTTP/1.1" 200 265 "-" "Mozilla/5.0 (Windows NT 10.0; Win64; x64) AppleWebKit/537.36 (KHTML, like Gecko) Chrome/121.0.0.0 Safari/537.36"
208.122.213.31 - - [03/May/2026:09:24:05 -0400] "POST /wp-cron.php?doing_wp_cron=1777814645.9142389297485351562500 HTTP/1.1" 200 - "-" "WordPress/6.2.6; https://store.terrorxxx.com"
176.227.240.94 - - [03/May/2026:09:24:05 -0400] "POST /xmlrpc.php HTTP/1.1" 200 340 "-" "Mozilla/5.0 (Windows NT 10.0; Win64; x64) AppleWebKit/537.36 (KHTML, like Gecko) Chrome/121.0.0.0 Safari/537.36"
176.227.240.94 - - [03/May/2026:09:24:07 -0400] "POST /xmlrpc.php HTTP/1.1" 200 340 "-" "Mozilla/5.0 (Windows NT 10.0; Win64; x64) AppleWebKit/537.36 (KHTML, like Gecko) Chrome/121.0.0.0 Safari/537.36"
176.227.240.94 - - [03/May/2026:09:24:09 -0400] "POST /xmlrpc.php HTTP/1.1" 200 340 "-" "Mozilla/5.0 (Windows NT 10.0; Win64; x64) AppleWebKit/537.36 (KHTML, like Gecko) Chrome/121.0.0.0 Safari/537.36"
176.227.240.94 - - [03/May/2026:09:24:12 -0400] "POST /xmlrpc.php HTTP/1.1" 200 340 "-" "Mozilla/5.0 (Windows NT 10.0; Win64; x64) AppleWebKit/537.36 (KHTML, like Gecko) Chrome/121.0.0.0 Safari/537.36"
176.227.240.94 - - [03/May/2026:09:24:15 -0400] "POST /xmlrpc.php HTTP/1.1" 200 340 "-" "Mozilla/5.0 (Windows NT 10.0; Win64; x64) AppleWebKit/537.36 (KHTML, like Gecko) Chrome/121.0.0.0 Safari/537.36"
176.227.240.94 - - [03/May/2026:09:24:20 -0400] "POST /xmlrpc.php HTTP/1.1" 200 340 "-" "Mozilla/5.0 (Windows NT 10.0; Win64; x64) AppleWebKit/537.36 (KHTML, like Gecko) Chrome/121.0.0.0 Safari/537.36"
176.227.240.94 - - [03/May/2026:09:24:23 -0400] "POST /xmlrpc.php HTTP/1.1" 200 340 "-" "Mozilla/5.0 (Windows NT 10.0; Win64; x64) AppleWebKit/537.36 (KHTML, like Gecko) Chrome/121.0.0.0 Safari/537.36"
208.122.213.31 - - [03/May/2026:09:24:26 -0400] "POST /wp-cron.php?doing_wp_cron=1777814666.1564970016479492187500 HTTP/1.1" 200 - "-" "WordPress/6.2.6; https://store.terrorxxx.com"
176.227.240.94 - - [03/May/2026:09:24:25 -0400] "POST /xmlrpc.php HTTP/1.1" 200 340 "-" "Mozilla/5.0 (Windows NT 10.0; Win64; x64) AppleWebKit/537.36 (KHTML, like Gecko) Chrome/121.0.0.0 Safari/537.36"
176.227.240.94 - - [03/May/2026:09:24:28 -0400] "POST /xmlrpc.php HTTP/1.1" 200 340 "-" "Mozilla/5.0 (Windows NT 10.0; Win64; x64) AppleWebKit/537.36 (KHTML, like Gecko) Chrome/121.0.0.0 Safari/537.36"
176.227.240.94 - - [03/May/2026:09:24:32 -0400] "POST /xmlrpc.php HTTP/1.1" 200 340 "-" "Mozilla/5.0 (Windows NT 10.0; Win64; x64) AppleWebKit/537.36 (KHTML, like Gecko) Chrome/121.0.0.0 Safari/537.36"
176.227.240.94 - - [03/May/2026:09:24:33 -0400] "POST /xmlrpc.php HTTP/1.1" 200 340 "-" "Mozilla/5.0 (Windows NT 10.0; Win64; x64) AppleWebKit/537.36 (KHTML, like Gecko) Chrome/121.0.0.0 Safari/537.36"
176.227.240.94 - - [03/May/2026:09:24:35 -0400] "POST /xmlrpc.php HTTP/1.1" 200 340 "-" "Mozilla/5.0 (Windows NT 10.0; Win64; x64) AppleWebKit/537.36 (KHTML, like Gecko) Chrome/121.0.0.0 Safari/537.36"
176.227.240.94 - - [03/May/2026:09:24:39 -0400] "POST /xmlrpc.php HTTP/1.1" 200 340 "-" "Mozilla/5.0 (Windows NT 10.0; Win64; x64) AppleWebKit/537.36 (KHTML, like Gecko) Chrome/121.0.0.0 Safari/537.36"
176.227.240.94 - - [03/May/2026:09:24:42 -0400] "POST /xmlrpc.php HTTP/1.1" 200 340 "-" "Mozilla/5.0 (Windows NT 10.0; Win64; x64) AppleWebKit/537.36 (KHTML, like Gecko) Chrome/121.0.0.0 Safari/537.36"
176.227.240.94 - - [03/May/2026:09:24:44 -0400] "POST /xmlrpc.php HTTP/1.1" 200 340 "-" "Mozilla/5.0 (Windows NT 10.0; Win64; x64) AppleWebKit/537.36 (KHTML, like Gecko) Chrome/121.0.0.0 Safari/537.36"
176.227.240.94 - - [03/May/2026:09:24:47 -0400] "POST /xmlrpc.php HTTP/1.1" 200 340 "-" "Mozilla/5.0 (Windows NT 10.0; Win64; x64) AppleWebKit/537.36 (KHTML, like Gecko) Chrome/121.0.0.0 Safari/537.36"
176.227.240.94 - - [03/May/2026:09:24:50 -0400] "POST /xmlrpc.php HTTP/1.1" 200 340 "-" "Mozilla/5.0 (Windows NT 10.0; Win64; x64) AppleWebKit/537.36 (KHTML, like Gecko) Chrome/121.0.0.0 Safari/537.36"
176.227.240.94 - - [03/May/2026:09:24:51 -0400] "POST /xmlrpc.php HTTP/1.1" 200 340 "-" "Mozilla/5.0 (Windows NT 10.0; Win64; x64) AppleWebKit/537.36 (KHTML, like Gecko) Chrome/121.0.0.0 Safari/537.36"
176.227.240.94 - - [03/May/2026:09:24:53 -0400] "POST /xmlrpc.php HTTP/1.1" 200 340 "-" "Mozilla/5.0 (Windows NT 10.0; Win64; x64) AppleWebKit/537.36 (KHTML, like Gecko) Chrome/121.0.0.0 Safari/537.36"
176.227.240.94 - - [03/May/2026:09:24:57 -0400] "POST /xmlrpc.php HTTP/1.1" 200 340 "-" "Mozilla/5.0 (Windows NT 10.0; Win64; x64) AppleWebKit/537.36 (KHTML, like Gecko) Chrome/121.0.0.0 Safari/537.36"
176.227.240.94 - - [03/May/2026:09:24:58 -0400] "POST /xmlrpc.php HTTP/1.1" 200 340 "-" "Mozilla/5.0 (Windows NT 10.0; Win64; x64) AppleWebKit/537.36 (KHTML, like Gecko) Chrome/121.0.0.0 Safari/537.36"
176.227.240.94 - - [03/May/2026:09:25:00 -0400] "POST /xmlrpc.php HTTP/1.1" 200 340 "-" "Mozilla/5.0 (Windows NT 10.0; Win64; x64) AppleWebKit/537.36 (KHTML, like Gecko) Chrome/121.0.0.0 Safari/537.36"
176.227.240.94 - - [03/May/2026:09:25:03 -0400] "POST /xmlrpc.php HTTP/1.1" 200 340 "-" "Mozilla/5.0 (Windows NT 10.0; Win64; x64) AppleWebKit/537.36 (KHTML, like Gecko) Chrome/121.0.0.0 Safari/537.36"
176.227.240.94 - - [03/May/2026:09:25:07 -0400] "POST /xmlrpc.php HTTP/1.1" 200 340 "-" "Mozilla/5.0 (Windows NT 10.0; Win64; x64) AppleWebKit/537.36 (KHTML, like Gecko) Chrome/121.0.0.0 Safari/537.36"
176.227.240.94 - - [03/May/2026:09:25:11 -0400] "POST /xmlrpc.php HTTP/1.1" 200 340 "-" "Mozilla/5.0 (Windows NT 10.0; Win64; x64) AppleWebKit/537.36 (KHTML, like Gecko) Chrome/121.0.0.0 Safari/537.36"
176.227.240.94 - - [03/May/2026:09:25:14 -0400] "POST /xmlrpc.php HTTP/1.1" 200 340 "-" "Mozilla/5.0 (Windows NT 10.0; Win64; x64) AppleWebKit/537.36 (KHTML, like Gecko) Chrome/121.0.0.0 Safari/537.36"
176.227.240.94 - - [03/May/2026:09:25:16 -0400] "POST /xmlrpc.php HTTP/1.1" 200 340 "-" "Mozilla/5.0 (Windows NT 10.0; Win64; x64) AppleWebKit/537.36 (KHTML, like Gecko) Chrome/121.0.0.0 Safari/537.36"
176.227.240.94 - - [03/May/2026:09:25:18 -0400] "POST /xmlrpc.php HTTP/1.1" 200 340 "-" "Mozilla/5.0 (Windows NT 10.0; Win64; x64) AppleWebKit/537.36 (KHTML, like Gecko) Chrome/121.0.0.0 Safari/537.36"
176.227.240.94 - - [03/May/2026:09:25:19 -0400] "POST /xmlrpc.php HTTP/1.1" 200 340 "-" "Mozilla/5.0 (Windows NT 10.0; Win64; x64) AppleWebKit/537.36 (KHTML, like Gecko) Chrome/121.0.0.0 Safari/537.36"
176.227.240.94 - - [03/May/2026:09:25:21 -0400] "POST /xmlrpc.php HTTP/1.1" 200 340 "-" "Mozilla/5.0 (Windows NT 10.0; Win64; x64) AppleWebKit/537.36 (KHTML, like Gecko) Chrome/121.0.0.0 Safari/537.36"
176.227.240.94 - - [03/May/2026:09:25:23 -0400] "POST /xmlrpc.php HTTP/1.1" 200 340 "-" "Mozilla/5.0 (Windows NT 10.0; Win64; x64) AppleWebKit/537.36 (KHTML, like Gecko) Chrome/121.0.0.0 Safari/537.36"
208.122.213.31 - - [03/May/2026:09:25:25 -0400] "POST /wp-cron.php?doing_wp_cron=1777814725.9525139331817626953125 HTTP/1.1" 200 - "-" "WordPress/6.2.6; https://store.terrorxxx.com"
176.227.240.94 - - [03/May/2026:09:25:25 -0400] "POST /xmlrpc.php HTTP/1.1" 200 340 "-" "Mozilla/5.0 (Windows NT 10.0; Win64; x64) AppleWebKit/537.36 (KHTML, like Gecko) Chrome/121.0.0.0 Safari/537.36"
176.227.240.94 - - [03/May/2026:09:25:28 -0400] "POST /xmlrpc.php HTTP/1.1" 200 340 "-" "Mozilla/5.0 (Windows NT 10.0; Win64; x64) AppleWebKit/537.36 (KHTML, like Gecko) Chrome/121.0.0.0 Safari/537.36"
176.227.240.94 - - [03/May/2026:09:25:30 -0400] "POST /xmlrpc.php HTTP/1.1" 200 340 "-" "Mozilla/5.0 (Windows NT 10.0; Win64; x64) AppleWebKit/537.36 (KHTML, like Gecko) Chrome/121.0.0.0 Safari/537.36"
176.227.240.94 - - [03/May/2026:09:25:32 -0400] "POST /xmlrpc.php HTTP/1.1" 200 340 "-" "Mozilla/5.0 (Windows NT 10.0; Win64; x64) AppleWebKit/537.36 (KHTML, like Gecko) Chrome/121.0.0.0 Safari/537.36"
176.227.240.94 - - [03/May/2026:09:25:34 -0400] "POST /xmlrpc.php HTTP/1.1" 200 340 "-" "Mozilla/5.0 (Windows NT 10.0; Win64; x64) AppleWebKit/537.36 (KHTML, like Gecko) Chrome/121.0.0.0 Safari/537.36"
176.227.240.94 - - [03/May/2026:09:25:36 -0400] "POST /xmlrpc.php HTTP/1.1" 200 340 "-" "Mozilla/5.0 (Windows NT 10.0; Win64; x64) AppleWebKit/537.36 (KHTML, like Gecko) Chrome/121.0.0.0 Safari/537.36"
176.227.240.94 - - [03/May/2026:09:25:39 -0400] "POST /xmlrpc.php HTTP/1.1" 200 340 "-" "Mozilla/5.0 (Windows NT 10.0; Win64; x64) AppleWebKit/537.36 (KHTML, like Gecko) Chrome/121.0.0.0 Safari/537.36"
176.227.240.94 - - [03/May/2026:09:25:41 -0400] "POST /xmlrpc.php HTTP/1.1" 200 340 "-" "Mozilla/5.0 (Windows NT 10.0; Win64; x64) AppleWebKit/537.36 (KHTML, like Gecko) Chrome/121.0.0.0 Safari/537.36"
176.227.240.94 - - [03/May/2026:09:25:43 -0400] "POST /xmlrpc.php HTTP/1.1" 200 340 "-" "Mozilla/5.0 (Windows NT 10.0; Win64; x64) AppleWebKit/537.36 (KHTML, like Gecko) Chrome/121.0.0.0 Safari/537.36"
176.227.240.94 - - [03/May/2026:09:25:45 -0400] "POST /xmlrpc.php HTTP/1.1" 200 340 "-" "Mozilla/5.0 (Windows NT 10.0; Win64; x64) AppleWebKit/537.36 (KHTML, like Gecko) Chrome/121.0.0.0 Safari/537.36"
176.227.240.94 - - [03/May/2026:09:25:49 -0400] "POST /xmlrpc.php HTTP/1.1" 200 340 "-" "Mozilla/5.0 (Windows NT 10.0; Win64; x64) AppleWebKit/537.36 (KHTML, like Gecko) Chrome/121.0.0.0 Safari/537.36"
176.227.240.94 - - [03/May/2026:09:25:50 -0400] "POST /xmlrpc.php HTTP/1.1" 200 340 "-" "Mozilla/5.0 (Windows NT 10.0; Win64; x64) AppleWebKit/537.36 (KHTML, like Gecko) Chrome/121.0.0.0 Safari/537.36"
176.227.240.94 - - [03/May/2026:09:25:53 -0400] "POST /xmlrpc.php HTTP/1.1" 200 340 "-" "Mozilla/5.0 (Windows NT 10.0; Win64; x64) AppleWebKit/537.36 (KHTML, like Gecko) Chrome/121.0.0.0 Safari/537.36"
176.227.240.94 - - [03/May/2026:09:25:54 -0400] "POST /xmlrpc.php HTTP/1.1" 200 340 "-" "Mozilla/5.0 (Windows NT 10.0; Win64; x64) AppleWebKit/537.36 (KHTML, like Gecko) Chrome/121.0.0.0 Safari/537.36"
176.227.240.94 - - [03/May/2026:09:25:56 -0400] "POST /xmlrpc.php HTTP/1.1" 200 340 "-" "Mozilla/5.0 (Windows NT 10.0; Win64; x64) AppleWebKit/537.36 (KHTML, like Gecko) Chrome/121.0.0.0 Safari/537.36"
176.227.240.94 - - [03/May/2026:09:25:58 -0400] "POST /xmlrpc.php HTTP/1.1" 200 340 "-" "Mozilla/5.0 (Windows NT 10.0; Win64; x64) AppleWebKit/537.36 (KHTML, like Gecko) Chrome/121.0.0.0 Safari/537.36"
176.227.240.94 - - [03/May/2026:09:25:59 -0400] "POST /xmlrpc.php HTTP/1.1" 200 340 "-" "Mozilla/5.0 (Windows NT 10.0; Win64; x64) AppleWebKit/537.36 (KHTML, like Gecko) Chrome/121.0.0.0 Safari/537.36"
176.227.240.94 - - [03/May/2026:09:26:02 -0400] "POST /xmlrpc.php HTTP/1.1" 200 340 "-" "Mozilla/5.0 (Windows NT 10.0; Win64; x64) AppleWebKit/537.36 (KHTML, like Gecko) Chrome/121.0.0.0 Safari/537.36"
176.227.240.94 - - [03/May/2026:09:26:03 -0400] "POST /xmlrpc.php HTTP/1.1" 200 340 "-" "Mozilla/5.0 (Windows NT 10.0; Win64; x64) AppleWebKit/537.36 (KHTML, like Gecko) Chrome/121.0.0.0 Safari/537.36"
176.227.240.94 - - [03/May/2026:09:26:05 -0400] "POST /xmlrpc.php HTTP/1.1" 200 340 "-" "Mozilla/5.0 (Windows NT 10.0; Win64; x64) AppleWebKit/537.36 (KHTML, like Gecko) Chrome/121.0.0.0 Safari/537.36"
176.227.240.94 - - [03/May/2026:09:26:06 -0400] "POST /xmlrpc.php HTTP/1.1" 200 340 "-" "Mozilla/5.0 (Windows NT 10.0; Win64; x64) AppleWebKit/537.36 (KHTML, like Gecko) Chrome/121.0.0.0 Safari/537.36"
176.227.240.94 - - [03/May/2026:09:26:09 -0400] "POST /xmlrpc.php HTTP/1.1" 200 340 "-" "Mozilla/5.0 (Windows NT 10.0; Win64; x64) AppleWebKit/537.36 (KHTML, like Gecko) Chrome/121.0.0.0 Safari/537.36"
176.227.240.94 - - [03/May/2026:09:26:11 -0400] "POST /xmlrpc.php HTTP/1.1" 200 340 "-" "Mozilla/5.0 (Windows NT 10.0; Win64; x64) AppleWebKit/537.36 (KHTML, like Gecko) Chrome/121.0.0.0 Safari/537.36"
176.227.240.94 - - [03/May/2026:09:26:14 -0400] "POST /xmlrpc.php HTTP/1.1" 200 340 "-" "Mozilla/5.0 (Windows NT 10.0; Win64; x64) AppleWebKit/537.36 (KHTML, like Gecko) Chrome/121.0.0.0 Safari/537.36"
176.227.240.94 - - [03/May/2026:09:26:16 -0400] "POST /xmlrpc.php HTTP/1.1" 200 340 "-" "Mozilla/5.0 (Windows NT 10.0; Win64; x64) AppleWebKit/537.36 (KHTML, like Gecko) Chrome/121.0.0.0 Safari/537.36"
176.227.240.94 - - [03/May/2026:09:26:18 -0400] "POST /xmlrpc.php HTTP/1.1" 200 340 "-" "Mozilla/5.0 (Windows NT 10.0; Win64; x64) AppleWebKit/537.36 (KHTML, like Gecko) Chrome/121.0.0.0 Safari/537.36"
176.227.240.94 - - [03/May/2026:09:26:21 -0400] "POST /xmlrpc.php HTTP/1.1" 200 340 "-" "Mozilla/5.0 (Windows NT 10.0; Win64; x64) AppleWebKit/537.36 (KHTML, like Gecko) Chrome/121.0.0.0 Safari/537.36"
176.227.240.94 - - [03/May/2026:09:26:22 -0400] "POST /xmlrpc.php HTTP/1.1" 200 340 "-" "Mozilla/5.0 (Windows NT 10.0; Win64; x64) AppleWebKit/537.36 (KHTML, like Gecko) Chrome/121.0.0.0 Safari/537.36"
208.122.213.31 - - [03/May/2026:09:26:27 -0400] "POST /wp-cron.php?doing_wp_cron=1777814787.1880619525909423828125 HTTP/1.1" 200 - "-" "WordPress/6.2.6; https://store.terrorxxx.com"
176.227.240.94 - - [03/May/2026:09:26:26 -0400] "POST /xmlrpc.php HTTP/1.1" 200 340 "-" "Mozilla/5.0 (Windows NT 10.0; Win64; x64) AppleWebKit/537.36 (KHTML, like Gecko) Chrome/121.0.0.0 Safari/537.36"
176.227.240.94 - - [03/May/2026:09:26:28 -0400] "POST /xmlrpc.php HTTP/1.1" 200 340 "-" "Mozilla/5.0 (Windows NT 10.0; Win64; x64) AppleWebKit/537.36 (KHTML, like Gecko) Chrome/121.0.0.0 Safari/537.36"
176.227.240.94 - - [03/May/2026:09:26:30 -0400] "POST /xmlrpc.php HTTP/1.1" 200 340 "-" "Mozilla/5.0 (Windows NT 10.0; Win64; x64) AppleWebKit/537.36 (KHTML, like Gecko) Chrome/121.0.0.0 Safari/537.36"
176.227.240.94 - - [03/May/2026:09:26:33 -0400] "POST /xmlrpc.php HTTP/1.1" 200 340 "-" "Mozilla/5.0 (Windows NT 10.0; Win64; x64) AppleWebKit/537.36 (KHTML, like Gecko) Chrome/121.0.0.0 Safari/537.36"
176.227.240.94 - - [03/May/2026:09:26:35 -0400] "POST /xmlrpc.php HTTP/1.1" 200 340 "-" "Mozilla/5.0 (Windows NT 10.0; Win64; x64) AppleWebKit/537.36 (KHTML, like Gecko) Chrome/121.0.0.0 Safari/537.36"
176.227.240.94 - - [03/May/2026:09:26:37 -0400] "POST /xmlrpc.php HTTP/1.1" 200 340 "-" "Mozilla/5.0 (Windows NT 10.0; Win64; x64) AppleWebKit/537.36 (KHTML, like Gecko) Chrome/121.0.0.0 Safari/537.36"
176.227.240.94 - - [03/May/2026:09:26:40 -0400] "POST /xmlrpc.php HTTP/1.1" 200 340 "-" "Mozilla/5.0 (Windows NT 10.0; Win64; x64) AppleWebKit/537.36 (KHTML, like Gecko) Chrome/121.0.0.0 Safari/537.36"
176.227.240.94 - - [03/May/2026:09:26:42 -0400] "POST /xmlrpc.php HTTP/1.1" 200 340 "-" "Mozilla/5.0 (Windows NT 10.0; Win64; x64) AppleWebKit/537.36 (KHTML, like Gecko) Chrome/121.0.0.0 Safari/537.36"
176.227.240.94 - - [03/May/2026:09:26:44 -0400] "POST /xmlrpc.php HTTP/1.1" 200 340 "-" "Mozilla/5.0 (Windows NT 10.0; Win64; x64) AppleWebKit/537.36 (KHTML, like Gecko) Chrome/121.0.0.0 Safari/537.36"
176.227.240.94 - - [03/May/2026:09:26:48 -0400] "POST /xmlrpc.php HTTP/1.1" 200 340 "-" "Mozilla/5.0 (Windows NT 10.0; Win64; x64) AppleWebKit/537.36 (KHTML, like Gecko) Chrome/121.0.0.0 Safari/537.36"
176.227.240.94 - - [03/May/2026:09:26:50 -0400] "POST /xmlrpc.php HTTP/1.1" 200 340 "-" "Mozilla/5.0 (Windows NT 10.0; Win64; x64) AppleWebKit/537.36 (KHTML, like Gecko) Chrome/121.0.0.0 Safari/537.36"
176.227.240.94 - - [03/May/2026:09:26:52 -0400] "POST /xmlrpc.php HTTP/1.1" 200 340 "-" "Mozilla/5.0 (Windows NT 10.0; Win64; x64) AppleWebKit/537.36 (KHTML, like Gecko) Chrome/121.0.0.0 Safari/537.36"
176.227.240.94 - - [03/May/2026:09:26:54 -0400] "POST /xmlrpc.php HTTP/1.1" 200 340 "-" "Mozilla/5.0 (Windows NT 10.0; Win64; x64) AppleWebKit/537.36 (KHTML, like Gecko) Chrome/121.0.0.0 Safari/537.36"
176.227.240.94 - - [03/May/2026:09:26:56 -0400] "POST /xmlrpc.php HTTP/1.1" 200 340 "-" "Mozilla/5.0 (Windows NT 10.0; Win64; x64) AppleWebKit/537.36 (KHTML, like Gecko) Chrome/121.0.0.0 Safari/537.36"
176.227.240.94 - - [03/May/2026:09:26:57 -0400] "POST /xmlrpc.php HTTP/1.1" 200 340 "-" "Mozilla/5.0 (Windows NT 10.0; Win64; x64) AppleWebKit/537.36 (KHTML, like Gecko) Chrome/121.0.0.0 Safari/537.36"
176.227.240.94 - - [03/May/2026:09:27:00 -0400] "POST /xmlrpc.php HTTP/1.1" 200 340 "-" "Mozilla/5.0 (Windows NT 10.0; Win64; x64) AppleWebKit/537.36 (KHTML, like Gecko) Chrome/121.0.0.0 Safari/537.36"
176.227.240.94 - - [03/May/2026:09:27:03 -0400] "POST /xmlrpc.php HTTP/1.1" 200 340 "-" "Mozilla/5.0 (Windows NT 10.0; Win64; x64) AppleWebKit/537.36 (KHTML, like Gecko) Chrome/121.0.0.0 Safari/537.36"
176.227.240.94 - - [03/May/2026:09:27:04 -0400] "POST /xmlrpc.php HTTP/1.1" 200 340 "-" "Mozilla/5.0 (Windows NT 10.0; Win64; x64) AppleWebKit/537.36 (KHTML, like Gecko) Chrome/121.0.0.0 Safari/537.36"
176.227.240.94 - - [03/May/2026:09:27:07 -0400] "POST /xmlrpc.php HTTP/1.1" 200 340 "-" "Mozilla/5.0 (Windows NT 10.0; Win64; x64) AppleWebKit/537.36 (KHTML, like Gecko) Chrome/121.0.0.0 Safari/537.36"
176.227.240.94 - - [03/May/2026:09:27:08 -0400] "POST /xmlrpc.php HTTP/1.1" 200 340 "-" "Mozilla/5.0 (Windows NT 10.0; Win64; x64) AppleWebKit/537.36 (KHTML, like Gecko) Chrome/121.0.0.0 Safari/537.36"
176.227.240.94 - - [03/May/2026:09:27:10 -0400] "POST /xmlrpc.php HTTP/1.1" 200 340 "-" "Mozilla/5.0 (Windows NT 10.0; Win64; x64) AppleWebKit/537.36 (KHTML, like Gecko) Chrome/121.0.0.0 Safari/537.36"
176.227.240.94 - - [03/May/2026:09:27:12 -0400] "POST /xmlrpc.php HTTP/1.1" 200 340 "-" "Mozilla/5.0 (Windows NT 10.0; Win64; x64) AppleWebKit/537.36 (KHTML, like Gecko) Chrome/121.0.0.0 Safari/537.36"
176.227.240.94 - - [03/May/2026:09:27:14 -0400] "POST /xmlrpc.php HTTP/1.1" 200 340 "-" "Mozilla/5.0 (Windows NT 10.0; Win64; x64) AppleWebKit/537.36 (KHTML, like Gecko) Chrome/121.0.0.0 Safari/537.36"
176.227.240.94 - - [03/May/2026:09:27:16 -0400] "POST /xmlrpc.php HTTP/1.1" 200 340 "-" "Mozilla/5.0 (Windows NT 10.0; Win64; x64) AppleWebKit/537.36 (KHTML, like Gecko) Chrome/121.0.0.0 Safari/537.36"
176.227.240.94 - - [03/May/2026:09:27:17 -0400] "POST /xmlrpc.php HTTP/1.1" 200 340 "-" "Mozilla/5.0 (Windows NT 10.0; Win64; x64) AppleWebKit/537.36 (KHTML, like Gecko) Chrome/121.0.0.0 Safari/537.36"
176.227.240.94 - - [03/May/2026:09:27:20 -0400] "POST /xmlrpc.php HTTP/1.1" 200 340 "-" "Mozilla/5.0 (Windows NT 10.0; Win64; x64) AppleWebKit/537.36 (KHTML, like Gecko) Chrome/121.0.0.0 Safari/537.36"
176.227.240.94 - - [03/May/2026:09:27:22 -0400] "POST /xmlrpc.php HTTP/1.1" 200 232 "-" "Mozilla/5.0 (Windows NT 10.0; Win64; x64) AppleWebKit/537.36 (KHTML, like Gecko) Chrome/121.0.0.0 Safari/537.36"
208.122.213.31 - - [03/May/2026:09:44:31 -0400] "POST /wp-cron.php?doing_wp_cron=1777815871.0962100028991699218750 HTTP/1.1" 200 - "-" "WordPress/6.2.6; https://store.terrorxxx.com"
