194.233.87.198 - - [01/May/2026:06:35:11 -0400] "GET /wp-login.php HTTP/2.0" 200 1919 "-" "Mozilla/5.0 (Windows NT 6.1) AppleWebKit/537.36 (KHTML, like Gecko) Chrome/65.0.3325.181 Safari/537.36 OPR/52.0.2871.64"
194.233.87.198 - - [01/May/2026:06:35:12 -0400] "POST /wp-login.php HTTP/2.0" 200 2049 "https://store.terrorxxx.com/wp-login.php" "Mozilla/5.0 (Windows NT 6.1) AppleWebKit/537.36 (KHTML, like Gecko) Chrome/65.0.3325.181 Safari/537.36 OPR/52.0.2871.64"
208.122.213.31 - - [01/May/2026:06:37:02 -0400] "POST /wp-cron.php?doing_wp_cron=1777631822.7001938819885253906250 HTTP/1.1" 200 - "-" "WordPress/6.2.6; https://store.terrorxxx.com"
208.109.241.218 - - [01/May/2026:06:37:02 -0400] "GET / HTTP/1.1" 200 7342 "-" "Mozilla/5.0 (Macintosh; Intel Mac OS X 14_6_1) AppleWebKit/605.1.15 (KHTML, like Gecko) Version/17.5 Safari/605.1.15"
208.122.213.31 - - [01/May/2026:06:45:01 -0400] "POST /wp-cron.php?doing_wp_cron=1777632301.6377229690551757812500 HTTP/1.1" 200 - "-" "WordPress/6.2.6; https://store.terrorxxx.com"
216.73.216.78 - - [01/May/2026:06:45:01 -0400] "GET /wp-sitemap.xml HTTP/2.0" 200 740 "-" "Mozilla/5.0 AppleWebKit/537.36 (KHTML, like Gecko; compatible; ClaudeBot/1.0; +claudebot@anthropic.com)"
208.122.213.31 - - [01/May/2026:06:54:32 -0400] "POST /wp-cron.php?doing_wp_cron=1777632872.0315809249877929687500 HTTP/1.1" 200 - "-" "WordPress/6.2.6; https://store.terrorxxx.com"
208.109.241.218 - - [01/May/2026:06:54:31 -0400] "GET /account/signup/ HTTP/1.1" 404 26379 "-" "Mozilla/5.0 (Macintosh; Intel Mac OS X 10_15_5) AppleWebKit/605.1.15 (KHTML, like Gecko) Version/13.1.1 Safari/605.1.15"
208.109.241.218 - - [01/May/2026:06:54:45 -0400] "GET /account/ HTTP/1.1" 404 26379 "-" "Mozilla/5.0 (Macintosh; Intel Mac OS X 10_15_7) AppleWebKit/537.36 (KHTML, like Gecko) Version/15.5 Safari/537.36"
208.122.213.31 - - [01/May/2026:06:57:23 -0400] "POST /wp-cron.php?doing_wp_cron=1777633043.7342510223388671875000 HTTP/1.1" 200 - "-" "WordPress/6.2.6; https://store.terrorxxx.com"
208.109.241.218 - - [01/May/2026:06:57:23 -0400] "GET /courses/ HTTP/1.1" 404 26379 "-" "Mozilla/5.0 (Kubuntu; Linux i686) AppleWebKit/537.36 (KHTML, like Gecko) Chrome/133.0.0.0 Safari/537.36"
208.122.213.31 - - [01/May/2026:06:58:37 -0400] "POST /wp-cron.php?doing_wp_cron=1777633117.7430810928344726562500 HTTP/1.1" 200 - "-" "WordPress/6.2.6; https://store.terrorxxx.com"
208.109.241.218 - - [01/May/2026:06:58:37 -0400] "GET /account/?user=1&tab=groups&group-name=p%27+or+%27%%27=%27%%27+union+all+select+1,2,3,4,5,6,7,8,9,10,11,concat(%22Database:%22,md5(999999999),0x7c,%20%22Version:%22,version()),13--+- HTTP/1.1" 404 26379 "-" "Mozilla/5.0 (Windows; U; Windows NT 6.1; en-US) AppleWebKit/533.19.4 (KHTML, like Gecko) Version/5.0.2 Safari/533.18.5"
209.141.37.194 - - [01/May/2026:06:58:55 -0400] "GET /wp-login.php HTTP/1.1" 200 6068 "-" "Mozilla/5.0 (Windows NT 10.0; Win64; x64; rv:121.0) Gecko/20100101 Firefox/121.0"
208.122.213.31 - - [01/May/2026:07:01:02 -0400] "POST /wp-cron.php?doing_wp_cron=1777633262.1982319355010986328125 HTTP/1.1" 200 - "-" "WordPress/6.2.6; https://store.terrorxxx.com"
209.141.37.194 - - [01/May/2026:07:01:02 -0400] "POST /wp-login.php HTTP/1.1" 200 6483 "-" "Mozilla/5.0 (Windows NT 10.0; Win64; x64; rv:121.0) Gecko/20100101 Firefox/121.0"
208.122.213.31 - - [01/May/2026:07:06:06 -0400] "POST /wp-cron.php?doing_wp_cron=1777633566.9054529666900634765625 HTTP/1.1" 200 - "-" "WordPress/6.2.6; https://store.terrorxxx.com"
208.109.241.218 - - [01/May/2026:07:06:06 -0400] "GET /?wpapp_shortcode=\"%3E%3Cscript%3Ealert(document.domain)%3C/script%3E&wpappninja_simul4=1 HTTP/1.1" 200 7401 "-" "Mozilla/5.0 (Macintosh; Intel Mac OS X 10_15_7) AppleWebKit/605.1.15 (KHTML, like Gecko) Version/14.1 Safari/605.1.15"
208.122.213.31 - - [01/May/2026:07:23:15 -0400] "POST /wp-cron.php?doing_wp_cron=1777634595.5344669818878173828125 HTTP/1.1" 200 - "-" "WordPress/6.2.6; https://store.terrorxxx.com"
128.241.254.194 - - [01/May/2026:07:23:15 -0400] "GET /wp-content/plugins/google-mp3-audio-player/direct_download.php?file=../../wp-config.php HTTP/1.1" 404 26379 "-" "Mozilla/5.0 (Macintosh; Intel Mac OS X 10_15_7) AppleWebKit/605.1.15 (KHTML, like Gecko) Version/17.3 Safari/605.1.15"
128.241.254.194 - - [01/May/2026:07:23:15 -0400] "GET /wp-content/plugins/wp-autosuggest/autosuggest.php?wpas_action=query&wpas_keys=1%27%29%2F%2A%2A%2FAND%2F%2A%2A%2F%28SELECT%2F%2A%2A%2F5202%2F%2A%2A%2FFROM%2F%2A%2A%2F%28SELECT%28SLEEP%286%29%29%29yRVR%29%2F%2A%2A%2FAND%2F%2A%2A%2F%28%27dwQZ%27%2F%2A%2A%2FLIKE%2F%2A%2A%2F%27dwQZ HTTP/1.1" 404 26379 "-" "Mozilla/5.0 (Macintosh; Intel Mac OS X 10_11_6) AppleWebKit/605.1.15 (KHTML, like Gecko) Version/11.1.2 Safari/605.1.15"
208.122.213.31 - - [01/May/2026:07:27:20 -0400] "POST /wp-cron.php?doing_wp_cron=1777634840.7775681018829345703125 HTTP/1.1" 200 - "-" "WordPress/6.2.6; https://store.terrorxxx.com"
208.109.241.218 - - [01/May/2026:07:27:20 -0400] "GET /?p=1 HTTP/1.1" 404 26379 "-" "Mozilla/5.0 (X11; Linux x86_64; rv:1.9.5.20) Gecko/ Firefox/3.6.12"
208.122.213.31 - - [01/May/2026:07:39:46 -0400] "POST /wp-cron.php?doing_wp_cron=1777635586.5758988857269287109375 HTTP/1.1" 200 - "-" "WordPress/6.2.6; https://store.terrorxxx.com"
167.172.79.172 - - [01/May/2026:07:39:46 -0400] "GET /wp-login.php HTTP/2.0" 200 1919 "-" "Mozilla/5.0 (IE 11.0; Windows NT 6.3; Trident/7.0; .NET4.0E; .NET4.0C; rv:11.0) like Gecko"
208.122.213.31 - - [01/May/2026:07:39:46 -0400] "GET / HTTP/1.1" 200 7342 "-" "WordPress/6.2.6; https://store.terrorxxx.com"
167.172.79.172 - - [01/May/2026:07:39:46 -0400] "POST /wp-login.php HTTP/2.0" 200 2049 "https://store.terrorxxx.com/wp-login.php" "Mozilla/5.0 (IE 11.0; Windows NT 6.3; Trident/7.0; .NET4.0E; .NET4.0C; rv:11.0) like Gecko"
139.59.242.14 - - [01/May/2026:07:39:51 -0400] "POST /xmlrpc.php HTTP/2.0" 200 225 "-" "Mozilla/5.0 (Macintosh; Intel Mac OS X 10_11_6) AppleWebKit/537.36 (KHTML, like Gecko) Chrome/65.0.3325.181 Safari/537.36"
208.122.213.31 - - [01/May/2026:07:41:16 -0400] "POST /wp-cron.php?doing_wp_cron=1777635676.8110010623931884765625 HTTP/1.1" 200 - "-" "WordPress/6.2.6; https://store.terrorxxx.com"
208.109.241.218 - - [01/May/2026:07:41:16 -0400] "GET / HTTP/1.1" 200 7341 "-" "Mozilla/5.0 (Windows NT 10.0; Win64; x64) AppleWebKit/537.36 (KHTML, like Gecko) Chrome/58.0.3029.110 Safari/537.3"
208.122.213.31 - - [01/May/2026:07:41:24 -0400] "POST /wp-cron.php?doing_wp_cron=1777635684.2348949909210205078125 HTTP/1.1" 200 - "-" "WordPress/6.2.6; https://store.terrorxxx.com"
185.180.141.4 - - [01/May/2026:07:41:24 -0400] "GET / HTTP/1.1" 200 7341 "-" "Mozilla/5.0 AppleWebKit/537.36 (KHTML, like Gecko) Chrome/123.0.6312.86 Safari/537.36"
185.180.141.2 - - [01/May/2026:07:41:33 -0400] "POST /mcp HTTP/2.0" 404 26379 "-" "python-httpx/0.28.1"
185.180.141.2 - - [01/May/2026:07:41:33 -0400] "GET /sse HTTP/2.0" 404 26379 "-" "python-httpx/0.28.1"
185.180.141.5 - - [01/May/2026:07:41:34 -0400] "GET /favicon.ico HTTP/1.1" 302 - "-" "Mozilla/5.0 AppleWebKit/537.36 (KHTML, like Gecko) Chrome/123.0.6312.86 Safari/537.36"
185.180.141.5 - - [01/May/2026:07:41:34 -0400] "GET /wp-includes/images/w-logo-blue-white-bg.png HTTP/1.1" 200 4119 "https://store.terrorxxx.com/favicon.ico" "Mozilla/5.0 AppleWebKit/537.36 (KHTML, like Gecko) Chrome/123.0.6312.86 Safari/537.36"
185.213.174.82 - - [01/May/2026:07:45:09 -0400] "GET /.git/HEAD HTTP/1.1" 403 199 "-" "Mozilla/5.0 (Macintosh; Intel Mac OS X 10_15_7) AppleWebKit/537.36"
185.213.174.82 - - [01/May/2026:07:45:09 -0400] "GET /.git/config HTTP/1.1" 403 199 "-" "Mozilla/5.0 (Macintosh; Intel Mac OS X 10_15_7) AppleWebKit/537.36"
208.122.213.31 - - [01/May/2026:07:45:09 -0400] "POST /wp-cron.php?doing_wp_cron=1777635909.7931869029998779296875 HTTP/1.1" 200 - "-" "WordPress/6.2.6; https://store.terrorxxx.com"
185.213.174.82 - - [01/May/2026:07:45:09 -0400] "GET / HTTP/1.1" 200 7342 "-" "Mozilla/5.0 (Macintosh; Intel Mac OS X 10_15_7) AppleWebKit/537.36"
185.213.174.82 - - [01/May/2026:07:45:10 -0400] "GET /wp-content/themes/tyche/assets/vendors/menu/menu.min.js?ver=6.2.6 HTTP/1.1" 200 435 "-" "Mozilla/5.0 (Macintosh; Intel Mac OS X 10_15_7) AppleWebKit/537.36"
185.213.174.82 - - [01/May/2026:07:45:10 -0400] "GET /wp-includes/js/jquery/jquery-migrate.min.js?ver=3.4.0 HTTP/1.1" 200 4795 "-" "Mozilla/5.0 (Macintosh; Intel Mac OS X 10_15_7) AppleWebKit/537.36"
185.213.174.82 - - [01/May/2026:07:45:10 -0400] "GET /wp-includes/js/jquery/jquery.min.js?ver=3.6.4 HTTP/1.1" 200 31049 "-" "Mozilla/5.0 (Macintosh; Intel Mac OS X 10_15_7) AppleWebKit/537.36"
185.213.174.82 - - [01/May/2026:07:45:10 -0400] "GET /wp-content/plugins/wp-google-maps/wpgmza_data.js?ver=6.2.6 HTTP/1.1" 200 100 "-" "Mozilla/5.0 (Macintosh; Intel Mac OS X 10_15_7) AppleWebKit/537.36"
185.213.174.82 - - [01/May/2026:07:45:10 -0400] "GET /wp-content/themes/tyche/assets/vendors/owl-carousel/owl.carousel.min.js?ver=1.3.3 HTTP/1.1" 200 10971 "-" "Mozilla/5.0 (Macintosh; Intel Mac OS X 10_15_7) AppleWebKit/537.36"
185.213.174.82 - - [01/May/2026:07:45:10 -0400] "GET /wp-content/themes/tyche/assets/vendors/jquery-zoom/jquery.zoom.min.js?ver=1.3.3 HTTP/1.1" 200 1171 "-" "Mozilla/5.0 (Macintosh; Intel Mac OS X 10_15_7) AppleWebKit/537.36"
185.213.174.82 - - [01/May/2026:07:45:10 -0400] "GET /wp-content/themes/tyche/assets/js/functions.js?ver=6.2.6 HTTP/1.1" 200 2057 "-" "Mozilla/5.0 (Macintosh; Intel Mac OS X 10_15_7) AppleWebKit/537.36"
185.213.174.82 - - [01/May/2026:07:45:10 -0400] "GET /wp-content/plugins/contact-form-7/includes/js/scripts.js?ver=5.1.6 HTTP/1.1" 200 3993 "-" "Mozilla/5.0 (Macintosh; Intel Mac OS X 10_15_7) AppleWebKit/537.36"
185.213.174.82 - - [01/May/2026:07:45:10 -0400] "GET /wp-content/themes/tyche/assets/js/skip-link-focus-fix.js?ver=6.2.6 HTTP/1.1" 200 464 "-" "Mozilla/5.0 (Macintosh; Intel Mac OS X 10_15_7) AppleWebKit/537.36"
185.213.174.82 - - [01/May/2026:07:45:10 -0400] "GET /wp-content/plugins/woocommerce/assets/js/frontend/add-to-cart.min.js?ver=3.8.3 HTTP/1.1" 200 1017 "-" "Mozilla/5.0 (Macintosh; Intel Mac OS X 10_15_7) AppleWebKit/537.36"
185.213.174.82 - - [01/May/2026:07:45:10 -0400] "GET /wp-content/plugins/woocommerce/assets/js/js-cookie/js.cookie.min.js?ver=2.1.4 HTTP/1.1" 200 981 "-" "Mozilla/5.0 (Macintosh; Intel Mac OS X 10_15_7) AppleWebKit/537.36"
185.213.174.82 - - [01/May/2026:07:45:10 -0400] "GET /wp-content/plugins/woocommerce/assets/js/frontend/woocommerce.min.js?ver=3.8.3 HTTP/1.1" 200 619 "-" "Mozilla/5.0 (Macintosh; Intel Mac OS X 10_15_7) AppleWebKit/537.36"
185.213.174.82 - - [01/May/2026:07:45:10 -0400] "GET /wp-content/plugins/woocommerce/assets/js/frontend/cart-fragments.min.js?ver=3.8.3 HTTP/1.1" 200 1042 "-" "Mozilla/5.0 (Macintosh; Intel Mac OS X 10_15_7) AppleWebKit/537.36"
185.213.174.82 - - [01/May/2026:07:45:10 -0400] "GET /wp-content/plugins/woocommerce/assets/js/jquery-blockui/jquery.blockUI.min.js?ver=2.70 HTTP/1.1" 200 3533 "-" "Mozilla/5.0 (Macintosh; Intel Mac OS X 10_15_7) AppleWebKit/537.36"
185.213.174.82 - - [01/May/2026:07:45:10 -0400] "GET /wp-content/plugins/woocommerce/assets/js/selectWoo/selectWoo.full.min.js?ver=1.0.6 HTTP/1.1" 200 21611 "-" "Mozilla/5.0 (Macintosh; Intel Mac OS X 10_15_7) AppleWebKit/537.36"
208.122.213.31 - - [01/May/2026:07:51:29 -0400] "POST /wp-cron.php?doing_wp_cron=1777636289.7514190673828125000000 HTTP/1.1" 200 - "-" "WordPress/6.2.6; https://store.terrorxxx.com"
91.227.37.60 - - [01/May/2026:07:51:29 -0400] "GET /wp-login.php HTTP/2.0" 200 1919 "-" "Mozilla/5.0 (Windows NT 6.2; Win64; x64; Trident/7.0; rv:11.0) like Gecko"
91.227.37.60 - - [01/May/2026:07:51:29 -0400] "POST /wp-login.php HTTP/2.0" 200 2049 "https://store.terrorxxx.com/wp-login.php" "Mozilla/5.0 (Windows NT 6.2; Win64; x64; Trident/7.0; rv:11.0) like Gecko"
86.125.136.144 - - [01/May/2026:07:51:47 -0400] "POST /xmlrpc.php HTTP/2.0" 200 225 "-" "Mozilla/5.0 (Macintosh; Intel Mac OS X 10_12_1) AppleWebKit/602.2.14 (KHTML, like Gecko) Version/10.0.1 Safari/602.2.14"
208.122.213.31 - - [01/May/2026:08:01:34 -0400] "POST /wp-cron.php?doing_wp_cron=1777636894.2674300670623779296875 HTTP/1.1" 200 - "-" "WordPress/6.2.6; https://store.terrorxxx.com"
216.73.216.78 - - [01/May/2026:08:01:34 -0400] "GET /robots.txt HTTP/2.0" 200 115 "-" "Mozilla/5.0 AppleWebKit/537.36 (KHTML, like Gecko; compatible; ClaudeBot/1.0; +claudebot@anthropic.com)"
216.73.216.78 - - [01/May/2026:08:01:34 -0400] "GET /wp-sitemap.xml HTTP/2.0" 200 740 "-" "Mozilla/5.0 AppleWebKit/537.36 (KHTML, like Gecko; compatible; ClaudeBot/1.0; +claudebot@anthropic.com)"
208.122.213.31 - - [01/May/2026:08:02:28 -0400] "POST /wp-cron.php?doing_wp_cron=1777636948.7731060981750488281250 HTTP/1.1" 200 - "-" "WordPress/6.2.6; https://store.terrorxxx.com"
95.217.64.115 - - [01/May/2026:08:02:28 -0400] "GET /wp-login.php HTTP/2.0" 200 1919 "-" "Mozilla/5.0 (Windows NT 6.1; Trident/7.0; yie11; rv:11.0) like Gecko"
95.217.64.115 - - [01/May/2026:08:02:28 -0400] "POST /wp-login.php HTTP/2.0" 200 2050 "https://store.terrorxxx.com/wp-login.php" "Mozilla/5.0 (Windows NT 6.1; Trident/7.0; yie11; rv:11.0) like Gecko"
185.177.116.6 - - [01/May/2026:08:02:39 -0400] "POST /xmlrpc.php HTTP/2.0" 200 225 "-" "Mozilla/5.0 (Windows NT 6.3; WOW64; Trident/7.0; Touch; rv:11.0) like Gecko"
208.122.213.31 - - [01/May/2026:08:05:58 -0400] "POST /wp-cron.php?doing_wp_cron=1777637158.4126830101013183593750 HTTP/1.1" 200 - "-" "WordPress/6.2.6; https://store.terrorxxx.com"
128.241.254.194 - - [01/May/2026:08:05:58 -0400] "POST /wp-content/plugins/ait-csv-import-export/admin/upload-handler.php HTTP/1.1" 404 26379 "-" "Mozilla/5.0 (Macintosh; Intel Mac OS X 10_15_7) AppleWebKit/605.1.15 (KHTML, like Gecko) Version/17.1.2 Safari/605.1.15"
128.241.254.194 - - [01/May/2026:08:05:58 -0400] "GET /wp-content/uploads/3CsfubIvMvPeJ6gLv7V4Ygn6Ips.php HTTP/1.1" 403 199 "-" "Mozilla/5.0 (CentOS; Linux i686) AppleWebKit/537.36 (KHTML, like Gecko) Chrome/132.0.0.0 Safari/537.36"
208.122.213.31 - - [01/May/2026:08:16:11 -0400] "POST /wp-cron.php?doing_wp_cron=1777637771.9629030227661132812500 HTTP/1.1" 200 - "-" "WordPress/6.2.6; https://store.terrorxxx.com"
141.11.2.47 - - [01/May/2026:08:16:11 -0400] "GET / HTTP/1.1" 200 7349 "-" "Mozilla/5.0 (Macintosh; Intel Mac OS X 10_15_7) AppleWebKit/537.36 (KHTML, like Gecko) Chrome/131.0.0.0 Safari/537.36"
141.11.2.47 - - [01/May/2026:08:16:12 -0400] "GET / HTTP/1.1" 200 7349 "-" "Mozilla/5.0 (Linux; Android 10; K) AppleWebKit/537.36 (KHTML, like Gecko) Chrome/131.0.0.0 Mobile Safari/537.36"
141.11.2.47 - - [01/May/2026:08:16:13 -0400] "GET / HTTP/1.1" 200 7349 "-" "Mozilla/5.0 (Windows NT 10.0; Win64; x64) AppleWebKit/537.36 (KHTML, like Gecko) Chrome/101.0.4951.64 Safari/537.36 Edg/101.0.1210.47"
141.11.2.47 - - [01/May/2026:08:16:14 -0400] "GET /wp-content/plugins/ninja-forms-uploads/readme.txt HTTP/1.1" 404 26349 "-" "Mozilla/5.0 (Windows NT 10.0; Win64; x64) AppleWebKit/537.36 (KHTML, like Gecko) Chrome/107.0.0.0 Safari/537.36"
141.11.2.47 - - [01/May/2026:08:16:15 -0400] "GET /wp-content/plugins/advanced-custom-post-type/changelog.md HTTP/1.1" 404 26349 "-" "Mozilla/5.0 (Macintosh; Intel Mac OS X 10_15_7) AppleWebKit/537.36 (KHTML, like Gecko) Chrome/133.0.0.0 Safari/537.36"
141.11.2.47 - - [01/May/2026:08:16:16 -0400] "GET /wp-content/plugins/payment-gateway-pix-for-woocommerce/README.txt HTTP/1.1" 404 26349 "-" "Mozilla/5.0 (Macintosh; Intel Mac OS X 10_15_7) AppleWebKit/605.1.15 (KHTML, like Gecko) Version/18.0 Safari/605.1.15"
141.11.2.47 - - [01/May/2026:08:16:17 -0400] "GET / HTTP/1.1" 200 7349 "-" "Mozilla/5.0 (iPhone; CPU iPhone OS 17_2 like Mac OS X) AppleWebKit/605.1.15 (KHTML, like Gecko) Version/17.2 Mobile/15E148 Safari/604.1"
141.11.2.47 - - [01/May/2026:08:16:18 -0400] "GET /wp-content/plugins/datalogics/README.txt HTTP/1.1" 404 26349 "-" "Mozilla/5.0 (Windows NT 10.0; Win64; x64) AppleWebKit/537.36 (KHTML, like Gecko) Chrome/107.0.0.0 Safari/537.36"
141.11.2.47 - - [01/May/2026:08:16:19 -0400] "GET / HTTP/1.1" 200 7350 "-" "Mozilla/5.0 (Macintosh; Intel Mac OS X 10_15_7) AppleWebKit/605.1.15 (KHTML, like Gecko) Version/18.0 Safari/605.1.15"
141.11.2.47 - - [01/May/2026:08:16:19 -0400] "GET /wp-content/wp-content/themes/truelysell/style.css HTTP/1.1" 404 26349 "-" "Mozilla/5.0 (Windows NT 10.0; Win64; x64) AppleWebKit/537.36 (KHTML, like Gecko) Chrome/107.0.0.0 Safari/537.36"
141.11.2.47 - - [01/May/2026:08:16:20 -0400] "GET /wp-content/plugins/woocommerce-wholesale-lead-capture/css/WWLCCustomFieldsControl.css HTTP/1.1" 404 26349 "-" "Mozilla/5.0 (Macintosh; Intel Mac OS X 10_15_7) AppleWebKit/537.36 (KHTML, like Gecko) Chrome/131.0.0.0 Safari/537.36"
141.11.2.47 - - [01/May/2026:08:16:21 -0400] "GET /wp-content/plugins/wedesigntech-ultimate-booking-addon/changelog.txt HTTP/1.1" 404 26349 "-" "Mozilla/5.0 (Linux; Android 12; Pixel 6) AppleWebKit/537.36 (KHTML, like Gecko) Chrome/99.0.4844.58 Mobile Safari/537.36"
141.11.2.47 - - [01/May/2026:08:16:22 -0400] "GET /wp-content/plugins/s2member/readme.txt HTTP/1.1" 404 26349 "-" "Mozilla/5.0 (Linux; Android 10; K) AppleWebKit/537.36 (KHTML, like Gecko) Chrome/131.0.0.0 Mobile Safari/537.36"
141.11.2.47 - - [01/May/2026:08:16:23 -0400] "GET /wp-content/plugins/kalrav-ai-agent/readme.txt HTTP/1.1" 404 26349 "-" "Mozilla/5.0 (Windows NT 10.0; Win64; x64) AppleWebKit/537.36 (KHTML, like Gecko) Chrome/107.0.0.0 Safari/537.36"
208.122.213.31 - - [01/May/2026:08:16:24 -0400] "POST /wp-cron.php?doing_wp_cron=1777637784.6923069953918457031250 HTTP/1.1" 200 - "-" "WordPress/6.2.6; https://store.terrorxxx.com"
141.11.2.47 - - [01/May/2026:08:16:24 -0400] "GET /wp-content/plugins/wpvivid-backuprestore/readme.txt HTTP/1.1" 404 26349 "-" "Mozilla/5.0 (iPhone; CPU iPhone OS 17_2 like Mac OS X) AppleWebKit/605.1.15 (KHTML, like Gecko) Version/17.2 Mobile/15E148 Safari/604.1"
141.11.2.47 - - [01/May/2026:08:16:25 -0400] "GET /wp-content/plugins/cimy-user-extra-fields/readme.txt HTTP/1.1" 404 26349 "-" "Mozilla/5.0 (Linux; Android 10; K) AppleWebKit/537.36 (KHTML, like Gecko) Chrome/131.0.0.0 Mobile Safari/537.36"
141.11.2.47 - - [01/May/2026:08:16:26 -0400] "GET /wp-content/plugins/profile-builder/readme.txt HTTP/1.1" 404 26349 "-" "Mozilla/5.0 (Macintosh; Intel Mac OS X 10_15_7) AppleWebKit/537.36 (KHTML, like Gecko) Chrome/131.0.0.0 Safari/537.36"
141.11.2.47 - - [01/May/2026:08:16:27 -0400] "GET /wp-content/plugins/lastudio-element-kit/readme.txt HTTP/1.1" 404 26349 "-" "Mozilla/5.0 (iPhone; CPU iPhone OS 18_0 like Mac OS X) AppleWebKit/605.1.15 (KHTML, like Gecko) Version/18.0 Mobile/15E148 Safari/604.1"
141.11.2.47 - - [01/May/2026:08:16:28 -0400] "GET /wp-content/plugins/login-customizer/readme.txt HTTP/1.1" 404 26349 "-" "Mozilla/5.0 (Macintosh; Intel Mac OS X 10_15_7) AppleWebKit/605.1.15 (KHTML, like Gecko) Version/18.0 Safari/605.1.15"
141.11.2.47 - - [01/May/2026:08:16:29 -0400] "GET /wp-content/plugins/academy/readme.txt HTTP/1.1" 404 26349 "-" "Mozilla/5.0 (Windows NT 10.0; Win64; x64) AppleWebKit/537.36 (KHTML, like Gecko) Chrome/104.0.0.0 Safari/537.36"
141.11.2.47 - - [01/May/2026:08:16:30 -0400] "GET /wp-content/plugins/directorist-social-login/assets/public/css/main.css HTTP/1.1" 404 26349 "-" "Mozilla/5.0 (Macintosh; Intel Mac OS X 10_15_7) AppleWebKit/537.36 (KHTML, like Gecko) Chrome/124.0.0.0 Safari/537.36"
141.11.2.47 - - [01/May/2026:08:16:31 -0400] "GET /wp-content/plugins/acf-frontend-form-element/readme.txt HTTP/1.1" 404 26349 "-" "Mozilla/5.0 (Macintosh; Intel Mac OS X 10_15_7) AppleWebKit/537.36 (KHTML, like Gecko) Chrome/131.0.0.0 Safari/537.36"
141.11.2.47 - - [01/May/2026:08:16:31 -0400] "GET /wp-content/themes/workreap/style.css HTTP/1.1" 404 26349 "-" "Mozilla/5.0 (Macintosh; Intel Mac OS X 10_15_7) AppleWebKit/605.1.15 (KHTML, like Gecko) Version/18.0 Safari/605.1.15"
141.11.2.47 - - [01/May/2026:08:16:32 -0400] "GET /wp-content/themes/energia/style.css HTTP/1.1" 404 26349 "-" "Mozilla/5.0 (iPhone; CPU iPhone OS 18_0 like Mac OS X) AppleWebKit/605.1.15 (KHTML, like Gecko) Version/18.0 Mobile/15E148 Safari/604.1"
141.11.2.47 - - [01/May/2026:08:16:33 -0400] "GET /wp-content/plugins/modular-connector/readme.txt HTTP/1.1" 404 26349 "-" "Mozilla/5.0 (Macintosh; Intel Mac OS X 10_15_7) AppleWebKit/537.36 (KHTML, like Gecko) Chrome/133.0.0.0 Safari/537.36"
141.11.2.47 - - [01/May/2026:08:16:34 -0400] "GET /wp-content/plugins/branda-white-labeling/readme.txt HTTP/1.1" 404 26349 "-" "Mozilla/5.0 (Windows NT 10.0; Win64; x64) AppleWebKit/537.36 (KHTML, like Gecko) Chrome/104.0.0.0 Safari/537.36"
141.11.2.47 - - [01/May/2026:08:16:35 -0400] "GET / HTTP/1.1" 200 7349 "-" "Mozilla/5.0 (iPhone; CPU iPhone OS 17_2 like Mac OS X) AppleWebKit/605.1.15 (KHTML, like Gecko) Version/17.2 Mobile/15E148 Safari/604.1"
141.11.2.47 - - [01/May/2026:08:16:36 -0400] "GET /wp-content/themes/doccure/style.css HTTP/1.1" 404 26349 "-" "Mozilla/5.0 (Windows NT 10.0; Win64; x64) AppleWebKit/537.36 (KHTML, like Gecko) Chrome/101.0.4951.64 Safari/537.36 Edg/101.0.1210.47"
208.109.241.218 - - [01/May/2026:08:16:37 -0400] "GET /wp-content/plugins/LayerSlider/assets/static/public/front.css HTTP/1.1" 404 26379 "-" "Mozilla/5.0 (Macintosh; U; Intel Mac OS X 10_6_7; en-us) AppleWebKit/534.16+ (KHTML, like Gecko) Version/5.0.3 Safari/533.19.4"
141.11.2.47 - - [01/May/2026:08:16:37 -0400] "GET /wp-content/plugins/fox-lms/README.txt HTTP/1.1" 404 26349 "-" "Mozilla/5.0 (Windows NT 10.0; Win64; x64) AppleWebKit/537.36 (KHTML, like Gecko) Chrome/104.0.0.0 Safari/537.36"
141.11.2.47 - - [01/May/2026:08:16:38 -0400] "GET /wp-content/plugins/flex-qr-code-generator/readme.txt HTTP/1.1" 404 26349 "-" "Mozilla/5.0 (Macintosh; Intel Mac OS X 10_15_7) AppleWebKit/537.36 (KHTML, like Gecko) Chrome/133.0.0.0 Safari/537.36"
141.11.2.47 - - [01/May/2026:08:16:39 -0400] "GET /wp-content/plugins/wpdirectorykit/README.txt HTTP/1.1" 404 26349 "-" "Mozilla/5.0 (Macintosh; Intel Mac OS X 10_15_7) AppleWebKit/537.36 (KHTML, like Gecko) Chrome/131.0.0.0 Safari/537.36"
141.11.2.47 - - [01/May/2026:08:16:40 -0400] "GET /wp-content/plugins/user-verification/readme.md HTTP/1.1" 404 26349 "-" "Mozilla/5.0 (Macintosh; Intel Mac OS X 10_15_7) AppleWebKit/537.36 (KHTML, like Gecko) Chrome/124.0.0.0 Safari/537.36"
141.11.2.47 - - [01/May/2026:08:16:41 -0400] "GET /wp-content/plugins/acf-extended/readme.txt HTTP/1.1" 404 26349 "-" "Mozilla/5.0 (iPhone; CPU iPhone OS 18_0 like Mac OS X) AppleWebKit/605.1.15 (KHTML, like Gecko) Version/18.0 Mobile/15E148 Safari/604.1"
141.11.2.47 - - [01/May/2026:08:16:42 -0400] "GET /wp-content/plugins/sneeit-framework/readme.txt HTTP/1.1" 404 26349 "-" "Mozilla/5.0 (iPhone; CPU iPhone OS 17_2 like Mac OS X) AppleWebKit/605.1.15 (KHTML, like Gecko) Version/17.2 Mobile/15E148 Safari/604.1"
141.11.2.47 - - [01/May/2026:08:16:42 -0400] "GET /wp-content/plugins/waveplayer/readme.txt HTTP/1.1" 404 26349 "-" "Mozilla/5.0 (Macintosh; Intel Mac OS X 10_15_7) AppleWebKit/537.36 (KHTML, like Gecko) Chrome/133.0.0.0 Safari/537.36"
141.11.2.47 - - [01/May/2026:08:16:43 -0400] "GET /wp-content/plugins/ecab-taxi-booking-manager/readme.txt HTTP/1.1" 404 26349 "-" "Mozilla/5.0 (Windows NT 10.0; Win64; x64) AppleWebKit/537.36 (KHTML, like Gecko) Chrome/104.0.0.0 Safari/537.36"
141.11.2.47 - - [01/May/2026:08:16:44 -0400] "GET /wp-content/plugins/cpi-wp-migration/readme.txt HTTP/1.1" 404 26349 "-" "Mozilla/5.0 (Macintosh; Intel Mac OS X 10_15_7) AppleWebKit/537.36 (KHTML, like Gecko) Chrome/124.0.0.0 Safari/537.36"
141.11.2.47 - - [01/May/2026:08:16:45 -0400] "GET /wp-content/plugins/king-addons/readme.txt HTTP/1.1" 404 26349 "-" "Mozilla/5.0 (iPhone; CPU iPhone OS 17_2 like Mac OS X) AppleWebKit/605.1.15 (KHTML, like Gecko) Version/17.2 Mobile/15E148 Safari/604.1"
141.11.2.47 - - [01/May/2026:08:16:46 -0400] "GET /wp-content/plugins/ai-engine/readme.txt HTTP/1.1" 404 26349 "-" "Mozilla/5.0 (Windows NT 10.0; Win64; x64) AppleWebKit/537.36 (KHTML, like Gecko) Chrome/104.0.0.0 Safari/537.36"
141.11.2.47 - - [01/May/2026:08:16:47 -0400] "GET /wp-content/plugins/post-smtp/readme.txt HTTP/1.1" 404 26349 "-" "Mozilla/5.0 (Linux; Android 10; K) AppleWebKit/537.36 (KHTML, like Gecko) Chrome/131.0.0.0 Mobile Safari/537.36"
141.11.2.47 - - [01/May/2026:08:16:48 -0400] "GET /wp-content/plugins/wc-designer-pro/changelog.txt HTTP/1.1" 404 26349 "-" "Mozilla/5.0 (Macintosh; Intel Mac OS X 10_15_7) AppleWebKit/605.1.15 (KHTML, like Gecko) Version/18.0 Safari/605.1.15"
141.11.2.47 - - [01/May/2026:08:16:49 -0400] "GET /wp-content/themes/miraculous/style.css HTTP/1.1" 404 26349 "-" "Mozilla/5.0 (Linux; Android 12; Pixel 6) AppleWebKit/537.36 (KHTML, like Gecko) Chrome/99.0.4844.58 Mobile Safari/537.36"
141.11.2.47 - - [01/May/2026:08:16:50 -0400] "GET /wp-content/plugins/uni-woo-custom-product-options-premium/readme.txt HTTP/1.1" 404 26349 "-" "Mozilla/5.0 (Windows NT 10.0; Win64; x64) AppleWebKit/537.36 (KHTML, like Gecko) Chrome/107.0.0.0 Safari/537.36"
141.11.2.47 - - [01/May/2026:08:16:51 -0400] "GET /wp-content/plugins/podlove-podcasting-plugin-for-wordpress/readme.txt HTTP/1.1" 404 26349 "-" "Mozilla/5.0 (Macintosh; Intel Mac OS X 10_15_7) AppleWebKit/605.1.15 (KHTML, like Gecko) Version/18.0 Safari/605.1.15"
141.11.2.47 - - [01/May/2026:08:16:52 -0400] "GET /wp-content/plugins/WooCommerce-Multi-Locations-Inventory-Management/readme.txt HTTP/1.1" 404 26349 "-" "Mozilla/5.0 (Windows NT 10.0; Win64; x64) AppleWebKit/537.36 (KHTML, like Gecko) Chrome/101.0.4951.64 Safari/537.36 Edg/101.0.1210.47"
141.11.2.47 - - [01/May/2026:08:16:53 -0400] "GET /wp-content/plugins/wp-event-solution/readme.txt HTTP/1.1" 404 26349 "-" "Mozilla/5.0 (Macintosh; Intel Mac OS X 10_15_7) AppleWebKit/537.36 (KHTML, like Gecko) Chrome/133.0.0.0 Safari/537.36"
141.11.2.47 - - [01/May/2026:08:16:54 -0400] "GET /wp-content/themes/freeio/style.css HTTP/1.1" 404 26349 "-" "Mozilla/5.0 (Macintosh; Intel Mac OS X 10_15_7) AppleWebKit/605.1.15 (KHTML, like Gecko) Version/18.0 Safari/605.1.15"
141.11.2.47 - - [01/May/2026:08:16:55 -0400] "GET /wp-content/themes/em4u/style.css HTTP/1.1" 404 26349 "-" "Mozilla/5.0 (Linux; Android 12; Pixel 6) AppleWebKit/537.36 (KHTML, like Gecko) Chrome/99.0.4844.58 Mobile Safari/537.36"
141.11.2.47 - - [01/May/2026:08:16:55 -0400] "GET /wp-content/plugins/wp-marketing-automations/readme.txt HTTP/1.1" 404 26349 "-" "Mozilla/5.0 (Macintosh; Intel Mac OS X 10_15_7) AppleWebKit/537.36 (KHTML, like Gecko) Chrome/124.0.0.0 Safari/537.36"
141.11.2.47 - - [01/May/2026:08:16:56 -0400] "GET /wp-content/plugins/order-delivery-date/readme.txt HTTP/1.1" 404 26349 "-" "Mozilla/5.0 (Macintosh; Intel Mac OS X 10_15_7) AppleWebKit/537.36 (KHTML, like Gecko) Chrome/124.0.0.0 Safari/537.36"
141.11.2.47 - - [01/May/2026:08:16:57 -0400] "GET /wp-content/themes/noo-jobmonster/style.css HTTP/1.1" 404 26349 "-" "Mozilla/5.0 (iPhone; CPU iPhone OS 17_2 like Mac OS X) AppleWebKit/605.1.15 (KHTML, like Gecko) Version/17.2 Mobile/15E148 Safari/604.1"
141.11.2.47 - - [01/May/2026:08:16:58 -0400] "GET /wp-content/themes/service-finder/style.css HTTP/1.1" 404 26349 "-" "Mozilla/5.0 (iPhone; CPU iPhone OS 18_0 like Mac OS X) AppleWebKit/605.1.15 (KHTML, like Gecko) Version/18.0 Mobile/15E148 Safari/604.1"
141.11.2.47 - - [01/May/2026:08:16:59 -0400] "GET /wp-content/themes/litho/style.css HTTP/1.1" 404 26349 "-" "Mozilla/5.0 (Macintosh; Intel Mac OS X 10_15_7) AppleWebKit/537.36 (KHTML, like Gecko) Chrome/131.0.0.0 Safari/537.36"
141.11.2.47 - - [01/May/2026:08:17:00 -0400] "GET /wp-content/plugins/wp-registration/readme.txt HTTP/1.1" 404 26349 "-" "Mozilla/5.0 (Windows NT 10.0; Win64; x64) AppleWebKit/537.36 (KHTML, like Gecko) Chrome/107.0.0.0 Safari/537.36"
141.11.2.47 - - [01/May/2026:08:17:01 -0400] "GET /wp-content/plugins/ht-contactform/readme.txt HTTP/1.1" 404 26349 "-" "Mozilla/5.0 (Macintosh; Intel Mac OS X 10_15_7) AppleWebKit/537.36 (KHTML, like Gecko) Chrome/133.0.0.0 Safari/537.36"
141.11.2.47 - - [01/May/2026:08:17:02 -0400] "GET /wp-content/themes/alone/style.css HTTP/1.1" 404 26349 "-" "Mozilla/5.0 (Linux; Android 10; K) AppleWebKit/537.36 (KHTML, like Gecko) Chrome/131.0.0.0 Mobile Safari/537.36"
208.122.213.31 - - [01/May/2026:08:19:10 -0400] "POST /wp-cron.php?doing_wp_cron=1777637950.1932389736175537109375 HTTP/1.1" 200 - "-" "WordPress/6.2.6; https://store.terrorxxx.com"
144.76.72.43 - - [01/May/2026:08:19:10 -0400] "GET /wp-login.php HTTP/2.0" 200 1919 "-" "Mozilla/5.0 (Windows NT 6.1; WOW64) AppleWebKit/537.36 (KHTML, like Gecko) Chrome/66.0.3359.181 Safari/537.36"
144.76.72.43 - - [01/May/2026:08:19:10 -0400] "POST /wp-login.php HTTP/2.0" 200 2050 "https://store.terrorxxx.com/wp-login.php" "Mozilla/5.0 (Windows NT 6.1; WOW64) AppleWebKit/537.36 (KHTML, like Gecko) Chrome/66.0.3359.181 Safari/537.36"
208.122.213.31 - - [01/May/2026:08:28:41 -0400] "POST /wp-cron.php?doing_wp_cron=1777638521.0262579917907714843750 HTTP/1.1" 200 - "-" "WordPress/6.2.6; https://store.terrorxxx.com"
208.109.241.218 - - [01/May/2026:08:28:40 -0400] "GET /index.php?rest_route=/wp/v2/pages&per_page=100 HTTP/1.1" 200 1956 "-" "Mozilla/5.0 (Macintosh, Intel Mac OS X 10_15_6) AppleWebKit/605.1.15 (KHTML, like Gecko) Version/15.6.7 Safari/605.1.15"
66.116.235.214 - - [01/May/2026:08:29:14 -0400] "GET /wp-login.php HTTP/2.0" 200 1920 "-" "Mozilla/5.0 (Windows NT 6.2; WOW64; Trident/7.0; rv:11.0) like Gecko"
66.116.235.214 - - [01/May/2026:08:29:15 -0400] "POST /wp-login.php HTTP/2.0" 200 2050 "https://store.terrorxxx.com/wp-login.php" "Mozilla/5.0 (Windows NT 6.2; WOW64; Trident/7.0; rv:11.0) like Gecko"
208.122.213.31 - - [01/May/2026:08:30:10 -0400] "POST /wp-cron.php?doing_wp_cron=1777638610.9081709384918212890625 HTTP/1.1" 200 - "-" "WordPress/6.2.6; https://store.terrorxxx.com"
150.254.155.252 - - [01/May/2026:08:30:10 -0400] "POST /xmlrpc.php HTTP/2.0" 200 225 "-" "Mozilla/5.0 (Windows NT 10.0; Win64; x64) AppleWebKit/537.36 (KHTML, like Gecko) Chrome/67.0.3396.79 Safari/537.36"
208.122.213.31 - - [01/May/2026:08:31:30 -0400] "POST /wp-cron.php?doing_wp_cron=1777638690.8692350387573242187500 HTTP/1.1" 200 - "-" "WordPress/6.2.6; https://store.terrorxxx.com"
208.109.241.218 - - [01/May/2026:08:31:30 -0400] "GET /wp-content/plugins/fluentform/readme.txt HTTP/1.1" 404 26379 "-" "Mozilla/5.0 (Windows NT 6.2; rv:140.0) Gecko/20100101 Firefox/140.0"
208.122.213.31 - - [01/May/2026:08:40:40 -0400] "POST /wp-cron.php?doing_wp_cron=1777639240.8317389488220214843750 HTTP/1.1" 200 - "-" "WordPress/6.2.6; https://store.terrorxxx.com"
20.119.213.163 - - [01/May/2026:08:40:40 -0400] "POST /xmlrpc.php HTTP/2.0" 200 225 "-" "Mozilla/5.0 (Macintosh; Intel Mac OS X 10_13_1) AppleWebKit/537.36 (KHTML, like Gecko) Chrome/66.0.3359.139 Safari/537.36"
208.122.213.31 - - [01/May/2026:08:49:46 -0400] "POST /wp-cron.php?doing_wp_cron=1777639786.9160749912261962890625 HTTP/1.1" 200 - "-" "WordPress/6.2.6; https://store.terrorxxx.com"
208.109.241.218 - - [01/May/2026:08:49:46 -0400] "GET /wp-content/plugins/litespeed-cache/readme.txt HTTP/1.1" 404 26379 "-" "Mozilla/5.0 (CentOS; Linux i686) AppleWebKit/537.36 (KHTML, like Gecko) Chrome/132.0.0.0 Safari/537.36"
208.122.213.31 - - [01/May/2026:08:51:28 -0400] "POST /wp-cron.php?doing_wp_cron=1777639887.9964621067047119140625 HTTP/1.1" 200 - "-" "WordPress/6.2.6; https://store.terrorxxx.com"
78.142.18.172 - - [01/May/2026:08:51:27 -0400] "POST /xmlrpc.php HTTP/2.0" 200 225 "-" "Mozilla/5.0 (Windows NT 10.0) AppleWebKit/537.36 (KHTML, like Gecko) Chrome/67.0.3396.87 Safari/537.36"
208.122.213.31 - - [01/May/2026:09:00:31 -0400] "POST /wp-cron.php?doing_wp_cron=1777640431.6912679672241210937500 HTTP/1.1" 200 - "-" "WordPress/6.2.6; https://store.terrorxxx.com"
38.95.35.85 - - [01/May/2026:09:00:31 -0400] "GET /wp-login.php HTTP/2.0" 200 1920 "-" "Mozilla/5.0 (Windows NT 6.1; Win64; x64) AppleWebKit/537.36 (KHTML, like Gecko) Chrome/66.0.3359.170 Safari/537.36 OPR/53.0.2907.99"
38.95.35.85 - - [01/May/2026:09:00:31 -0400] "POST /wp-login.php HTTP/2.0" 200 2050 "https://store.terrorxxx.com/wp-login.php" "Mozilla/5.0 (Windows NT 6.1; Win64; x64) AppleWebKit/537.36 (KHTML, like Gecko) Chrome/66.0.3359.170 Safari/537.36 OPR/53.0.2907.99"
208.122.213.31 - - [01/May/2026:09:01:58 -0400] "POST /wp-cron.php?doing_wp_cron=1777640518.6748719215393066406250 HTTP/1.1" 200 - "-" "WordPress/6.2.6; https://store.terrorxxx.com"
86.125.136.144 - - [01/May/2026:09:01:58 -0400] "POST /xmlrpc.php HTTP/2.0" 200 225 "-" "Mozilla/4.0 (compatible; MSIE 7.0; Windows NT 6.2; WOW64; Trident/7.0; .NET4.0E; .NET4.0C; .NET CLR 3.5.30729; .NET CLR 2.0.50727; .NET CLR 3.0.30729; InfoPath.3; MANMJS)"
208.122.213.31 - - [01/May/2026:09:05:59 -0400] "POST /wp-cron.php?doing_wp_cron=1777640759.0871601104736328125000 HTTP/1.1" 200 - "-" "WordPress/6.2.6; https://store.terrorxxx.com"
208.109.241.218 - - [01/May/2026:09:05:58 -0400] "POST /business-directory/?dosrch=1&q&wpbdp_view=search&listingfields[+or+sleep(if(1%3d1,6,0))+))--+-][1] HTTP/1.1" 404 26379 "-" "Mozilla/5.0 (SS; Linux x86_64) AppleWebKit/537.36 (KHTML, like Gecko) Chrome/130.0.0.0 Safari/537.36"
185.177.72.62 - - [01/May/2026:09:08:36 -0400] "GET /.git/config HTTP/1.1" 403 199 "-" "Mozilla/5.0 (Macintosh; Intel Mac OS X 10_12_2) AppleWebKit/537.36 (KHTML, like Gecko) Chrome/75.0.3770.142 Safari/537.36"
208.122.213.31 - - [01/May/2026:09:10:23 -0400] "POST /wp-cron.php?doing_wp_cron=1777641023.9493730068206787109375 HTTP/1.1" 200 - "-" "WordPress/6.2.6; https://store.terrorxxx.com"
216.73.216.78 - - [01/May/2026:09:10:23 -0400] "GET /robots.txt HTTP/2.0" 200 115 "-" "Mozilla/5.0 AppleWebKit/537.36 (KHTML, like Gecko; compatible; ClaudeBot/1.0; +claudebot@anthropic.com)"
216.73.216.78 - - [01/May/2026:09:10:24 -0400] "GET /wp-sitemap.xml HTTP/2.0" 200 740 "-" "Mozilla/5.0 AppleWebKit/537.36 (KHTML, like Gecko; compatible; ClaudeBot/1.0; +claudebot@anthropic.com)"
5.35.7.175 - - [01/May/2026:09:10:38 -0400] "GET /wp-login.php HTTP/2.0" 200 1920 "-" "Mozilla/5.0 (Windows NT 6.1; WOW64; Trident/7.0; MATP; MATP; rv:11.0) like Gecko"
5.35.7.175 - - [01/May/2026:09:10:38 -0400] "POST /wp-login.php HTTP/2.0" 200 2050 "https://store.terrorxxx.com/wp-login.php" "Mozilla/5.0 (Windows NT 6.1; WOW64; Trident/7.0; MATP; MATP; rv:11.0) like Gecko"
208.122.213.31 - - [01/May/2026:09:12:12 -0400] "POST /wp-cron.php?doing_wp_cron=1777641132.3086740970611572265625 HTTP/1.1" 200 - "-" "WordPress/6.2.6; https://store.terrorxxx.com"
192.176.172.166 - - [01/May/2026:09:12:12 -0400] "POST /xmlrpc.php HTTP/2.0" 200 225 "-" "Mozilla/5.0 (X11; Linux x86_64) AppleWebKit/537.36 (KHTML, like Gecko) Chrome/66.0.3359.158 Safari/537.36"
208.122.213.31 - - [01/May/2026:09:13:44 -0400] "POST /wp-cron.php?doing_wp_cron=1777641224.4640159606933593750000 HTTP/1.1" 200 - "-" "WordPress/6.2.6; https://store.terrorxxx.com"
5.45.104.176 - - [01/May/2026:09:13:44 -0400] "GET / HTTP/2.0" 200 31943 "https://store.terrorxxx.com" "Opera/9.80 (Android; Opera Mini/46.0.2254/174.78; U; en) Presto/2.12.423 Version/12.16"
208.122.213.31 - - [01/May/2026:09:17:49 -0400] "POST /wp-cron.php?doing_wp_cron=1777641469.1599829196929931640625 HTTP/1.1" 200 - "-" "WordPress/6.2.6; https://store.terrorxxx.com"
208.109.241.218 - - [01/May/2026:09:17:49 -0400] "GET / HTTP/1.1" 200 7342 "-" "Mozilla/5.0 (Knoppix; Linux i686) AppleWebKit/537.36 (KHTML, like Gecko) Chrome/132.0.0.0 Safari/537.36"
208.122.213.31 - - [01/May/2026:09:21:46 -0400] "POST /wp-cron.php?doing_wp_cron=1777641706.8145720958709716796875 HTTP/1.1" 200 - "-" "WordPress/6.2.6; https://store.terrorxxx.com"
152.53.44.20 - - [01/May/2026:09:21:46 -0400] "GET /wp-login.php HTTP/2.0" 200 1920 "-" "Mozilla/5.0 (Macintosh; Intel Mac OS X 10_13_2) AppleWebKit/604.4.7 (KHTML, like Gecko) Version/11.0.2 Safari/604.4.7"
152.53.44.20 - - [01/May/2026:09:21:47 -0400] "POST /wp-login.php HTTP/2.0" 200 2049 "https://store.terrorxxx.com/wp-login.php" "Mozilla/5.0 (Macintosh; Intel Mac OS X 10_13_2) AppleWebKit/604.4.7 (KHTML, like Gecko) Version/11.0.2 Safari/604.4.7"
208.109.241.218 - - [01/May/2026:09:21:47 -0400] "GET /trip/ HTTP/1.1" 404 26379 "-" "Mozilla/5.0 (Macintosh; Intel Mac OS X 10.9; rv:30.0) Gecko/20100101 Firefox/30.0"
208.109.241.218 - - [01/May/2026:09:22:15 -0400] "GET /?wpl_format=f:property_listing:ajax&wpl_function=get_total_results&sf_tmin_price=1 HTTP/1.1" 200 7402 "-" "Mozilla/5.0 (Knoppix; Linux x86_64) AppleWebKit/537.36 (KHTML, like Gecko) Chrome/130.0.0.0 Safari/537.36"
208.122.213.31 - - [01/May/2026:09:23:06 -0400] "POST /wp-cron.php?doing_wp_cron=1777641786.6330549716949462890625 HTTP/1.1" 200 - "-" "WordPress/6.2.6; https://store.terrorxxx.com"
78.46.5.140 - - [01/May/2026:09:23:06 -0400] "POST /xmlrpc.php HTTP/2.0" 200 225 "-" "Mozilla/5.0 (Macintosh; Intel Mac OS X 10_10_5) AppleWebKit/537.36 (KHTML, like Gecko) Chrome/65.0.3325.181 Safari/537.36"
208.122.213.31 - - [01/May/2026:09:31:37 -0400] "POST /wp-cron.php?doing_wp_cron=1777642297.5488350391387939453125 HTTP/1.1" 200 - "-" "WordPress/6.2.6; https://store.terrorxxx.com"
52.167.144.179 - - [01/May/2026:09:31:37 -0400] "GET /wp-sitemap-users-1.xml HTTP/2.0" 200 435 "-" "Mozilla/5.0 AppleWebKit/537.36 (KHTML, like Gecko; compatible; bingbot/2.0; +http://www.bing.com/bingbot.htm) Chrome/116.0.1938.76 Safari/537.36"
208.122.213.31 - - [01/May/2026:09:39:14 -0400] "POST /wp-cron.php?doing_wp_cron=1777642754.9833700656890869140625 HTTP/1.1" 200 - "-" "WordPress/6.2.6; https://store.terrorxxx.com"
208.109.241.218 - - [01/May/2026:09:39:14 -0400] "GET / HTTP/1.1" 200 7342 "-" "Mozilla/5.0 (Windows NT 10.0; Win64; x64; rv:140.0) Gecko/20100101 Firefox/140.0"
208.122.213.31 - - [01/May/2026:09:44:04 -0400] "POST /wp-cron.php?doing_wp_cron=1777643044.3606429100036621093750 HTTP/1.1" 200 - "-" "WordPress/6.2.6; https://store.terrorxxx.com"
199.203.54.15 - - [01/May/2026:09:44:04 -0400] "POST /xmlrpc.php HTTP/2.0" 200 225 "-" "Mozilla/5.0 (Macintosh; Intel Mac OS X 10_13_3) AppleWebKit/537.36 (KHTML, like Gecko) Chrome/66.0.3359.139 Safari/537.36"
208.122.213.31 - - [01/May/2026:09:44:35 -0400] "POST /wp-cron.php?doing_wp_cron=1777643075.9156649112701416015625 HTTP/1.1" 200 - "-" "WordPress/6.2.6; https://store.terrorxxx.com"
82.38.249.81 - - [01/May/2026:09:44:35 -0400] "GET / HTTP/1.1" 200 7342 "-" "Mozilla/5.0 (Macintosh; Intel Mac OS X 10_15_7) AppleWebKit/537.36 (KHTML, like Gecko) Chrome/104.0.0.0 Safari/537.36"
109.176.41.129 - - [01/May/2026:09:44:36 -0400] "GET /?add-to-cart=140 HTTP/1.1" 200 7408 "-" "Mozilla/5.0 (Macintosh; Intel Mac OS X 10_15_7) AppleWebKit/537.36 (KHTML, like Gecko) Chrome/104.0.0.0 Safari/537.36"
109.176.32.191 - - [01/May/2026:09:44:38 -0400] "GET /product/terrorxxx-sticker/ HTTP/1.1" 200 8703 "-" "Mozilla/5.0 (Macintosh; Intel Mac OS X 10_15_7) AppleWebKit/537.36 (KHTML, like Gecko) Chrome/104.0.0.0 Safari/537.36"
82.41.102.115 - - [01/May/2026:09:44:40 -0400] "GET /?add-to-cart=128 HTTP/1.1" 200 7419 "-" "Mozilla/5.0 (Macintosh; Intel Mac OS X 10_15_7) AppleWebKit/537.36 (KHTML, like Gecko) Chrome/104.0.0.0 Safari/537.36"
46.202.232.240 - - [01/May/2026:09:44:41 -0400] "GET /cart/ HTTP/1.1" 200 7731 "-" "Mozilla/5.0 (Macintosh; Intel Mac OS X 10_15_7) AppleWebKit/537.36 (KHTML, like Gecko) Chrome/104.0.0.0 Safari/537.36"
213.255.212.201 - - [01/May/2026:09:44:41 -0400] "GET /product/terrorxxx-tshirt/ HTTP/1.1" 200 9354 "-" "Mozilla/5.0 (Macintosh; Intel Mac OS X 10_15_7) AppleWebKit/537.36 (KHTML, like Gecko) Chrome/104.0.0.0 Safari/537.36"
95.217.180.144 - - [01/May/2026:09:45:18 -0400] "GET /wp-content/uploads/2019/02/IMG_1409.jpg HTTP/1.1" 200 63971 "-" "Python/3.12 aiohttp/3.12.15"
95.217.180.144 - - [01/May/2026:09:45:18 -0400] "GET /wp-content/uploads/2019/02/IMG_1410.jpg HTTP/1.1" 200 123312 "-" "Python/3.12 aiohttp/3.12.15"
95.217.180.144 - - [01/May/2026:09:45:18 -0400] "GET /wp-content/uploads/2019/02/IMG_7009.jpg HTTP/1.1" 200 89453 "-" "Python/3.12 aiohttp/3.12.15"
95.217.180.144 - - [01/May/2026:09:45:18 -0400] "GET /wp-content/uploads/2019/02/IMG_1408.jpg HTTP/1.1" 200 313715 "-" "Python/3.12 aiohttp/3.12.15"
95.217.180.144 - - [01/May/2026:09:45:18 -0400] "GET /wp-content/uploads/2019/02/IMG_1407.jpg HTTP/1.1" 200 146674 "-" "Python/3.12 aiohttp/3.12.15"
208.122.213.31 - - [01/May/2026:09:50:04 -0400] "POST /wp-cron.php?doing_wp_cron=1777643404.5254468917846679687500 HTTP/1.1" 200 - "-" "WordPress/6.2.6; https://store.terrorxxx.com"
114.119.165.136 - - [01/May/2026:09:50:04 -0400] "GET /robots.txt HTTP/1.1" 200 115 "-" "Mozilla/5.0 (compatible;PetalBot;+https://webmaster.petalsearch.com/site/petalbot)"
208.122.213.31 - - [01/May/2026:09:55:24 -0400] "POST /wp-cron.php?doing_wp_cron=1777643724.8115200996398925781250 HTTP/1.1" 200 - "-" "WordPress/6.2.6; https://store.terrorxxx.com"
78.142.18.172 - - [01/May/2026:09:55:24 -0400] "POST /xmlrpc.php HTTP/2.0" 200 225 "-" "Mozilla/5.0 (Windows NT 6.2; Win64; x64) AppleWebKit/537.36 (KHTML, like Gecko) Chrome/52.0.2743.116 Safari/537.36 Edge/15.15063"
208.122.213.31 - - [01/May/2026:10:02:30 -0400] "POST /wp-cron.php?doing_wp_cron=1777644150.2291510105133056640625 HTTP/1.1" 200 - "-" "WordPress/6.2.6; https://store.terrorxxx.com"
208.109.241.218 - - [01/May/2026:10:02:30 -0400] "GET / HTTP/1.1" 200 7341 "-" "Mozilla/5.0 (Debian; Linux i686) AppleWebKit/537.36 (KHTML, like Gecko) Chrome/137.0.0.0 Safari/537.36"
208.122.213.31 - - [01/May/2026:10:05:14 -0400] "POST /wp-cron.php?doing_wp_cron=1777644314.0259470939636230468750 HTTP/1.1" 200 - "-" "WordPress/6.2.6; https://store.terrorxxx.com"
208.109.241.218 - - [01/May/2026:10:05:13 -0400] "GET /wp-json/wphb/v1/rooms/search-rooms?check_in_date=2025-01-01&check_out_date=2025-01-10&adults=4&max_child=0&paged=1&room_type=1 HTTP/1.1" 404 114 "-" "Mozilla/5.0 (CentOS; Linux i686) AppleWebKit/537.36 (KHTML, like Gecko) Chrome/140.0.0.0 Safari/537.36"
208.122.213.31 - - [01/May/2026:10:06:32 -0400] "POST /wp-cron.php?doing_wp_cron=1777644392.9742710590362548828125 HTTP/1.1" 200 - "-" "WordPress/6.2.6; https://store.terrorxxx.com"
107.6.141.106 - - [01/May/2026:10:06:32 -0400] "POST /xmlrpc.php HTTP/2.0" 200 225 "-" "Mozilla/5.0 (Windows NT 10.0; WOW64; Trident/7.0; FSJB; rv:11.0) like Gecko"
208.122.213.31 - - [01/May/2026:10:07:44 -0400] "POST /wp-cron.php?doing_wp_cron=1777644464.0193068981170654296875 HTTP/1.1" 200 - "-" "WordPress/6.2.6; https://store.terrorxxx.com"
208.109.241.218 - - [01/May/2026:10:07:43 -0400] "GET /wp-content/plugins/dokan-pro/changelog.txt HTTP/1.1" 404 26379 "-" "Mozilla/5.0 (Windows NT 10.0; Win64; x64; rv:109.0) Gecko/20100101 Firefox/110.0"
208.122.213.31 - - [01/May/2026:10:11:54 -0400] "POST /wp-cron.php?doing_wp_cron=1777644714.7216889858245849609375 HTTP/1.1" 200 - "-" "WordPress/6.2.6; https://store.terrorxxx.com"
74.7.241.167 - - [01/May/2026:10:11:54 -0400] "GET /robots.txt HTTP/2.0" 200 115 "-" "Mozilla/5.0 (Macintosh; Intel Mac OS X 10_15_7) AppleWebKit/537.36 (KHTML, like Gecko) Chrome/131.0.0.0 Safari/537.36; compatible; OAI-SearchBot/1.3; robots.txt; +https://openai.com/searchbot"
208.122.213.31 - - [01/May/2026:10:14:34 -0400] "POST /wp-cron.php?doing_wp_cron=1777644874.0428929328918457031250 HTTP/1.1" 200 - "-" "WordPress/6.2.6; https://store.terrorxxx.com"
208.109.241.218 - - [01/May/2026:10:14:33 -0400] "GET / HTTP/1.1" 200 7341 "-" "Mozilla/5.0 (X11; Linux i686) AppleWebKit/537.36 (KHTML, like Gecko) Chrome/137.0.0.0 Safari/537.36"
208.122.213.31 - - [01/May/2026:10:16:05 -0400] "POST /wp-cron.php?doing_wp_cron=1777644965.0441861152648925781250 HTTP/1.1" 200 - "-" "WordPress/6.2.6; https://store.terrorxxx.com"
208.109.241.218 - - [01/May/2026:10:16:04 -0400] "GET / HTTP/1.1" 200 7342 "-" "Mozilla/5.0 (X11; Linux x86_64; rv:1.9.5.20) Gecko/ Firefox/3.6.5"
208.122.213.31 - - [01/May/2026:10:17:26 -0400] "POST /wp-cron.php?doing_wp_cron=1777645046.3784830570220947265625 HTTP/1.1" 200 - "-" "WordPress/6.2.6; https://store.terrorxxx.com"
192.176.172.166 - - [01/May/2026:10:17:26 -0400] "POST /xmlrpc.php HTTP/2.0" 200 225 "-" "Mozilla/5.0 (Windows NT 6.1; rv:61.0) Gecko/20100101 Firefox/61.0"
208.122.213.31 - - [01/May/2026:10:21:24 -0400] "POST /wp-cron.php?doing_wp_cron=1777645284.5810821056365966796875 HTTP/1.1" 200 - "-" "WordPress/6.2.6; https://store.terrorxxx.com"
43.225.108.103 - - [01/May/2026:10:21:24 -0400] "GET /wp-login.php HTTP/2.0" 200 1920 "-" "Mozilla/5.0 (Windows NT 10.0) AppleWebKit/537.36 (KHTML, like Gecko) Chrome/66.0.3359.117 Safari/537.36"
43.225.108.103 - - [01/May/2026:10:21:25 -0400] "POST /wp-login.php HTTP/2.0" 200 2050 "https://store.terrorxxx.com/wp-login.php" "Mozilla/5.0 (Windows NT 10.0) AppleWebKit/537.36 (KHTML, like Gecko) Chrome/66.0.3359.117 Safari/537.36"
208.122.213.31 - - [01/May/2026:10:28:47 -0400] "POST /wp-cron.php?doing_wp_cron=1777645727.2407419681549072265625 HTTP/1.1" 200 - "-" "WordPress/6.2.6; https://store.terrorxxx.com"
62.146.233.9 - - [01/May/2026:10:28:47 -0400] "POST /xmlrpc.php HTTP/2.0" 200 225 "-" "Mozilla/5.0 (Windows NT 6.1; WOW64; Trident/7.0; EIE10;ENUSMCM; rv:11.0) like Gecko"
208.122.213.31 - - [01/May/2026:10:32:54 -0400] "POST /wp-cron.php?doing_wp_cron=1777645974.7680320739746093750000 HTTP/1.1" 200 - "-" "WordPress/6.2.6; https://store.terrorxxx.com"
67.20.76.166 - - [01/May/2026:10:32:54 -0400] "GET /wp-login.php HTTP/2.0" 200 1920 "-" "Mozilla/5.0 (Macintosh; Intel Mac OS X 10_12) AppleWebKit/602.1.40 (KHTML, like Gecko) Version/10.0 Safari/602.1.40"
67.20.76.166 - - [01/May/2026:10:32:55 -0400] "POST /wp-login.php HTTP/2.0" 200 2050 "https://store.terrorxxx.com/wp-login.php" "Mozilla/5.0 (Macintosh; Intel Mac OS X 10_12) AppleWebKit/602.1.40 (KHTML, like Gecko) Version/10.0 Safari/602.1.40"
208.122.213.31 - - [01/May/2026:10:40:21 -0400] "POST /wp-cron.php?doing_wp_cron=1777646421.7813351154327392578125 HTTP/1.1" 200 - "-" "WordPress/6.2.6; https://store.terrorxxx.com"
78.46.167.107 - - [01/May/2026:10:40:21 -0400] "POST /xmlrpc.php HTTP/2.0" 200 225 "-" "Mozilla/5.0 (Macintosh; Intel Mac OS X 10_12) AppleWebKit/602.1.40 (KHTML, like Gecko) Version/10.0 Safari/602.1.40"
208.122.213.31 - - [01/May/2026:10:43:00 -0400] "POST /wp-cron.php?doing_wp_cron=1777646580.0773169994354248046875 HTTP/1.1" 200 - "-" "WordPress/6.2.6; https://store.terrorxxx.com"
208.109.241.218 - - [01/May/2026:10:42:59 -0400] "POST /index.php?rest_route=/wqc/v1/query HTTP/1.1" 404 114 "-" "Mozilla/5.0 (Macintosh, Intel Mac OS X 10_15_7) AppleWebKit/605.1.15 (KHTML, like Gecko) Version/18.0.1 Safari/605.1.15"
208.109.241.218 - - [01/May/2026:10:43:21 -0400] "GET / HTTP/1.1" 200 7342 "-" "Mozilla/5.0 (Macintosh; U; Intel Mac OS X; ja-jp) AppleWebKit/523.12.2 (KHTML, like Gecko) Version/3.0.4 Safari/523.12.2"
208.122.213.31 - - [01/May/2026:10:44:24 -0400] "POST /wp-cron.php?doing_wp_cron=1777646664.6424949169158935546875 HTTP/1.1" 200 - "-" "WordPress/6.2.6; https://store.terrorxxx.com"
137.74.133.23 - - [01/May/2026:10:44:24 -0400] "GET /wp-login.php HTTP/2.0" 200 1920 "-" "Mozilla/5.0 (Windows NT 6.3; WOW64; Trident/7.0; MAMIJS; rv:11.0) like Gecko"
137.74.133.23 - - [01/May/2026:10:44:24 -0400] "POST /wp-login.php HTTP/2.0" 200 2050 "https://store.terrorxxx.com/wp-login.php" "Mozilla/5.0 (Windows NT 6.3; WOW64; Trident/7.0; MAMIJS; rv:11.0) like Gecko"
208.122.213.31 - - [01/May/2026:10:47:34 -0400] "POST /wp-cron.php?doing_wp_cron=1777646854.0953009128570556640625 HTTP/1.1" 200 - "-" "WordPress/6.2.6; https://store.terrorxxx.com"
208.109.241.218 - - [01/May/2026:10:47:33 -0400] "GET / HTTP/1.1" 200 7342 "-" "Mozilla/5.0 (X11; Linux x86_64; rv:1.9.6.20) Gecko/ Firefox/3.6.1"
208.109.241.218 - - [01/May/2026:10:47:39 -0400] "GET /wp-content/plugins/email-subscribers/readme.txt HTTP/1.1" 404 26379 "-" "Mozilla/5.0 (Macintosh; Intel Mac OS X 14) AppleWebKit/620.32 (KHTML, like Gecko) Version/17.1.10 Safari/620.32"
208.122.213.31 - - [01/May/2026:10:50:38 -0400] "POST /wp-cron.php?doing_wp_cron=1777647038.6468040943145751953125 HTTP/1.1" 200 - "-" "WordPress/6.2.6; https://store.terrorxxx.com"
188.241.62.65 - - [01/May/2026:10:50:38 -0400] "POST /xmlrpc.php HTTP/2.0" 200 225 "-" "Mozilla/5.0 (Windows NT 6.3; WOW64; Trident/7.0; MATPJS; rv:11.0) like Gecko"
208.122.213.31 - - [01/May/2026:10:53:08 -0400] "POST /wp-cron.php?doing_wp_cron=1777647188.1138989925384521484375 HTTP/1.1" 200 - "-" "WordPress/6.2.6; https://store.terrorxxx.com"
74.7.241.15 - - [01/May/2026:10:53:07 -0400] "GET / HTTP/2.0" 200 7342 "-" "Mozilla/5.0 AppleWebKit/537.36 (KHTML, like Gecko; compatible; GPTBot/1.3; +https://openai.com/gptbot)"
208.122.213.31 - - [01/May/2026:10:57:10 -0400] "POST /wp-cron.php?doing_wp_cron=1777647430.0412650108337402343750 HTTP/1.1" 200 - "-" "WordPress/6.2.6; https://store.terrorxxx.com"
123.30.233.12 - - [01/May/2026:10:57:09 -0400] "GET /wp-login.php HTTP/2.0" 200 1919 "-" "Mozilla/5.0 (Windows NT 6.1) AppleWebKit/537.36 (KHTML, like Gecko) Chrome/67.0.3396.87 Safari/537.36"
123.30.233.12 - - [01/May/2026:10:57:10 -0400] "POST /wp-login.php HTTP/2.0" 200 2049 "https://store.terrorxxx.com/wp-login.php" "Mozilla/5.0 (Windows NT 6.1) AppleWebKit/537.36 (KHTML, like Gecko) Chrome/67.0.3396.87 Safari/537.36"
208.122.213.31 - - [01/May/2026:10:58:05 -0400] "POST /wp-cron.php?doing_wp_cron=1777647485.3605909347534179687500 HTTP/1.1" 200 - "-" "WordPress/6.2.6; https://store.terrorxxx.com"
128.241.254.194 - - [01/May/2026:10:58:05 -0400] "POST /wp-admin/admin-ajax.php HTTP/1.1" 400 1 "-" "Mozilla/5.0 (Windows NT 10.0; Win64; x64; WOW64; rv:41.0) Gecko/20100101 Firefox/140.0.2 (x64 de)"
128.241.254.194 - - [01/May/2026:10:58:05 -0400] "POST /wp-admin/admin-ajax.php?+config-create+/&/<?=base64_decode($_GET[0])?>+/tmp/3Csfub0UeVd8BtUTpGKCB7IOBT1.php HTTP/1.1" 400 1 "-" "Mozilla/5.0 (Windows NT 10.0; Win64; x64) AppleWebKit/537.36 (KHTML, like Gecko) Chrome/99.0.4844.51 Safari/537.36"
128.241.254.194 - - [01/May/2026:10:58:05 -0400] "POST /wp-admin/admin-ajax.php?0=M0NzZnViTGoxMGNSbDFiTkJyTkExcDl4QzN1 HTTP/1.1" 400 1 "-" "Mozilla/5.0 (Macintosh; Intel Mac OS X 108) AppleWebKit/536.15 (KHTML like Gecko) Version/6.0 Safari/536.16"
