208.122.213.31 - - [02/May/2026:09:12:46 -0400] "POST /wp-cron.php?doing_wp_cron=1777727566.6136329174041748046875 HTTP/1.1" 200 - "-" "WordPress/6.2.6; https://store.terrorxxx.com"
45.56.81.126 - - [02/May/2026:09:12:46 -0400] "GET /wp-content/plugins/breeze/readme.txt HTTP/1.1" 404 26349 "-" "Mozilla/5.0 (Windows NT 10.0; ) Gecko/20100101 Firefox/61.0"
208.122.213.31 - - [02/May/2026:09:16:21 -0400] "POST /wp-cron.php?doing_wp_cron=1777727781.3343739509582519531250 HTTP/1.1" 200 - "-" "WordPress/6.2.6; https://store.terrorxxx.com"
107.6.141.106 - - [02/May/2026:09:16:21 -0400] "GET /wp-login.php HTTP/2.0" 200 1920 "-" "Mozilla/5.0 (Windows NT 5.1; Win64; x64) AppleWebKit/537.36 (KHTML, like Gecko) Chrome/66.0.3359.117 Safari/537.36"
107.6.141.106 - - [02/May/2026:09:16:21 -0400] "POST /wp-login.php HTTP/2.0" 200 2050 "https://store.terrorxxx.com/wp-login.php" "Mozilla/5.0 (Windows NT 5.1; Win64; x64) AppleWebKit/537.36 (KHTML, like Gecko) Chrome/66.0.3359.117 Safari/537.36"
208.122.213.31 - - [02/May/2026:09:23:22 -0400] "POST /wp-cron.php?doing_wp_cron=1777728202.9628980159759521484375 HTTP/1.1" 200 - "-" "WordPress/6.2.6; https://store.terrorxxx.com"
107.189.29.201 - - [02/May/2026:09:23:22 -0400] "GET /wp-login.php HTTP/1.1" 200 6068 "-" "Mozilla/5.0 (iPhone; CPU iPhone OS 17_6 like Mac OS X) AppleWebKit/605.1.15 (KHTML, like Gecko) Version/17.6 Mobile/15E148 Safari/604.1"
107.189.29.201 - - [02/May/2026:09:23:23 -0400] "POST /wp-login.php HTTP/1.1" 200 6483 "-" "Mozilla/5.0 (iPhone; CPU iPhone OS 17_6 like Mac OS X) AppleWebKit/605.1.15 (KHTML, like Gecko) Version/17.6 Mobile/15E148 Safari/604.1"
208.122.213.31 - - [02/May/2026:09:23:44 -0400] "POST /wp-cron.php?doing_wp_cron=1777728224.4086120128631591796875 HTTP/1.1" 200 - "-" "WordPress/6.2.6; https://store.terrorxxx.com"
216.73.216.225 - - [02/May/2026:09:23:44 -0400] "GET /robots.txt HTTP/2.0" 200 115 "-" "Mozilla/5.0 AppleWebKit/537.36 (KHTML, like Gecko; compatible; ClaudeBot/1.0; +claudebot@anthropic.com)"
216.73.216.225 - - [02/May/2026:09:23:44 -0400] "GET /wp-sitemap.xml HTTP/2.0" 200 740 "-" "Mozilla/5.0 AppleWebKit/537.36 (KHTML, like Gecko; compatible; ClaudeBot/1.0; +claudebot@anthropic.com)"
208.122.213.31 - - [02/May/2026:09:28:02 -0400] "POST /wp-cron.php?doing_wp_cron=1777728482.7521970272064208984375 HTTP/1.1" 200 - "-" "WordPress/6.2.6; https://store.terrorxxx.com"
78.46.5.140 - - [02/May/2026:09:28:02 -0400] "GET /wp-login.php HTTP/2.0" 200 1919 "-" "Mozilla/5.0 (Macintosh; Intel Mac OS X 10_13_3) AppleWebKit/537.36 (KHTML, like Gecko) Chrome/65.0.3325.146 Safari/537.36"
78.46.5.140 - - [02/May/2026:09:28:20 -0400] "POST /wp-login.php HTTP/2.0" 200 2050 "https://store.terrorxxx.com/wp-login.php" "Mozilla/5.0 (Macintosh; Intel Mac OS X 10_13_3) AppleWebKit/537.36 (KHTML, like Gecko) Chrome/65.0.3325.146 Safari/537.36"
208.122.213.31 - - [02/May/2026:09:33:10 -0400] "POST /wp-cron.php?doing_wp_cron=1777728790.4401259422302246093750 HTTP/1.1" 200 - "-" "WordPress/6.2.6; https://store.terrorxxx.com"
216.245.208.230 - - [02/May/2026:09:33:10 -0400] "POST /xmlrpc.php HTTP/2.0" 200 225 "-" "Mozilla/5.0 (Windows NT 10.0; WOW64; Trident/7.0; rv:11.0) like Gecko"
208.122.213.31 - - [02/May/2026:09:37:24 -0400] "POST /wp-cron.php?doing_wp_cron=1777729044.1787500381469726562500 HTTP/1.1" 200 - "-" "WordPress/6.2.6; https://store.terrorxxx.com"
202.92.6.73 - - [02/May/2026:09:37:23 -0400] "GET /wp-login.php HTTP/2.0" 200 1919 "-" "Mozilla/5.0 (Windows NT 10.0; Win64; x64) AppleWebKit/537.36 (KHTML, like Gecko) Chrome/66.0.3359.117 Safari/537.36"
202.92.6.73 - - [02/May/2026:09:37:25 -0400] "POST /wp-login.php HTTP/2.0" 200 2049 "https://store.terrorxxx.com/wp-login.php" "Mozilla/5.0 (Windows NT 10.0; Win64; x64) AppleWebKit/537.36 (KHTML, like Gecko) Chrome/66.0.3359.117 Safari/537.36"
208.122.213.31 - - [02/May/2026:09:45:12 -0400] "POST /wp-cron.php?doing_wp_cron=1777729512.2504620552062988281250 HTTP/1.1" 200 - "-" "WordPress/6.2.6; https://store.terrorxxx.com"
121.200.216.56 - - [02/May/2026:09:45:12 -0400] "POST /xmlrpc.php HTTP/2.0" 200 225 "-" "Mozilla/4.0 (compatible; MSIE 7.0; Windows NT 6.2; Win64; x64; Trident/7.0; .NET4.0C; .NET4.0E; .NET CLR 2.0.50727; .NET CLR 3.0.30729; .NET CLR 3.5.30729)"
52.203.237.170 - - [02/May/2026:09:45:19 -0400] "GET /product/terrorxxx-sticker/ HTTP/1.1" 200 8705 "-" "Mozilla/5.0 AppleWebKit/537.36 (KHTML, like Gecko; compatible; Amazonbot/0.1; +https://developer.amazon.com/support/amazonbot) Chrome/119.0.6045.214 Safari/537.36"
208.122.213.31 - - [02/May/2026:09:49:19 -0400] "POST /wp-cron.php?doing_wp_cron=1777729759.3596229553222656250000 HTTP/1.1" 200 - "-" "WordPress/6.2.6; https://store.terrorxxx.com"
51.195.100.8 - - [02/May/2026:09:49:19 -0400] "GET /wp-login.php HTTP/2.0" 200 1920 "-" "Mozilla/5.0 (Macintosh; Intel Mac OS X 10_10_5) AppleWebKit/603.1.30 (KHTML, like Gecko) Version/10.1 Safari/603.1.30"
51.195.100.8 - - [02/May/2026:09:49:23 -0400] "POST /wp-login.php HTTP/2.0" 200 2051 "https://store.terrorxxx.com/wp-login.php" "Mozilla/5.0 (Macintosh; Intel Mac OS X 10_10_5) AppleWebKit/603.1.30 (KHTML, like Gecko) Version/10.1 Safari/603.1.30"
208.122.213.31 - - [02/May/2026:10:10:31 -0400] "POST /wp-cron.php?doing_wp_cron=1777731031.3206889629364013671875 HTTP/1.1" 200 - "-" "WordPress/6.2.6; https://store.terrorxxx.com"
103.211.200.45 - - [02/May/2026:10:10:31 -0400] "GET /wp-login.php HTTP/2.0" 200 1920 "-" "Mozilla/5.0 (Macintosh; Intel Mac OS X 10_11_6) AppleWebKit/602.4.8 (KHTML, like Gecko) Version/10.0.3 Safari/602.4.8"
103.211.200.45 - - [02/May/2026:10:10:31 -0400] "POST /wp-login.php HTTP/2.0" 200 2050 "https://store.terrorxxx.com/wp-login.php" "Mozilla/5.0 (Macintosh; Intel Mac OS X 10_11_6) AppleWebKit/602.4.8 (KHTML, like Gecko) Version/10.0.3 Safari/602.4.8"
208.122.213.31 - - [02/May/2026:10:15:45 -0400] "POST /wp-cron.php?doing_wp_cron=1777731345.7174079418182373046875 HTTP/1.1" 200 - "-" "WordPress/6.2.6; https://store.terrorxxx.com"
74.7.241.15 - - [02/May/2026:10:15:45 -0400] "GET /wp-sitemap.xml HTTP/2.0" 200 740 "-" "Mozilla/5.0 AppleWebKit/537.36 (KHTML, like Gecko; compatible; GPTBot/1.3; +https://openai.com/gptbot)"
74.7.241.167 - - [02/May/2026:10:15:45 -0400] "GET /robots.txt HTTP/2.0" 200 115 "-" "Mozilla/5.0 (Macintosh; Intel Mac OS X 10_15_7) AppleWebKit/537.36 (KHTML, like Gecko) Chrome/131.0.0.0 Safari/537.36; compatible; OAI-SearchBot/1.3; robots.txt; +https://openai.com/searchbot"
208.122.213.31 - - [02/May/2026:10:22:15 -0400] "POST /wp-cron.php?doing_wp_cron=1777731735.6399381160736083984375 HTTP/1.1" 200 - "-" "WordPress/6.2.6; https://store.terrorxxx.com"
103.121.26.217 - - [02/May/2026:10:22:15 -0400] "GET /wp-login.php HTTP/2.0" 200 1920 "-" "Mozilla/4.0 (compatible; MSIE 7.0; Windows NT 6.2; WOW64; Trident/7.0; .NET4.0E; .NET4.0C)"
103.121.26.217 - - [02/May/2026:10:22:16 -0400] "POST /wp-login.php HTTP/2.0" 200 2050 "https://store.terrorxxx.com/wp-login.php" "Mozilla/4.0 (compatible; MSIE 7.0; Windows NT 6.2; WOW64; Trident/7.0; .NET4.0E; .NET4.0C)"
208.122.213.31 - - [02/May/2026:10:32:28 -0400] "POST /wp-cron.php?doing_wp_cron=1777732348.9504249095916748046875 HTTP/1.1" 200 - "-" "WordPress/6.2.6; https://store.terrorxxx.com"
159.89.193.35 - - [02/May/2026:10:32:28 -0400] "GET /wp-login.php HTTP/2.0" 200 1920 "-" "Mozilla/5.0 (Windows NT 6.3; ARM; Trident/7.0; Touch; rv:11.0) like Gecko"
159.89.193.35 - - [02/May/2026:10:32:29 -0400] "POST /wp-login.php HTTP/2.0" 200 2051 "https://store.terrorxxx.com/wp-login.php" "Mozilla/5.0 (Windows NT 6.3; ARM; Trident/7.0; Touch; rv:11.0) like Gecko"
208.122.213.31 - - [02/May/2026:10:43:54 -0400] "POST /wp-cron.php?doing_wp_cron=1777733034.6164588928222656250000 HTTP/1.1" 200 - "-" "WordPress/6.2.6; https://store.terrorxxx.com"
51.222.71.146 - - [02/May/2026:10:43:54 -0400] "POST /xmlrpc.php HTTP/2.0" 200 225 "-" "Mozilla/5.0 (Windows NT 10.0; rv:60.0) Gecko/20100101 Firefox/60.0"
208.122.213.31 - - [02/May/2026:10:44:47 -0400] "POST /wp-cron.php?doing_wp_cron=1777733087.0889770984649658203125 HTTP/1.1" 200 - "-" "WordPress/6.2.6; https://store.terrorxxx.com"
123.30.233.13 - - [02/May/2026:10:44:46 -0400] "GET /wp-login.php HTTP/2.0" 200 1918 "-" "Mozilla/5.0 (Macintosh; Intel Mac OS X 10_12_6) AppleWebKit/537.36 (KHTML, like Gecko) Chrome/65.0.3325.162 Safari/537.36"
123.30.233.13 - - [02/May/2026:10:44:47 -0400] "POST /wp-login.php HTTP/2.0" 200 2048 "https://store.terrorxxx.com/wp-login.php" "Mozilla/5.0 (Macintosh; Intel Mac OS X 10_12_6) AppleWebKit/537.36 (KHTML, like Gecko) Chrome/65.0.3325.162 Safari/537.36"
208.122.213.31 - - [02/May/2026:10:55:00 -0400] "POST /wp-cron.php?doing_wp_cron=1777733700.1627879142761230468750 HTTP/1.1" 200 - "-" "WordPress/6.2.6; https://store.terrorxxx.com"
159.100.13.237 - - [02/May/2026:10:55:00 -0400] "GET /wp-login.php HTTP/2.0" 200 1920 "-" "Mozilla/5.0 (Windows NT 10.0; Trident/7.0; rv:11.0) like Gecko"
159.100.13.237 - - [02/May/2026:10:55:00 -0400] "POST /wp-login.php HTTP/2.0" 200 2050 "https://store.terrorxxx.com/wp-login.php" "Mozilla/5.0 (Windows NT 10.0; Trident/7.0; rv:11.0) like Gecko"
208.122.213.31 - - [02/May/2026:11:08:14 -0400] "POST /wp-cron.php?doing_wp_cron=1777734494.1148729324340820312500 HTTP/1.1" 200 - "-" "WordPress/6.2.6; https://store.terrorxxx.com"
103.100.38.132 - - [02/May/2026:11:08:13 -0400] "POST /xmlrpc.php HTTP/2.0" 200 225 "-" "Mozilla/5.0 (Windows NT 10.0; WOW64; Trident/7.0; Touch; TNJB; rv:11.0) like Gecko"
208.122.213.31 - - [02/May/2026:11:19:42 -0400] "POST /wp-cron.php?doing_wp_cron=1777735182.1431488990783691406250 HTTP/1.1" 200 - "-" "WordPress/6.2.6; https://store.terrorxxx.com"
121.200.217.27 - - [02/May/2026:11:19:41 -0400] "GET /wp-login.php HTTP/2.0" 200 1920 "-" "Mozilla/4.0 (compatible; MSIE 7.0; Windows NT 6.1; Trident/7.0; SLCC2; .NET CLR 2.0.50727; .NET CLR 3.5.30729; .NET CLR 3.0.30729; .NET4.0C; .NET4.0E; Media Center PC 6.0; InfoPath.3; BRI/2)"
121.200.217.27 - - [02/May/2026:11:19:42 -0400] "POST /wp-login.php HTTP/2.0" 200 2051 "https://store.terrorxxx.com/wp-login.php" "Mozilla/4.0 (compatible; MSIE 7.0; Windows NT 6.1; Trident/7.0; SLCC2; .NET CLR 2.0.50727; .NET CLR 3.5.30729; .NET CLR 3.0.30729; .NET4.0C; .NET4.0E; Media Center PC 6.0; InfoPath.3; BRI/2)"
202.92.6.73 - - [02/May/2026:11:20:16 -0400] "POST /xmlrpc.php HTTP/2.0" 200 225 "-" "Mozilla/5.0 (Macintosh; Intel Mac OS X 10_11_6) AppleWebKit/537.36 (KHTML, like Gecko) Chrome/67.0.3396.79 Safari/537.36"
208.122.213.31 - - [02/May/2026:11:20:56 -0400] "POST /wp-cron.php?doing_wp_cron=1777735256.7889959812164306640625 HTTP/1.1" 200 - "-" "WordPress/6.2.6; https://store.terrorxxx.com"
45.148.10.245 - - [02/May/2026:11:20:56 -0400] "GET / HTTP/1.1" 200 7342 "-" "Mozilla/5.0 (Windows NT 10.0; Win64; x64) AppleWebKit/537.36 (KHTML, like Gecko) Chrome/120.0.0.0 Safari/537.36"
208.122.213.31 - - [02/May/2026:11:31:47 -0400] "POST /wp-cron.php?doing_wp_cron=1777735907.8300170898437500000000 HTTP/1.1" 200 - "-" "WordPress/6.2.6; https://store.terrorxxx.com"
103.218.122.61 - - [02/May/2026:11:31:47 -0400] "GET /wp-login.php HTTP/2.0" 200 1919 "-" "Mozilla/5.0 (Windows NT 6.3; WOW64; Trident/7.0; MASBJS; rv:11.0) like Gecko"
103.218.122.61 - - [02/May/2026:11:31:48 -0400] "POST /wp-login.php HTTP/2.0" 200 2050 "https://store.terrorxxx.com/wp-login.php" "Mozilla/5.0 (Windows NT 6.3; WOW64; Trident/7.0; MASBJS; rv:11.0) like Gecko"
123.30.233.13 - - [02/May/2026:11:32:13 -0400] "POST /xmlrpc.php HTTP/2.0" 200 225 "-" "Mozilla/5.0 (Windows NT 10.0; Win64; x64) AppleWebKit/537.36 (KHTML, like Gecko) Chrome/65.0.3325.181 Safari/537.36"
208.122.213.31 - - [02/May/2026:11:43:33 -0400] "POST /wp-cron.php?doing_wp_cron=1777736613.1077370643615722656250 HTTP/1.1" 200 - "-" "WordPress/6.2.6; https://store.terrorxxx.com"
91.98.21.65 - - [02/May/2026:11:43:32 -0400] "GET /wp-login.php HTTP/2.0" 200 1920 "-" "Mozilla/5.0 (Windows NT 10.0; WOW64; Trident/7.0; ASU2JS; rv:11.0) like Gecko"
91.98.21.65 - - [02/May/2026:11:43:33 -0400] "POST /wp-login.php HTTP/2.0" 200 2051 "https://store.terrorxxx.com/wp-login.php" "Mozilla/5.0 (Windows NT 10.0; WOW64; Trident/7.0; ASU2JS; rv:11.0) like Gecko"
208.122.213.31 - - [02/May/2026:11:44:06 -0400] "POST /wp-cron.php?doing_wp_cron=1777736646.3399360179901123046875 HTTP/1.1" 200 - "-" "WordPress/6.2.6; https://store.terrorxxx.com"
165.22.116.110 - - [02/May/2026:11:44:06 -0400] "POST /xmlrpc.php HTTP/2.0" 200 225 "-" "Mozilla/4.0 (compatible; MSIE 7.0; Windows NT 10.0; WOW64; Trident/7.0; .NET4.0C; .NET4.0E; .NET CLR 2.0.50727; .NET CLR 3.0.30729; .NET CLR 3.5.30729)"
208.122.213.31 - - [02/May/2026:11:50:25 -0400] "POST /wp-cron.php?doing_wp_cron=1777737025.6755089759826660156250 HTTP/1.1" 200 - "-" "WordPress/6.2.6; https://store.terrorxxx.com"
216.73.216.225 - - [02/May/2026:11:50:25 -0400] "GET /robots.txt HTTP/2.0" 200 115 "-" "Mozilla/5.0 AppleWebKit/537.36 (KHTML, like Gecko; compatible; ClaudeBot/1.0; +claudebot@anthropic.com)"
216.73.216.225 - - [02/May/2026:11:50:25 -0400] "GET /wp-sitemap.xml HTTP/2.0" 200 740 "-" "Mozilla/5.0 AppleWebKit/537.36 (KHTML, like Gecko; compatible; ClaudeBot/1.0; +claudebot@anthropic.com)"
208.122.213.31 - - [02/May/2026:11:53:20 -0400] "POST /wp-cron.php?doing_wp_cron=1777737200.5485999584197998046875 HTTP/1.1" 200 - "-" "WordPress/6.2.6; https://store.terrorxxx.com"
128.241.254.194 - - [02/May/2026:11:53:20 -0400] "GET /wp-content/plugins/gracemedia-media-player/templates/files/ajax_controller.php?ajaxAction=getIds&cfg=../../../../../../../../../../etc/passwd HTTP/1.1" 404 26379 "-" "Mozilla/5.0 (Windows NT 10.0; Win64; x64; WebView/3.0) AppleWebKit/537.36 (KHTML, like Gecko) Chrome/70.0.3538.102 Safari/537.36 Edge/18.18363"
208.122.213.31 - - [02/May/2026:11:55:17 -0400] "POST /wp-cron.php?doing_wp_cron=1777737317.4393579959869384765625 HTTP/1.1" 200 - "-" "WordPress/6.2.6; https://store.terrorxxx.com"
144.76.72.43 - - [02/May/2026:11:55:17 -0400] "GET /wp-login.php HTTP/2.0" 200 1919 "-" "Mozilla/5.0 (Windows NT 6.3; Win64; x64; Trident/7.0; Touch; MALNJS; rv:11.0) like Gecko"
144.76.72.43 - - [02/May/2026:11:55:17 -0400] "POST /wp-login.php HTTP/2.0" 200 2049 "https://store.terrorxxx.com/wp-login.php" "Mozilla/5.0 (Windows NT 6.3; Win64; x64; Trident/7.0; Touch; MALNJS; rv:11.0) like Gecko"
208.122.213.31 - - [02/May/2026:11:56:06 -0400] "POST /wp-cron.php?doing_wp_cron=1777737366.7322580814361572265625 HTTP/1.1" 200 - "-" "WordPress/6.2.6; https://store.terrorxxx.com"
167.71.226.156 - - [02/May/2026:11:56:06 -0400] "POST /xmlrpc.php HTTP/2.0" 200 225 "-" "Mozilla/5.0 (Windows NT 6.1; Win64; x64) AppleWebKit/537.36 (KHTML, like Gecko) Chrome/63.0.3239.132 Safari/537.36 OPR/50.0.2762.67"
208.122.213.31 - - [02/May/2026:12:20:07 -0400] "POST /wp-cron.php?doing_wp_cron=1777738807.7204020023345947265625 HTTP/1.1" 200 - "-" "WordPress/6.2.6; https://store.terrorxxx.com"
66.116.235.214 - - [02/May/2026:12:20:07 -0400] "GET /wp-login.php HTTP/2.0" 200 1919 "-" "Mozilla/5.0 (Windows NT 6.1; WOW64; Trident/7.0; EIE10;ENUSMSE; rv:11.0) like Gecko"
66.116.235.214 - - [02/May/2026:12:20:08 -0400] "POST /wp-login.php HTTP/2.0" 200 2050 "https://store.terrorxxx.com/wp-login.php" "Mozilla/5.0 (Windows NT 6.1; WOW64; Trident/7.0; EIE10;ENUSMSE; rv:11.0) like Gecko"
208.122.213.31 - - [02/May/2026:12:24:47 -0400] "POST /wp-cron.php?doing_wp_cron=1777739087.7603640556335449218750 HTTP/1.1" 200 - "-" "WordPress/6.2.6; https://store.terrorxxx.com"
128.241.254.194 - - [02/May/2026:12:24:47 -0400] "GET /wp-content/plugins/wp-advanced-search/class.inc/autocompletion/autocompletion-PHP5.5.php?q=admin&t=wp_users%20--&f=user_login&type&e HTTP/1.1" 404 26379 "-" "Mozilla/5.0 (Macintosh; Intel Mac OS X 10_15_7) AppleWebKit/605.1.15 (KHTML, like Gecko) Version/17.13 Safari/605.1.15"
208.122.213.31 - - [02/May/2026:12:31:55 -0400] "POST /wp-cron.php?doing_wp_cron=1777739515.2943279743194580078125 HTTP/1.1" 200 - "-" "WordPress/6.2.6; https://store.terrorxxx.com"
44.213.190.124 - - [02/May/2026:12:31:55 -0400] "GET /robots.txt HTTP/1.1" 200 115 "-" "Mozilla/5.0 (Macintosh; Intel Mac OS X 10_10_1) AppleWebKit/600.2.5 (KHTML, like Gecko) Version/8.0.2 Safari/600.2.5 (Gort)"
208.122.213.31 - - [02/May/2026:12:43:46 -0400] "POST /wp-cron.php?doing_wp_cron=1777740226.5431249141693115234375 HTTP/1.1" 200 - "-" "WordPress/6.2.6; https://store.terrorxxx.com"
192.176.172.166 - - [02/May/2026:12:43:46 -0400] "POST /xmlrpc.php HTTP/2.0" 200 225 "-" "Mozilla/5.0 (Windows NT 6.3; Win64; x64; Trident/7.0; MAARJS; rv:11.0) like Gecko"
208.122.213.31 - - [02/May/2026:12:45:28 -0400] "POST /wp-cron.php?doing_wp_cron=1777740328.3503520488739013671875 HTTP/1.1" 200 - "-" "WordPress/6.2.6; https://store.terrorxxx.com"
24.199.108.111 - - [02/May/2026:12:45:28 -0400] "GET /wp-login.php HTTP/2.0" 200 1920 "-" "Mozilla/5.0 (Windows NT 6.3; Win64; x64; Trident/7.0; Touch; TNJB; rv:11.0) like Gecko"
24.199.108.111 - - [02/May/2026:12:45:28 -0400] "POST /wp-login.php HTTP/2.0" 200 2051 "https://store.terrorxxx.com/wp-login.php" "Mozilla/5.0 (Windows NT 6.3; Win64; x64; Trident/7.0; Touch; TNJB; rv:11.0) like Gecko"
208.122.213.31 - - [02/May/2026:12:47:07 -0400] "POST /wp-cron.php?doing_wp_cron=1777740427.6509130001068115234375 HTTP/1.1" 200 - "-" "WordPress/6.2.6; https://store.terrorxxx.com"
128.241.254.194 - - [02/May/2026:12:47:07 -0400] "GET /?rest_route=/wpgmza/v1/markers&filter=%7b%7d&fields=%2a%20from%20wp_users--%20- HTTP/1.1" 200 251 "-" "Mozilla/5.0 (Macintosh; Intel Mac OS X 10_11_5) AppleWebKit/601.6.17 (KHTML, like Gecko) Version/9.1.1 Safari/601.6.17"
208.122.213.31 - - [02/May/2026:12:53:43 -0400] "POST /wp-cron.php?doing_wp_cron=1777740823.1191220283508300781250 HTTP/1.1" 200 - "-" "WordPress/6.2.6; https://store.terrorxxx.com"
137.74.133.23 - - [02/May/2026:12:53:42 -0400] "POST /xmlrpc.php HTTP/2.0" 200 225 "-" "Mozilla/4.0 (compatible; MSIE 7.0; Windows NT 6.3; Win64; x64; Trident/7.0; .NET4.0E; .NET4.0C)"
208.122.213.31 - - [02/May/2026:12:58:40 -0400] "POST /wp-cron.php?doing_wp_cron=1777741120.1240489482879638671875 HTTP/1.1" 200 - "-" "WordPress/6.2.6; https://store.terrorxxx.com"
74.91.224.220 - - [02/May/2026:12:58:39 -0400] "GET /wp-login.php HTTP/2.0" 200 1920 "-" "Mozilla/4.0 (compatible; MSIE 7.0; Windows NT 6.1; WOW64; Trident/7.0; SLCC2; .NET CLR 2.0.50727; .NET CLR 3.5.30729; .NET CLR 3.0.30729; Media Center PC 6.0; .NET4.0C; .NET4.0E; ms-office)"
74.91.224.220 - - [02/May/2026:12:58:40 -0400] "POST /wp-login.php HTTP/2.0" 200 2050 "https://store.terrorxxx.com/wp-login.php" "Mozilla/4.0 (compatible; MSIE 7.0; Windows NT 6.1; WOW64; Trident/7.0; SLCC2; .NET CLR 2.0.50727; .NET CLR 3.5.30729; .NET CLR 3.0.30729; Media Center PC 6.0; .NET4.0C; .NET4.0E; ms-office)"
208.122.213.31 - - [02/May/2026:13:12:07 -0400] "POST /wp-cron.php?doing_wp_cron=1777741927.6589229106903076171875 HTTP/1.1" 200 - "-" "WordPress/6.2.6; https://store.terrorxxx.com"
103.82.21.169 - - [02/May/2026:13:12:07 -0400] "GET /wp-login.php HTTP/2.0" 200 1919 "-" "Mozilla/5.0 (Windows NT 6.2; Win64; x64) AppleWebKit/537.36 (KHTML, like Gecko) Chrome/65.0.3325.181 Safari/537.36 OPR/52.0.2871.99"
103.82.21.169 - - [02/May/2026:13:12:08 -0400] "POST /wp-login.php HTTP/2.0" 200 2049 "https://store.terrorxxx.com/wp-login.php" "Mozilla/5.0 (Windows NT 6.2; Win64; x64) AppleWebKit/537.36 (KHTML, like Gecko) Chrome/65.0.3325.181 Safari/537.36 OPR/52.0.2871.99"
208.122.213.31 - - [02/May/2026:13:17:38 -0400] "POST /wp-cron.php?doing_wp_cron=1777742258.5863890647888183593750 HTTP/1.1" 200 - "-" "WordPress/6.2.6; https://store.terrorxxx.com"
35.226.7.126 - - [02/May/2026:13:17:38 -0400] "POST /xmlrpc.php HTTP/2.0" 200 225 "-" "Mozilla/5.0 (Windows NT 10.0; WOW64; Trident/7.0; ASU2JS; rv:11.0) like Gecko"
208.122.213.31 - - [02/May/2026:13:24:59 -0400] "POST /wp-cron.php?doing_wp_cron=1777742699.7335000038146972656250 HTTP/1.1" 200 - "-" "WordPress/6.2.6; https://store.terrorxxx.com"
72.167.150.128 - - [02/May/2026:13:24:59 -0400] "GET /wp-login.php HTTP/2.0" 200 1919 "-" "Mozilla/5.0 (Windows NT 10.0; WOW64; Trident/7.0; yie9; rv:11.0) like Gecko"
72.167.150.128 - - [02/May/2026:13:25:01 -0400] "POST /wp-login.php HTTP/2.0" 200 2049 "https://store.terrorxxx.com/wp-login.php" "Mozilla/5.0 (Windows NT 10.0; WOW64; Trident/7.0; yie9; rv:11.0) like Gecko"
208.122.213.31 - - [02/May/2026:13:35:54 -0400] "POST /wp-cron.php?doing_wp_cron=1777743354.3349049091339111328125 HTTP/1.1" 200 - "-" "WordPress/6.2.6; https://store.terrorxxx.com"
78.46.5.140 - - [02/May/2026:13:35:54 -0400] "GET /wp-login.php HTTP/2.0" 200 1919 "-" "Mozilla/5.0 (Windows NT 6.1; WOW64; Trident/7.0; rv:11.0)"
78.46.5.140 - - [02/May/2026:13:35:54 -0400] "POST /wp-login.php HTTP/2.0" 200 2050 "https://store.terrorxxx.com/wp-login.php" "Mozilla/5.0 (Windows NT 6.1; WOW64; Trident/7.0; rv:11.0)"
208.122.213.31 - - [02/May/2026:13:38:30 -0400] "POST /wp-cron.php?doing_wp_cron=1777743510.9425160884857177734375 HTTP/1.1" 200 - "-" "WordPress/6.2.6; https://store.terrorxxx.com"
128.241.254.194 - - [02/May/2026:13:38:30 -0400] "GET /wp-content/plugins/the-plus-addons-for-elementor-page-builder/readme.txt HTTP/1.1" 404 26379 "-" "Mozilla/5.0 (Fedora; Linux i686) AppleWebKit/537.36 (KHTML, like Gecko) Chrome/132.0.0.0 Safari/537.36"
128.241.254.194 - - [02/May/2026:13:38:30 -0400] "GET / HTTP/1.1" 200 7342 "-" "Mozilla/5.0 (Windows NT 6.2; Win64; x64; rv:109.0) Gecko/20100101 Firefox/112.0"
208.122.213.31 - - [02/May/2026:13:40:32 -0400] "POST /wp-cron.php?doing_wp_cron=1777743632.6303761005401611328125 HTTP/1.1" 200 - "-" "WordPress/6.2.6; https://store.terrorxxx.com"
66.249.79.235 - - [02/May/2026:13:40:32 -0400] "GET /robots.txt HTTP/1.1" 200 115 "-" "Mozilla/5.0 (compatible; Googlebot/2.1; +http://www.google.com/bot.html)"
66.249.79.235 - - [02/May/2026:13:40:32 -0400] "GET / HTTP/1.1" 200 7349 "-" "Mozilla/5.0 (compatible; Googlebot/2.1; +http://www.google.com/bot.html)"
66.249.79.236 - - [02/May/2026:13:40:36 -0400] "GET /wp-content/plugins/woocommerce/assets/css/select2.css?ver=3.8.3 HTTP/1.1" 200 1963 "http://store.terrorxxx.com/" "Mozilla/5.0 (compatible; Googlebot/2.1; +http://www.google.com/bot.html)"
66.249.79.235 - - [02/May/2026:13:40:36 -0400] "GET /wp-content/themes/tyche/assets/vendors/owl-carousel/owl.carousel.min.css?ver=6.2.6 HTTP/1.1" 200 923 "http://store.terrorxxx.com/" "Mozilla/5.0 (compatible; Googlebot/2.1; +http://www.google.com/bot.html)"
66.249.79.236 - - [02/May/2026:13:40:36 -0400] "GET /wp-content/themes/tyche/assets/vendors/jquery-zoom/jquery.zoom.min.js?ver=1.3.3 HTTP/1.1" 200 1171 "http://store.terrorxxx.com/" "Mozilla/5.0 (compatible; Googlebot/2.1; +http://www.google.com/bot.html)"
66.249.79.236 - - [02/May/2026:13:40:37 -0400] "GET /wp-content/plugins/contact-form-7/includes/js/scripts.js?ver=5.1.6 HTTP/1.1" 200 3993 "http://store.terrorxxx.com/" "Mozilla/5.0 (compatible; Googlebot/2.1; +http://www.google.com/bot.html)"
66.249.79.235 - - [02/May/2026:13:40:37 -0400] "GET /wp-content/plugins/woocommerce/assets/css/woocommerce.css?ver=3.8.3 HTTP/1.1" 200 8820 "http://store.terrorxxx.com/" "Mozilla/5.0 (compatible; Googlebot/2.1; +http://www.google.com/bot.html)"
66.249.79.236 - - [02/May/2026:13:40:38 -0400] "GET /wp-content/plugins/contact-form-7/includes/css/styles.css?ver=5.1.6 HTTP/1.1" 200 649 "http://store.terrorxxx.com/" "Mozilla/5.0 (compatible; Googlebot/2.1; +http://www.google.com/bot.html)"
66.249.79.236 - - [02/May/2026:13:40:38 -0400] "GET /wp-content/themes/tyche/assets/vendors/fontawesome/font-awesome.min.css?ver=6.2.6 HTTP/1.1" 200 7056 "http://store.terrorxxx.com/" "Mozilla/5.0 (compatible; Googlebot/2.1; +http://www.google.com/bot.html)"
66.249.79.235 - - [02/May/2026:13:40:39 -0400] "GET /wp-includes/css/dashicons.min.css?ver=6.2.6 HTTP/1.1" 200 35730 "http://store.terrorxxx.com/" "Mozilla/5.0 (compatible; Googlebot/2.1; +http://www.google.com/bot.html)"
66.249.79.236 - - [02/May/2026:13:40:39 -0400] "GET /wp-includes/css/classic-themes.min.css?ver=6.2.6 HTTP/1.1" 200 210 "http://store.terrorxxx.com/" "Mozilla/5.0 (compatible; Googlebot/2.1; +http://www.google.com/bot.html)"
66.249.79.236 - - [02/May/2026:13:40:40 -0400] "GET /wp-includes/js/jquery/jquery-migrate.min.js?ver=3.4.0 HTTP/1.1" 200 4795 "http://store.terrorxxx.com/" "Mozilla/5.0 (compatible; Googlebot/2.1; +http://www.google.com/bot.html)"
66.249.79.235 - - [02/May/2026:13:40:40 -0400] "GET /wp-content/plugins/wp-google-maps/wpgmza_data.js?ver=6.2.6 HTTP/1.1" 200 100 "http://store.terrorxxx.com/" "Mozilla/5.0 (compatible; Googlebot/2.1; +http://www.google.com/bot.html)"
66.249.79.235 - - [02/May/2026:13:40:41 -0400] "GET /wp-includes/css/dist/block-library/style.min.css?ver=6.2.6 HTTP/1.1" 200 12736 "http://store.terrorxxx.com/" "Mozilla/5.0 (compatible; Googlebot/2.1; +http://www.google.com/bot.html)"
66.249.79.235 - - [02/May/2026:13:40:41 -0400] "GET /wp-content/plugins/woo-gutenberg-products-block/build/style.css?ver=2.5.16 HTTP/1.1" 200 8309 "http://store.terrorxxx.com/" "Mozilla/5.0 (compatible; Googlebot/2.1; +http://www.google.com/bot.html)"
66.249.79.235 - - [02/May/2026:13:40:42 -0400] "GET /wp-content/themes/tyche/assets/vendors/owl-carousel/owl.theme.default.css?ver=6.2.6 HTTP/1.1" 200 564 "http://store.terrorxxx.com/" "Mozilla/5.0 (compatible; Googlebot/2.1; +http://www.google.com/bot.html)"
66.249.79.235 - - [02/May/2026:13:40:42 -0400] "GET /wp-content/plugins/woocommerce/assets/css/woocommerce-layout.css?ver=3.8.3 HTTP/1.1" 200 2157 "http://store.terrorxxx.com/" "Mozilla/5.0 (compatible; Googlebot/2.1; +http://www.google.com/bot.html)"
66.249.79.235 - - [02/May/2026:13:40:43 -0400] "GET /wp-includes/js/jquery/jquery.min.js?ver=3.6.4 HTTP/1.1" 200 31049 "http://store.terrorxxx.com/" "Mozilla/5.0 (compatible; Googlebot/2.1; +http://www.google.com/bot.html)"
66.249.79.235 - - [02/May/2026:13:40:43 -0400] "GET /wp-content/themes/tyche/assets/js/functions.js?ver=6.2.6 HTTP/1.1" 200 2057 "http://store.terrorxxx.com/" "Mozilla/5.0 (compatible; Googlebot/2.1; +http://www.google.com/bot.html)"
66.249.79.235 - - [02/May/2026:13:40:44 -0400] "GET /wp-content/themes/tyche/assets/css/style-black.css?ver=6.2.6 HTTP/1.1" 200 22706 "http://store.terrorxxx.com/" "Mozilla/5.0 (compatible; Googlebot/2.1; +http://www.google.com/bot.html)"
66.249.79.235 - - [02/May/2026:13:40:44 -0400] "GET /wp-content/themes/tyche/assets/vendors/owl-carousel/owl.carousel.min.js?ver=1.3.3 HTTP/1.1" 200 10971 "http://store.terrorxxx.com/" "Mozilla/5.0 (compatible; Googlebot/2.1; +http://www.google.com/bot.html)"
66.249.79.235 - - [02/May/2026:13:40:45 -0400] "GET /wp-content/plugins/woocommerce/assets/js/jquery-blockui/jquery.blockUI.min.js?ver=2.70 HTTP/1.1" 200 3533 "http://store.terrorxxx.com/" "Mozilla/5.0 (compatible; Googlebot/2.1; +http://www.google.com/bot.html)"
66.249.79.235 - - [02/May/2026:13:40:45 -0400] "GET /wp-content/themes/tyche/style.css?ver=6.2.6 HTTP/1.1" 200 390 "http://store.terrorxxx.com/" "Mozilla/5.0 (compatible; Googlebot/2.1; +http://www.google.com/bot.html)"
66.249.79.235 - - [02/May/2026:13:40:46 -0400] "GET /wp-content/plugins/woocommerce/assets/js/frontend/add-to-cart.min.js?ver=3.8.3 HTTP/1.1" 200 1017 "http://store.terrorxxx.com/" "Mozilla/5.0 (compatible; Googlebot/2.1; +http://www.google.com/bot.html)"
66.249.79.235 - - [02/May/2026:13:40:46 -0400] "GET /wp-content/plugins/woocommerce/assets/js/selectWoo/selectWoo.full.min.js?ver=1.0.6 HTTP/1.1" 200 21611 "http://store.terrorxxx.com/" "Mozilla/5.0 (compatible; Googlebot/2.1; +http://www.google.com/bot.html)"
66.249.79.235 - - [02/May/2026:13:40:47 -0400] "GET /wp-content/themes/tyche/assets/vendors/menu/menu.min.js?ver=6.2.6 HTTP/1.1" 200 435 "http://store.terrorxxx.com/" "Mozilla/5.0 (compatible; Googlebot/2.1; +http://www.google.com/bot.html)"
66.249.79.235 - - [02/May/2026:13:40:47 -0400] "GET /wp-content/plugins/woocommerce/assets/js/frontend/woocommerce.min.js?ver=3.8.3 HTTP/1.1" 200 619 "http://store.terrorxxx.com/" "Mozilla/5.0 (compatible; Googlebot/2.1; +http://www.google.com/bot.html)"
66.249.79.235 - - [02/May/2026:13:40:48 -0400] "GET /wp-content/themes/tyche/assets/js/skip-link-focus-fix.js?ver=6.2.6 HTTP/1.1" 200 464 "http://store.terrorxxx.com/" "Mozilla/5.0 (compatible; Googlebot/2.1; +http://www.google.com/bot.html)"
66.249.79.235 - - [02/May/2026:13:40:48 -0400] "GET /wp-content/plugins/woocommerce/assets/js/js-cookie/js.cookie.min.js?ver=2.1.4 HTTP/1.1" 200 981 "http://store.terrorxxx.com/" "Mozilla/5.0 (compatible; Googlebot/2.1; +http://www.google.com/bot.html)"
66.249.79.235 - - [02/May/2026:13:40:49 -0400] "GET /wp-content/plugins/woocommerce/assets/js/frontend/cart-fragments.min.js?ver=3.8.3 HTTP/1.1" 200 1042 "http://store.terrorxxx.com/" "Mozilla/5.0 (compatible; Googlebot/2.1; +http://www.google.com/bot.html)"
66.249.79.235 - - [02/May/2026:13:40:49 -0400] "GET /wp-content/plugins/woocommerce/assets/css/woocommerce-smallscreen.css?ver=3.8.3 HTTP/1.1" 200 1055 "http://store.terrorxxx.com/" "Mozilla/5.0 (compatible; Googlebot/2.1; +http://www.google.com/bot.html)"
66.249.79.235 - - [02/May/2026:13:40:50 -0400] "POST /?wc-ajax=get_refreshed_fragments HTTP/1.1" 200 161 "http://store.terrorxxx.com/" "Mozilla/5.0 (compatible; Googlebot/2.1; +http://www.google.com/bot.html)"
208.122.213.31 - - [02/May/2026:13:42:59 -0400] "POST /wp-cron.php?doing_wp_cron=1777743779.8552370071411132812500 HTTP/1.1" 200 - "-" "WordPress/6.2.6; https://store.terrorxxx.com"
190.92.169.79 - - [02/May/2026:13:42:59 -0400] "POST /xmlrpc.php HTTP/2.0" 200 225 "-" "Mozilla/5.0 (Macintosh; Intel Mac OS X 10_12_6) AppleWebKit/605.1.15 (KHTML, like Gecko) Version/11.1.1 Safari/605.1.15"
208.122.213.31 - - [02/May/2026:13:48:12 -0400] "POST /wp-cron.php?doing_wp_cron=1777744092.2387430667877197265625 HTTP/1.1" 200 - "-" "WordPress/6.2.6; https://store.terrorxxx.com"
142.93.215.41 - - [02/May/2026:13:48:12 -0400] "GET /wp-login.php HTTP/2.0" 200 1919 "-" "Mozilla/5.0 (Windows NT 6.3; WOW64; Trident/7.0; Touch; TNJB; rv:11.0) like Gecko"
142.93.215.41 - - [02/May/2026:13:48:12 -0400] "POST /wp-login.php HTTP/2.0" 200 2049 "https://store.terrorxxx.com/wp-login.php" "Mozilla/5.0 (Windows NT 6.3; WOW64; Trident/7.0; Touch; TNJB; rv:11.0) like Gecko"
208.122.213.31 - - [02/May/2026:13:52:36 -0400] "POST /wp-cron.php?doing_wp_cron=1777744356.5899860858917236328125 HTTP/1.1" 200 - "-" "WordPress/6.2.6; https://store.terrorxxx.com"
51.222.71.146 - - [02/May/2026:13:52:36 -0400] "POST /xmlrpc.php HTTP/2.0" 200 225 "-" "Mozilla/5.0 (Windows NT 6.3; Win64; x64; rv:61.0) Gecko/20100101 Firefox/61.0"
208.122.213.31 - - [02/May/2026:13:57:54 -0400] "POST /wp-cron.php?doing_wp_cron=1777744674.3183209896087646484375 HTTP/1.1" 200 - "-" "WordPress/6.2.6; https://store.terrorxxx.com"
62.146.233.9 - - [02/May/2026:13:57:54 -0400] "GET /wp-login.php HTTP/2.0" 200 1918 "-" "Mozilla/5.0 (compatible; MSIE 10.0; Windows NT 6.1; Win64; x64; Trident/7.0)"
62.146.233.9 - - [02/May/2026:13:57:54 -0400] "POST /wp-login.php HTTP/2.0" 200 2048 "https://store.terrorxxx.com/wp-login.php" "Mozilla/5.0 (compatible; MSIE 10.0; Windows NT 6.1; Win64; x64; Trident/7.0)"
208.122.213.31 - - [02/May/2026:14:00:31 -0400] "POST /wp-cron.php?doing_wp_cron=1777744831.3410520553588867187500 HTTP/1.1" 200 - "-" "WordPress/6.2.6; https://store.terrorxxx.com"
216.73.216.225 - - [02/May/2026:14:00:31 -0400] "GET /robots.txt HTTP/2.0" 200 115 "-" "Mozilla/5.0 AppleWebKit/537.36 (KHTML, like Gecko; compatible; ClaudeBot/1.0; +claudebot@anthropic.com)"
216.73.216.225 - - [02/May/2026:14:00:35 -0400] "GET /wp-sitemap.xml HTTP/2.0" 200 740 "-" "Mozilla/5.0 AppleWebKit/537.36 (KHTML, like Gecko; compatible; ClaudeBot/1.0; +claudebot@anthropic.com)"
208.122.213.31 - - [02/May/2026:14:04:33 -0400] "POST /wp-cron.php?doing_wp_cron=1777745073.2722439765930175781250 HTTP/1.1" 200 - "-" "WordPress/6.2.6; https://store.terrorxxx.com"
138.201.23.123 - - [02/May/2026:14:04:33 -0400] "POST /xmlrpc.php HTTP/2.0" 200 225 "-" "Mozilla/4.0 (compatible; MSIE 7.0; Windows NT 6.1; Trident/7.0; SLCC2; .NET CLR 2.0.50727; .NET CLR 3.5.30729; .NET CLR 3.0.30729; Media Center PC 6.0; .NET4.0C; .NET4.0E; GWX:QUALIFIED)"
208.122.213.31 - - [02/May/2026:14:09:43 -0400] "POST /wp-cron.php?doing_wp_cron=1777745383.0498819351196289062500 HTTP/1.1" 200 - "-" "WordPress/6.2.6; https://store.terrorxxx.com"
192.176.172.166 - - [02/May/2026:14:09:42 -0400] "GET /wp-login.php HTTP/2.0" 200 1920 "-" "Mozilla/5.0 (Windows NT 6.1; WOW64; Trident/7.0; BOIE9;ENCA; rv:11.0) like Gecko"
192.176.172.166 - - [02/May/2026:14:09:43 -0400] "POST /wp-login.php HTTP/2.0" 200 2050 "https://store.terrorxxx.com/wp-login.php" "Mozilla/5.0 (Windows NT 6.1; WOW64; Trident/7.0; BOIE9;ENCA; rv:11.0) like Gecko"
208.122.213.31 - - [02/May/2026:14:14:13 -0400] "POST /wp-cron.php?doing_wp_cron=1777745653.3390979766845703125000 HTTP/1.1" 200 - "-" "WordPress/6.2.6; https://store.terrorxxx.com"
91.98.21.65 - - [02/May/2026:14:14:13 -0400] "POST /xmlrpc.php HTTP/2.0" 200 225 "-" "Mozilla/4.0 (compatible; MSIE 7.0; Windows NT 6.3; WOW64; Trident/7.0; .NET4.0E; .NET4.0C; InfoPath.3)"
208.122.213.31 - - [02/May/2026:14:19:19 -0400] "POST /wp-cron.php?doing_wp_cron=1777745959.9184510707855224609375 HTTP/1.1" 200 - "-" "WordPress/6.2.6; https://store.terrorxxx.com"
80.74.151.194 - - [02/May/2026:14:19:19 -0400] "GET /wp-login.php HTTP/2.0" 200 1918 "-" "Mozilla/5.0 (Windows NT 6.1; WOW64; Trident/7.0; studenthousing.com; rv:11.0) like Gecko"
80.74.151.194 - - [02/May/2026:14:19:20 -0400] "POST /wp-login.php HTTP/2.0" 200 2050 "https://store.terrorxxx.com/wp-login.php" "Mozilla/5.0 (Windows NT 6.1; WOW64; Trident/7.0; studenthousing.com; rv:11.0) like Gecko"
208.122.213.31 - - [02/May/2026:14:23:33 -0400] "POST /wp-cron.php?doing_wp_cron=1777746213.6870369911193847656250 HTTP/1.1" 200 - "-" "WordPress/6.2.6; https://store.terrorxxx.com"
134.209.113.97 - - [02/May/2026:14:23:33 -0400] "POST /xmlrpc.php HTTP/2.0" 200 225 "-" "Mozilla/5.0 (Windows NT 10.0; WOW64; Trident/7.0; MAPBJS; rv:11.0) like Gecko"
208.122.213.31 - - [02/May/2026:14:30:40 -0400] "POST /wp-cron.php?doing_wp_cron=1777746639.9554300308227539062500 HTTP/1.1" 200 - "-" "WordPress/6.2.6; https://store.terrorxxx.com"
91.227.37.60 - - [02/May/2026:14:30:39 -0400] "GET /wp-login.php HTTP/2.0" 200 1920 "-" "Mozilla/4.0 (compatible; MSIE 7.0; Windows NT 6.1; WOW64; Trident/7.0; SLCC2; .NET CLR 2.0.50727; .NET CLR 3.5.30729; .NET CLR 3.0.30729; Media Center PC 6.0; .NET4.0C; .NET4.0E; GWX:QUALIFIED)"
91.227.37.60 - - [02/May/2026:14:30:40 -0400] "POST /wp-login.php HTTP/2.0" 200 2050 "https://store.terrorxxx.com/wp-login.php" "Mozilla/4.0 (compatible; MSIE 7.0; Windows NT 6.1; WOW64; Trident/7.0; SLCC2; .NET CLR 2.0.50727; .NET CLR 3.5.30729; .NET CLR 3.0.30729; Media Center PC 6.0; .NET4.0C; .NET4.0E; GWX:QUALIFIED)"
208.122.213.31 - - [02/May/2026:14:42:31 -0400] "POST /wp-cron.php?doing_wp_cron=1777747351.7590210437774658203125 HTTP/1.1" 200 - "-" "WordPress/6.2.6; https://store.terrorxxx.com"
162.214.192.209 - - [02/May/2026:14:42:31 -0400] "GET /wp-login.php HTTP/2.0" 200 1920 "-" "Mozilla/5.0 (Windows NT 6.3; Win64; x64) AppleWebKit/537.36 (KHTML, like Gecko) Chrome/58.0.3029.110 Safari/537.36 Edge/16.16299"
162.214.192.209 - - [02/May/2026:14:42:31 -0400] "POST /wp-login.php HTTP/2.0" 200 2051 "https://store.terrorxxx.com/wp-login.php" "Mozilla/5.0 (Windows NT 6.3; Win64; x64) AppleWebKit/537.36 (KHTML, like Gecko) Chrome/58.0.3029.110 Safari/537.36 Edge/16.16299"
208.122.213.31 - - [02/May/2026:14:44:51 -0400] "POST /wp-cron.php?doing_wp_cron=1777747491.2982990741729736328125 HTTP/1.1" 200 - "-" "WordPress/6.2.6; https://store.terrorxxx.com"
103.121.26.217 - - [02/May/2026:14:44:51 -0400] "POST /xmlrpc.php HTTP/2.0" 200 225 "-" "Mozilla/4.0 (compatible; MSIE 7.0; Windows NT 6.1; Win64; x64; Trident/7.0; .NET CLR 2.0.50727; SLCC2; .NET CLR 3.5.30729; .NET CLR 3.0.30729; Media Center PC 6.0; .NET4.0C; .NET4.0E; GWX:QUALIFIED)"
208.122.213.31 - - [02/May/2026:14:48:06 -0400] "POST /wp-cron.php?doing_wp_cron=1777747686.1373898983001708984375 HTTP/1.1" 200 - "-" "WordPress/6.2.6; https://store.terrorxxx.com"
128.241.254.194 - - [02/May/2026:14:48:05 -0400] "GET /wp-content/plugins/fancy-product-designer/inc/custom-image-handler.php HTTP/1.1" 404 26379 "-" "Mozilla/5.0 (Ubuntu; Linux x86_64) AppleWebKit/537.36 (KHTML, like Gecko) Chrome/142.0.0.0 Safari/537.36"
208.122.213.31 - - [02/May/2026:14:52:12 -0400] "POST /wp-cron.php?doing_wp_cron=1777747932.3725299835205078125000 HTTP/1.1" 200 - "-" "WordPress/6.2.6; https://store.terrorxxx.com"
66.116.235.214 - - [02/May/2026:14:52:12 -0400] "GET /wp-login.php HTTP/2.0" 200 1920 "-" "Mozilla/5.0 (Windows NT 10.0; Win64; x64) AppleWebKit/537.36 (KHTML, like Gecko) Chrome/65.0.3325.181 Safari/537.36 OPR/52.0.2871.40"
66.116.235.214 - - [02/May/2026:14:52:13 -0400] "POST /wp-login.php HTTP/2.0" 200 2051 "https://store.terrorxxx.com/wp-login.php" "Mozilla/5.0 (Windows NT 10.0; Win64; x64) AppleWebKit/537.36 (KHTML, like Gecko) Chrome/65.0.3325.181 Safari/537.36 OPR/52.0.2871.40"
208.122.213.31 - - [02/May/2026:15:04:04 -0400] "POST /wp-cron.php?doing_wp_cron=1777748644.4385230541229248046875 HTTP/1.1" 200 - "-" "WordPress/6.2.6; https://store.terrorxxx.com"
144.16.144.93 - - [02/May/2026:15:04:04 -0400] "GET /wp-login.php HTTP/2.0" 200 1918 "-" "Mozilla/5.0 (Windows NT 6.3; WOW64; Trident/7.0; LCJB; rv:11.0) like Gecko"
144.16.144.93 - - [02/May/2026:15:04:04 -0400] "POST /wp-login.php HTTP/2.0" 200 2050 "https://store.terrorxxx.com/wp-login.php" "Mozilla/5.0 (Windows NT 6.3; WOW64; Trident/7.0; LCJB; rv:11.0) like Gecko"
208.122.213.31 - - [02/May/2026:15:06:33 -0400] "POST /wp-cron.php?doing_wp_cron=1777748793.8708450794219970703125 HTTP/1.1" 200 - "-" "WordPress/6.2.6; https://store.terrorxxx.com"
52.232.35.131 - - [02/May/2026:15:06:33 -0400] "POST /xmlrpc.php HTTP/2.0" 200 225 "-" "Mozilla/5.0 (Windows NT 6.3; WOW64; Trident/7.0; Touch; MALNJS; rv:11.0) like Gecko"
208.122.213.31 - - [02/May/2026:15:13:51 -0400] "POST /wp-cron.php?doing_wp_cron=1777749231.4032690525054931640625 HTTP/1.1" 200 - "-" "WordPress/6.2.6; https://store.terrorxxx.com"
217.173.193.12 - - [02/May/2026:15:13:51 -0400] "GET /wp-login.php HTTP/2.0" 200 1920 "-" "Mozilla/4.0 (compatible; MSIE 7.0; Windows NT 6.2; WOW64; Trident/7.0; .NET4.0C; .NET4.0E; .NET CLR 2.0.50727; .NET CLR 3.0.30729; .NET CLR 3.5.30729; InfoPath.2)"
217.173.193.12 - - [02/May/2026:15:13:52 -0400] "POST /wp-login.php HTTP/2.0" 200 2051 "https://store.terrorxxx.com/wp-login.php" "Mozilla/4.0 (compatible; MSIE 7.0; Windows NT 6.2; WOW64; Trident/7.0; .NET4.0C; .NET4.0E; .NET CLR 2.0.50727; .NET CLR 3.0.30729; .NET CLR 3.5.30729; InfoPath.2)"
208.122.213.31 - - [02/May/2026:15:16:17 -0400] "POST /wp-cron.php?doing_wp_cron=1777749377.0225191116333007812500 HTTP/1.1" 200 - "-" "WordPress/6.2.6; https://store.terrorxxx.com"
66.116.235.214 - - [02/May/2026:15:16:16 -0400] "POST /xmlrpc.php HTTP/2.0" 200 225 "-" "Mozilla/5.0 (Windows NT 6.3; WOW64; Trident/7.0; ASU2JS; rv:11.0) like Gecko"
208.122.213.31 - - [02/May/2026:15:23:21 -0400] "POST /wp-cron.php?doing_wp_cron=1777749801.8685820102691650390625 HTTP/1.1" 200 - "-" "WordPress/6.2.6; https://store.terrorxxx.com"
54.39.17.116 - - [02/May/2026:15:23:21 -0400] "GET /wp-login.php HTTP/2.0" 200 1920 "-" "Mozilla/5.0 (Windows NT 6.2; Win64; x64) AppleWebKit/537.36 (KHTML, like Gecko) Chrome/67.0.3396.87 Safari/537.36"
54.39.17.116 - - [02/May/2026:15:23:23 -0400] "POST /wp-login.php HTTP/2.0" 200 2049 "https://store.terrorxxx.com/wp-login.php" "Mozilla/5.0 (Windows NT 6.2; Win64; x64) AppleWebKit/537.36 (KHTML, like Gecko) Chrome/67.0.3396.87 Safari/537.36"
208.122.213.31 - - [02/May/2026:15:28:30 -0400] "POST /wp-cron.php?doing_wp_cron=1777750110.4934320449829101562500 HTTP/1.1" 200 - "-" "WordPress/6.2.6; https://store.terrorxxx.com"
52.232.35.131 - - [02/May/2026:15:28:30 -0400] "POST /xmlrpc.php HTTP/2.0" 200 225 "-" "Mozilla/5.0 (compatible; MSIE 10.0; Windows NT 6.1; WOW64; Trident/7.0)"
208.122.213.31 - - [02/May/2026:15:33:06 -0400] "POST /wp-cron.php?doing_wp_cron=1777750386.4880230426788330078125 HTTP/1.1" 200 - "-" "WordPress/6.2.6; https://store.terrorxxx.com"
103.232.122.132 - - [02/May/2026:15:33:06 -0400] "GET /wp-login.php HTTP/2.0" 200 1920 "-" "Mozilla/5.0 (Windows NT 6.1; WOW64; Trident/7.0; EIE10;ENUSMCM; rv:11.0) like Gecko"
103.232.122.132 - - [02/May/2026:15:33:07 -0400] "POST /wp-login.php HTTP/2.0" 200 2049 "https://store.terrorxxx.com/wp-login.php" "Mozilla/5.0 (Windows NT 6.1; WOW64; Trident/7.0; EIE10;ENUSMCM; rv:11.0) like Gecko"
208.122.213.31 - - [02/May/2026:15:40:02 -0400] "POST /wp-cron.php?doing_wp_cron=1777750802.4664618968963623046875 HTTP/1.1" 200 - "-" "WordPress/6.2.6; https://store.terrorxxx.com"
66.29.129.135 - - [02/May/2026:15:40:02 -0400] "POST /xmlrpc.php HTTP/2.0" 200 225 "-" "Mozilla/5.0 (Windows NT 6.1; WOW64; Trident/7.0; MASN; rv:11.0) like Gecko"
208.122.213.31 - - [02/May/2026:15:45:06 -0400] "POST /wp-cron.php?doing_wp_cron=1777751106.9753110408782958984375 HTTP/1.1" 200 - "-" "WordPress/6.2.6; https://store.terrorxxx.com"
45.55.138.32 - - [02/May/2026:15:45:06 -0400] "GET /wp-login.php HTTP/2.0" 200 1920 "-" "Mozilla/4.0 (compatible; MSIE 7.0; Windows NT 6.1; WOW64; Trident/7.0; SLCC2; .NET CLR 2.0.50727; .NET CLR 3.5.30729; .NET CLR 3.0.30729; Media Center PC 6.0; .NET4.0C; .NET4.0E; ms-office)"
45.55.138.32 - - [02/May/2026:15:45:07 -0400] "POST /wp-login.php HTTP/2.0" 200 2050 "https://store.terrorxxx.com/wp-login.php" "Mozilla/4.0 (compatible; MSIE 7.0; Windows NT 6.1; WOW64; Trident/7.0; SLCC2; .NET CLR 2.0.50727; .NET CLR 3.5.30729; .NET CLR 3.0.30729; Media Center PC 6.0; .NET4.0C; .NET4.0E; ms-office)"
208.122.213.31 - - [02/May/2026:15:50:17 -0400] "POST /wp-cron.php?doing_wp_cron=1777751417.0230309963226318359375 HTTP/1.1" 200 - "-" "WordPress/6.2.6; https://store.terrorxxx.com"
46.22.135.218 - - [02/May/2026:15:50:16 -0400] "POST /xmlrpc.php HTTP/2.0" 200 225 "-" "Mozilla/5.0 (Macintosh; Intel Mac OS X 10_10_5) AppleWebKit/602.3.12 (KHTML, like Gecko) Version/10.0.2 Safari/602.3.12"
208.122.213.31 - - [02/May/2026:15:54:56 -0400] "POST /wp-cron.php?doing_wp_cron=1777751696.1730089187622070312500 HTTP/1.1" 200 - "-" "WordPress/6.2.6; https://store.terrorxxx.com"
137.74.133.23 - - [02/May/2026:15:54:56 -0400] "GET /wp-login.php HTTP/2.0" 200 1920 "-" "Mozilla/5.0 (Windows NT 10.0; Win64; x64) AppleWebKit/537.36 (KHTML, like Gecko) Chrome/64.0.3282.140 Safari/537.36 Edge/17.17134"
137.74.133.23 - - [02/May/2026:15:54:56 -0400] "POST /wp-login.php HTTP/2.0" 200 2050 "https://store.terrorxxx.com/wp-login.php" "Mozilla/5.0 (Windows NT 10.0; Win64; x64) AppleWebKit/537.36 (KHTML, like Gecko) Chrome/64.0.3282.140 Safari/537.36 Edge/17.17134"
208.122.213.31 - - [02/May/2026:15:59:50 -0400] "POST /wp-cron.php?doing_wp_cron=1777751990.5698390007019042968750 HTTP/1.1" 200 - "-" "WordPress/6.2.6; https://store.terrorxxx.com"
202.92.6.73 - - [02/May/2026:15:59:50 -0400] "POST /xmlrpc.php HTTP/2.0" 200 225 "-" "Mozilla/4.0 (compatible; MSIE 7.0; Windows NT 6.1; WOW64; Trident/7.0; SLCC2; .NET CLR 2.0.50727; .NET CLR 3.5.30729; .NET CLR 3.0.30729; Media Center PC 6.0; InfoPath.3; .NET4.0C; .NET4.0E)"
208.122.213.31 - - [02/May/2026:16:05:09 -0400] "POST /wp-cron.php?doing_wp_cron=1777752309.1987879276275634765625 HTTP/1.1" 200 - "-" "WordPress/6.2.6; https://store.terrorxxx.com"
128.241.254.194 - - [02/May/2026:16:05:09 -0400] "GET /wp-admin/admin-ajax.php?action=bwg_frontend_data&shortcode_id=1&bwg_tag_id_bwg_thumbnails_0[]=)%22%20union%20select%201,2,3,4,5,6,7,concat(md5(999999999),%200x2c,%208),9,10,11,12,13,14,15,16,17,18,19,20,21,22,23%20--%20g HTTP/1.1" 400 1 "-" "Mozilla/5.0 (SS; Linux i686) AppleWebKit/537.36 (KHTML, like Gecko) Chrome/132.0.0.0 Safari/537.36"
208.122.213.31 - - [02/May/2026:16:10:05 -0400] "POST /wp-cron.php?doing_wp_cron=1777752605.4155619144439697265625 HTTP/1.1" 200 - "-" "WordPress/6.2.6; https://store.terrorxxx.com"
52.167.144.209 - - [02/May/2026:16:10:05 -0400] "GET /wp-sitemap-posts-page-1.xml HTTP/2.0" 200 828 "-" "Mozilla/5.0 AppleWebKit/537.36 (KHTML, like Gecko; compatible; bingbot/2.0; +http://www.bing.com/bingbot.htm) Chrome/116.0.1938.76 Safari/537.36"
208.122.213.31 - - [02/May/2026:16:12:03 -0400] "POST /wp-cron.php?doing_wp_cron=1777752723.0432128906250000000000 HTTP/1.1" 200 - "-" "WordPress/6.2.6; https://store.terrorxxx.com"
35.226.7.126 - - [02/May/2026:16:12:02 -0400] "POST /xmlrpc.php HTTP/2.0" 200 225 "-" "Mozilla/5.0 (Windows NT 6.0; Win64; x64) AppleWebKit/537.36 (KHTML, like Gecko) Chrome/52.0.2743.116 Safari/537.36 Edge/15.15063"
208.122.213.31 - - [02/May/2026:16:16:46 -0400] "POST /wp-cron.php?doing_wp_cron=1777753006.7289819717407226562500 HTTP/1.1" 200 - "-" "WordPress/6.2.6; https://store.terrorxxx.com"
148.113.9.51 - - [02/May/2026:16:16:46 -0400] "GET /wp-login.php HTTP/2.0" 200 1919 "-" "Mozilla/5.0 (Windows NT 10.0; Win64; x64) AppleWebKit/537.36 (KHTML, like Gecko) Chrome/67.0.3396.87 Safari/537.36"
148.113.9.51 - - [02/May/2026:16:16:47 -0400] "POST /wp-login.php HTTP/2.0" 200 2048 "https://store.terrorxxx.com/wp-login.php" "Mozilla/5.0 (Windows NT 10.0; Win64; x64) AppleWebKit/537.36 (KHTML, like Gecko) Chrome/67.0.3396.87 Safari/537.36"
208.122.213.31 - - [02/May/2026:16:28:27 -0400] "POST /wp-cron.php?doing_wp_cron=1777753707.9790389537811279296875 HTTP/1.1" 200 - "-" "WordPress/6.2.6; https://store.terrorxxx.com"
20.118.20.77 - - [02/May/2026:16:28:27 -0400] "GET /wp-login.php HTTP/2.0" 200 1918 "-" "Mozilla/5.0 (Macintosh; Intel Mac OS X 10_11_6) AppleWebKit/604.1.38 (KHTML, like Gecko) Version/11.0 Safari/604.1.38"
20.118.20.77 - - [02/May/2026:16:28:28 -0400] "POST /wp-login.php HTTP/2.0" 200 2048 "https://store.terrorxxx.com/wp-login.php" "Mozilla/5.0 (Macintosh; Intel Mac OS X 10_11_6) AppleWebKit/604.1.38 (KHTML, like Gecko) Version/11.0 Safari/604.1.38"
208.122.213.31 - - [02/May/2026:16:29:29 -0400] "POST /wp-cron.php?doing_wp_cron=1777753769.5072970390319824218750 HTTP/1.1" 200 - "-" "WordPress/6.2.6; https://store.terrorxxx.com"
66.132.172.140 - - [02/May/2026:16:29:29 -0400] "GET / HTTP/1.1" 200 7340 "-" "Mozilla/5.0 (compatible; CensysInspect/1.1; +https://about.censys.io/)"
66.132.172.140 - - [02/May/2026:16:29:30 -0400] "GET /favicon.ico HTTP/1.1" 302 - "-" "Mozilla/5.0 (compatible; CensysInspect/1.1; +https://about.censys.io/)"
66.132.172.140 - - [02/May/2026:16:29:31 -0400] "GET /wp-includes/images/w-logo-blue-white-bg.png HTTP/1.1" 200 4119 "https://store.terrorxxx.com/favicon.ico" "Mozilla/5.0 (compatible; CensysInspect/1.1; +https://about.censys.io/)"
66.132.172.140 - - [02/May/2026:16:29:46 -0400] "GET / HTTP/1.1" 301 - "-" "Mozilla/5.0 (compatible; CensysInspect/1.1; +https://about.censys.io/)"
208.122.213.31 - - [02/May/2026:16:34:51 -0400] "POST /wp-cron.php?doing_wp_cron=1777754091.6424539089202880859375 HTTP/1.1" 200 - "-" "WordPress/6.2.6; https://store.terrorxxx.com"
216.73.216.225 - - [02/May/2026:16:34:51 -0400] "GET /robots.txt HTTP/2.0" 200 115 "-" "Mozilla/5.0 AppleWebKit/537.36 (KHTML, like Gecko; compatible; ClaudeBot/1.0; +claudebot@anthropic.com)"
216.73.216.225 - - [02/May/2026:16:34:51 -0400] "GET /wp-sitemap.xml HTTP/2.0" 200 740 "-" "Mozilla/5.0 AppleWebKit/537.36 (KHTML, like Gecko; compatible; ClaudeBot/1.0; +claudebot@anthropic.com)"
208.122.213.31 - - [02/May/2026:16:35:49 -0400] "POST /wp-cron.php?doing_wp_cron=1777754149.2787930965423583984375 HTTP/1.1" 200 - "-" "WordPress/6.2.6; https://store.terrorxxx.com"
216.245.208.230 - - [02/May/2026:16:35:49 -0400] "POST /xmlrpc.php HTTP/2.0" 200 225 "-" "Mozilla/5.0 (Windows NT 6.1; WOW64; Trident/7.0; ASJB; ASJB; MAAU; rv:11.0) like Gecko"
208.122.213.31 - - [02/May/2026:16:36:58 -0400] "POST /wp-cron.php?doing_wp_cron=1777754218.9052109718322753906250 HTTP/1.1" 200 - "-" "WordPress/6.2.6; https://store.terrorxxx.com"
157.55.39.60 - - [02/May/2026:16:36:58 -0400] "GET /wp-sitemap-posts-product-1.xml HTTP/2.0" 200 523 "-" "Mozilla/5.0 AppleWebKit/537.36 (KHTML, like Gecko; compatible; bingbot/2.0; +http://www.bing.com/bingbot.htm) Chrome/116.0.1938.76 Safari/537.36"
208.122.213.31 - - [02/May/2026:16:40:00 -0400] "POST /wp-cron.php?doing_wp_cron=1777754400.5770750045776367187500 HTTP/1.1" 200 - "-" "WordPress/6.2.6; https://store.terrorxxx.com"
160.16.79.220 - - [02/May/2026:16:40:00 -0400] "GET /wp-login.php HTTP/2.0" 200 1919 "-" "Mozilla/5.0 (compatible; MSIE 10.0; Windows NT 6.1; Win64; x64; Trident/7.0)"
160.16.79.220 - - [02/May/2026:16:40:01 -0400] "POST /wp-login.php HTTP/2.0" 200 2048 "https://store.terrorxxx.com/wp-login.php" "Mozilla/5.0 (compatible; MSIE 10.0; Windows NT 6.1; Win64; x64; Trident/7.0)"
208.122.213.31 - - [02/May/2026:16:47:54 -0400] "POST /wp-cron.php?doing_wp_cron=1777754874.4028139114379882812500 HTTP/1.1" 200 - "-" "WordPress/6.2.6; https://store.terrorxxx.com"
67.205.18.1 - - [02/May/2026:16:47:54 -0400] "POST /xmlrpc.php HTTP/2.0" 200 225 "-" "Mozilla/5.0 (Windows NT 6.1; Win64; x64; rv:60.0) Gecko/20100101 Firefox/60.0"
208.122.213.31 - - [02/May/2026:16:49:33 -0400] "POST /wp-cron.php?doing_wp_cron=1777754973.3695089817047119140625 HTTP/1.1" 200 - "-" "WordPress/6.2.6; https://store.terrorxxx.com"
78.142.18.172 - - [02/May/2026:16:49:33 -0400] "GET /wp-login.php HTTP/2.0" 200 1919 "-" "Mozilla/5.0 (Windows NT 6.3; Win64; x64; Trident/7.0; Touch; MAARJS; rv:11.0) like Gecko"
78.142.18.172 - - [02/May/2026:16:49:34 -0400] "POST /wp-login.php HTTP/2.0" 200 2049 "https://store.terrorxxx.com/wp-login.php" "Mozilla/5.0 (Windows NT 6.3; Win64; x64; Trident/7.0; Touch; MAARJS; rv:11.0) like Gecko"
208.122.213.31 - - [02/May/2026:16:59:12 -0400] "POST /wp-cron.php?doing_wp_cron=1777755552.1656200885772705078125 HTTP/1.1" 200 - "-" "WordPress/6.2.6; https://store.terrorxxx.com"
121.200.216.56 - - [02/May/2026:16:59:12 -0400] "GET /wp-login.php HTTP/2.0" 200 1919 "-" "Mozilla/5.0 (Windows NT 6.1; WOW64; Trident/7.0; MDDRJS; rv:11.0) like Gecko"
