34.239.148.25 - - [02/May/2026:01:50:53 -0400] "GET /wp-content/plugins/woocommerce/assets/js/selectWoo/selectWoo.full.min.js?ver=1.0.6 HTTP/2.0" 200 21611 "https://store.terrorxxx.com/" "Mozilla/5.0 (X11; Linux x86_64) AppleWebKit/537.36 (KHTML, like Gecko) HeadlessChrome/138.0.7204.23 Safari/537.36"
34.239.148.25 - - [02/May/2026:01:50:53 -0400] "GET /wp-content/plugins/woocommerce/assets/js/js-cookie/js.cookie.min.js?ver=2.1.4 HTTP/2.0" 200 981 "https://store.terrorxxx.com/" "Mozilla/5.0 (X11; Linux x86_64) AppleWebKit/537.36 (KHTML, like Gecko) HeadlessChrome/138.0.7204.23 Safari/537.36"
34.239.148.25 - - [02/May/2026:01:50:53 -0400] "GET /wp-content/plugins/woocommerce/assets/js/frontend/woocommerce.min.js?ver=3.8.3 HTTP/2.0" 200 619 "https://store.terrorxxx.com/" "Mozilla/5.0 (X11; Linux x86_64) AppleWebKit/537.36 (KHTML, like Gecko) HeadlessChrome/138.0.7204.23 Safari/537.36"
34.239.148.25 - - [02/May/2026:01:50:53 -0400] "GET /wp-content/plugins/woocommerce/assets/js/frontend/cart-fragments.min.js?ver=3.8.3 HTTP/2.0" 200 1042 "https://store.terrorxxx.com/" "Mozilla/5.0 (X11; Linux x86_64) AppleWebKit/537.36 (KHTML, like Gecko) HeadlessChrome/138.0.7204.23 Safari/537.36"
34.239.148.25 - - [02/May/2026:01:50:53 -0400] "GET /wp-content/themes/tyche/assets/js/skip-link-focus-fix.js?ver=6.2.6 HTTP/2.0" 200 464 "https://store.terrorxxx.com/" "Mozilla/5.0 (X11; Linux x86_64) AppleWebKit/537.36 (KHTML, like Gecko) HeadlessChrome/138.0.7204.23 Safari/537.36"
34.239.148.25 - - [02/May/2026:01:50:53 -0400] "GET /wp-content/themes/tyche/assets/vendors/menu/menu.min.js?ver=6.2.6 HTTP/2.0" 200 435 "https://store.terrorxxx.com/" "Mozilla/5.0 (X11; Linux x86_64) AppleWebKit/537.36 (KHTML, like Gecko) HeadlessChrome/138.0.7204.23 Safari/537.36"
34.239.148.25 - - [02/May/2026:01:50:53 -0400] "GET /wp-includes/js/wp-emoji-release.min.js?ver=6.2.6 HTTP/2.0" 200 5039 "https://store.terrorxxx.com/" "Mozilla/5.0 (X11; Linux x86_64) AppleWebKit/537.36 (KHTML, like Gecko) HeadlessChrome/138.0.7204.23 Safari/537.36"
34.239.148.25 - - [02/May/2026:01:50:53 -0400] "GET /wp-content/plugins/woocommerce/assets/css/woocommerce-smallscreen.css?ver=3.8.3 HTTP/2.0" 200 1055 "https://store.terrorxxx.com/" "Mozilla/5.0 (X11; Linux x86_64) AppleWebKit/537.36 (KHTML, like Gecko) HeadlessChrome/138.0.7204.23 Safari/537.36"
34.239.148.25 - - [02/May/2026:01:50:53 -0400] "GET /wp-content/uploads/2019/02/IMG_7008-300x300.jpg HTTP/2.0" 200 14882 "https://store.terrorxxx.com/" "Mozilla/5.0 (X11; Linux x86_64) AppleWebKit/537.36 (KHTML, like Gecko) HeadlessChrome/138.0.7204.23 Safari/537.36"
34.239.148.25 - - [02/May/2026:01:50:53 -0400] "GET /wp-content/uploads/2019/02/IMG_1092-300x300.jpeg HTTP/2.0" 200 18286 "https://store.terrorxxx.com/" "Mozilla/5.0 (X11; Linux x86_64) AppleWebKit/537.36 (KHTML, like Gecko) HeadlessChrome/138.0.7204.23 Safari/537.36"
34.239.148.25 - - [02/May/2026:01:50:53 -0400] "GET /wp-content/themes/tyche/assets/vendors/fontawesome/fontawesome-webfont.woff2?v=4.7.0 HTTP/2.0" 200 77162 "https://store.terrorxxx.com/wp-content/themes/tyche/assets/vendors/fontawesome/font-awesome.min.css?ver=6.2.6" "Mozilla/5.0 (X11; Linux x86_64) AppleWebKit/537.36 (KHTML, like Gecko) HeadlessChrome/138.0.7204.23 Safari/537.36"
34.239.148.25 - - [02/May/2026:01:50:53 -0400] "GET /wp-content/uploads/2019/02/terrorxxx-header.jpg HTTP/2.0" 200 79567 "https://store.terrorxxx.com/" "Mozilla/5.0 (X11; Linux x86_64) AppleWebKit/537.36 (KHTML, like Gecko) HeadlessChrome/138.0.7204.23 Safari/537.36"
34.239.148.25 - - [02/May/2026:01:50:53 -0400] "POST /?wc-ajax=get_refreshed_fragments HTTP/2.0" 200 - "https://store.terrorxxx.com/" "Mozilla/5.0 (X11; Linux x86_64) AppleWebKit/537.36 (KHTML, like Gecko) HeadlessChrome/138.0.7204.23 Safari/537.36"
34.239.148.25 - - [02/May/2026:01:50:53 -0400] "GET /favicon.ico HTTP/2.0" 302 - "https://store.terrorxxx.com/" "Mozilla/5.0 (X11; Linux x86_64) AppleWebKit/537.36 (KHTML, like Gecko) HeadlessChrome/138.0.7204.23 Safari/537.36"
34.239.148.25 - - [02/May/2026:01:50:54 -0400] "GET /wp-includes/images/w-logo-blue-white-bg.png HTTP/2.0" 200 4119 "https://store.terrorxxx.com/" "Mozilla/5.0 (X11; Linux x86_64) AppleWebKit/537.36 (KHTML, like Gecko) HeadlessChrome/138.0.7204.23 Safari/537.36"
208.122.213.31 - - [02/May/2026:01:54:10 -0400] "POST /wp-cron.php?doing_wp_cron=1777701250.7278940677642822265625 HTTP/1.1" 200 - "-" "WordPress/6.2.6; https://store.terrorxxx.com"
216.73.216.151 - - [02/May/2026:01:54:10 -0400] "GET /robots.txt HTTP/2.0" 200 115 "-" "Mozilla/5.0 AppleWebKit/537.36 (KHTML, like Gecko; compatible; ClaudeBot/1.0; +claudebot@anthropic.com)"
216.73.216.151 - - [02/May/2026:01:54:10 -0400] "GET /wp-sitemap.xml HTTP/2.0" 200 740 "-" "Mozilla/5.0 AppleWebKit/537.36 (KHTML, like Gecko; compatible; ClaudeBot/1.0; +claudebot@anthropic.com)"
208.122.213.31 - - [02/May/2026:02:01:41 -0400] "POST /wp-cron.php?doing_wp_cron=1777701701.8611640930175781250000 HTTP/1.1" 200 - "-" "WordPress/6.2.6; https://store.terrorxxx.com"
121.200.217.27 - - [02/May/2026:02:01:41 -0400] "POST /xmlrpc.php HTTP/2.0" 200 225 "-" "Mozilla/4.0 (compatible; MSIE 7.0; Windows NT 6.1; WOW64; Trident/7.0; SLCC2; .NET CLR 2.0.50727; .NET CLR 3.5.30729; .NET CLR 3.0.30729; Media Center PC 6.0; .NET4.0C; .NET4.0E)"
40.77.167.230 - - [02/May/2026:02:02:14 -0400] "GET /wp-sitemap-posts-page-1.xml HTTP/2.0" 200 828 "-" "Mozilla/5.0 AppleWebKit/537.36 (KHTML, like Gecko; compatible; bingbot/2.0; +http://www.bing.com/bingbot.htm) Chrome/116.0.1938.76 Safari/537.36"
208.122.213.31 - - [02/May/2026:02:06:57 -0400] "POST /wp-cron.php?doing_wp_cron=1777702017.9178891181945800781250 HTTP/1.1" 200 - "-" "WordPress/6.2.6; https://store.terrorxxx.com"
93.39.85.202 - - [02/May/2026:02:06:57 -0400] "GET /wp-login.php HTTP/2.0" 200 1919 "-" "Mozilla/4.0 (compatible; MSIE 7.0; Windows NT 6.1; WOW64; Trident/7.0; SLCC2; Media Center PC 6.0; .NET CLR 3.5.30729; .NET CLR 3.0.30729; .NET CLR 2.0.50727; .NET4.0C; .NET4.0E)"
208.122.213.31 - - [02/May/2026:02:11:17 -0400] "POST /wp-cron.php?doing_wp_cron=1777702277.7060589790344238281250 HTTP/1.1" 200 - "-" "WordPress/6.2.6; https://store.terrorxxx.com"
103.100.38.132 - - [02/May/2026:02:11:17 -0400] "POST /xmlrpc.php HTTP/2.0" 200 225 "-" "Mozilla/4.0 (compatible; MSIE 7.0; Windows NT 6.1; WOW64; Trident/7.0; SLCC2; .NET CLR 2.0.50727; .NET CLR 3.5.30729; .NET CLR 3.0.30729; Media Center PC 6.0; .NET4.0C; .NET4.0E; InfoPath.3; MS-RTC LM 8)"
208.122.213.31 - - [02/May/2026:02:16:20 -0400] "POST /wp-cron.php?doing_wp_cron=1777702580.5487780570983886718750 HTTP/1.1" 200 - "-" "WordPress/6.2.6; https://store.terrorxxx.com"
144.76.72.43 - - [02/May/2026:02:16:20 -0400] "GET /wp-login.php HTTP/2.0" 200 1920 "-" "Mozilla/4.0 (compatible; MSIE 7.0; Windows NT 6.2; WOW64; Trident/7.0; .NET4.0E; .NET4.0C; .NET CLR 3.5.30729; .NET CLR 2.0.50727; .NET CLR 3.0.30729; Tablet PC 2.0)"
144.76.72.43 - - [02/May/2026:02:16:20 -0400] "POST /wp-login.php HTTP/2.0" 200 2050 "https://store.terrorxxx.com/wp-login.php" "Mozilla/4.0 (compatible; MSIE 7.0; Windows NT 6.2; WOW64; Trident/7.0; .NET4.0E; .NET4.0C; .NET CLR 3.5.30729; .NET CLR 2.0.50727; .NET CLR 3.0.30729; Tablet PC 2.0)"
208.122.213.31 - - [02/May/2026:02:22:41 -0400] "POST /wp-cron.php?doing_wp_cron=1777702961.8779060840606689453125 HTTP/1.1" 200 - "-" "WordPress/6.2.6; https://store.terrorxxx.com"
91.227.37.60 - - [02/May/2026:02:22:41 -0400] "POST /xmlrpc.php HTTP/2.0" 200 225 "-" "Mozilla/5.0 (Windows NT 5.1; Win64; x64) AppleWebKit/537.36 (KHTML, like Gecko) Chrome/66.0.3359.117 Safari/537.36"
208.122.213.31 - - [02/May/2026:02:27:50 -0400] "POST /wp-cron.php?doing_wp_cron=1777703270.2339570522308349609375 HTTP/1.1" 200 - "-" "WordPress/6.2.6; https://store.terrorxxx.com"
43.225.108.103 - - [02/May/2026:02:27:50 -0400] "GET /wp-login.php HTTP/2.0" 200 1920 "-" "Mozilla/5.0 (Windows NT 6.1) AppleWebKit/537.36 (KHTML, like Gecko) Chrome/65.0.3325.181 Safari/537.36"
43.225.108.103 - - [02/May/2026:02:27:50 -0400] "POST /wp-login.php HTTP/2.0" 200 2050 "https://store.terrorxxx.com/wp-login.php" "Mozilla/5.0 (Windows NT 6.1) AppleWebKit/537.36 (KHTML, like Gecko) Chrome/65.0.3325.181 Safari/537.36"
208.122.213.31 - - [02/May/2026:02:32:09 -0400] "POST /wp-cron.php?doing_wp_cron=1777703529.6688020229339599609375 HTTP/1.1" 200 - "-" "WordPress/6.2.6; https://store.terrorxxx.com"
142.93.217.129 - - [02/May/2026:02:32:09 -0400] "POST /xmlrpc.php HTTP/2.0" 200 225 "-" "Mozilla/4.0 (compatible; MSIE 7.0; Windows NT 6.1; WOW64; Trident/7.0; SLCC2; .NET CLR 2.0.50727; .NET CLR 3.5.30729; .NET CLR 3.0.30729; Media Center PC 6.0; .NET4.0C; .NET4.0E; MS-RTC LM 8; InfoPath.3)"
208.122.213.31 - - [02/May/2026:02:34:06 -0400] "POST /wp-cron.php?doing_wp_cron=1777703646.9040679931640625000000 HTTP/1.1" 200 - "-" "WordPress/6.2.6; https://store.terrorxxx.com"
103.109.101.75 - - [02/May/2026:02:34:06 -0400] "GET / HTTP/1.1" 200 7342 "-" "Mozilla/5.0 (Windows NT 10.0; Win64; x64) AppleWebKit/537.36 (KHTML, like Gecko) Chrome/120.0.0.0 Safari/537.36"
208.122.213.31 - - [02/May/2026:02:39:10 -0400] "POST /wp-cron.php?doing_wp_cron=1777703950.5171730518341064453125 HTTP/1.1" 200 - "-" "WordPress/6.2.6; https://store.terrorxxx.com"
109.199.96.43 - - [02/May/2026:02:39:10 -0400] "GET /wp-login.php HTTP/2.0" 200 1920 "-" "Mozilla/5.0 (Windows NT 10.0; WOW64; Trident/7.0; Touch; ASU2JS; rv:11.0) like Gecko"
208.122.213.31 - - [02/May/2026:02:42:57 -0400] "POST /wp-cron.php?doing_wp_cron=1777704177.1920928955078125000000 HTTP/1.1" 200 - "-" "WordPress/6.2.6; https://store.terrorxxx.com"
213.180.203.106 - - [02/May/2026:02:42:57 -0400] "GET /robots.txt HTTP/1.1" 200 120 "-" "Mozilla/5.0 (compatible; YandexBot/3.0; +http://yandex.com/bots)"
208.122.213.31 - - [02/May/2026:02:43:40 -0400] "POST /wp-cron.php?doing_wp_cron=1777704220.8644089698791503906250 HTTP/1.1" 200 - "-" "WordPress/6.2.6; https://store.terrorxxx.com"
208.122.213.31 - - [02/May/2026:02:43:40 -0400] "POST /wp-cron.php?doing_wp_cron=1777704220.8647179603576660156250 HTTP/1.1" 200 - "-" "WordPress/6.2.6; https://store.terrorxxx.com"
103.109.101.75 - - [02/May/2026:02:43:40 -0400] "GET /feed/ HTTP/1.1" 200 1032 "-" "Mozilla/5.0 (Windows NT 10.0; Win64; x64) AppleWebKit/537.36 (KHTML, like Gecko) Chrome/120.0.0.0 Safari/537.36"
103.109.101.75 - - [02/May/2026:02:43:40 -0400] "GET /xmlrpc.php HTTP/1.1" 405 42 "-" "Mozilla/5.0 (Windows NT 10.0; Win64; x64) AppleWebKit/537.36 (KHTML, like Gecko) Chrome/120.0.0.0 Safari/537.36"
103.109.101.75 - - [02/May/2026:02:43:40 -0400] "GET /comments/feed/ HTTP/1.1" 200 926 "-" "Mozilla/5.0 (Windows NT 10.0; Win64; x64) AppleWebKit/537.36 (KHTML, like Gecko) Chrome/120.0.0.0 Safari/537.36"
103.109.101.75 - - [02/May/2026:02:43:40 -0400] "GET /home/feed/ HTTP/1.1" 200 2953 "-" "Mozilla/5.0 (Windows NT 10.0; Win64; x64) AppleWebKit/537.36 (KHTML, like Gecko) Chrome/120.0.0.0 Safari/537.36"
103.109.101.75 - - [02/May/2026:02:43:40 -0400] "GET /wp-json/ HTTP/1.1" 200 40420 "-" "Mozilla/5.0 (Windows NT 10.0; Win64; x64) AppleWebKit/537.36 (KHTML, like Gecko) Chrome/120.0.0.0 Safari/537.36"
103.109.101.75 - - [02/May/2026:02:43:41 -0400] "GET /xmlrpc.php?rsd HTTP/1.1" 200 306 "-" "Mozilla/5.0 (Windows NT 10.0; Win64; x64) AppleWebKit/537.36 (KHTML, like Gecko) Chrome/120.0.0.0 Safari/537.36"
103.109.101.75 - - [02/May/2026:02:43:41 -0400] "GET /cart/ HTTP/1.1" 200 7729 "-" "Mozilla/5.0 (Windows NT 10.0; Win64; x64) AppleWebKit/537.36 (KHTML, like Gecko) Chrome/120.0.0.0 Safari/537.36"
103.109.101.75 - - [02/May/2026:02:43:41 -0400] "GET /?add-to-cart=128 HTTP/1.1" 200 7418 "-" "Mozilla/5.0 (Windows NT 10.0; Win64; x64) AppleWebKit/537.36 (KHTML, like Gecko) Chrome/120.0.0.0 Safari/537.36"
103.109.101.75 - - [02/May/2026:02:43:41 -0400] "GET /product/terrorxxx-tshirt/ HTTP/1.1" 200 9355 "-" "Mozilla/5.0 (Windows NT 10.0; Win64; x64) AppleWebKit/537.36 (KHTML, like Gecko) Chrome/120.0.0.0 Safari/537.36"
103.109.101.75 - - [02/May/2026:02:43:41 -0400] "GET / HTTP/1.1" 200 7342 "-" "Mozilla/5.0 (Windows NT 10.0; Win64; x64) AppleWebKit/537.36 (KHTML, like Gecko) Chrome/120.0.0.0 Safari/537.36"
103.109.101.75 - - [02/May/2026:02:43:41 -0400] "GET /?add-to-cart=140 HTTP/1.1" 200 7408 "-" "Mozilla/5.0 (Windows NT 10.0; Win64; x64) AppleWebKit/537.36 (KHTML, like Gecko) Chrome/120.0.0.0 Safari/537.36"
103.109.101.75 - - [02/May/2026:02:43:41 -0400] "GET /product/terrorxxx-sticker/ HTTP/1.1" 200 8704 "-" "Mozilla/5.0 (Windows NT 10.0; Win64; x64) AppleWebKit/537.36 (KHTML, like Gecko) Chrome/120.0.0.0 Safari/537.36"
208.122.213.31 - - [02/May/2026:02:45:52 -0400] "POST /wp-cron.php?doing_wp_cron=1777704352.0678710937500000000000 HTTP/1.1" 200 - "-" "WordPress/6.2.6; https://store.terrorxxx.com"
199.45.155.84 - - [02/May/2026:02:45:51 -0400] "GET / HTTP/1.1" 200 7349 "-" "Mozilla/5.0 (compatible; CensysInspect/1.1; +https://about.censys.io/)"
199.45.155.84 - - [02/May/2026:02:45:53 -0400] "GET /favicon.ico HTTP/1.1" 302 - "-" "Mozilla/5.0 (compatible; CensysInspect/1.1; +https://about.censys.io/)"
199.45.155.84 - - [02/May/2026:02:45:53 -0400] "GET /wp-includes/images/w-logo-blue-white-bg.png HTTP/1.1" 200 4119 "http://store.terrorxxx.com/favicon.ico" "Mozilla/5.0 (compatible; CensysInspect/1.1; +https://about.censys.io/)"
199.45.155.84 - - [02/May/2026:02:45:57 -0400] "GET / HTTP/1.1" 301 - "-" "Mozilla/5.0 (compatible; CensysInspect/1.1; +https://about.censys.io/)"
208.122.213.31 - - [02/May/2026:02:49:44 -0400] "POST /wp-cron.php?doing_wp_cron=1777704584.2427549362182617187500 HTTP/1.1" 200 - "-" "WordPress/6.2.6; https://store.terrorxxx.com"
40.77.167.121 - - [02/May/2026:02:49:44 -0400] "GET /wp-sitemap-taxonomies-product_cat-1.xml HTTP/2.0" 200 524 "-" "Mozilla/5.0 AppleWebKit/537.36 (KHTML, like Gecko; compatible; bingbot/2.0; +http://www.bing.com/bingbot.htm) Chrome/116.0.1938.76 Safari/537.36"
208.122.213.31 - - [02/May/2026:02:55:07 -0400] "POST /wp-cron.php?doing_wp_cron=1777704907.3090329170227050781250 HTTP/1.1" 200 - "-" "WordPress/6.2.6; https://store.terrorxxx.com"
178.104.48.247 - - [02/May/2026:02:55:07 -0400] "POST /xmlrpc.php HTTP/2.0" 200 225 "-" "Mozilla/5.0 (Windows NT 6.1; WOW64; Trident/7.0; BOIE9;ENCA; rv:11.0) like Gecko"
208.122.213.31 - - [02/May/2026:03:02:44 -0400] "POST /wp-cron.php?doing_wp_cron=1777705364.5690829753875732421875 HTTP/1.1" 200 - "-" "WordPress/6.2.6; https://store.terrorxxx.com"
173.236.218.69 - - [02/May/2026:03:02:44 -0400] "GET /wp-login.php HTTP/2.0" 200 1920 "-" "Mozilla/5.0 (Windows NT 10.0; Win64; x64) AppleWebKit/537.36 (KHTML, like Gecko) Chrome/65.0.3325.146 Safari/537.36"
173.236.218.69 - - [02/May/2026:03:02:44 -0400] "POST /wp-login.php HTTP/2.0" 200 2050 "https://store.terrorxxx.com/wp-login.php" "Mozilla/5.0 (Windows NT 10.0; Win64; x64) AppleWebKit/537.36 (KHTML, like Gecko) Chrome/65.0.3325.146 Safari/537.36"
208.122.213.31 - - [02/May/2026:03:04:43 -0400] "POST /wp-cron.php?doing_wp_cron=1777705483.8673961162567138671875 HTTP/1.1" 200 - "-" "WordPress/6.2.6; https://store.terrorxxx.com"
91.227.37.60 - - [02/May/2026:03:04:43 -0400] "POST /xmlrpc.php HTTP/2.0" 200 225 "-" "Mozilla/4.0 (compatible; MSIE 8.0; Windows NT 6.1; WOW64; Trident/7.0; SLCC2; .NET CLR 2.0.50727; .NET CLR 3.5.30729; .NET CLR 3.0.30729; Media Center PC 6.0; .NET4.0C; .NET4.0E)"
208.122.213.31 - - [02/May/2026:03:10:36 -0400] "POST /wp-cron.php?doing_wp_cron=1777705836.4997971057891845703125 HTTP/1.1" 200 - "-" "WordPress/6.2.6; https://store.terrorxxx.com"
152.53.241.123 - - [02/May/2026:03:10:36 -0400] "GET / HTTP/1.1" 200 31943 "https://fleshbot.com/list/terrorxxx/" "Mozilla/5.0 (Windows NT 6.1; rv:60.0) Gecko/20100101 Firefox/60.0"
208.122.213.31 - - [02/May/2026:03:12:01 -0400] "POST /wp-cron.php?doing_wp_cron=1777705921.6578750610351562500000 HTTP/1.1" 200 - "-" "WordPress/6.2.6; https://store.terrorxxx.com"
50.6.7.129 - - [02/May/2026:03:12:01 -0400] "GET /wp-login.php HTTP/2.0" 200 1920 "-" "Mozilla/5.0 (Windows NT 6.3; Win64; x64; Trident/7.0; TNJB; rv:11.0) like Gecko"
50.6.7.129 - - [02/May/2026:03:12:04 -0400] "POST /wp-login.php HTTP/2.0" 200 2050 "https://store.terrorxxx.com/wp-login.php" "Mozilla/5.0 (Windows NT 6.3; Win64; x64; Trident/7.0; TNJB; rv:11.0) like Gecko"
208.122.213.31 - - [02/May/2026:03:29:45 -0400] "POST /wp-cron.php?doing_wp_cron=1777706985.5243330001831054687500 HTTP/1.1" 200 - "-" "WordPress/6.2.6; https://store.terrorxxx.com"
103.216.117.118 - - [02/May/2026:03:29:45 -0400] "POST /xmlrpc.php HTTP/2.0" 200 225 "-" "Mozilla/5.0 (Windows NT 6.1) AppleWebKit/537.36 (KHTML, like Gecko) Chrome/65.0.3325.181 Safari/537.36 OPR/52.0.2871.64"
208.122.213.31 - - [02/May/2026:03:34:12 -0400] "POST /wp-cron.php?doing_wp_cron=1777707252.9583768844604492187500 HTTP/1.1" 200 - "-" "WordPress/6.2.6; https://store.terrorxxx.com"
78.142.18.172 - - [02/May/2026:03:34:12 -0400] "GET /wp-login.php HTTP/2.0" 200 1920 "-" "Mozilla/5.0 (Windows NT 6.1; WOW64; rv:60.0) Gecko/20100101 Firefox/60.0"
78.142.18.172 - - [02/May/2026:03:34:13 -0400] "POST /wp-login.php HTTP/2.0" 200 2050 "https://store.terrorxxx.com/wp-login.php" "Mozilla/5.0 (Windows NT 6.1; WOW64; rv:60.0) Gecko/20100101 Firefox/60.0"
208.122.213.31 - - [02/May/2026:03:43:04 -0400] "POST /wp-cron.php?doing_wp_cron=1777707784.8343060016632080078125 HTTP/1.1" 200 - "-" "WordPress/6.2.6; https://store.terrorxxx.com"
158.220.126.105 - - [02/May/2026:03:43:04 -0400] "POST /xmlrpc.php HTTP/2.0" 200 225 "-" "Mozilla/4.0 (compatible; MSIE 8.0; Windows NT 6.2; WOW64; Trident/7.0; .NET4.0C; .NET4.0E; .NET CLR 2.0.50727; .NET CLR 3.0.30729; .NET CLR 3.5.30729)"
208.122.213.31 - - [02/May/2026:03:46:47 -0400] "POST /wp-cron.php?doing_wp_cron=1777708007.0924079418182373046875 HTTP/1.1" 200 - "-" "WordPress/6.2.6; https://store.terrorxxx.com"
162.240.108.214 - - [02/May/2026:03:46:46 -0400] "GET /wp-login.php HTTP/2.0" 200 1920 "-" "Mozilla/4.0 (compatible; MSIE 7.0; Windows NT 10.0; WOW64; Trident/7.0; .NET4.0C; .NET4.0E; .NET CLR 2.0.50727; .NET CLR 3.0.30729; .NET CLR 3.5.30729; Tablet PC 2.0)"
162.240.108.214 - - [02/May/2026:03:46:47 -0400] "POST /wp-login.php HTTP/2.0" 200 2049 "https://store.terrorxxx.com/wp-login.php" "Mozilla/4.0 (compatible; MSIE 7.0; Windows NT 10.0; WOW64; Trident/7.0; .NET4.0C; .NET4.0E; .NET CLR 2.0.50727; .NET CLR 3.0.30729; .NET CLR 3.5.30729; Tablet PC 2.0)"
208.122.213.31 - - [02/May/2026:03:53:32 -0400] "POST /wp-cron.php?doing_wp_cron=1777708412.8933970928192138671875 HTTP/1.1" 200 - "-" "WordPress/6.2.6; https://store.terrorxxx.com"
202.92.6.73 - - [02/May/2026:03:53:32 -0400] "POST /xmlrpc.php HTTP/2.0" 200 225 "-" "Mozilla/5.0 (Windows NT 10.0; Win64; x64) AppleWebKit/537.36 (KHTML, like Gecko) Chrome/64.0.3282.186 Safari/537.36 OPR/51.0.2830.55"
208.122.213.31 - - [02/May/2026:03:59:43 -0400] "POST /wp-cron.php?doing_wp_cron=1777708783.8241128921508789062500 HTTP/1.1" 200 - "-" "WordPress/6.2.6; https://store.terrorxxx.com"
134.209.113.97 - - [02/May/2026:03:59:43 -0400] "GET /wp-login.php HTTP/2.0" 200 1920 "-" "Mozilla/5.0 (Windows NT 6.1; WOW64; Trident/7.0; MDDRJS; rv:11.0) like Gecko"
134.209.113.97 - - [02/May/2026:03:59:43 -0400] "POST /wp-login.php HTTP/2.0" 200 2050 "https://store.terrorxxx.com/wp-login.php" "Mozilla/5.0 (Windows NT 6.1; WOW64; Trident/7.0; MDDRJS; rv:11.0) like Gecko"
208.122.213.31 - - [02/May/2026:04:05:49 -0400] "POST /wp-cron.php?doing_wp_cron=1777709149.8642659187316894531250 HTTP/1.1" 200 - "-" "WordPress/6.2.6; https://store.terrorxxx.com"
216.245.208.230 - - [02/May/2026:04:05:49 -0400] "POST /xmlrpc.php HTTP/2.0" 200 225 "-" "Mozilla/5.0 (compatible; MSIE 10.0; Windows NT 6.1; Trident/7.0)"
208.122.213.31 - - [02/May/2026:04:06:45 -0400] "POST /wp-cron.php?doing_wp_cron=1777709205.5925819873809814453125 HTTP/1.1" 200 - "-" "WordPress/6.2.6; https://store.terrorxxx.com"
98.88.137.2 - - [02/May/2026:04:06:45 -0400] "GET / HTTP/1.1" 200 7342 "-" "RecordedFuture Global Inventory Crawler"
208.122.213.31 - - [02/May/2026:04:10:06 -0400] "POST /wp-cron.php?doing_wp_cron=1777709406.9349191188812255859375 HTTP/1.1" 200 - "-" "WordPress/6.2.6; https://store.terrorxxx.com"
103.121.26.217 - - [02/May/2026:04:10:06 -0400] "GET /wp-login.php HTTP/2.0" 200 1920 "-" "Mozilla/5.0 (Windows NT 10.0) AppleWebKit/537.36 (KHTML, like Gecko) Chrome/65.0.3325.181 Safari/537.36"
103.121.26.217 - - [02/May/2026:04:10:18 -0400] "POST /wp-login.php HTTP/2.0" 200 2050 "https://store.terrorxxx.com/wp-login.php" "Mozilla/5.0 (Windows NT 10.0) AppleWebKit/537.36 (KHTML, like Gecko) Chrome/65.0.3325.181 Safari/537.36"
208.122.213.31 - - [02/May/2026:04:15:25 -0400] "POST /wp-cron.php?doing_wp_cron=1777709725.7258219718933105468750 HTTP/1.1" 200 - "-" "WordPress/6.2.6; https://store.terrorxxx.com"
128.241.254.194 - - [02/May/2026:04:15:25 -0400] "GET /wp-content/plugins/cab-fare-calculator/tblight.php?controller=../../../../../../../../../../../etc/passwd%00&action=1&ajax=1 HTTP/1.1" 404 26379 "-" "Mozilla/5.0 (Macintosh; Intel Mac OS X 10_8_2 rv:2.0; mai-IN) AppleWebKit/533.27.1 (KHTML, like Gecko) Version/5.0 Safari/533.27.1"
78.46.5.140 - - [02/May/2026:04:15:58 -0400] "POST /xmlrpc.php HTTP/2.0" 200 225 "-" "Mozilla/5.0 (Windows NT 6.1) AppleWebKit/537.36 (KHTML, like Gecko) Chrome/65.0.3325.146 Safari/537.36"
208.122.213.31 - - [02/May/2026:04:18:54 -0400] "POST /wp-cron.php?doing_wp_cron=1777709934.8314781188964843750000 HTTP/1.1" 200 - "-" "WordPress/6.2.6; https://store.terrorxxx.com"
107.20.255.194 - - [02/May/2026:04:18:54 -0400] "GET /sample-page/ HTTP/1.1" 200 7412 "-" "Mozilla/5.0 AppleWebKit/537.36 (KHTML, like Gecko; compatible; Amazonbot/0.1; +https://developer.amazon.com/support/amazonbot) Chrome/119.0.6045.214 Safari/537.36"
208.122.213.31 - - [02/May/2026:04:22:07 -0400] "POST /wp-cron.php?doing_wp_cron=1777710127.6654980182647705078125 HTTP/1.1" 200 - "-" "WordPress/6.2.6; https://store.terrorxxx.com"
162.240.108.214 - - [02/May/2026:04:22:07 -0400] "GET /wp-login.php HTTP/2.0" 200 1920 "-" "Mozilla/5.0 (Windows NT 6.1; WOW64; Trident/7.0; TNJB; rv:11.0) like Gecko"
162.240.108.214 - - [02/May/2026:04:22:07 -0400] "POST /wp-login.php HTTP/2.0" 200 2050 "https://store.terrorxxx.com/wp-login.php" "Mozilla/5.0 (Windows NT 6.1; WOW64; Trident/7.0; TNJB; rv:11.0) like Gecko"
208.122.213.31 - - [02/May/2026:04:26:32 -0400] "POST /wp-cron.php?doing_wp_cron=1777710392.6565461158752441406250 HTTP/1.1" 200 - "-" "WordPress/6.2.6; https://store.terrorxxx.com"
40.77.167.78 - - [02/May/2026:04:26:32 -0400] "GET /wp-sitemap-users-1.xml HTTP/2.0" 200 435 "-" "Mozilla/5.0 AppleWebKit/537.36 (KHTML, like Gecko; compatible; bingbot/2.0; +http://www.bing.com/bingbot.htm) Chrome/116.0.1938.76 Safari/537.36"
208.122.213.31 - - [02/May/2026:04:28:04 -0400] "POST /wp-cron.php?doing_wp_cron=1777710484.2260839939117431640625 HTTP/1.1" 200 - "-" "WordPress/6.2.6; https://store.terrorxxx.com"
52.232.35.131 - - [02/May/2026:04:28:04 -0400] "POST /xmlrpc.php HTTP/2.0" 200 225 "-" "Mozilla/4.0 (compatible; MSIE 7.0; Windows NT 6.3; WOW64; Trident/7.0; Touch; .NET4.0E; .NET4.0C; Tablet PC 2.0; .NET CLR 3.5.30729; .NET CLR 2.0.50727; .NET CLR 3.0.30729)"
208.122.213.31 - - [02/May/2026:04:31:57 -0400] "POST /wp-cron.php?doing_wp_cron=1777710717.4008929729461669921875 HTTP/1.1" 200 - "-" "WordPress/6.2.6; https://store.terrorxxx.com"
87.120.93.167 - - [02/May/2026:04:31:57 -0400] "GET / HTTP/2.0" 200 7342 "-" "Mozilla/5.0 (Windows NT 10.0; Win64; x64) AppleWebKit/537.36 (KHTML, like Gecko) Chrome/145.0.0.0 Safari/537.36"
208.122.213.31 - - [02/May/2026:04:33:52 -0400] "POST /wp-cron.php?doing_wp_cron=1777710832.2266249656677246093750 HTTP/1.1" 200 - "-" "WordPress/6.2.6; https://store.terrorxxx.com"
152.53.44.20 - - [02/May/2026:04:33:52 -0400] "GET /wp-login.php HTTP/2.0" 200 1920 "-" "Mozilla/5.0 (X11; Linux x86_64) AppleWebKit/537.36 (KHTML, like Gecko) Chrome/67.0.3396.62 Safari/537.36"
152.53.44.20 - - [02/May/2026:04:33:52 -0400] "POST /wp-login.php HTTP/2.0" 200 2050 "https://store.terrorxxx.com/wp-login.php" "Mozilla/5.0 (X11; Linux x86_64) AppleWebKit/537.36 (KHTML, like Gecko) Chrome/67.0.3396.62 Safari/537.36"
208.122.213.31 - - [02/May/2026:04:39:28 -0400] "POST /wp-cron.php?doing_wp_cron=1777711168.3008809089660644531250 HTTP/1.1" 200 - "-" "WordPress/6.2.6; https://store.terrorxxx.com"
213.238.191.143 - - [02/May/2026:04:39:28 -0400] "POST /xmlrpc.php HTTP/2.0" 200 225 "-" "Mozilla/5.0 (Windows NT 6.3; Win64; x64) AppleWebKit/537.36 (KHTML, like Gecko) Chrome/67.0.3396.87 Safari/537.36"
208.122.213.31 - - [02/May/2026:04:45:10 -0400] "POST /wp-cron.php?doing_wp_cron=1777711510.4605090618133544921875 HTTP/1.1" 200 - "-" "WordPress/6.2.6; https://store.terrorxxx.com"
91.227.37.60 - - [02/May/2026:04:45:10 -0400] "GET /wp-login.php HTTP/2.0" 200 1920 "-" "Mozilla/5.0 (Macintosh; Intel Mac OS X 10_12_6) AppleWebKit/537.36 (KHTML, like Gecko) Chrome/67.0.3396.62 Safari/537.36"
91.227.37.60 - - [02/May/2026:04:45:10 -0400] "POST /wp-login.php HTTP/2.0" 200 2050 "https://store.terrorxxx.com/wp-login.php" "Mozilla/5.0 (Macintosh; Intel Mac OS X 10_12_6) AppleWebKit/537.36 (KHTML, like Gecko) Chrome/67.0.3396.62 Safari/537.36"
208.122.213.31 - - [02/May/2026:04:50:04 -0400] "POST /wp-cron.php?doing_wp_cron=1777711804.1934549808502197265625 HTTP/1.1" 200 - "-" "WordPress/6.2.6; https://store.terrorxxx.com"
216.73.216.225 - - [02/May/2026:04:50:03 -0400] "GET /robots.txt HTTP/2.0" 200 115 "-" "Mozilla/5.0 AppleWebKit/537.36 (KHTML, like Gecko; compatible; ClaudeBot/1.0; +claudebot@anthropic.com)"
216.73.216.225 - - [02/May/2026:04:50:08 -0400] "GET /feed/ HTTP/2.0" 200 1032 "-" "Mozilla/5.0 AppleWebKit/537.36 (KHTML, like Gecko; compatible; ClaudeBot/1.0; +claudebot@anthropic.com)"
208.122.213.31 - - [02/May/2026:04:50:43 -0400] "POST /wp-cron.php?doing_wp_cron=1777711843.5191009044647216796875 HTTP/1.1" 200 - "-" "WordPress/6.2.6; https://store.terrorxxx.com"
216.245.208.230 - - [02/May/2026:04:50:43 -0400] "POST /xmlrpc.php HTTP/2.0" 200 225 "-" "Mozilla/5.0 (Windows NT 6.3; WOW64; Trident/7.0; Touch; MALCJS; rv:11.0) like Gecko"
98.82.39.241 - - [02/May/2026:04:51:18 -0400] "GET /product-category/clothing/ HTTP/1.1" 200 6735 "-" "Mozilla/5.0 AppleWebKit/537.36 (KHTML, like Gecko; compatible; Amazonbot/0.1; +https://developer.amazon.com/support/amazonbot) Chrome/119.0.6045.214 Safari/537.36"
208.122.213.31 - - [02/May/2026:04:54:31 -0400] "POST /wp-cron.php?doing_wp_cron=1777712071.3811070919036865234375 HTTP/1.1" 200 - "-" "WordPress/6.2.6; https://store.terrorxxx.com"
173.249.7.118 - - [02/May/2026:04:54:31 -0400] "GET /wp-login.php HTTP/2.0" 200 1920 "-" "Mozilla/5.0 (Macintosh; Intel Mac OS X 10_12_6) AppleWebKit/604.3.5 (KHTML, like Gecko) Version/11.0.1 Safari/604.3.5"
173.249.7.118 - - [02/May/2026:04:54:31 -0400] "POST /wp-login.php HTTP/2.0" 200 2050 "https://store.terrorxxx.com/wp-login.php" "Mozilla/5.0 (Macintosh; Intel Mac OS X 10_12_6) AppleWebKit/604.3.5 (KHTML, like Gecko) Version/11.0.1 Safari/604.3.5"
216.73.216.225 - - [02/May/2026:04:54:40 -0400] "GET /cart/ HTTP/2.0" 200 7729 "-" "Mozilla/5.0 AppleWebKit/537.36 (KHTML, like Gecko; compatible; ClaudeBot/1.0; +claudebot@anthropic.com)"
208.122.213.31 - - [02/May/2026:05:01:53 -0400] "POST /wp-cron.php?doing_wp_cron=1777712513.0842270851135253906250 HTTP/1.1" 200 - "-" "WordPress/6.2.6; https://store.terrorxxx.com"
129.121.76.191 - - [02/May/2026:05:01:52 -0400] "POST /xmlrpc.php HTTP/2.0" 200 225 "-" "Mozilla/5.0 (Windows NT 6.1; WOW64; Trident/7.0; FSJB; rv:11.0) like Gecko"
208.122.213.31 - - [02/May/2026:05:13:10 -0400] "POST /wp-cron.php?doing_wp_cron=1777713190.2491340637207031250000 HTTP/1.1" 200 - "-" "WordPress/6.2.6; https://store.terrorxxx.com"
103.100.38.132 - - [02/May/2026:05:13:10 -0400] "POST /xmlrpc.php HTTP/2.0" 200 225 "-" "Mozilla/5.0 (Windows NT 6.1; WOW64; Trident/7.0; EIE10;ENCAMSN; rv:11.0) like Gecko"
208.122.213.31 - - [02/May/2026:05:15:18 -0400] "POST /wp-cron.php?doing_wp_cron=1777713318.9048440456390380859375 HTTP/1.1" 200 - "-" "WordPress/6.2.6; https://store.terrorxxx.com"
51.79.254.190 - - [02/May/2026:05:15:18 -0400] "GET /wp-login.php HTTP/2.0" 200 1920 "-" "Mozilla/5.0 (Windows NT 10.0; WOW64; Trident/7.0; yie11; rv:11.0) like Gecko"
51.79.254.190 - - [02/May/2026:05:15:19 -0400] "POST /wp-login.php HTTP/2.0" 200 2050 "https://store.terrorxxx.com/wp-login.php" "Mozilla/5.0 (Windows NT 10.0; WOW64; Trident/7.0; yie11; rv:11.0) like Gecko"
159.223.226.149 - - [02/May/2026:05:23:15 -0400] "GET /wp-content/uploads/2019/02/cropped-store-logo.png HTTP/2.0" 200 7269 "https://store.terrorxxx.com" "Mozilla/5.0 (Windows NT 10.0; Win64; x64) AppleWebKit/537.36 (KHTML, like Gecko) Chrome/147.0.0.0 Safari/537.36"
208.122.213.31 - - [02/May/2026:05:25:06 -0400] "POST /wp-cron.php?doing_wp_cron=1777713906.2169730663299560546875 HTTP/1.1" 200 - "-" "WordPress/6.2.6; https://store.terrorxxx.com"
72.167.150.128 - - [02/May/2026:05:25:06 -0400] "POST /xmlrpc.php HTTP/2.0" 200 225 "-" "Mozilla/5.0 (Windows NT 6.3; Win64; x64; Trident/7.0; rv:11.0) like Gecko"
208.122.213.31 - - [02/May/2026:05:27:26 -0400] "POST /wp-cron.php?doing_wp_cron=1777714046.8708059787750244140625 HTTP/1.1" 200 - "-" "WordPress/6.2.6; https://store.terrorxxx.com"
177.11.54.244 - - [02/May/2026:05:27:26 -0400] "GET /wp-login.php HTTP/2.0" 200 1920 "-" "Mozilla/5.0 (Windows NT 6.3; Win64; x64; Trident/7.0; Touch; rv:11.0) like Gecko"
177.11.54.244 - - [02/May/2026:05:27:28 -0400] "POST /wp-login.php HTTP/2.0" 200 2050 "https://store.terrorxxx.com/wp-login.php" "Mozilla/5.0 (Windows NT 6.3; Win64; x64; Trident/7.0; Touch; rv:11.0) like Gecko"
208.122.213.31 - - [02/May/2026:05:36:31 -0400] "POST /wp-cron.php?doing_wp_cron=1777714591.2456800937652587890625 HTTP/1.1" 200 - "-" "WordPress/6.2.6; https://store.terrorxxx.com"
121.200.216.56 - - [02/May/2026:05:36:31 -0400] "POST /xmlrpc.php HTTP/2.0" 200 225 "-" "Mozilla/4.0 (compatible; MSIE 7.0; Windows NT 10.0; WOW64; Trident/7.0; .NET4.0C; .NET4.0E; .NET CLR 2.0.50727; .NET CLR 3.0.30729; .NET CLR 3.5.30729; ms-office)"
208.122.213.31 - - [02/May/2026:05:38:43 -0400] "POST /wp-cron.php?doing_wp_cron=1777714723.0772869586944580078125 HTTP/1.1" 200 - "-" "WordPress/6.2.6; https://store.terrorxxx.com"
43.225.108.103 - - [02/May/2026:05:38:42 -0400] "GET /wp-login.php HTTP/2.0" 200 1920 "-" "Mozilla/5.0 (Windows NT 10.0; WOW64) AppleWebKit/537.36 (KHTML, like Gecko) Chrome/64.0.3282.186 Safari/537.36 OPR/51.0.2830.55"
43.225.108.103 - - [02/May/2026:05:38:43 -0400] "POST /wp-login.php HTTP/2.0" 200 2050 "https://store.terrorxxx.com/wp-login.php" "Mozilla/5.0 (Windows NT 10.0; WOW64) AppleWebKit/537.36 (KHTML, like Gecko) Chrome/64.0.3282.186 Safari/537.36 OPR/51.0.2830.55"
208.122.213.31 - - [02/May/2026:05:45:45 -0400] "POST /wp-cron.php?doing_wp_cron=1777715145.0596070289611816406250 HTTP/1.1" 200 - "-" "WordPress/6.2.6; https://store.terrorxxx.com"
216.73.216.225 - - [02/May/2026:05:45:44 -0400] "GET /?p=162 HTTP/2.0" 301 - "-" "Mozilla/5.0 AppleWebKit/537.36 (KHTML, like Gecko; compatible; ClaudeBot/1.0; +claudebot@anthropic.com)"
216.73.216.225 - - [02/May/2026:05:45:45 -0400] "GET /cart/ HTTP/2.0" 200 7728 "https://store.terrorxxx.com/?p=162" "Mozilla/5.0 AppleWebKit/537.36 (KHTML, like Gecko; compatible; ClaudeBot/1.0; +claudebot@anthropic.com)"
208.122.213.31 - - [02/May/2026:05:47:44 -0400] "POST /wp-cron.php?doing_wp_cron=1777715264.4946630001068115234375 HTTP/1.1" 200 - "-" "WordPress/6.2.6; https://store.terrorxxx.com"
50.6.229.148 - - [02/May/2026:05:47:44 -0400] "POST /xmlrpc.php HTTP/2.0" 200 225 "-" "Mozilla/5.0 (Windows NT 6.1; WOW64) AppleWebKit/537.36 (KHTML, like Gecko) Chrome/67.0.3396.79 Safari/537.36"
208.122.213.31 - - [02/May/2026:05:49:51 -0400] "POST /wp-cron.php?doing_wp_cron=1777715391.6838269233703613281250 HTTP/1.1" 200 - "-" "WordPress/6.2.6; https://store.terrorxxx.com"
144.76.72.43 - - [02/May/2026:05:49:51 -0400] "GET /wp-login.php HTTP/2.0" 200 1920 "-" "Mozilla/5.0 (Windows NT 10.0; WOW64; Trident/7.0; MDDSJS; rv:11.0) like Gecko"
144.76.72.43 - - [02/May/2026:05:49:51 -0400] "POST /wp-login.php HTTP/2.0" 200 2050 "https://store.terrorxxx.com/wp-login.php" "Mozilla/5.0 (Windows NT 10.0; WOW64; Trident/7.0; MDDSJS; rv:11.0) like Gecko"
208.122.213.31 - - [02/May/2026:05:54:08 -0400] "POST /wp-cron.php?doing_wp_cron=1777715648.7073791027069091796875 HTTP/1.1" 200 - "-" "WordPress/6.2.6; https://store.terrorxxx.com"
128.241.254.194 - - [02/May/2026:05:54:08 -0400] "GET /?filename=../../../../../../etc/passwd&mphb_action=download HTTP/1.1" 200 7385 "-" "Mozilla/5.0 (X11; Linux i686) AppleWebKit/537.36 (KHTML, like Gecko) Chrome/142.0.0.0 Safari/537.36"
208.122.213.31 - - [02/May/2026:05:57:03 -0400] "POST /wp-cron.php?doing_wp_cron=1777715823.6944301128387451171875 HTTP/1.1" 200 - "-" "WordPress/6.2.6; https://store.terrorxxx.com"
46.22.135.218 - - [02/May/2026:05:57:03 -0400] "POST /xmlrpc.php HTTP/2.0" 200 225 "-" "Mozilla/5.0 (Windows NT 6.1; WOW64; Trident/7.0; yie10; rv:11.0) like Gecko"
208.122.213.31 - - [02/May/2026:06:01:38 -0400] "POST /wp-cron.php?doing_wp_cron=1777716098.8681879043579101562500 HTTP/1.1" 200 - "-" "WordPress/6.2.6; https://store.terrorxxx.com"
188.241.62.65 - - [02/May/2026:06:01:38 -0400] "GET /wp-login.php HTTP/2.0" 200 1920 "-" "Mozilla/5.0 (Windows NT 6.1; Win64; x64) AppleWebKit/537.36 (KHTML, like Gecko) Chrome/65.0.3325.162 Safari/537.36"
188.241.62.65 - - [02/May/2026:06:01:39 -0400] "POST /wp-login.php HTTP/2.0" 200 2050 "https://store.terrorxxx.com/wp-login.php" "Mozilla/5.0 (Windows NT 6.1; Win64; x64) AppleWebKit/537.36 (KHTML, like Gecko) Chrome/65.0.3325.162 Safari/537.36"
208.122.213.31 - - [02/May/2026:06:06:58 -0400] "POST /wp-cron.php?doing_wp_cron=1777716418.4417290687561035156250 HTTP/1.1" 200 - "-" "WordPress/6.2.6; https://store.terrorxxx.com"
74.91.224.220 - - [02/May/2026:06:06:58 -0400] "POST /xmlrpc.php HTTP/2.0" 200 225 "-" "Mozilla/5.0 (Windows NT 6.1; WOW64; Trident/7.0; MATP; MATP; MATPJS; rv:11.0) like Gecko"
208.122.213.31 - - [02/May/2026:06:13:44 -0400] "POST /wp-cron.php?doing_wp_cron=1777716824.5568521022796630859375 HTTP/1.1" 200 - "-" "WordPress/6.2.6; https://store.terrorxxx.com"
91.227.37.60 - - [02/May/2026:06:13:44 -0400] "GET /wp-login.php HTTP/2.0" 200 1920 "-" "Mozilla/5.0 (Macintosh; Intel Mac OS X 10_12_6) AppleWebKit/537.36 (KHTML, like Gecko) Chrome/65.0.3325.181 Safari/537.36"
91.227.37.60 - - [02/May/2026:06:13:44 -0400] "POST /wp-login.php HTTP/2.0" 200 2050 "https://store.terrorxxx.com/wp-login.php" "Mozilla/5.0 (Macintosh; Intel Mac OS X 10_12_6) AppleWebKit/537.36 (KHTML, like Gecko) Chrome/65.0.3325.181 Safari/537.36"
208.122.213.31 - - [02/May/2026:06:18:59 -0400] "POST /wp-cron.php?doing_wp_cron=1777717139.5916299819946289062500 HTTP/1.1" 200 - "-" "WordPress/6.2.6; https://store.terrorxxx.com"
74.91.224.220 - - [02/May/2026:06:18:59 -0400] "POST /xmlrpc.php HTTP/2.0" 200 225 "-" "Mozilla/4.0 (compatible; MSIE 7.0; Windows NT 6.2; Win64; x64; Trident/7.0; .NET4.0C; .NET4.0E)"
208.122.213.31 - - [02/May/2026:06:25:47 -0400] "POST /wp-cron.php?doing_wp_cron=1777717547.0844950675964355468750 HTTP/1.1" 200 - "-" "WordPress/6.2.6; https://store.terrorxxx.com"
194.233.87.198 - - [02/May/2026:06:25:46 -0400] "GET /wp-login.php HTTP/2.0" 200 1920 "-" "Mozilla/4.0 (compatible; MSIE 7.0; Windows NT 6.1; Win64; x64; Trident/7.0; .NET CLR 2.0.50727; SLCC2; .NET CLR 3.5.30729; .NET CLR 3.0.30729; .NET4.0C; .NET4.0E)"
194.233.87.198 - - [02/May/2026:06:25:48 -0400] "POST /wp-login.php HTTP/2.0" 200 2050 "https://store.terrorxxx.com/wp-login.php" "Mozilla/4.0 (compatible; MSIE 7.0; Windows NT 6.1; Win64; x64; Trident/7.0; .NET CLR 2.0.50727; SLCC2; .NET CLR 3.5.30729; .NET CLR 3.0.30729; .NET4.0C; .NET4.0E)"
208.122.213.31 - - [02/May/2026:06:31:06 -0400] "POST /wp-cron.php?doing_wp_cron=1777717866.9760251045227050781250 HTTP/1.1" 200 - "-" "WordPress/6.2.6; https://store.terrorxxx.com"
173.249.7.118 - - [02/May/2026:06:31:06 -0400] "POST /xmlrpc.php HTTP/2.0" 200 225 "-" "Mozilla/4.0 (compatible; MSIE 7.0; Windows NT 6.1; WOW64; Trident/7.0; SLCC2; .NET CLR 2.0.50727; .NET CLR 3.5.30729; .NET CLR 3.0.30729; .NET CLR 1.1.4322; .NET4.0C; .NET4.0E)"
208.122.213.31 - - [02/May/2026:06:37:27 -0400] "POST /wp-cron.php?doing_wp_cron=1777718247.6435260772705078125000 HTTP/1.1" 200 - "-" "WordPress/6.2.6; https://store.terrorxxx.com"
92.205.109.21 - - [02/May/2026:06:37:27 -0400] "GET /wp-login.php HTTP/2.0" 200 1919 "-" "Mozilla/5.0 (Windows NT 10.0; WOW64) AppleWebKit/537.36 (KHTML, like Gecko) Chrome/66.0.3359.181 Safari/537.36"
92.205.109.21 - - [02/May/2026:06:37:27 -0400] "POST /wp-login.php HTTP/2.0" 200 2049 "https://store.terrorxxx.com/wp-login.php" "Mozilla/5.0 (Windows NT 10.0; WOW64) AppleWebKit/537.36 (KHTML, like Gecko) Chrome/66.0.3359.181 Safari/537.36"
208.122.213.31 - - [02/May/2026:06:43:15 -0400] "POST /wp-cron.php?doing_wp_cron=1777718595.2585780620574951171875 HTTP/1.1" 200 - "-" "WordPress/6.2.6; https://store.terrorxxx.com"
94.152.206.146 - - [02/May/2026:06:43:15 -0400] "POST /xmlrpc.php HTTP/2.0" 200 225 "-" "Mozilla/5.0 (Macintosh; Intel Mac OS X 10_13_4) AppleWebKit/537.36 (KHTML, like Gecko) Chrome/66.0.3359.139 Safari/537.36"
208.122.213.31 - - [02/May/2026:06:44:36 -0400] "POST /wp-cron.php?doing_wp_cron=1777718676.8012719154357910156250 HTTP/1.1" 200 - "-" "WordPress/6.2.6; https://store.terrorxxx.com"
216.73.216.225 - - [02/May/2026:06:44:36 -0400] "GET /robots.txt HTTP/2.0" 200 115 "-" "Mozilla/5.0 AppleWebKit/537.36 (KHTML, like Gecko; compatible; ClaudeBot/1.0; +claudebot@anthropic.com)"
216.73.216.225 - - [02/May/2026:06:44:36 -0400] "GET /wp-sitemap.xml HTTP/2.0" 200 740 "-" "Mozilla/5.0 AppleWebKit/537.36 (KHTML, like Gecko; compatible; ClaudeBot/1.0; +claudebot@anthropic.com)"
208.122.213.31 - - [02/May/2026:06:49:24 -0400] "POST /wp-cron.php?doing_wp_cron=1777718964.6779611110687255859375 HTTP/1.1" 200 - "-" "WordPress/6.2.6; https://store.terrorxxx.com"
173.249.7.118 - - [02/May/2026:06:49:24 -0400] "GET /wp-login.php HTTP/2.0" 200 1920 "-" "Mozilla/5.0 (Windows NT 6.3; WOW64; Trident/7.0; MAGWJS; rv:11.0) like Gecko"
173.249.7.118 - - [02/May/2026:06:49:24 -0400] "POST /wp-login.php HTTP/2.0" 200 2050 "https://store.terrorxxx.com/wp-login.php" "Mozilla/5.0 (Windows NT 6.3; WOW64; Trident/7.0; MAGWJS; rv:11.0) like Gecko"
208.122.213.31 - - [02/May/2026:06:55:27 -0400] "POST /wp-cron.php?doing_wp_cron=1777719327.4365170001983642578125 HTTP/1.1" 200 - "-" "WordPress/6.2.6; https://store.terrorxxx.com"
179.108.84.136 - - [02/May/2026:06:55:27 -0400] "POST /xmlrpc.php HTTP/2.0" 200 225 "-" "Mozilla/5.0 (Windows NT 10.0; WOW64; Trident/7.0; yie11; rv:11.0) like Gecko"
208.122.213.31 - - [02/May/2026:06:59:32 -0400] "POST /wp-cron.php?doing_wp_cron=1777719572.3068370819091796875000 HTTP/1.1" 200 - "-" "WordPress/6.2.6; https://store.terrorxxx.com"
173.236.218.69 - - [02/May/2026:06:59:32 -0400] "GET /wp-login.php HTTP/2.0" 200 1920 "-" "Mozilla/5.0 (X11; CrOS armv7l 10323.67.0) AppleWebKit/537.36 (KHTML, like Gecko) Chrome/65.0.3325.209 Safari/537.36"
208.122.213.31 - - [02/May/2026:07:01:49 -0400] "POST /wp-cron.php?doing_wp_cron=1777719709.7085039615631103515625 HTTP/1.1" 200 - "-" "WordPress/6.2.6; https://store.terrorxxx.com"
128.241.254.194 - - [02/May/2026:07:01:49 -0400] "GET /wp-content/plugins/wp-advanced-search/class.inc/autocompletion/autocompletion-PHP5.5.php?q=admin&t=wp_users%20--&f=user_login&type&e HTTP/1.1" 404 26379 "-" "Mozilla/5.0 (X11; Linux x86_64; rv:1.9.5.20) Gecko/ Firefox/3.6.17"
208.122.213.31 - - [02/May/2026:07:07:16 -0400] "POST /wp-cron.php?doing_wp_cron=1777720036.9616320133209228515625 HTTP/1.1" 200 - "-" "WordPress/6.2.6; https://store.terrorxxx.com"
93.39.85.202 - - [02/May/2026:07:07:16 -0400] "POST /xmlrpc.php HTTP/2.0" 200 225 "-" "Mozilla/5.0 (Windows NT 6.3; Win64; x64; Trident/7.0; Touch; rv:11.0) like Gecko"
208.122.213.31 - - [02/May/2026:07:08:42 -0400] "POST /wp-cron.php?doing_wp_cron=1777720122.8028569221496582031250 HTTP/1.1" 200 - "-" "WordPress/6.2.6; https://store.terrorxxx.com"
199.203.54.15 - - [02/May/2026:07:08:42 -0400] "GET /wp-login.php HTTP/2.0" 200 1920 "-" "Mozilla/5.0 (Macintosh; Intel Mac OS X 10_13) AppleWebKit/604.1.38 (KHTML, like Gecko) Version/11.0 Safari/604.1.38"
199.203.54.15 - - [02/May/2026:07:08:43 -0400] "POST /wp-login.php HTTP/2.0" 200 2050 "https://store.terrorxxx.com/wp-login.php" "Mozilla/5.0 (Macintosh; Intel Mac OS X 10_13) AppleWebKit/604.1.38 (KHTML, like Gecko) Version/11.0 Safari/604.1.38"
208.122.213.31 - - [02/May/2026:07:19:08 -0400] "POST /wp-cron.php?doing_wp_cron=1777720748.1206390857696533203125 HTTP/1.1" 200 - "-" "WordPress/6.2.6; https://store.terrorxxx.com"
173.249.7.118 - - [02/May/2026:07:19:07 -0400] "POST /xmlrpc.php HTTP/2.0" 200 225 "-" "Mozilla/5.0 (Windows NT 10.0; WOW64) AppleWebKit/537.36 (KHTML, like Gecko) Chrome/64.0.3282.186 Safari/537.36 OPR/51.0.2830.55"
208.122.213.31 - - [02/May/2026:07:20:57 -0400] "POST /wp-cron.php?doing_wp_cron=1777720857.6897180080413818359375 HTTP/1.1" 200 - "-" "WordPress/6.2.6; https://store.terrorxxx.com"
128.241.254.194 - - [02/May/2026:07:20:57 -0400] "GET /?rest_route=/wpgmza/v1/markers&filter=%7b%7d&fields=%2a%20from%20wp_users--%20- HTTP/1.1" 200 251 "-" "Mozilla/5.0 (X11; Ubuntu; Linux x86_64; rv:125.0) Gecko/20100101 Firefox/125.0"
208.122.213.31 - - [02/May/2026:07:32:08 -0400] "POST /wp-cron.php?doing_wp_cron=1777721528.3115780353546142578125 HTTP/1.1" 200 - "-" "WordPress/6.2.6; https://store.terrorxxx.com"
192.176.172.166 - - [02/May/2026:07:32:08 -0400] "GET /wp-login.php HTTP/2.0" 200 1920 "-" "Mozilla/4.0 (compatible; MSIE 7.0; Windows NT 6.1; WOW64; Trident/7.0; SLCC2; .NET CLR 2.0.50727; .NET CLR 3.5.30729; .NET CLR 3.0.30729; Media Center PC 6.0; .NET4.0C; .NET4.0E; InfoPath.2)"
192.176.172.166 - - [02/May/2026:07:32:08 -0400] "POST /wp-login.php HTTP/2.0" 200 2050 "https://store.terrorxxx.com/wp-login.php" "Mozilla/4.0 (compatible; MSIE 7.0; Windows NT 6.1; WOW64; Trident/7.0; SLCC2; .NET CLR 2.0.50727; .NET CLR 3.5.30729; .NET CLR 3.0.30729; Media Center PC 6.0; .NET4.0C; .NET4.0E; InfoPath.2)"
208.122.213.31 - - [02/May/2026:07:43:07 -0400] "POST /wp-cron.php?doing_wp_cron=1777722187.4662199020385742187500 HTTP/1.1" 200 - "-" "WordPress/6.2.6; https://store.terrorxxx.com"
135.236.141.8 - - [02/May/2026:07:43:07 -0400] "POST /xmlrpc.php HTTP/2.0" 200 225 "-" "Mozilla/5.0 (Windows NT 6.1; Win64; x64) AppleWebKit/537.36 (KHTML, like Gecko) Chrome/65.0.3325.162 Safari/537.36"
208.122.213.31 - - [02/May/2026:07:43:07 -0400] "GET / HTTP/1.1" 200 7342 "-" "WordPress/6.2.6; https://store.terrorxxx.com"
208.122.213.31 - - [02/May/2026:07:54:47 -0400] "POST /wp-cron.php?doing_wp_cron=1777722887.5307879447937011718750 HTTP/1.1" 200 - "-" "WordPress/6.2.6; https://store.terrorxxx.com"
162.240.108.214 - - [02/May/2026:07:54:47 -0400] "POST /xmlrpc.php HTTP/2.0" 200 225 "-" "Mozilla/5.0 (Macintosh; Intel Mac OS X 10_12_6) AppleWebKit/537.36 (KHTML, like Gecko) Chrome/65.0.3325.181 Safari/537.36"
208.122.213.31 - - [02/May/2026:07:55:47 -0400] "POST /wp-cron.php?doing_wp_cron=1777722947.8062350749969482421875 HTTP/1.1" 200 - "-" "WordPress/6.2.6; https://store.terrorxxx.com"
199.203.54.15 - - [02/May/2026:07:55:47 -0400] "GET /wp-login.php HTTP/2.0" 200 1920 "-" "Mozilla/5.0 (Windows NT 6.3; WOW64; Trident/7.0; MASPJS; rv:11.0) like Gecko"
199.203.54.15 - - [02/May/2026:07:55:48 -0400] "POST /wp-login.php HTTP/2.0" 200 2050 "https://store.terrorxxx.com/wp-login.php" "Mozilla/5.0 (Windows NT 6.3; WOW64; Trident/7.0; MASPJS; rv:11.0) like Gecko"
169.224.1.252 - - [02/May/2026:07:55:56 -0400] "GET / HTTP/1.1" 200 7342 "https://store.terrorxxx.com/" "Mozilla/5.0 (iPhone; CPU iPhone OS 17_0 like Mac OS X) AppleWebKit/605.1.15 (KHTML, like Gecko) Version/17.0 Mobile/15E148 Safari/604.1"
208.122.213.31 - - [02/May/2026:08:06:35 -0400] "POST /wp-cron.php?doing_wp_cron=1777723595.1129190921783447265625 HTTP/1.1" 200 - "-" "WordPress/6.2.6; https://store.terrorxxx.com"
123.30.233.13 - - [02/May/2026:08:06:34 -0400] "POST /xmlrpc.php HTTP/2.0" 200 225 "-" "Mozilla/4.0 (compatible; MSIE 7.0; Windows NT 6.1; Win64; x64; Trident/7.0; .NET CLR 2.0.50727; SLCC2; .NET CLR 3.5.30729; .NET CLR 3.0.30729; .NET4.0C; .NET4.0E)"
208.122.213.31 - - [02/May/2026:08:07:45 -0400] "POST /wp-cron.php?doing_wp_cron=1777723665.1722829341888427734375 HTTP/1.1" 200 - "-" "WordPress/6.2.6; https://store.terrorxxx.com"
199.203.54.15 - - [02/May/2026:08:07:45 -0400] "GET /wp-login.php HTTP/2.0" 200 1919 "-" "Mozilla/5.0 (Windows NT 6.3; WOW64; Trident/7.0; MDDCJS; rv:11.0) like Gecko"
199.203.54.15 - - [02/May/2026:08:07:46 -0400] "POST /wp-login.php HTTP/2.0" 200 2049 "https://store.terrorxxx.com/wp-login.php" "Mozilla/5.0 (Windows NT 6.3; WOW64; Trident/7.0; MDDCJS; rv:11.0) like Gecko"
208.122.213.31 - - [02/May/2026:08:18:00 -0400] "POST /wp-cron.php?doing_wp_cron=1777724280.7144999504089355468750 HTTP/1.1" 200 - "-" "WordPress/6.2.6; https://store.terrorxxx.com"
144.76.72.43 - - [02/May/2026:08:18:00 -0400] "POST /xmlrpc.php HTTP/2.0" 200 225 "-" "Mozilla/5.0 (Windows NT 10.0; WOW64) AppleWebKit/537.36 (KHTML, like Gecko) Chrome/66.0.3359.181 Safari/537.36"
208.122.213.31 - - [02/May/2026:08:19:30 -0400] "POST /wp-cron.php?doing_wp_cron=1777724370.6406679153442382812500 HTTP/1.1" 200 - "-" "WordPress/6.2.6; https://store.terrorxxx.com"
185.151.196.205 - - [02/May/2026:08:19:30 -0400] "GET /wp-login.php HTTP/2.0" 200 1920 "-" "Mozilla/5.0 (compatible; MSIE 10.0; Windows NT 6.2; WOW64; Trident/7.0)"
185.151.196.205 - - [02/May/2026:08:19:30 -0400] "POST /wp-login.php HTTP/2.0" 200 2050 "https://store.terrorxxx.com/wp-login.php" "Mozilla/5.0 (compatible; MSIE 10.0; Windows NT 6.2; WOW64; Trident/7.0)"
208.122.213.31 - - [02/May/2026:08:25:52 -0400] "POST /wp-cron.php?doing_wp_cron=1777724752.1446890830993652343750 HTTP/1.1" 200 - "-" "WordPress/6.2.6; https://store.terrorxxx.com"
18.97.9.101 - - [02/May/2026:08:25:51 -0400] "GET /robots.txt HTTP/1.1" 200 120 "-" "Mozilla/5.0 AppleWebKit/537.36 (KHTML, like Gecko; compatible; PerplexityBot/1.0; +https://perplexity.ai/perplexitybot)"
18.97.9.99 - - [02/May/2026:08:25:52 -0400] "GET / HTTP/1.1" 200 7341 "-" "Mozilla/5.0 AppleWebKit/537.36 (KHTML, like Gecko; compatible; PerplexityBot/1.0; +https://perplexity.ai/perplexitybot)"
208.122.213.31 - - [02/May/2026:08:30:45 -0400] "POST /wp-cron.php?doing_wp_cron=1777725045.6007070541381835937500 HTTP/1.1" 200 - "-" "WordPress/6.2.6; https://store.terrorxxx.com"
142.93.217.129 - - [02/May/2026:08:30:45 -0400] "GET /wp-login.php HTTP/2.0" 200 1920 "-" "Mozilla/5.0 (X11; Linux x86_64) AppleWebKit/537.36 (KHTML, like Gecko) Chrome/67.0.3396.79 Safari/537.36"
142.93.217.129 - - [02/May/2026:08:30:46 -0400] "POST /wp-login.php HTTP/2.0" 200 2051 "https://store.terrorxxx.com/wp-login.php" "Mozilla/5.0 (X11; Linux x86_64) AppleWebKit/537.36 (KHTML, like Gecko) Chrome/67.0.3396.79 Safari/537.36"
208.122.213.31 - - [02/May/2026:08:39:02 -0400] "POST /wp-cron.php?doing_wp_cron=1777725542.0316889286041259765625 HTTP/1.1" 200 - "-" "WordPress/6.2.6; https://store.terrorxxx.com"
217.142.142.174 - - [02/May/2026:08:39:01 -0400] "POST /xmlrpc.php HTTP/2.0" 200 225 "-" "Mozilla/5.0 (Windows NT 6.1; Win64; x64) AppleWebKit/537.36 (KHTML, like Gecko) Chrome/64.0.3282.186 Safari/537.36 OPR/51.0.2830.55"
208.122.213.31 - - [02/May/2026:08:42:11 -0400] "POST /wp-cron.php?doing_wp_cron=1777725731.5214099884033203125000 HTTP/1.1" 200 - "-" "WordPress/6.2.6; https://store.terrorxxx.com"
72.167.150.128 - - [02/May/2026:08:42:11 -0400] "GET /wp-login.php HTTP/2.0" 200 1920 "-" "Mozilla/5.0 (Windows NT 6.3; Trident/7.0; rv:11.0) like Gecko"
72.167.150.128 - - [02/May/2026:08:42:11 -0400] "POST /wp-login.php HTTP/2.0" 200 2050 "https://store.terrorxxx.com/wp-login.php" "Mozilla/5.0 (Windows NT 6.3; Trident/7.0; rv:11.0) like Gecko"
208.122.213.31 - - [02/May/2026:08:50:31 -0400] "POST /wp-cron.php?doing_wp_cron=1777726231.8320930004119873046875 HTTP/1.1" 200 - "-" "WordPress/6.2.6; https://store.terrorxxx.com"
152.53.44.20 - - [02/May/2026:08:50:31 -0400] "POST /xmlrpc.php HTTP/2.0" 200 225 "-" "Mozilla/5.0 (Windows NT 10.0; WOW64; Trident/7.0; MATMJS; rv:11.0) like Gecko"
208.122.213.31 - - [02/May/2026:09:02:00 -0400] "POST /wp-cron.php?doing_wp_cron=1777726920.3985350131988525390625 HTTP/1.1" 200 - "-" "WordPress/6.2.6; https://store.terrorxxx.com"
116.203.148.109 - - [02/May/2026:09:02:00 -0400] "POST /xmlrpc.php HTTP/2.0" 200 225 "-" "Mozilla/5.0 (Macintosh; Intel Mac OS X 10_12_6) AppleWebKit/537.36 (KHTML, like Gecko) Chrome/67.0.3396.62 Safari/537.36"
208.122.213.31 - - [02/May/2026:09:04:45 -0400] "POST /wp-cron.php?doing_wp_cron=1777727085.1266570091247558593750 HTTP/1.1" 200 - "-" "WordPress/6.2.6; https://store.terrorxxx.com"
150.254.155.252 - - [02/May/2026:09:04:44 -0400] "GET /wp-login.php HTTP/2.0" 200 1920 "-" "Mozilla/4.0 (compatible; MSIE 7.0; Windows NT 6.2; Win64; x64; Trident/7.0; .NET4.0C; .NET4.0E; .NET CLR 2.0.50727; .NET CLR 3.0.30729; .NET CLR 3.5.30729; SLCC2; Media Center PC 6.0)"
150.254.155.252 - - [02/May/2026:09:04:45 -0400] "POST /wp-login.php HTTP/2.0" 200 2050 "https://store.terrorxxx.com/wp-login.php" "Mozilla/4.0 (compatible; MSIE 7.0; Windows NT 6.2; Win64; x64; Trident/7.0; .NET4.0C; .NET4.0E; .NET CLR 2.0.50727; .NET CLR 3.0.30729; .NET CLR 3.5.30729; SLCC2; Media Center PC 6.0)"
208.122.213.31 - - [02/May/2026:09:11:34 -0400] "POST /wp-cron.php?doing_wp_cron=1777727494.3754289150238037109375 HTTP/1.1" 200 - "-" "WordPress/6.2.6; https://store.terrorxxx.com"
46.22.135.218 - - [02/May/2026:09:11:34 -0400] "POST /xmlrpc.php HTTP/2.0" 200 225 "-" "Mozilla/4.0 (compatible; MSIE 7.0; Windows NT 6.1; WOW64; Trident/7.0; SLCC2; .NET CLR 2.0.50727; .NET CLR 3.5.30729; .NET CLR 3.0.30729; .NET4.0C; .NET4.0E; Media Center PC 6.0)"
