121.200.216.56 - - [02/May/2026:16:59:15 -0400] "POST /wp-login.php HTTP/2.0" 200 2049 "https://store.terrorxxx.com/wp-login.php" "Mozilla/5.0 (Windows NT 6.1; WOW64; Trident/7.0; MDDRJS; rv:11.0) like Gecko"
208.122.213.31 - - [02/May/2026:17:00:05 -0400] "POST /wp-cron.php?doing_wp_cron=1777755605.0066840648651123046875 HTTP/1.1" 200 - "-" "WordPress/6.2.6; https://store.terrorxxx.com"
121.200.217.27 - - [02/May/2026:17:00:04 -0400] "POST /xmlrpc.php HTTP/2.0" 200 225 "-" "Mozilla/4.0 (compatible; MSIE 7.0; Windows NT 6.1; WOW64; Trident/7.0; SLCC2; .NET CLR 2.0.50727; .NET CLR 3.5.30729; .NET CLR 3.0.30729; Media Center PC 6.0; .NET4.0C; .NET4.0E; InfoPath.3; ms-office)"
208.122.213.31 - - [02/May/2026:17:10:28 -0400] "POST /wp-cron.php?doing_wp_cron=1777756228.6103000640869140625000 HTTP/1.1" 200 - "-" "WordPress/6.2.6; https://store.terrorxxx.com"
152.53.111.131 - - [02/May/2026:17:10:28 -0400] "GET /wp-login.php HTTP/2.0" 200 1920 "-" "Mozilla/4.0 (compatible; MSIE 7.0; Windows NT 6.2; WOW64; Trident/7.0; .NET4.0E; .NET4.0C; InfoPath.3; .NET CLR 3.5.30729; .NET CLR 2.0.50727; .NET CLR 3.0.30729)"
152.53.111.131 - - [02/May/2026:17:10:28 -0400] "POST /wp-login.php HTTP/2.0" 200 2050 "https://store.terrorxxx.com/wp-login.php" "Mozilla/4.0 (compatible; MSIE 7.0; Windows NT 6.2; WOW64; Trident/7.0; .NET4.0E; .NET4.0C; InfoPath.3; .NET CLR 3.5.30729; .NET CLR 2.0.50727; .NET CLR 3.0.30729)"
208.122.213.31 - - [02/May/2026:17:12:19 -0400] "POST /wp-cron.php?doing_wp_cron=1777756339.3291690349578857421875 HTTP/1.1" 200 - "-" "WordPress/6.2.6; https://store.terrorxxx.com"
128.241.254.194 - - [02/May/2026:17:12:19 -0400] "GET /wp-content/plugins/gracemedia-media-player/templates/files/ajax_controller.php?ajaxAction=getIds&cfg=../../../../../../../../../../etc/passwd HTTP/1.1" 404 26379 "-" "Mozilla/5.0 (Knoppix; Linux x86_64) AppleWebKit/537.36 (KHTML, like Gecko) Chrome/141.0.0.0 Safari/537.36"
208.122.213.31 - - [02/May/2026:17:17:25 -0400] "POST /wp-cron.php?doing_wp_cron=1777756645.2943310737609863281250 HTTP/1.1" 200 - "-" "WordPress/6.2.6; https://store.terrorxxx.com"
47.128.98.20 - - [02/May/2026:17:17:25 -0400] "GET /blog/ HTTP/2.0" 200 6848 "-" "Mozilla/5.0 (Linux; Android 5.0) AppleWebKit/537.36 (KHTML, like Gecko) Mobile Safari/537.36 (compatible; Bytespider; spider-feedback@bytedance.com)"
47.128.98.20 - - [02/May/2026:17:17:27 -0400] "GET /wp-content/plugins/woo-gutenberg-products-block/build/style.css?ver=2.5.16 HTTP/2.0" 200 8309 "https://store.terrorxxx.com/blog/" "Mozilla/5.0 (Linux; Android 5.0) AppleWebKit/537.36 (KHTML, like Gecko) Mobile Safari/537.36 (compatible; Bytespider; spider-feedback@bytedance.com)"
47.128.98.20 - - [02/May/2026:17:17:28 -0400] "GET /wp-content/plugins/contact-form-7/includes/css/styles.css?ver=5.1.6 HTTP/2.0" 200 649 "https://store.terrorxxx.com/blog/" "Mozilla/5.0 (Linux; Android 5.0) AppleWebKit/537.36 (KHTML, like Gecko) Mobile Safari/537.36 (compatible; Bytespider; spider-feedback@bytedance.com)"
47.128.98.20 - - [02/May/2026:17:17:28 -0400] "GET /wp-content/themes/tyche/style.css?ver=6.2.6 HTTP/2.0" 200 390 "https://store.terrorxxx.com/blog/" "Mozilla/5.0 (Linux; Android 5.0) AppleWebKit/537.36 (KHTML, like Gecko) Mobile Safari/537.36 (compatible; Bytespider; spider-feedback@bytedance.com)"
47.128.98.20 - - [02/May/2026:17:17:28 -0400] "GET /wp-content/themes/tyche/assets/vendors/owl-carousel/owl.theme.default.css?ver=6.2.6 HTTP/2.0" 200 564 "https://store.terrorxxx.com/blog/" "Mozilla/5.0 (Linux; Android 5.0) AppleWebKit/537.36 (KHTML, like Gecko) Mobile Safari/537.36 (compatible; Bytespider; spider-feedback@bytedance.com)"
47.128.98.20 - - [02/May/2026:17:17:28 -0400] "GET /wp-content/themes/tyche/assets/vendors/owl-carousel/owl.carousel.min.css?ver=6.2.6 HTTP/2.0" 200 923 "https://store.terrorxxx.com/blog/" "Mozilla/5.0 (Linux; Android 5.0) AppleWebKit/537.36 (KHTML, like Gecko) Mobile Safari/537.36 (compatible; Bytespider; spider-feedback@bytedance.com)"
47.128.98.20 - - [02/May/2026:17:17:28 -0400] "GET /wp-content/plugins/woocommerce/assets/css/woocommerce.css?ver=3.8.3 HTTP/2.0" 200 8820 "https://store.terrorxxx.com/blog/" "Mozilla/5.0 (Linux; Android 5.0) AppleWebKit/537.36 (KHTML, like Gecko) Mobile Safari/537.36 (compatible; Bytespider; spider-feedback@bytedance.com)"
47.128.98.20 - - [02/May/2026:17:17:28 -0400] "GET /wp-includes/css/dashicons.min.css?ver=6.2.6 HTTP/2.0" 200 35730 "https://store.terrorxxx.com/blog/" "Mozilla/5.0 (Linux; Android 5.0) AppleWebKit/537.36 (KHTML, like Gecko) Mobile Safari/537.36 (compatible; Bytespider; spider-feedback@bytedance.com)"
47.128.98.20 - - [02/May/2026:17:17:28 -0400] "GET /wp-content/themes/tyche/assets/css/style-black.css?ver=6.2.6 HTTP/2.0" 200 22706 "https://store.terrorxxx.com/blog/" "Mozilla/5.0 (Linux; Android 5.0) AppleWebKit/537.36 (KHTML, like Gecko) Mobile Safari/537.36 (compatible; Bytespider; spider-feedback@bytedance.com)"
208.122.213.31 - - [02/May/2026:17:21:53 -0400] "POST /wp-cron.php?doing_wp_cron=1777756913.2089068889617919921875 HTTP/1.1" 200 - "-" "WordPress/6.2.6; https://store.terrorxxx.com"
158.220.126.105 - - [02/May/2026:17:21:53 -0400] "POST /xmlrpc.php HTTP/2.0" 200 225 "-" "Mozilla/5.0 (Windows NT 10.0; WOW64; Trident/7.0; Touch; ASU2JS; rv:11.0) like Gecko"
208.122.213.31 - - [02/May/2026:17:33:20 -0400] "POST /wp-cron.php?doing_wp_cron=1777757600.3343660831451416015625 HTTP/1.1" 200 - "-" "WordPress/6.2.6; https://store.terrorxxx.com"
198.46.83.219 - - [02/May/2026:17:33:20 -0400] "GET /wp-login.php HTTP/2.0" 200 1920 "-" "Mozilla/4.0 (compatible; MSIE 7.0; Windows NT 6.1; Trident/7.0; SLCC2; .NET CLR 2.0.50727; .NET CLR 3.5.30729; .NET CLR 3.0.30729; Media Center PC 6.0; InfoPath.3; .NET4.0C; .NET4.0E)"
198.46.83.219 - - [02/May/2026:17:33:20 -0400] "POST /wp-login.php HTTP/2.0" 200 2050 "https://store.terrorxxx.com/wp-login.php" "Mozilla/4.0 (compatible; MSIE 7.0; Windows NT 6.1; Trident/7.0; SLCC2; .NET CLR 2.0.50727; .NET CLR 3.5.30729; .NET CLR 3.0.30729; Media Center PC 6.0; InfoPath.3; .NET4.0C; .NET4.0E)"
208.122.213.31 - - [02/May/2026:17:33:28 -0400] "POST /wp-cron.php?doing_wp_cron=1777757608.9035658836364746093750 HTTP/1.1" 200 - "-" "WordPress/6.2.6; https://store.terrorxxx.com"
54.39.17.116 - - [02/May/2026:17:33:28 -0400] "POST /xmlrpc.php HTTP/2.0" 200 225 "-" "Mozilla/5.0 (Macintosh; Intel Mac OS X 10_11_6) AppleWebKit/537.36 (KHTML, like Gecko) Chrome/66.0.3359.117 Safari/537.36"
52.167.144.19 - - [02/May/2026:17:33:57 -0400] "GET /wp-sitemap-taxonomies-product_cat-1.xml HTTP/2.0" 200 524 "-" "Mozilla/5.0 AppleWebKit/537.36 (KHTML, like Gecko; compatible; bingbot/2.0; +http://www.bing.com/bingbot.htm) Chrome/116.0.1938.76 Safari/537.36"
208.122.213.31 - - [02/May/2026:17:45:25 -0400] "POST /wp-cron.php?doing_wp_cron=1777758325.0177218914031982421875 HTTP/1.1" 200 - "-" "WordPress/6.2.6; https://store.terrorxxx.com"
51.222.71.146 - - [02/May/2026:17:45:24 -0400] "GET /wp-login.php HTTP/2.0" 200 1920 "-" "Mozilla/5.0 (Macintosh; Intel Mac OS X 10_12_2) AppleWebKit/602.3.12 (KHTML, like Gecko) Version/10.0.2 Safari/602.3.12"
51.222.71.146 - - [02/May/2026:17:45:25 -0400] "POST /wp-login.php HTTP/2.0" 200 2051 "https://store.terrorxxx.com/wp-login.php" "Mozilla/5.0 (Macintosh; Intel Mac OS X 10_12_2) AppleWebKit/602.3.12 (KHTML, like Gecko) Version/10.0.2 Safari/602.3.12"
69.49.112.60 - - [02/May/2026:17:45:49 -0400] "POST /xmlrpc.php HTTP/2.0" 200 225 "-" "Mozilla/5.0 (Windows NT 10.0; WOW64; Trident/7.0; Touch; MDDCJS; rv:11.0) like Gecko"
208.122.213.31 - - [02/May/2026:17:57:10 -0400] "POST /wp-cron.php?doing_wp_cron=1777759030.4490048885345458984375 HTTP/1.1" 200 - "-" "WordPress/6.2.6; https://store.terrorxxx.com"
62.146.233.9 - - [02/May/2026:17:57:10 -0400] "GET /wp-login.php HTTP/2.0" 200 1919 "-" "Mozilla/4.0 (compatible; MSIE 7.0; Windows NT 6.2; Trident/7.0; .NET4.0E; .NET4.0C; .NET CLR 3.5.30729; .NET CLR 2.0.50727; .NET CLR 3.0.30729)"
208.122.213.31 - - [02/May/2026:17:57:29 -0400] "POST /wp-cron.php?doing_wp_cron=1777759049.6983458995819091796875 HTTP/1.1" 200 - "-" "WordPress/6.2.6; https://store.terrorxxx.com"
152.53.44.20 - - [02/May/2026:17:57:29 -0400] "POST /xmlrpc.php HTTP/2.0" 200 225 "-" "Mozilla/5.0 (Windows NT 10.0; Win64; x64) AppleWebKit/537.36 (KHTML, like Gecko) Chrome/52.0.2743.116 Safari/537.36 Edge/15.15063"
62.146.233.9 - - [02/May/2026:17:57:30 -0400] "POST /wp-login.php HTTP/2.0" 200 2049 "https://store.terrorxxx.com/wp-login.php" "Mozilla/4.0 (compatible; MSIE 7.0; Windows NT 6.2; Trident/7.0; .NET4.0E; .NET4.0C; .NET CLR 3.5.30729; .NET CLR 2.0.50727; .NET CLR 3.0.30729)"
208.122.213.31 - - [02/May/2026:18:02:09 -0400] "POST /wp-cron.php?doing_wp_cron=1777759329.7406349182128906250000 HTTP/1.1" 200 - "-" "WordPress/6.2.6; https://store.terrorxxx.com"
172.202.47.245 - - [02/May/2026:18:02:09 -0400] "GET /wp-content/plugins/hellopress/wp_filemanager.php HTTP/1.1" 404 26349 "-" "-"
172.202.47.245 - - [02/May/2026:18:02:09 -0400] "GET /about8.php HTTP/1.1" 404 26349 "-" "-"
172.202.47.245 - - [02/May/2026:18:02:10 -0400] "GET /olik.php HTTP/1.1" 404 26349 "-" "-"
172.202.47.245 - - [02/May/2026:18:02:10 -0400] "GET /h.php HTTP/1.1" 404 26349 "-" "-"
172.202.47.245 - - [02/May/2026:18:02:10 -0400] "GET /cong.php HTTP/1.1" 404 26349 "-" "-"
172.202.47.245 - - [02/May/2026:18:02:10 -0400] "GET /.well-known/about.php HTTP/1.1" 404 26349 "-" "-"
172.202.47.245 - - [02/May/2026:18:02:10 -0400] "GET /wp-includes/ID3/about.php HTTP/1.1" 404 26349 "-" "-"
172.202.47.245 - - [02/May/2026:18:02:11 -0400] "GET /atika.php HTTP/1.1" 404 26349 "-" "-"
172.202.47.245 - - [02/May/2026:18:02:11 -0400] "GET /xxl.php HTTP/1.1" 404 26349 "-" "-"
172.202.47.245 - - [02/May/2026:18:02:11 -0400] "GET /uploat.php HTTP/1.1" 404 26349 "-" "-"
172.202.47.245 - - [02/May/2026:18:02:11 -0400] "GET /wpxml.php HTTP/1.1" 404 26349 "-" "-"
172.202.47.245 - - [02/May/2026:18:02:11 -0400] "GET /bob.php HTTP/1.1" 404 26349 "-" "-"
172.202.47.245 - - [02/May/2026:18:02:12 -0400] "GET /spawns.php HTTP/1.1" 404 26349 "-" "-"
172.202.47.245 - - [02/May/2026:18:02:12 -0400] "GET /t3s.php HTTP/1.1" 404 26349 "-" "-"
172.202.47.245 - - [02/May/2026:18:02:12 -0400] "GET /wp-admin/css/ HTTP/1.1" 403 199 "-" "-"
172.202.47.245 - - [02/May/2026:18:02:12 -0400] "GET /x/ HTTP/1.1" 404 26349 "-" "-"
172.202.47.245 - - [02/May/2026:18:02:12 -0400] "GET /wp-admin/css/colors/modern/ HTTP/1.1" 403 199 "-" "-"
172.202.47.245 - - [02/May/2026:18:02:12 -0400] "GET /configuration.php HTTP/1.1" 404 26349 "-" "-"
172.202.47.245 - - [02/May/2026:18:02:12 -0400] "GET /wp-admin/js/ HTTP/1.1" 403 199 "-" "-"
172.202.47.245 - - [02/May/2026:18:02:12 -0400] "GET /uwu.php HTTP/1.1" 404 26349 "-" "-"
172.202.47.245 - - [02/May/2026:18:02:13 -0400] "GET /uwa.php HTTP/1.1" 404 26349 "-" "-"
172.202.47.245 - - [02/May/2026:18:02:13 -0400] "GET /crgio.php HTTP/1.1" 404 26349 "-" "-"
172.202.47.245 - - [02/May/2026:18:02:13 -0400] "GET /geforce.php HTTP/1.1" 404 26349 "-" "-"
172.202.47.245 - - [02/May/2026:18:02:13 -0400] "GET /wp-load.php HTTP/1.1" 200 - "-" "-"
172.202.47.245 - - [02/May/2026:18:02:13 -0400] "GET /77.php HTTP/1.1" 404 26349 "-" "-"
172.202.47.245 - - [02/May/2026:18:02:14 -0400] "GET /.sghb.php HTTP/1.1" 404 26349 "-" "-"
172.202.47.245 - - [02/May/2026:18:02:14 -0400] "GET /zoko.php HTTP/1.1" 404 26349 "-" "-"
172.202.47.245 - - [02/May/2026:18:02:14 -0400] "GET /solo1.php HTTP/1.1" 404 26349 "-" "-"
172.202.47.245 - - [02/May/2026:18:02:14 -0400] "GET /locales.php HTTP/1.1" 404 26349 "-" "-"
172.202.47.245 - - [02/May/2026:18:02:15 -0400] "GET /bgymj.php HTTP/1.1" 404 26349 "-" "-"
172.202.47.245 - - [02/May/2026:18:02:15 -0400] "GET /pucci.php HTTP/1.1" 404 26349 "-" "-"
172.202.47.245 - - [02/May/2026:18:02:15 -0400] "GET /wp-includes/blocks/details/ HTTP/1.1" 404 26349 "-" "-"
172.202.47.245 - - [02/May/2026:18:02:15 -0400] "GET /.dj/index.php HTTP/1.1" 301 - "-" "-"
172.202.47.245 - - [02/May/2026:18:02:15 -0400] "GET /.dj/ HTTP/1.1" 404 26349 "-" "-"
172.202.47.245 - - [02/May/2026:18:02:15 -0400] "GET /wp-includes/blocks/audio/ HTTP/1.1" 403 199 "-" "-"
172.202.47.245 - - [02/May/2026:18:02:16 -0400] "GET /.tmb/ HTTP/1.1" 404 26349 "-" "-"
172.202.47.245 - - [02/May/2026:18:02:16 -0400] "GET /one.php HTTP/1.1" 404 26349 "-" "-"
172.202.47.245 - - [02/May/2026:18:02:16 -0400] "GET /no20.php HTTP/1.1" 404 26349 "-" "-"
172.202.47.245 - - [02/May/2026:18:02:16 -0400] "GET /yasnu.php HTTP/1.1" 404 26349 "-" "-"
172.202.47.245 - - [02/May/2026:18:02:16 -0400] "GET //sl.php HTTP/1.1" 301 - "-" "-"
172.202.47.245 - - [02/May/2026:18:02:16 -0400] "GET /sl.php HTTP/1.1" 404 26349 "-" "-"
172.202.47.245 - - [02/May/2026:18:02:17 -0400] "GET /vuln.php HTTP/1.1" 404 26349 "-" "-"
172.202.47.245 - - [02/May/2026:18:02:17 -0400] "GET /wp-temp.php HTTP/1.1" 404 26349 "-" "-"
172.202.47.245 - - [02/May/2026:18:02:17 -0400] "GET /wp-content/themes/twentytwentyfive/assets/ HTTP/1.1" 404 26349 "-" "-"
172.202.47.245 - - [02/May/2026:18:02:17 -0400] "GET /wp-includes/blocks/buttons/ HTTP/1.1" 403 199 "-" "-"
172.202.47.245 - - [02/May/2026:18:02:17 -0400] "GET /class-bda.php HTTP/1.1" 404 26349 "-" "-"
172.202.47.245 - - [02/May/2026:18:02:18 -0400] "GET /bhm.php HTTP/1.1" 404 26349 "-" "-"
172.202.47.245 - - [02/May/2026:18:02:18 -0400] "GET /xmu.php HTTP/1.1" 404 26349 "-" "-"
172.202.47.245 - - [02/May/2026:18:02:18 -0400] "GET /goat.php HTTP/1.1" 404 26349 "-" "-"
172.202.47.245 - - [02/May/2026:18:02:18 -0400] "GET /wp-xme.php HTTP/1.1" 404 26349 "-" "-"
172.202.47.245 - - [02/May/2026:18:02:18 -0400] "GET /adminer.php HTTP/1.1" 404 26349 "-" "-"
172.202.47.245 - - [02/May/2026:18:02:19 -0400] "GET /ktfow.php HTTP/1.1" 404 26349 "-" "-"
172.202.47.245 - - [02/May/2026:18:02:19 -0400] "GET /mode.php HTTP/1.1" 404 26349 "-" "-"
172.202.47.245 - - [02/May/2026:18:02:19 -0400] "GET /2468.php HTTP/1.1" 404 26349 "-" "-"
172.202.47.245 - - [02/May/2026:18:02:19 -0400] "GET //wp-admin/js/index.php HTTP/1.1" 301 - "-" "-"
172.202.47.245 - - [02/May/2026:18:02:19 -0400] "GET /wp-admin/js/ HTTP/1.1" 403 199 "-" "-"
172.202.47.245 - - [02/May/2026:18:02:19 -0400] "GET /dx.php HTTP/1.1" 404 26349 "-" "-"
172.202.47.245 - - [02/May/2026:18:02:19 -0400] "GET /amdin.php HTTP/1.1" 404 26349 "-" "-"
172.202.47.245 - - [02/May/2026:18:02:20 -0400] "GET /huya.php HTTP/1.1" 404 26349 "-" "-"
172.202.47.245 - - [02/May/2026:18:02:20 -0400] "GET /puc.php HTTP/1.1" 404 26349 "-" "-"
172.202.47.245 - - [02/May/2026:18:02:20 -0400] "GET //themes.php HTTP/1.1" 301 - "-" "-"
172.202.47.245 - - [02/May/2026:18:02:20 -0400] "GET /themes.php HTTP/1.1" 404 26349 "-" "-"
172.202.47.245 - - [02/May/2026:18:02:20 -0400] "GET /ewp.php HTTP/1.1" 404 26349 "-" "-"
172.202.47.245 - - [02/May/2026:18:02:21 -0400] "GET /dx.php HTTP/1.1" 404 26349 "-" "-"
172.202.47.245 - - [02/May/2026:18:02:21 -0400] "GET /xff.php HTTP/1.1" 404 26349 "-" "-"
172.202.47.245 - - [02/May/2026:18:02:21 -0400] "GET /lupo.php HTTP/1.1" 404 26349 "-" "-"
172.202.47.245 - - [02/May/2026:18:02:21 -0400] "GET /awa.php HTTP/1.1" 404 26349 "-" "-"
172.202.47.245 - - [02/May/2026:18:02:21 -0400] "GET /popo.php HTTP/1.1" 404 26349 "-" "-"
172.202.47.245 - - [02/May/2026:18:02:22 -0400] "GET /13.php HTTP/1.1" 404 26349 "-" "-"
172.202.47.245 - - [02/May/2026:18:02:22 -0400] "GET /tews.php HTTP/1.1" 404 26349 "-" "-"
172.202.47.245 - - [02/May/2026:18:02:22 -0400] "GET /moshou.php HTTP/1.1" 404 26349 "-" "-"
172.202.47.245 - - [02/May/2026:18:02:22 -0400] "GET /xeaq.php HTTP/1.1" 404 26349 "-" "-"
172.202.47.245 - - [02/May/2026:18:02:22 -0400] "GET /up2.php HTTP/1.1" 404 26349 "-" "-"
172.202.47.245 - - [02/May/2026:18:02:23 -0400] "GET /11.php HTTP/1.1" 404 26349 "-" "-"
172.202.47.245 - - [02/May/2026:18:02:23 -0400] "GET /p.php HTTP/1.1" 404 26349 "-" "-"
172.202.47.245 - - [02/May/2026:18:02:23 -0400] "GET //wp-includes/Requests/ HTTP/1.1" 403 199 "-" "-"
172.202.47.245 - - [02/May/2026:18:02:23 -0400] "GET /bthil.php HTTP/1.1" 404 26349 "-" "-"
208.122.213.31 - - [02/May/2026:18:02:24 -0400] "POST /wp-cron.php?doing_wp_cron=1777759344.1588139533996582031250 HTTP/1.1" 200 - "-" "WordPress/6.2.6; https://store.terrorxxx.com"
172.202.47.245 - - [02/May/2026:18:02:24 -0400] "GET //shell.php HTTP/1.1" 301 - "-" "-"
172.202.47.245 - - [02/May/2026:18:02:24 -0400] "GET /shell.php HTTP/1.1" 404 26349 "-" "-"
172.202.47.245 - - [02/May/2026:18:02:24 -0400] "GET /seo.php HTTP/1.1" 404 26349 "-" "-"
172.202.47.245 - - [02/May/2026:18:02:24 -0400] "GET /7.php HTTP/1.1" 404 26349 "-" "-"
172.202.47.245 - - [02/May/2026:18:02:24 -0400] "GET /8.php HTTP/1.1" 404 26349 "-" "-"
172.202.47.245 - - [02/May/2026:18:02:24 -0400] "GET /1.php HTTP/1.1" 404 26349 "-" "-"
172.202.47.245 - - [02/May/2026:18:02:25 -0400] "GET /2.php HTTP/1.1" 404 26349 "-" "-"
172.202.47.245 - - [02/May/2026:18:02:25 -0400] "GET /3.php HTTP/1.1" 404 26349 "-" "-"
172.202.47.245 - - [02/May/2026:18:02:25 -0400] "GET /4.php HTTP/1.1" 404 26349 "-" "-"
172.202.47.245 - - [02/May/2026:18:02:25 -0400] "GET /5.php HTTP/1.1" 404 26349 "-" "-"
172.202.47.245 - - [02/May/2026:18:02:25 -0400] "GET /6.php HTTP/1.1" 404 26349 "-" "-"
172.202.47.245 - - [02/May/2026:18:02:26 -0400] "GET /cjfuns.php HTTP/1.1" 404 26349 "-" "-"
172.202.47.245 - - [02/May/2026:18:02:26 -0400] "GET /class.php HTTP/1.1" 404 26349 "-" "-"
172.202.47.245 - - [02/May/2026:18:02:26 -0400] "GET /100.php HTTP/1.1" 404 26349 "-" "-"
172.202.47.245 - - [02/May/2026:18:02:26 -0400] "GET /.well-known/nastar.php HTTP/1.1" 404 26349 "-" "-"
172.202.47.245 - - [02/May/2026:18:02:26 -0400] "GET /2026w.php HTTP/1.1" 404 26349 "-" "-"
172.202.47.245 - - [02/May/2026:18:02:27 -0400] "GET /about.php HTTP/1.1" 404 26349 "-" "-"
172.202.47.245 - - [02/May/2026:18:02:27 -0400] "GET /no18.php HTTP/1.1" 404 26349 "-" "-"
172.202.47.245 - - [02/May/2026:18:02:27 -0400] "GET /fine.php HTTP/1.1" 404 26349 "-" "-"
172.202.47.245 - - [02/May/2026:18:02:27 -0400] "GET /hplfuns.php HTTP/1.1" 404 26349 "-" "-"
172.202.47.245 - - [02/May/2026:18:02:27 -0400] "GET /xa.php HTTP/1.1" 404 26349 "-" "-"
172.202.47.245 - - [02/May/2026:18:02:28 -0400] "GET //admin.php HTTP/1.1" 301 - "-" "-"
172.202.47.245 - - [02/May/2026:18:02:28 -0400] "GET /admin.php HTTP/1.1" 404 26349 "-" "-"
172.202.47.245 - - [02/May/2026:18:02:28 -0400] "GET /inege.php HTTP/1.1" 404 26349 "-" "-"
172.202.47.245 - - [02/May/2026:18:02:28 -0400] "GET /classgoto24.php HTTP/1.1" 404 26349 "-" "-"
172.202.47.245 - - [02/May/2026:18:02:28 -0400] "GET /no1.php HTTP/1.1" 404 26349 "-" "-"
172.202.47.245 - - [02/May/2026:18:02:29 -0400] "GET /w2025.php HTTP/1.1" 404 26349 "-" "-"
172.202.47.245 - - [02/May/2026:18:02:29 -0400] "GET /fvvff.php HTTP/1.1" 404 26349 "-" "-"
172.202.47.245 - - [02/May/2026:18:02:29 -0400] "GET //edit.php HTTP/1.1" 301 - "-" "-"
172.202.47.245 - - [02/May/2026:18:02:29 -0400] "GET /edit.php HTTP/1.1" 404 26349 "-" "-"
172.202.47.245 - - [02/May/2026:18:02:29 -0400] "GET /ioxi-o.php HTTP/1.1" 404 26349 "-" "-"
172.202.47.245 - - [02/May/2026:18:02:30 -0400] "GET /wp-content/admin.php HTTP/1.1" 404 26349 "-" "-"
172.202.47.245 - - [02/May/2026:18:02:30 -0400] "GET /a5.php HTTP/1.1" 404 26349 "-" "-"
172.202.47.245 - - [02/May/2026:18:02:30 -0400] "GET //f6.php HTTP/1.1" 301 - "-" "-"
172.202.47.245 - - [02/May/2026:18:02:30 -0400] "GET /f6.php HTTP/1.1" 404 26349 "-" "-"
172.202.47.245 - - [02/May/2026:18:02:30 -0400] "GET /inputs.php HTTP/1.1" 404 26349 "-" "-"
172.202.47.245 - - [02/May/2026:18:02:30 -0400] "GET /style.php HTTP/1.1" 404 26349 "-" "-"
172.202.47.245 - - [02/May/2026:18:02:31 -0400] "GET //av.php HTTP/1.1" 301 - "-" "-"
172.202.47.245 - - [02/May/2026:18:02:31 -0400] "GET /av.php HTTP/1.1" 404 26349 "-" "-"
172.202.47.245 - - [02/May/2026:18:02:31 -0400] "GET /wp-admin/css/bolt.php HTTP/1.1" 404 26349 "-" "-"
172.202.47.245 - - [02/May/2026:18:02:31 -0400] "GET /wp-act.php HTTP/1.1" 404 26349 "-" "-"
172.202.47.245 - - [02/May/2026:18:02:31 -0400] "GET /classwithtostring.php?p= HTTP/1.1" 301 - "-" "-"
172.202.47.245 - - [02/May/2026:18:02:31 -0400] "GET /classwithtostring.php HTTP/1.1" 404 26349 "-" "-"
172.202.47.245 - - [02/May/2026:18:02:32 -0400] "GET /wp-content/themes/index.php HTTP/1.1" 200 - "-" "-"
172.202.47.245 - - [02/May/2026:18:02:32 -0400] "GET /sbhu.php HTTP/1.1" 404 26349 "-" "-"
172.202.47.245 - - [02/May/2026:18:02:32 -0400] "GET /wp-blog.php HTTP/1.1" 404 26349 "-" "-"
172.202.47.245 - - [02/May/2026:18:02:32 -0400] "GET //wp-includes/js/jquery/ HTTP/1.1" 403 199 "-" "-"
172.202.47.245 - - [02/May/2026:18:02:32 -0400] "GET //wp-content/admin.php HTTP/1.1" 301 - "-" "-"
172.202.47.245 - - [02/May/2026:18:02:32 -0400] "GET /wp-content/admin.php HTTP/1.1" 404 26349 "-" "-"
172.202.47.245 - - [02/May/2026:18:02:32 -0400] "GET /8xyz.php HTTP/1.1" 404 26349 "-" "-"
172.202.47.245 - - [02/May/2026:18:02:33 -0400] "GET //adminfuns.php HTTP/1.1" 301 - "-" "-"
172.202.47.245 - - [02/May/2026:18:02:33 -0400] "GET /adminfuns.php HTTP/1.1" 404 26349 "-" "-"
172.202.47.245 - - [02/May/2026:18:02:33 -0400] "GET /goods.php HTTP/1.1" 404 26349 "-" "-"
172.202.47.245 - - [02/May/2026:18:02:33 -0400] "GET /ms-edit.php HTTP/1.1" 404 26349 "-" "-"
172.202.47.245 - - [02/May/2026:18:02:33 -0400] "GET /222.php HTTP/1.1" 404 26349 "-" "-"
172.202.47.245 - - [02/May/2026:18:02:34 -0400] "GET //cgi-bin/index.php HTTP/1.1" 404 16 "-" "-"
172.202.47.245 - - [02/May/2026:18:02:34 -0400] "GET /fff.php HTTP/1.1" 404 26349 "-" "-"
172.202.47.245 - - [02/May/2026:18:02:34 -0400] "GET /wp-content/ HTTP/1.1" 200 - "-" "-"
172.202.47.245 - - [02/May/2026:18:02:34 -0400] "GET /makeasmtp.php?p= HTTP/1.1" 301 - "-" "-"
172.202.47.245 - - [02/May/2026:18:02:34 -0400] "GET /makeasmtp.php HTTP/1.1" 404 26349 "-" "-"
172.202.47.245 - - [02/May/2026:18:02:34 -0400] "GET //admin1.php HTTP/1.1" 301 - "-" "-"
172.202.47.245 - - [02/May/2026:18:02:34 -0400] "GET /admin1.php HTTP/1.1" 404 26349 "-" "-"
172.202.47.245 - - [02/May/2026:18:02:35 -0400] "GET //wp-includes/css/dist/ HTTP/1.1" 403 199 "-" "-"
172.202.47.245 - - [02/May/2026:18:02:35 -0400] "GET /BDKR28WP.php HTTP/1.1" 404 26349 "-" "-"
172.202.47.245 - - [02/May/2026:18:02:35 -0400] "GET //wp-includes/l10n/ HTTP/1.1" 301 - "-" "-"
172.202.47.245 - - [02/May/2026:18:02:35 -0400] "GET /wp-includes/l10n/ HTTP/1.1" 404 26349 "-" "-"
172.202.47.245 - - [02/May/2026:18:02:35 -0400] "GET /wp-content/uploads/ HTTP/1.1" 403 199 "-" "-"
172.202.47.245 - - [02/May/2026:18:02:35 -0400] "GET /wp.php HTTP/1.1" 404 26349 "-" "-"
172.202.47.245 - - [02/May/2026:18:02:35 -0400] "GET /wp-admin/js/fi.php HTTP/1.1" 404 26349 "-" "-"
172.202.47.245 - - [02/May/2026:18:02:35 -0400] "GET /fe5.php HTTP/1.1" 404 26349 "-" "-"
172.202.47.245 - - [02/May/2026:18:02:36 -0400] "GET //wp-content/uploads/2021/02/index.php HTTP/1.1" 403 199 "-" "-"
172.202.47.245 - - [02/May/2026:18:02:36 -0400] "GET /av.php HTTP/1.1" 404 26349 "-" "-"
172.202.47.245 - - [02/May/2026:18:02:36 -0400] "GET /abcd.php HTTP/1.1" 404 26349 "-" "-"
172.202.47.245 - - [02/May/2026:18:02:36 -0400] "GET //a1.php HTTP/1.1" 301 - "-" "-"
172.202.47.245 - - [02/May/2026:18:02:36 -0400] "GET /a1.php HTTP/1.1" 404 26349 "-" "-"
172.202.47.245 - - [02/May/2026:18:02:36 -0400] "GET /update/f35.php HTTP/1.1" 404 26349 "-" "-"
172.202.47.245 - - [02/May/2026:18:02:37 -0400] "GET /wp-includes/Text/Diff/Engine/about.php HTTP/1.1" 404 26349 "-" "-"
172.202.47.245 - - [02/May/2026:18:02:37 -0400] "GET /f35.php HTTP/1.1" 404 26349 "-" "-"
172.202.47.245 - - [02/May/2026:18:02:37 -0400] "GET //wp-includes/css/index.php?p= HTTP/1.1" 301 - "-" "-"
172.202.47.245 - - [02/May/2026:18:02:37 -0400] "GET /wp-includes/css/ HTTP/1.1" 403 199 "-" "-"
172.202.47.245 - - [02/May/2026:18:02:37 -0400] "GET /wp-includes/SimplePie/ HTTP/1.1" 403 199 "-" "-"
172.202.47.245 - - [02/May/2026:18:02:37 -0400] "GET /bal.php HTTP/1.1" 404 26349 "-" "-"
172.202.47.245 - - [02/May/2026:18:02:37 -0400] "GET /in.php HTTP/1.1" 404 26349 "-" "-"
172.202.47.245 - - [02/May/2026:18:02:38 -0400] "GET /gssdd.php HTTP/1.1" 404 26349 "-" "-"
172.202.47.245 - - [02/May/2026:18:02:38 -0400] "GET //cgi-bin/admin.php HTTP/1.1" 404 16 "-" "-"
172.202.47.245 - - [02/May/2026:18:02:38 -0400] "GET /bs1.php HTTP/1.1" 404 26349 "-" "-"
172.202.47.245 - - [02/May/2026:18:02:38 -0400] "GET /wp-content/plugins/pwnd/as.php HTTP/1.1" 404 26349 "-" "-"
172.202.47.245 - - [02/May/2026:18:02:38 -0400] "GET /gettest.php HTTP/1.1" 404 26349 "-" "-"
172.202.47.245 - - [02/May/2026:18:02:38 -0400] "GET /file48.php HTTP/1.1" 404 26349 "-" "-"
172.202.47.245 - - [02/May/2026:18:02:38 -0400] "GET /wp-content/ HTTP/1.1" 200 - "-" "-"
172.202.47.245 - - [02/May/2026:18:02:38 -0400] "GET /simple.php HTTP/1.1" 404 26349 "-" "-"
172.202.47.245 - - [02/May/2026:18:02:39 -0400] "GET /drykl.php HTTP/1.1" 404 26349 "-" "-"
172.202.47.245 - - [02/May/2026:18:02:39 -0400] "GET /xxx.php HTTP/1.1" 404 26349 "-" "-"
172.202.47.245 - - [02/May/2026:18:02:39 -0400] "GET /hypo.php HTTP/1.1" 404 26349 "-" "-"
172.202.47.245 - - [02/May/2026:18:02:39 -0400] "GET /file18.php HTTP/1.1" 404 26349 "-" "-"
172.202.47.245 - - [02/May/2026:18:02:39 -0400] "GET /xwx1.php HTTP/1.1" 404 26349 "-" "-"
172.202.47.245 - - [02/May/2026:18:02:40 -0400] "GET /wp-admin/css/colors/blue/ HTTP/1.1" 403 199 "-" "-"
172.202.47.245 - - [02/May/2026:18:02:40 -0400] "GET /chosen.php HTTP/1.1" 404 26349 "-" "-"
172.202.47.245 - - [02/May/2026:18:02:40 -0400] "GET /admin/admin.php HTTP/1.1" 404 26349 "-" "-"
208.122.213.31 - - [02/May/2026:18:06:30 -0400] "POST /wp-cron.php?doing_wp_cron=1777759590.9026060104370117187500 HTTP/1.1" 200 - "-" "WordPress/6.2.6; https://store.terrorxxx.com"
51.83.195.19 - - [02/May/2026:18:06:30 -0400] "GET /wp-login.php HTTP/2.0" 200 1920 "-" "Mozilla/5.0 (Windows NT 6.0; Win64; x64) AppleWebKit/537.36 (KHTML, like Gecko) Chrome/58.0.3029.110 Safari/537.36 Edge/16.16299"
51.83.195.19 - - [02/May/2026:18:06:32 -0400] "POST /wp-login.php HTTP/2.0" 200 2051 "https://store.terrorxxx.com/wp-login.php" "Mozilla/5.0 (Windows NT 6.0; Win64; x64) AppleWebKit/537.36 (KHTML, like Gecko) Chrome/58.0.3029.110 Safari/537.36 Edge/16.16299"
208.122.213.31 - - [02/May/2026:18:09:28 -0400] "POST /wp-cron.php?doing_wp_cron=1777759768.1023709774017333984375 HTTP/1.1" 200 - "-" "WordPress/6.2.6; https://store.terrorxxx.com"
162.240.108.214 - - [02/May/2026:18:09:27 -0400] "POST /xmlrpc.php HTTP/2.0" 200 225 "-" "Mozilla/4.0 (compatible; MSIE 7.0; Windows NT 6.1; Trident/7.0; SLCC2; .NET CLR 2.0.50727; .NET CLR 3.5.30729; .NET CLR 3.0.30729; .NET4.0C; .NET4.0E; Tablet PC 2.0; Creative AutoUpdate v1.40.01)"
208.122.213.31 - - [02/May/2026:18:21:48 -0400] "POST /wp-cron.php?doing_wp_cron=1777760508.9495949745178222656250 HTTP/1.1" 200 - "-" "WordPress/6.2.6; https://store.terrorxxx.com"
62.146.233.9 - - [02/May/2026:18:21:48 -0400] "POST /xmlrpc.php HTTP/2.0" 200 225 "-" "Mozilla/5.0 (Windows NT 6.3; WOW64; Trident/7.0; SMJB; rv:11.0) like Gecko"
208.122.213.31 - - [02/May/2026:18:21:49 -0400] "POST /wp-cron.php HTTP/1.1" 200 - "-" "WordPress/6.2.6; https://store.terrorxxx.com"
208.122.213.31 - - [02/May/2026:18:21:49 -0400] "GET / HTTP/1.1" 200 7342 "-" "WordPress/6.2.6; https://store.terrorxxx.com"
208.122.213.31 - - [02/May/2026:18:21:49 -0400] "GET / HTTP/1.1" 200 7342 "-" "WordPress/6.2.6; https://store.terrorxxx.com"
208.122.213.31 - - [02/May/2026:18:21:49 -0400] "GET / HTTP/1.1" 200 7342 "-" "WordPress/6.2.6; https://store.terrorxxx.com"
208.122.213.31 - - [02/May/2026:18:21:49 -0400] "GET / HTTP/1.1" 200 7342 "-" "WordPress/6.2.6; https://store.terrorxxx.com"
208.122.213.31 - - [02/May/2026:18:32:06 -0400] "POST /wp-cron.php?doing_wp_cron=1777761126.3686449527740478515625 HTTP/1.1" 200 - "-" "WordPress/6.2.6; https://store.terrorxxx.com"
34.101.101.253 - - [02/May/2026:18:32:06 -0400] "GET /wp-login.php HTTP/2.0" 200 1920 "-" "Mozilla/5.0 (Windows NT 6.1) AppleWebKit/537.36 (KHTML, like Gecko) Chrome/67.0.3396.62 Safari/537.36"
34.101.101.253 - - [02/May/2026:18:32:08 -0400] "POST /wp-login.php HTTP/2.0" 200 2050 "https://store.terrorxxx.com/wp-login.php" "Mozilla/5.0 (Windows NT 6.1) AppleWebKit/537.36 (KHTML, like Gecko) Chrome/67.0.3396.62 Safari/537.36"
208.122.213.31 - - [02/May/2026:18:32:29 -0400] "POST /wp-cron.php?doing_wp_cron=1777761149.2428350448608398437500 HTTP/1.1" 200 - "-" "WordPress/6.2.6; https://store.terrorxxx.com"
192.176.172.166 - - [02/May/2026:18:32:29 -0400] "POST /xmlrpc.php HTTP/2.0" 200 225 "-" "Mozilla/5.0 (Windows NT 6.3; WOW64; Trident/7.0; MALCJS; rv:11.0) like Gecko"
208.122.213.31 - - [02/May/2026:18:41:58 -0400] "POST /wp-cron.php?doing_wp_cron=1777761718.1904699802398681640625 HTTP/1.1" 200 - "-" "WordPress/6.2.6; https://store.terrorxxx.com"
13.223.141.79 - - [02/May/2026:18:41:58 -0400] "GET /robots.txt HTTP/1.1" 200 115 "-" "Mozilla/5.0 (Macintosh; Intel Mac OS X 10_10_1) AppleWebKit/600.2.5 (KHTML, like Gecko) Version/8.0.2 Safari/600.2.5 (Gort)"
208.122.213.31 - - [02/May/2026:18:46:15 -0400] "POST /wp-cron.php?doing_wp_cron=1777761975.3507111072540283203125 HTTP/1.1" 200 - "-" "WordPress/6.2.6; https://store.terrorxxx.com"
162.214.192.209 - - [02/May/2026:18:46:15 -0400] "GET /wp-login.php HTTP/2.0" 200 1920 "-" "Mozilla/5.0 (Windows NT 10.0; WOW64; Trident/7.0; NMTE; rv:11.0) like Gecko"
162.214.192.209 - - [02/May/2026:18:46:15 -0400] "POST /wp-login.php HTTP/2.0" 200 2051 "https://store.terrorxxx.com/wp-login.php" "Mozilla/5.0 (Windows NT 10.0; WOW64; Trident/7.0; NMTE; rv:11.0) like Gecko"
208.122.213.31 - - [02/May/2026:18:46:33 -0400] "POST /wp-cron.php?doing_wp_cron=1777761993.3123650550842285156250 HTTP/1.1" 200 - "-" "WordPress/6.2.6; https://store.terrorxxx.com"
116.203.148.109 - - [02/May/2026:18:46:33 -0400] "POST /xmlrpc.php HTTP/2.0" 200 225 "-" "Mozilla/5.0 (Windows NT 10.0; Win64; x64) AppleWebKit/537.36 (KHTML, like Gecko) Chrome/66.0.3359.139 Safari/537.36"
208.122.213.31 - - [02/May/2026:19:00:51 -0400] "POST /wp-cron.php?doing_wp_cron=1777762851.8762309551239013671875 HTTP/1.1" 200 - "-" "WordPress/6.2.6; https://store.terrorxxx.com"
103.218.122.61 - - [02/May/2026:19:00:51 -0400] "GET /wp-login.php HTTP/2.0" 200 1920 "-" "Mozilla/5.0 (X11; Linux x86_64; rv:61.0) Gecko/20100101 Firefox/61.0"
103.218.122.61 - - [02/May/2026:19:00:52 -0400] "POST /wp-login.php HTTP/2.0" 200 2050 "https://store.terrorxxx.com/wp-login.php" "Mozilla/5.0 (X11; Linux x86_64; rv:61.0) Gecko/20100101 Firefox/61.0"
66.116.235.214 - - [02/May/2026:19:01:09 -0400] "POST /xmlrpc.php HTTP/2.0" 200 225 "-" "Mozilla/5.0 (Macintosh; Intel Mac OS X 10_11_6) AppleWebKit/602.4.8 (KHTML, like Gecko) Version/10.0.3 Safari/602.4.8"
208.122.213.31 - - [02/May/2026:19:02:54 -0400] "POST /wp-cron.php?doing_wp_cron=1777762974.1702570915222167968750 HTTP/1.1" 200 - "-" "WordPress/6.2.6; https://store.terrorxxx.com"
128.241.254.194 - - [02/May/2026:19:02:54 -0400] "GET /wp-content/plugins/the-plus-addons-for-elementor-page-builder/readme.txt HTTP/1.1" 404 26379 "-" "Mozilla/5.0 (Macintosh; Intel Mac OS X 14_3_1) AppleWebKit/605.1.15 (KHTML, like Gecko) Version/17.3.1 Safari/605.1.15"
128.241.254.194 - - [02/May/2026:19:02:54 -0400] "GET / HTTP/1.1" 200 7342 "-" "Mozilla/5.0 (Windows NT 10.0; Win64; x64) AppleWebKit/537.36 (KHTML, like Gecko) Chrome/92.0.4515.159 Safari/537.36"
208.122.213.31 - - [02/May/2026:19:11:57 -0400] "POST /wp-cron.php?doing_wp_cron=1777763517.6813950538635253906250 HTTP/1.1" 200 - "-" "WordPress/6.2.6; https://store.terrorxxx.com"
216.73.216.225 - - [02/May/2026:19:11:57 -0400] "GET /robots.txt HTTP/2.0" 200 115 "-" "Mozilla/5.0 AppleWebKit/537.36 (KHTML, like Gecko; compatible; ClaudeBot/1.0; +claudebot@anthropic.com)"
216.73.216.225 - - [02/May/2026:19:11:57 -0400] "GET /wp-sitemap.xml HTTP/2.0" 200 740 "-" "Mozilla/5.0 AppleWebKit/537.36 (KHTML, like Gecko; compatible; ClaudeBot/1.0; +claudebot@anthropic.com)"
208.122.213.31 - - [02/May/2026:19:15:06 -0400] "POST /wp-cron.php?doing_wp_cron=1777763706.9837379455566406250000 HTTP/1.1" 200 - "-" "WordPress/6.2.6; https://store.terrorxxx.com"
72.167.150.128 - - [02/May/2026:19:15:06 -0400] "GET /wp-login.php HTTP/2.0" 200 1919 "-" "Mozilla/4.0 (compatible; MSIE 7.0; Windows NT 6.1; Win64; x64; Trident/7.0; .NET CLR 2.0.50727; SLCC2; .NET CLR 3.5.30729; .NET CLR 3.0.30729; Media Center PC 6.0; .NET4.0C; .NET4.0E; GWX:QUALIFIED)"
72.167.150.128 - - [02/May/2026:19:15:08 -0400] "POST /wp-login.php HTTP/2.0" 200 2051 "https://store.terrorxxx.com/wp-login.php" "Mozilla/4.0 (compatible; MSIE 7.0; Windows NT 6.1; Win64; x64; Trident/7.0; .NET CLR 2.0.50727; SLCC2; .NET CLR 3.5.30729; .NET CLR 3.0.30729; Media Center PC 6.0; .NET4.0C; .NET4.0E; GWX:QUALIFIED)"
208.122.213.31 - - [02/May/2026:19:27:54 -0400] "POST /wp-cron.php?doing_wp_cron=1777764474.6037979125976562500000 HTTP/1.1" 200 - "-" "WordPress/6.2.6; https://store.terrorxxx.com"
171.111.192.222 - - [02/May/2026:19:27:54 -0400] "GET /wp-login.php HTTP/2.0" 200 1919 "-" "Mozilla/5.0 (MSIE 9.0; Windows NT 10.0; WOW64; Trident/7.0; rv:11.0) like Gecko"
171.111.192.222 - - [02/May/2026:19:27:55 -0400] "POST /wp-login.php HTTP/2.0" 200 2049 "https://store.terrorxxx.com/wp-login.php" "Mozilla/5.0 (MSIE 9.0; Windows NT 10.0; WOW64; Trident/7.0; rv:11.0) like Gecko"
208.122.213.31 - - [02/May/2026:19:38:30 -0400] "POST /wp-cron.php?doing_wp_cron=1777765110.4338719844818115234375 HTTP/1.1" 200 - "-" "WordPress/6.2.6; https://store.terrorxxx.com"
152.53.44.20 - - [02/May/2026:19:38:30 -0400] "GET /wp-login.php HTTP/2.0" 200 1920 "-" "Mozilla/4.0 (compatible; MSIE 7.0; Windows NT 6.2; Win64; x64; Trident/7.0; .NET4.0E; .NET4.0C; .NET CLR 3.5.30729; .NET CLR 2.0.50727; .NET CLR 3.0.30729; InfoPath.3)"
208.122.213.31 - - [02/May/2026:19:38:30 -0400] "GET / HTTP/1.1" 200 7342 "-" "WordPress/6.2.6; https://store.terrorxxx.com"
152.53.44.20 - - [02/May/2026:19:38:32 -0400] "POST /wp-login.php HTTP/2.0" 200 2050 "https://store.terrorxxx.com/wp-login.php" "Mozilla/4.0 (compatible; MSIE 7.0; Windows NT 6.2; Win64; x64; Trident/7.0; .NET4.0E; .NET4.0C; .NET CLR 3.5.30729; .NET CLR 2.0.50727; .NET CLR 3.0.30729; InfoPath.3)"
208.122.213.31 - - [02/May/2026:19:48:25 -0400] "POST /wp-cron.php?doing_wp_cron=1777765705.8405930995941162109375 HTTP/1.1" 200 - "-" "WordPress/6.2.6; https://store.terrorxxx.com"
52.167.144.158 - - [02/May/2026:19:48:25 -0400] "GET /wp-sitemap.xml HTTP/2.0" 200 740 "-" "Mozilla/5.0 AppleWebKit/537.36 (KHTML, like Gecko; compatible; bingbot/2.0; +http://www.bing.com/bingbot.htm) Chrome/116.0.1938.76 Safari/537.36"
208.122.213.31 - - [02/May/2026:19:50:41 -0400] "POST /wp-cron.php?doing_wp_cron=1777765841.5218269824981689453125 HTTP/1.1" 200 - "-" "WordPress/6.2.6; https://store.terrorxxx.com"
72.167.150.128 - - [02/May/2026:19:50:41 -0400] "GET /wp-login.php HTTP/2.0" 200 1920 "-" "Mozilla/4.0 (compatible; MSIE 7.0; Windows NT 6.1; Win64; x64; Trident/7.0; .NET CLR 2.0.50727; SLCC2; .NET4.0C; .NET4.0E; .NET CLR 3.5.30729; .NET CLR 3.0.30729)"
72.167.150.128 - - [02/May/2026:19:50:41 -0400] "POST /wp-login.php HTTP/2.0" 200 2051 "https://store.terrorxxx.com/wp-login.php" "Mozilla/4.0 (compatible; MSIE 7.0; Windows NT 6.1; Win64; x64; Trident/7.0; .NET CLR 2.0.50727; SLCC2; .NET4.0C; .NET4.0E; .NET CLR 3.5.30729; .NET CLR 3.0.30729)"
208.122.213.31 - - [02/May/2026:20:01:27 -0400] "POST /wp-cron.php?doing_wp_cron=1777766487.5100350379943847656250 HTTP/1.1" 200 - "-" "WordPress/6.2.6; https://store.terrorxxx.com"
74.91.224.220 - - [02/May/2026:20:01:27 -0400] "POST /xmlrpc.php HTTP/2.0" 200 225 "-" "Mozilla/5.0 (Windows NT 6.1; Win64; x64) AppleWebKit/537.36 (KHTML, like Gecko) Chrome/66.0.3359.170 Safari/537.36"
208.122.213.31 - - [02/May/2026:20:10:26 -0400] "POST /wp-cron.php?doing_wp_cron=1777767026.3351979255676269531250 HTTP/1.1" 200 - "-" "WordPress/6.2.6; https://store.terrorxxx.com"
128.241.254.194 - - [02/May/2026:20:10:26 -0400] "GET /wp-content/plugins/fancy-product-designer/inc/custom-image-handler.php HTTP/1.1" 404 26379 "-" "Mozilla/5.0 (Windows NT 6.1; rv:38.0) Gecko/20100101 Firefox/38.0"
208.122.213.31 - - [02/May/2026:20:12:45 -0400] "POST /wp-cron.php?doing_wp_cron=1777767165.6484029293060302734375 HTTP/1.1" 200 - "-" "WordPress/6.2.6; https://store.terrorxxx.com"
104.210.140.135 - - [02/May/2026:20:12:45 -0400] "GET /robots.txt HTTP/2.0" 200 115 "-" "Mozilla/5.0 (Macintosh; Intel Mac OS X 10_15_7) AppleWebKit/537.36 (KHTML, like Gecko) Chrome/131.0.0.0 Safari/537.36; compatible; OAI-SearchBot/1.0; +https://openai.com/searchbot"
208.122.213.31 - - [02/May/2026:20:25:31 -0400] "POST /wp-cron.php?doing_wp_cron=1777767931.1070818901062011718750 HTTP/1.1" 200 - "-" "WordPress/6.2.6; https://store.terrorxxx.com"
78.142.18.172 - - [02/May/2026:20:25:30 -0400] "GET /wp-login.php HTTP/2.0" 200 1921 "-" "Mozilla/5.0 (Windows NT 6.1; WOW64; Trident/7.0; EIE10;ENCAMSN; rv:11.0) like Gecko"
78.142.18.172 - - [02/May/2026:20:25:31 -0400] "POST /wp-login.php HTTP/2.0" 200 2051 "https://store.terrorxxx.com/wp-login.php" "Mozilla/5.0 (Windows NT 6.1; WOW64; Trident/7.0; EIE10;ENCAMSN; rv:11.0) like Gecko"
208.122.213.31 - - [02/May/2026:20:26:25 -0400] "POST /wp-cron.php?doing_wp_cron=1777767985.5779650211334228515625 HTTP/1.1" 200 - "-" "WordPress/6.2.6; https://store.terrorxxx.com"
38.95.35.85 - - [02/May/2026:20:26:25 -0400] "POST /xmlrpc.php HTTP/2.0" 200 225 "-" "Mozilla/5.0 (Windows NT 6.1; Trident/7.0; SLCC2; .NET CLR 2.0.50727; .NET CLR 3.5.30729; .NET CLR 3.0.30729; Media Center PC 6.0; InfoPath.2; .NET4.0C; rv:11.0) like Gecko"
208.122.213.31 - - [02/May/2026:20:36:17 -0400] "POST /wp-cron.php?doing_wp_cron=1777768577.5389389991760253906250 HTTP/1.1" 200 - "-" "WordPress/6.2.6; https://store.terrorxxx.com"
152.53.44.20 - - [02/May/2026:20:36:17 -0400] "GET /wp-login.php HTTP/2.0" 200 1921 "-" "Mozilla/5.0 (Windows NT 6.1; Trident/7.0; EIE10;ENUSWOL; rv:11.0) like Gecko"
208.122.213.31 - - [02/May/2026:20:36:31 -0400] "POST /wp-cron.php?doing_wp_cron=1777768591.5532300472259521484375 HTTP/1.1" 200 - "-" "WordPress/6.2.6; https://store.terrorxxx.com"
152.53.44.20 - - [02/May/2026:20:36:31 -0400] "POST /wp-login.php HTTP/2.0" 200 2051 "https://store.terrorxxx.com/wp-login.php" "Mozilla/5.0 (Windows NT 6.1; Trident/7.0; EIE10;ENUSWOL; rv:11.0) like Gecko"
208.122.213.31 - - [02/May/2026:20:38:23 -0400] "POST /wp-cron.php?doing_wp_cron=1777768703.3778319358825683593750 HTTP/1.1" 200 - "-" "WordPress/6.2.6; https://store.terrorxxx.com"
202.92.6.73 - - [02/May/2026:20:38:23 -0400] "POST /xmlrpc.php HTTP/2.0" 200 225 "-" "Mozilla/5.0 (Windows NT 10.0; WOW64) AppleWebKit/537.36 (KHTML, like Gecko) Chrome/63.0.3239.132 Safari/537.36 OPR/50.0.2762.67"
208.122.213.31 - - [02/May/2026:20:49:06 -0400] "POST /wp-cron.php?doing_wp_cron=1777769346.0437541007995605468750 HTTP/1.1" 200 - "-" "WordPress/6.2.6; https://store.terrorxxx.com"
15.235.175.240 - - [02/May/2026:20:49:05 -0400] "GET /wp-login.php HTTP/2.0" 200 1920 "-" "Mozilla/5.0 (Windows NT 6.1; Win64; x64) AppleWebKit/537.36 (KHTML, like Gecko) Chrome/67.0.3396.62 Safari/537.36"
15.235.175.240 - - [02/May/2026:20:49:06 -0400] "POST /wp-login.php HTTP/2.0" 200 2051 "https://store.terrorxxx.com/wp-login.php" "Mozilla/5.0 (Windows NT 6.1; Win64; x64) AppleWebKit/537.36 (KHTML, like Gecko) Chrome/67.0.3396.62 Safari/537.36"
208.122.213.31 - - [02/May/2026:20:50:41 -0400] "POST /wp-cron.php?doing_wp_cron=1777769441.6039490699768066406250 HTTP/1.1" 200 - "-" "WordPress/6.2.6; https://store.terrorxxx.com"
208.109.188.137 - - [02/May/2026:20:50:41 -0400] "POST /xmlrpc.php HTTP/2.0" 200 225 "-" "Mozilla/5.0 (Macintosh; Intel Mac OS X 10_13_5) AppleWebKit/537.36 (KHTML, like Gecko) Chrome/67.0.3396.79 Safari/537.36"
208.122.213.31 - - [02/May/2026:21:01:35 -0400] "POST /wp-cron.php?doing_wp_cron=1777770095.5239989757537841796875 HTTP/1.1" 200 - "-" "WordPress/6.2.6; https://store.terrorxxx.com"
217.173.193.12 - - [02/May/2026:21:01:35 -0400] "GET /wp-login.php HTTP/2.0" 200 1919 "-" "Mozilla/5.0 (Windows NT 6.1; WOW64) AppleWebKit/537.36 (KHTML, like Gecko) Chrome/65.0.3325.162 Safari/537.36"
217.173.193.12 - - [02/May/2026:21:01:35 -0400] "POST /wp-login.php HTTP/2.0" 200 2049 "https://store.terrorxxx.com/wp-login.php" "Mozilla/5.0 (Windows NT 6.1; WOW64) AppleWebKit/537.36 (KHTML, like Gecko) Chrome/65.0.3325.162 Safari/537.36"
208.122.213.31 - - [02/May/2026:21:02:41 -0400] "POST /wp-cron.php?doing_wp_cron=1777770161.5965659618377685546875 HTTP/1.1" 200 - "-" "WordPress/6.2.6; https://store.terrorxxx.com"
199.203.54.15 - - [02/May/2026:21:02:41 -0400] "POST /xmlrpc.php HTTP/2.0" 200 225 "-" "Mozilla/5.0 (Macintosh; Intel Mac OS X 10_12_6) AppleWebKit/537.36 (KHTML, like Gecko) Chrome/67.0.3396.87 Safari/537.36"
208.122.213.31 - - [02/May/2026:21:14:16 -0400] "POST /wp-cron.php?doing_wp_cron=1777770856.2085549831390380859375 HTTP/1.1" 200 - "-" "WordPress/6.2.6; https://store.terrorxxx.com"
144.76.72.43 - - [02/May/2026:21:14:16 -0400] "GET /wp-login.php HTTP/2.0" 200 1920 "-" "Mozilla/5.0 (Windows NT 6.1; WOW64; Trident/7.0; MDDRJS; rv:11.0) like Gecko"
144.76.72.43 - - [02/May/2026:21:14:16 -0400] "POST /wp-login.php HTTP/2.0" 200 2050 "https://store.terrorxxx.com/wp-login.php" "Mozilla/5.0 (Windows NT 6.1; WOW64; Trident/7.0; MDDRJS; rv:11.0) like Gecko"
208.122.213.31 - - [02/May/2026:21:15:08 -0400] "POST /wp-cron.php?doing_wp_cron=1777770908.5073869228363037109375 HTTP/1.1" 200 - "-" "WordPress/6.2.6; https://store.terrorxxx.com"
101.100.234.23 - - [02/May/2026:21:15:08 -0400] "POST /xmlrpc.php HTTP/2.0" 200 225 "-" "Mozilla/5.0 (Windows NT 6.3; WOW64; Trident/7.0; MALCJS; rv:11.0) like Gecko"
208.122.213.31 - - [02/May/2026:21:20:11 -0400] "POST /wp-cron.php?doing_wp_cron=1777771211.2014620304107666015625 HTTP/1.1" 200 - "-" "WordPress/6.2.6; https://store.terrorxxx.com"
128.241.254.194 - - [02/May/2026:21:20:11 -0400] "GET /wp-admin/admin-ajax.php?action=bwg_frontend_data&shortcode_id=1&bwg_tag_id_bwg_thumbnails_0[]=)%22%20union%20select%201,2,3,4,5,6,7,concat(md5(999999999),%200x2c,%208),9,10,11,12,13,14,15,16,17,18,19,20,21,22,23%20--%20g HTTP/1.1" 400 1 "-" "Mozilla/5.0 (X11; Ubuntu; Linux x86_64; rv:125.0) Gecko/20100101 Firefox/125.0"
208.122.213.31 - - [02/May/2026:21:25:07 -0400] "POST /wp-cron.php?doing_wp_cron=1777771507.3628239631652832031250 HTTP/1.1" 200 - "-" "WordPress/6.2.6; https://store.terrorxxx.com"
152.53.44.20 - - [02/May/2026:21:25:07 -0400] "POST /xmlrpc.php HTTP/2.0" 200 225 "-" "Mozilla/5.0 (Windows NT 6.3; WOW64; Trident/7.0; Touch; SMJB; rv:11.0) like Gecko"
208.122.213.31 - - [02/May/2026:21:26:18 -0400] "POST /wp-cron.php?doing_wp_cron=1777771578.3668251037597656250000 HTTP/1.1" 200 - "-" "WordPress/6.2.6; https://store.terrorxxx.com"
103.100.38.132 - - [02/May/2026:21:26:18 -0400] "GET /wp-login.php HTTP/2.0" 200 1920 "-" "Mozilla/4.0 (compatible; MSIE 7.0; Windows NT 6.2; WOW64; Trident/7.0; .NET4.0E; .NET4.0C; InfoPath.3; .NET CLR 3.5.30729; .NET CLR 2.0.50727; .NET CLR 3.0.30729)"
103.100.38.132 - - [02/May/2026:21:26:18 -0400] "POST /wp-login.php HTTP/2.0" 200 2051 "https://store.terrorxxx.com/wp-login.php" "Mozilla/4.0 (compatible; MSIE 7.0; Windows NT 6.2; WOW64; Trident/7.0; .NET4.0E; .NET4.0C; InfoPath.3; .NET CLR 3.5.30729; .NET CLR 2.0.50727; .NET CLR 3.0.30729)"
208.122.213.31 - - [02/May/2026:21:37:06 -0400] "POST /wp-cron.php?doing_wp_cron=1777772226.5093588829040527343750 HTTP/1.1" 200 - "-" "WordPress/6.2.6; https://store.terrorxxx.com"
144.76.72.43 - - [02/May/2026:21:37:06 -0400] "POST /xmlrpc.php HTTP/2.0" 200 225 "-" "Mozilla/5.0 (X11; CrOS armv7l 10323.67.0) AppleWebKit/537.36 (KHTML, like Gecko) Chrome/65.0.3325.209 Safari/537.36"
208.122.213.31 - - [02/May/2026:21:38:22 -0400] "POST /wp-cron.php?doing_wp_cron=1777772302.5943210124969482421875 HTTP/1.1" 200 - "-" "WordPress/6.2.6; https://store.terrorxxx.com"
198.251.71.113 - - [02/May/2026:21:38:22 -0400] "GET /wp-login.php HTTP/2.0" 200 1920 "-" "Mozilla/5.0 (Macintosh; Intel Mac OS X 10_10_5) AppleWebKit/537.36 (KHTML, like Gecko) Chrome/67.0.3396.87 Safari/537.36"
198.251.71.113 - - [02/May/2026:21:38:22 -0400] "POST /wp-login.php HTTP/2.0" 200 2051 "https://store.terrorxxx.com/wp-login.php" "Mozilla/5.0 (Macintosh; Intel Mac OS X 10_10_5) AppleWebKit/537.36 (KHTML, like Gecko) Chrome/67.0.3396.87 Safari/537.36"
208.122.213.31 - - [02/May/2026:21:47:32 -0400] "POST /wp-cron.php?doing_wp_cron=1777772852.9770081043243408203125 HTTP/1.1" 200 - "-" "WordPress/6.2.6; https://store.terrorxxx.com"
216.73.216.225 - - [02/May/2026:21:47:32 -0400] "GET /robots.txt HTTP/2.0" 200 115 "-" "Mozilla/5.0 AppleWebKit/537.36 (KHTML, like Gecko; compatible; ClaudeBot/1.0; +claudebot@anthropic.com)"
216.73.216.225 - - [02/May/2026:21:47:33 -0400] "GET /wp-sitemap.xml HTTP/2.0" 200 740 "-" "Mozilla/5.0 AppleWebKit/537.36 (KHTML, like Gecko; compatible; ClaudeBot/1.0; +claudebot@anthropic.com)"
208.122.213.31 - - [02/May/2026:21:49:02 -0400] "POST /wp-cron.php?doing_wp_cron=1777772942.1979539394378662109375 HTTP/1.1" 200 - "-" "WordPress/6.2.6; https://store.terrorxxx.com"
103.28.36.216 - - [02/May/2026:21:49:02 -0400] "POST /xmlrpc.php HTTP/2.0" 200 225 "-" "Mozilla/5.0 (Windows NT 10.0; Win64; x64) AppleWebKit/537.36 (KHTML, like Gecko) Chrome/64.0.3282.168 Safari/537.36 OPR/51.0.2830.40"
208.122.213.31 - - [02/May/2026:21:50:00 -0400] "POST /wp-cron.php?doing_wp_cron=1777773000.3967390060424804687500 HTTP/1.1" 200 - "-" "WordPress/6.2.6; https://store.terrorxxx.com"
123.30.233.12 - - [02/May/2026:21:50:00 -0400] "GET /wp-login.php HTTP/2.0" 200 1920 "-" "Mozilla/4.0 (compatible; MSIE 7.0; Windows NT 6.1; Trident/7.0; SLCC2; .NET CLR 2.0.50727; .NET CLR 3.5.30729; .NET CLR 3.0.30729; Media Center PC 6.0; InfoPath.3; .NET4.0C; .NET4.0E)"
123.30.233.12 - - [02/May/2026:21:50:02 -0400] "POST /wp-login.php HTTP/2.0" 200 2050 "https://store.terrorxxx.com/wp-login.php" "Mozilla/4.0 (compatible; MSIE 7.0; Windows NT 6.1; Trident/7.0; SLCC2; .NET CLR 2.0.50727; .NET CLR 3.5.30729; .NET CLR 3.0.30729; Media Center PC 6.0; InfoPath.3; .NET4.0C; .NET4.0E)"
208.122.213.31 - - [02/May/2026:22:01:00 -0400] "POST /wp-cron.php?doing_wp_cron=1777773660.0319430828094482421875 HTTP/1.1" 200 - "-" "WordPress/6.2.6; https://store.terrorxxx.com"
162.241.53.41 - - [02/May/2026:22:00:59 -0400] "POST /xmlrpc.php HTTP/2.0" 200 225 "-" "Mozilla/5.0 (Windows NT 6.3; Win64; x64; Trident/7.0; MALNJS; rv:11.0) like Gecko"
208.122.213.31 - - [02/May/2026:22:01:28 -0400] "POST /wp-cron.php?doing_wp_cron=1777773688.9085679054260253906250 HTTP/1.1" 200 - "-" "WordPress/6.2.6; https://store.terrorxxx.com"
162.214.192.209 - - [02/May/2026:22:01:28 -0400] "GET /wp-login.php HTTP/2.0" 200 1920 "-" "Mozilla/5.0 (Macintosh; Intel Mac OS X 10_12_2) AppleWebKit/602.3.12 (KHTML, like Gecko) Version/10.0.2 Safari/602.3.12"
162.214.192.209 - - [02/May/2026:22:01:29 -0400] "POST /wp-login.php HTTP/2.0" 200 2051 "https://store.terrorxxx.com/wp-login.php" "Mozilla/5.0 (Macintosh; Intel Mac OS X 10_12_2) AppleWebKit/602.3.12 (KHTML, like Gecko) Version/10.0.2 Safari/602.3.12"
208.122.213.31 - - [02/May/2026:22:12:56 -0400] "POST /wp-cron.php?doing_wp_cron=1777774376.1081790924072265625000 HTTP/1.1" 200 - "-" "WordPress/6.2.6; https://store.terrorxxx.com"
45.55.138.32 - - [02/May/2026:22:12:55 -0400] "POST /xmlrpc.php HTTP/2.0" 200 225 "-" "Mozilla/5.0 (Macintosh; Intel Mac OS X 10_14) AppleWebKit/605.1.15 (KHTML, like Gecko) Version/12.0 Safari/605.1.15"
121.200.217.27 - - [02/May/2026:22:13:22 -0400] "GET /wp-login.php HTTP/2.0" 200 1920 "-" "Mozilla/4.0 (compatible; MSIE 7.0; Windows NT 6.2; Trident/7.0; .NET4.0E; .NET4.0C; .NET CLR 3.5.30729; .NET CLR 2.0.50727; .NET CLR 3.0.30729)"
121.200.217.27 - - [02/May/2026:22:13:22 -0400] "POST /wp-login.php HTTP/2.0" 200 2051 "https://store.terrorxxx.com/wp-login.php" "Mozilla/4.0 (compatible; MSIE 7.0; Windows NT 6.2; Trident/7.0; .NET4.0E; .NET4.0C; .NET CLR 3.5.30729; .NET CLR 2.0.50727; .NET CLR 3.0.30729)"
208.122.213.31 - - [02/May/2026:22:22:52 -0400] "POST /wp-cron.php?doing_wp_cron=1777774972.4831669330596923828125 HTTP/1.1" 200 - "-" "WordPress/6.2.6; https://store.terrorxxx.com"
91.227.37.60 - - [02/May/2026:22:22:52 -0400] "GET /wp-login.php HTTP/2.0" 200 1920 "-" "Mozilla/5.0 (Windows NT 6.1; Win64; x64) AppleWebKit/537.36 (KHTML, like Gecko) Chrome/65.0.3325.181 Safari/537.36"
91.227.37.60 - - [02/May/2026:22:22:54 -0400] "POST /wp-login.php HTTP/2.0" 200 2051 "https://store.terrorxxx.com/wp-login.php" "Mozilla/5.0 (Windows NT 6.1; Win64; x64) AppleWebKit/537.36 (KHTML, like Gecko) Chrome/65.0.3325.181 Safari/537.36"
208.122.213.31 - - [02/May/2026:22:24:55 -0400] "POST /wp-cron.php?doing_wp_cron=1777775095.6452229022979736328125 HTTP/1.1" 200 - "-" "WordPress/6.2.6; https://store.terrorxxx.com"
157.245.109.51 - - [02/May/2026:22:24:55 -0400] "POST /xmlrpc.php HTTP/2.0" 200 225 "-" "Mozilla/5.0 (Windows NT 10.0; WOW64) AppleWebKit/537.36 (KHTML, like Gecko) Chrome/67.0.3396.62 Safari/537.36"
208.122.213.31 - - [02/May/2026:22:32:04 -0400] "POST /wp-cron.php?doing_wp_cron=1777775524.7950720787048339843750 HTTP/1.1" 200 - "-" "WordPress/6.2.6; https://store.terrorxxx.com"
45.148.10.21 - - [02/May/2026:22:32:04 -0400] "GET /wp-json/gravitysmtp/v1/tests/mock-data?page=gravitysmtp-settings HTTP/1.1" 404 114 "-" "Mozilla/5.0 (Windows NT 10.0; Win64; x64) AppleWebKit/537.36 (KHTML, like Gecko) Chrome/131.0.0.0 Safari/537.36"
45.148.10.21 - - [02/May/2026:22:32:05 -0400] "GET /wp-json/gravitysmtp/v1/tests/mock-data?page=gravitysmtp-settings HTTP/1.1" 404 114 "-" "Mozilla/5.0 (Windows NT 10.0; Win64; x64) AppleWebKit/537.36 (KHTML, like Gecko) Chrome/131.0.0.0 Safari/537.36"
208.122.213.31 - - [02/May/2026:22:35:01 -0400] "POST /wp-cron.php?doing_wp_cron=1777775701.8090300559997558593750 HTTP/1.1" 200 - "-" "WordPress/6.2.6; https://store.terrorxxx.com"
