216.73.217.12 - - [01/May/2026:09:02:55 -0400] "GET /tour/models/1/popular/w/ HTTP/2.0" 200 2742 "-" "Mozilla/5.0 AppleWebKit/537.36 (KHTML, like Gecko; compatible; ClaudeBot/1.0; +claudebot@anthropic.com)"
216.73.217.12 - - [01/May/2026:09:03:13 -0400] "GET /tour/models/1/latest/w/ HTTP/2.0" 200 2742 "-" "Mozilla/5.0 AppleWebKit/537.36 (KHTML, like Gecko; compatible; ClaudeBot/1.0; +claudebot@anthropic.com)"
216.73.217.12 - - [01/May/2026:09:03:13 -0400] "GET /tour/trailers/Shes-Very-Flexible.html HTTP/2.0" 200 2800 "-" "Mozilla/5.0 AppleWebKit/537.36 (KHTML, like Gecko; compatible; ClaudeBot/1.0; +claudebot@anthropic.com)"
216.73.217.12 - - [01/May/2026:09:03:14 -0400] "GET /tour/trailers/Ravishing-Redhead.html HTTP/2.0" 200 2793 "-" "Mozilla/5.0 AppleWebKit/537.36 (KHTML, like Gecko; compatible; ClaudeBot/1.0; +claudebot@anthropic.com)"
216.73.217.12 - - [01/May/2026:09:03:18 -0400] "GET /tour/trailers/Pint-Sized-Latina-Schoolgirl.html HTTP/2.0" 200 2812 "-" "Mozilla/5.0 AppleWebKit/537.36 (KHTML, like Gecko; compatible; ClaudeBot/1.0; +claudebot@anthropic.com)"
66.249.69.194 - - [01/May/2026:09:03:59 -0400] "GET /tour/trailers/Roxanne-Hall-interracial.html HTTP/1.1" 200 2867 "-" "Mozilla/5.0 (Linux; Android 6.0.1; Nexus 5X Build/MMB29P) AppleWebKit/537.36 (KHTML, like Gecko) Chrome/147.0.7727.137 Mobile Safari/537.36 (compatible; Googlebot/2.1; +http://www.google.com/bot.html)"
66.249.69.194 - - [01/May/2026:09:04:03 -0400] "GET /tour/js/mp/mediaelementplayer.min.css HTTP/1.1" 200 3150 "https://smutbuttxxx.com/tour/trailers/Roxanne-Hall-interracial.html" "Mozilla/5.0 (Linux; Android 6.0.1; Nexus 5X Build/MMB29P) AppleWebKit/537.36 (KHTML, like Gecko) Chrome/147.0.7727.137 Mobile Safari/537.36 (compatible; Googlebot/2.1; +http://www.google.com/bot.html)"
216.73.217.12 - - [01/May/2026:09:04:14 -0400] "GET /tour/models/1/latest/g/ HTTP/2.0" 200 2741 "-" "Mozilla/5.0 AppleWebKit/537.36 (KHTML, like Gecko; compatible; ClaudeBot/1.0; +claudebot@anthropic.com)"
216.73.217.12 - - [01/May/2026:09:04:14 -0400] "GET /tour/trailers/Asian-Temptress-Masturbates.html HTTP/2.0" 200 2803 "-" "Mozilla/5.0 AppleWebKit/537.36 (KHTML, like Gecko; compatible; ClaudeBot/1.0; +claudebot@anthropic.com)"
175.27.171.245 - - [01/May/2026:09:06:12 -0400] "GET / HTTP/1.1" 200 2524 "http://www.smutbuttxxx.com" "Mozilla/5.0 (iPhone; CPU iPhone OS 13_2_3 like Mac OS X) AppleWebKit/605.1.15 (KHTML, like Gecko) Version/13.0.3 Mobile/15E148 Safari/604.1"
216.73.217.12 - - [01/May/2026:09:06:25 -0400] "GET /tour/trailers/Redhead-On-The-Rocks.html HTTP/2.0" 200 2800 "-" "Mozilla/5.0 AppleWebKit/537.36 (KHTML, like Gecko; compatible; ClaudeBot/1.0; +claudebot@anthropic.com)"
68.183.103.68 - - [01/May/2026:09:08:25 -0400] "GET /tour/content//contentthumbs/04/04/404-2x.jpg HTTP/1.1" 200 81001 "https://www.smutbuttxxx.com/" "Mozilla/5.0 (Windows NT 10.0; Win64; x64) AppleWebKit/537.36 (KHTML, like Gecko) Chrome/104.0.5112.81 Safari/537.36"
216.73.217.12 - - [01/May/2026:09:18:25 -0400] "GET /tour/models/1/popular/r/ HTTP/2.0" 200 3425 "-" "Mozilla/5.0 AppleWebKit/537.36 (KHTML, like Gecko; compatible; ClaudeBot/1.0; +claudebot@anthropic.com)"
185.191.171.1 - - [01/May/2026:09:20:34 -0400] "GET /robots.txt HTTP/1.1" 404 196 "-" "Mozilla/5.0 (compatible; SemrushBot/7~bl; +http://www.semrush.com/bot.html)"
185.191.171.2 - - [01/May/2026:09:20:35 -0400] "GET /tour/trailers/Busty-Blonde-Exposed.html HTTP/1.1" 200 2800 "-" "Mozilla/5.0 (compatible; SemrushBot/7~bl; +http://www.semrush.com/bot.html)"
185.191.171.13 - - [01/May/2026:09:20:47 -0400] "GET /tour/models/AnnaMorna.html?nats=MzAwMDI3OS4xLjEwLjExLjAuMC4wLjAuMA HTTP/1.1" 200 3477 "-" "Mozilla/5.0 (compatible; SemrushBot/7~bl; +http://www.semrush.com/bot.html)"
198.199.70.160 - - [01/May/2026:09:21:18 -0400] "GET /tour/models/1/popular/r/custom_assets/images/slider3.jpg HTTP/2.0" 404 196 "https://smutbuttxxx.com" "Mozilla/5.0 (Windows NT 10.0; Win64; x64) AppleWebKit/537.36 (KHTML, like Gecko) Chrome/147.0.0.0 Safari/537.36"
86.62.55.69 - - [01/May/2026:09:21:19 -0400] "GET /tour/models/1/popular/r/custom_assets/images/slider3.jpg HTTP/2.0" 404 196 "https://smutbuttxxx.com" "Mozilla/5.0 (Windows NT 10.0; Win64; x64) AppleWebKit/537.36 (KHTML, like Gecko) Chrome/147.0.0.0 Safari/537.36"
179.216.20.186 - - [01/May/2026:09:21:20 -0400] "GET /tour/models/1/popular/r/custom_assets/images/slider3.jpg HTTP/2.0" 404 196 "https://smutbuttxxx.com" "Mozilla/5.0 (Windows NT 10.0; Win64; x64) AppleWebKit/537.36 (KHTML, like Gecko) Chrome/147.0.0.0 Safari/537.36"
43.173.187.122 - - [01/May/2026:09:26:50 -0400] "GET /robots.txt HTTP/2.0" 404 196 "-" "Mozilla/5.0 (Macintosh; Intel Mac OS X 10_15_7) AppleWebKit/537.36 (KHTML, like Gecko) Chrome/129.0.0.0 Safari/537.36"
120.233.111.178 - - [01/May/2026:09:26:52 -0400] "GET /robots.txt HTTP/2.0" 404 196 "-" "Mozilla/5.0 (Macintosh; Intel Mac OS X 10_15_7) AppleWebKit/537.36 (KHTML, like Gecko) Chrome/129.0.0.0 Safari/537.36"
43.173.187.122 - - [01/May/2026:09:26:54 -0400] "GET /robots.txt HTTP/2.0" 404 196 "-" "Mozilla/5.0 (Macintosh; Intel Mac OS X 10_15_7) AppleWebKit/537.36 (KHTML, like Gecko) Chrome/129.0.0.0 Safari/537.36"
167.148.117.26 - - [01/May/2026:09:28:23 -0400] "GET /tour/content//contentthumbs/00/65/65-set-3x.jpg HTTP/1.1" 200 268423 "https://www.smutbuttxxx.com/" "Mozilla/5.0 (Windows NT 10.0; Win64; x64) AppleWebKit/537.36 (KHTML, like Gecko) Chrome/124.0.0.0 Safari/537.36"
54.235.172.108 - - [01/May/2026:09:32:02 -0400] "GET /tour/categories/photos/3/name/ HTTP/1.1" 200 4191 "-" "Mozilla/5.0 AppleWebKit/537.36 (KHTML, like Gecko; compatible; Amazonbot/0.1; +https://developer.amazon.com/support/amazonbot) Chrome/119.0.6045.214 Safari/537.36"
66.249.69.41 - - [01/May/2026:09:34:37 -0400] "GET /index.html HTTP/1.1" 200 2524 "-" "Mozilla/5.0 (Linux; Android 6.0.1; Nexus 5X Build/MMB29P) AppleWebKit/537.36 (KHTML, like Gecko) Chrome/147.0.7727.137 Mobile Safari/537.36 (compatible; Googlebot/2.1; +http://www.google.com/bot.html)"
143.20.253.167 - - [01/May/2026:09:44:36 -0400] "GET /tour/content//contentthumbs/07/51/751-1x.jpg HTTP/1.1" 200 142467 "https://www.smutbuttxxx.com/" "Mozilla/5.0 (Windows NT 10.0; Win64; x64) AppleWebKit/537.36 (KHTML, like Gecko) Chrome/116.0.0.0 Safari/537.36"
185.191.171.18 - - [01/May/2026:09:51:11 -0400] "GET /robots.txt HTTP/1.1" 404 196 "-" "Mozilla/5.0 (compatible; SemrushBot/7~bl; +http://www.semrush.com/bot.html)"
185.191.171.17 - - [01/May/2026:09:51:11 -0400] "GET /tour/trailers/Chesty-Car-Wash.html HTTP/1.1" 200 2796 "-" "Mozilla/5.0 (compatible; SemrushBot/7~bl; +http://www.semrush.com/bot.html)"
216.73.217.12 - - [01/May/2026:10:00:02 -0400] "GET /robots.txt HTTP/2.0" 404 196 "-" "Mozilla/5.0 AppleWebKit/537.36 (KHTML, like Gecko; compatible; ClaudeBot/1.0; +claudebot@anthropic.com)"
216.73.217.12 - - [01/May/2026:10:00:02 -0400] "GET /tour/models/1/latest/b/ HTTP/2.0" 200 3307 "-" "Mozilla/5.0 AppleWebKit/537.36 (KHTML, like Gecko; compatible; ClaudeBot/1.0; +claudebot@anthropic.com)"
117.151.15.46 - - [01/May/2026:10:03:55 -0400] "GET / HTTP/2.0" 200 2524 "https://www.sogou.com/link?url=LeoKdSZoUyAJNoIYQUCEUpneV9E7AJko" "Mozilla/5.0 (Windows NT 10.0; Win64; x64) AppleWebKit/537.36 (KHTML, like Gecko) Chrome/135.0.0.0 Safari/537.36 Edg/135.0.0.0"
117.151.15.46 - - [01/May/2026:10:03:56 -0400] "GET /header-logo.png HTTP/2.0" 200 23395 "https://smutbuttxxx.com/" "Mozilla/5.0 (Windows NT 10.0; Win64; x64) AppleWebKit/537.36 (KHTML, like Gecko) Chrome/135.0.0.0 Safari/537.36 Edg/135.0.0.0"
117.151.15.46 - - [01/May/2026:10:03:56 -0400] "GET /css/modern-business.css HTTP/2.0" 200 653 "https://smutbuttxxx.com/" "Mozilla/5.0 (Windows NT 10.0; Win64; x64) AppleWebKit/537.36 (KHTML, like Gecko) Chrome/135.0.0.0 Safari/537.36 Edg/135.0.0.0"
117.151.15.46 - - [01/May/2026:10:03:56 -0400] "GET /css/bootstrap.min.css HTTP/2.0" 200 19786 "https://smutbuttxxx.com/" "Mozilla/5.0 (Windows NT 10.0; Win64; x64) AppleWebKit/537.36 (KHTML, like Gecko) Chrome/135.0.0.0 Safari/537.36 Edg/135.0.0.0"
117.151.15.46 - - [01/May/2026:10:03:56 -0400] "GET /font-awesome/css/font-awesome.min.css HTTP/2.0" 200 5045 "https://smutbuttxxx.com/" "Mozilla/5.0 (Windows NT 10.0; Win64; x64) AppleWebKit/537.36 (KHTML, like Gecko) Chrome/135.0.0.0 Safari/537.36 Edg/135.0.0.0"
117.151.15.46 - - [01/May/2026:10:03:56 -0400] "GET /index-image.jpg HTTP/2.0" 200 138166 "https://smutbuttxxx.com/" "Mozilla/5.0 (Windows NT 10.0; Win64; x64) AppleWebKit/537.36 (KHTML, like Gecko) Chrome/135.0.0.0 Safari/537.36 Edg/135.0.0.0"
117.151.15.46 - - [01/May/2026:10:03:59 -0400] "GET /js/bootstrap.min.js HTTP/2.0" 200 9773 "https://smutbuttxxx.com/" "Mozilla/5.0 (Windows NT 10.0; Win64; x64) AppleWebKit/537.36 (KHTML, like Gecko) Chrome/135.0.0.0 Safari/537.36 Edg/135.0.0.0"
117.151.15.46 - - [01/May/2026:10:03:59 -0400] "GET /js/jquery.js HTTP/2.0" 200 33231 "https://smutbuttxxx.com/" "Mozilla/5.0 (Windows NT 10.0; Win64; x64) AppleWebKit/537.36 (KHTML, like Gecko) Chrome/135.0.0.0 Safari/537.36 Edg/135.0.0.0"
117.151.15.46 - - [01/May/2026:10:04:00 -0400] "GET /slider1.jpg HTTP/2.0" 200 204859 "https://smutbuttxxx.com/" "Mozilla/5.0 (Windows NT 10.0; Win64; x64) AppleWebKit/537.36 (KHTML, like Gecko) Chrome/135.0.0.0 Safari/537.36 Edg/135.0.0.0"
117.151.15.46 - - [01/May/2026:10:04:04 -0400] "GET /favicon.ico HTTP/2.0" 200 6732 "https://smutbuttxxx.com/" "Mozilla/5.0 (Windows NT 10.0; Win64; x64) AppleWebKit/537.36 (KHTML, like Gecko) Chrome/135.0.0.0 Safari/537.36 Edg/135.0.0.0"
117.151.15.46 - - [01/May/2026:10:04:11 -0400] "GET /index.html HTTP/2.0" 200 2524 "-" "Mozilla/5.0 (Windows NT 10.0; Win64; x64) AppleWebKit/537.36 (KHTML, like Gecko) Chrome/135.0.0.0 Safari/537.36 Edg/135.0.0.0"
117.151.15.46 - - [01/May/2026:10:04:13 -0400] "GET /index.html HTTP/2.0" 200 2524 "-" "Mozilla/5.0 (Windows NT 10.0; Win64; x64) AppleWebKit/537.36 (KHTML, like Gecko) Chrome/135.0.0.0 Safari/537.36 Edg/135.0.0.0"
117.151.15.46 - - [01/May/2026:10:04:14 -0400] "GET /favicon.ico HTTP/2.0" 200 6732 "https://www.smutbuttxxx.com/index.html" "Mozilla/5.0 (Windows NT 10.0; Win64; x64) AppleWebKit/537.36 (KHTML, like Gecko) Chrome/135.0.0.0 Safari/537.36 Edg/135.0.0.0"
27.115.124.38 - - [01/May/2026:10:04:24 -0400] "GET /index.html HTTP/2.0" 200 2524 "-" "Mozilla/5.0 (Linux; Android 11; V2055A) AppleWebKit/537.36 (KHTML, like Gecko) Chrome/91.0.4472.101 Mobile Safari/537.36"
123.6.49.47 - - [01/May/2026:10:04:24 -0400] "GET / HTTP/2.0" 200 2524 "-" "Mozilla/5.0 (Linux; U; Android 8.1.0; zh-cn; MI 8 Build/OPM1.171019.011) AppleWebKit/537.36 (KHTML, like Gecko) Version/4.0 Chrome/57.0.2987.108 Mobile Safari/537.36"
123.6.49.47 - - [01/May/2026:10:04:25 -0400] "GET /css/modern-business.css HTTP/2.0" 200 653 "-" "Mozilla/5.0 (Linux; U; Android 8.1.0; zh-cn; MI 8 Build/OPM1.171019.011) AppleWebKit/537.36 (KHTML, like Gecko) Version/4.0 Chrome/57.0.2987.108 Mobile Safari/537.36"
123.6.49.47 - - [01/May/2026:10:04:25 -0400] "GET /header-logo.png HTTP/2.0" 200 23395 "-" "Mozilla/5.0 (Linux; U; Android 8.1.0; zh-cn; MI 8 Build/OPM1.171019.011) AppleWebKit/537.36 (KHTML, like Gecko) Version/4.0 Chrome/57.0.2987.108 Mobile Safari/537.36"
123.6.49.47 - - [01/May/2026:10:04:25 -0400] "GET /font-awesome/css/font-awesome.min.css HTTP/2.0" 200 5045 "-" "Mozilla/5.0 (Linux; U; Android 8.1.0; zh-cn; MI 8 Build/OPM1.171019.011) AppleWebKit/537.36 (KHTML, like Gecko) Version/4.0 Chrome/57.0.2987.108 Mobile Safari/537.36"
123.6.49.47 - - [01/May/2026:10:04:25 -0400] "GET /css/bootstrap.min.css HTTP/2.0" 200 19786 "-" "Mozilla/5.0 (Linux; U; Android 8.1.0; zh-cn; MI 8 Build/OPM1.171019.011) AppleWebKit/537.36 (KHTML, like Gecko) Version/4.0 Chrome/57.0.2987.108 Mobile Safari/537.36"
123.6.49.47 - - [01/May/2026:10:04:25 -0400] "GET /js/jquery.js HTTP/2.0" 200 33231 "-" "Mozilla/5.0 (Linux; U; Android 8.1.0; zh-cn; MI 8 Build/OPM1.171019.011) AppleWebKit/537.36 (KHTML, like Gecko) Version/4.0 Chrome/57.0.2987.108 Mobile Safari/537.36"
123.6.49.47 - - [01/May/2026:10:04:25 -0400] "GET /index-image.jpg HTTP/2.0" 200 138166 "-" "Mozilla/5.0 (Linux; U; Android 8.1.0; zh-cn; MI 8 Build/OPM1.171019.011) AppleWebKit/537.36 (KHTML, like Gecko) Version/4.0 Chrome/57.0.2987.108 Mobile Safari/537.36"
123.6.49.47 - - [01/May/2026:10:04:25 -0400] "GET /js/bootstrap.min.js HTTP/2.0" 200 9773 "-" "Mozilla/5.0 (Linux; U; Android 8.1.0; zh-cn; MI 8 Build/OPM1.171019.011) AppleWebKit/537.36 (KHTML, like Gecko) Version/4.0 Chrome/57.0.2987.108 Mobile Safari/537.36"
27.115.124.38 - - [01/May/2026:10:04:26 -0400] "GET /header-logo.png HTTP/2.0" 200 23395 "-" "Mozilla/5.0 (Linux; Android 11; V2055A) AppleWebKit/537.36 (KHTML, like Gecko) Chrome/91.0.4472.101 Mobile Safari/537.36"
27.115.124.38 - - [01/May/2026:10:04:26 -0400] "GET /css/modern-business.css HTTP/2.0" 200 653 "-" "Mozilla/5.0 (Linux; Android 11; V2055A) AppleWebKit/537.36 (KHTML, like Gecko) Chrome/91.0.4472.101 Mobile Safari/537.36"
123.6.49.47 - - [01/May/2026:10:04:26 -0400] "GET /slider1.jpg HTTP/2.0" 200 204859 "http://www.smutbuttxxx.com/" "Mozilla/5.0 (Linux; U; Android 8.1.0; zh-cn; MI 8 Build/OPM1.171019.011) AppleWebKit/537.36 (KHTML, like Gecko) Version/4.0 Chrome/57.0.2987.108 Mobile Safari/537.36"
27.115.124.38 - - [01/May/2026:10:04:26 -0400] "GET /font-awesome/css/font-awesome.min.css HTTP/2.0" 200 5045 "-" "Mozilla/5.0 (Linux; Android 11; V2055A) AppleWebKit/537.36 (KHTML, like Gecko) Chrome/91.0.4472.101 Mobile Safari/537.36"
27.115.124.38 - - [01/May/2026:10:04:26 -0400] "GET /css/bootstrap.min.css HTTP/2.0" 200 19786 "-" "Mozilla/5.0 (Linux; Android 11; V2055A) AppleWebKit/537.36 (KHTML, like Gecko) Chrome/91.0.4472.101 Mobile Safari/537.36"
27.115.124.38 - - [01/May/2026:10:04:26 -0400] "GET /js/jquery.js HTTP/2.0" 200 33231 "-" "Mozilla/5.0 (Linux; Android 11; V2055A) AppleWebKit/537.36 (KHTML, like Gecko) Chrome/91.0.4472.101 Mobile Safari/537.36"
27.115.124.38 - - [01/May/2026:10:04:26 -0400] "GET /js/bootstrap.min.js HTTP/2.0" 200 9773 "-" "Mozilla/5.0 (Linux; Android 11; V2055A) AppleWebKit/537.36 (KHTML, like Gecko) Chrome/91.0.4472.101 Mobile Safari/537.36"
27.115.124.38 - - [01/May/2026:10:04:26 -0400] "GET /index-image.jpg HTTP/2.0" 200 138166 "-" "Mozilla/5.0 (Linux; Android 11; V2055A) AppleWebKit/537.36 (KHTML, like Gecko) Chrome/91.0.4472.101 Mobile Safari/537.36"
117.151.15.46 - - [01/May/2026:10:04:26 -0400] "GET /tour/ HTTP/2.0" 200 7000 "-" "Mozilla/5.0 (Windows NT 10.0; Win64; x64) AppleWebKit/537.36 (KHTML, like Gecko) Chrome/135.0.0.0 Safari/537.36 Edg/135.0.0.0"
117.151.15.46 - - [01/May/2026:10:04:26 -0400] "GET /tour/custom_assets/css/owl.carousel.css HTTP/2.0" 200 528 "https://www.smutbuttxxx.com/tour/" "Mozilla/5.0 (Windows NT 10.0; Win64; x64) AppleWebKit/537.36 (KHTML, like Gecko) Chrome/135.0.0.0 Safari/537.36 Edg/135.0.0.0"
117.151.15.46 - - [01/May/2026:10:04:26 -0400] "GET /tour/custom_assets/css/pgwmenu.min.css HTTP/2.0" 200 965 "https://www.smutbuttxxx.com/tour/" "Mozilla/5.0 (Windows NT 10.0; Win64; x64) AppleWebKit/537.36 (KHTML, like Gecko) Chrome/135.0.0.0 Safari/537.36 Edg/135.0.0.0"
117.151.15.46 - - [01/May/2026:10:04:26 -0400] "GET /tour/custom_assets/css/media.css HTTP/2.0" 200 2194 "https://www.smutbuttxxx.com/tour/" "Mozilla/5.0 (Windows NT 10.0; Win64; x64) AppleWebKit/537.36 (KHTML, like Gecko) Chrome/135.0.0.0 Safari/537.36 Edg/135.0.0.0"
117.151.15.46 - - [01/May/2026:10:04:26 -0400] "GET /tour/custom_assets/css/style.css HTTP/2.0" 200 6598 "https://www.smutbuttxxx.com/tour/" "Mozilla/5.0 (Windows NT 10.0; Win64; x64) AppleWebKit/537.36 (KHTML, like Gecko) Chrome/135.0.0.0 Safari/537.36 Edg/135.0.0.0"
117.151.15.46 - - [01/May/2026:10:04:26 -0400] "GET /tour/custom_assets/js/modernizr.js HTTP/2.0" 200 6294 "https://www.smutbuttxxx.com/tour/" "Mozilla/5.0 (Windows NT 10.0; Win64; x64) AppleWebKit/537.36 (KHTML, like Gecko) Chrome/135.0.0.0 Safari/537.36 Edg/135.0.0.0"
117.151.15.46 - - [01/May/2026:10:04:27 -0400] "GET /tour/custom_assets/js/pgwmenu.min.js HTTP/2.0" 200 774 "https://www.smutbuttxxx.com/tour/" "Mozilla/5.0 (Windows NT 10.0; Win64; x64) AppleWebKit/537.36 (KHTML, like Gecko) Chrome/135.0.0.0 Safari/537.36 Edg/135.0.0.0"
117.151.15.46 - - [01/May/2026:10:04:27 -0400] "GET /tour/custom_assets/js/bjqs-1.3.min.js HTTP/2.0" 200 2165 "https://www.smutbuttxxx.com/tour/" "Mozilla/5.0 (Windows NT 10.0; Win64; x64) AppleWebKit/537.36 (KHTML, like Gecko) Chrome/135.0.0.0 Safari/537.36 Edg/135.0.0.0"
117.151.15.46 - - [01/May/2026:10:04:27 -0400] "GET /tour/js/mp/mediaelementplayer.min.css HTTP/2.0" 200 3150 "https://www.smutbuttxxx.com/tour/" "Mozilla/5.0 (Windows NT 10.0; Win64; x64) AppleWebKit/537.36 (KHTML, like Gecko) Chrome/135.0.0.0 Safari/537.36 Edg/135.0.0.0"
117.151.15.46 - - [01/May/2026:10:04:27 -0400] "GET /tour/custom_assets/js/owl.carousel.min.js HTTP/2.0" 200 6677 "https://www.smutbuttxxx.com/tour/" "Mozilla/5.0 (Windows NT 10.0; Win64; x64) AppleWebKit/537.36 (KHTML, like Gecko) Chrome/135.0.0.0 Safari/537.36 Edg/135.0.0.0"
117.151.15.46 - - [01/May/2026:10:04:27 -0400] "GET /tour/custom_assets/js/jquery.resmenu.min.js HTTP/2.0" 200 1112 "https://www.smutbuttxxx.com/tour/" "Mozilla/5.0 (Windows NT 10.0; Win64; x64) AppleWebKit/537.36 (KHTML, like Gecko) Chrome/135.0.0.0 Safari/537.36 Edg/135.0.0.0"
117.151.15.46 - - [01/May/2026:10:04:27 -0400] "GET /tour/js/tourhelper.js HTTP/2.0" 200 2488 "https://www.smutbuttxxx.com/tour/" "Mozilla/5.0 (Windows NT 10.0; Win64; x64) AppleWebKit/537.36 (KHTML, like Gecko) Chrome/135.0.0.0 Safari/537.36 Edg/135.0.0.0"
117.151.15.46 - - [01/May/2026:10:04:27 -0400] "GET /tour/custom_assets/js/custom.js HTTP/2.0" 200 1427 "https://www.smutbuttxxx.com/tour/" "Mozilla/5.0 (Windows NT 10.0; Win64; x64) AppleWebKit/537.36 (KHTML, like Gecko) Chrome/135.0.0.0 Safari/537.36 Edg/135.0.0.0"
117.151.15.46 - - [01/May/2026:10:04:27 -0400] "GET /tour/js/tour.js HTTP/2.0" 200 2981 "https://www.smutbuttxxx.com/tour/" "Mozilla/5.0 (Windows NT 10.0; Win64; x64) AppleWebKit/537.36 (KHTML, like Gecko) Chrome/135.0.0.0 Safari/537.36 Edg/135.0.0.0"
117.151.15.46 - - [01/May/2026:10:04:27 -0400] "GET /tour/custom_assets/images/logo.png HTTP/2.0" 200 23395 "https://www.smutbuttxxx.com/tour/" "Mozilla/5.0 (Windows NT 10.0; Win64; x64) AppleWebKit/537.36 (KHTML, like Gecko) Chrome/135.0.0.0 Safari/537.36 Edg/135.0.0.0"
27.115.124.38 - - [01/May/2026:10:04:27 -0400] "GET /slider1.jpg HTTP/2.0" 200 204859 "http://www.smutbuttxxx.com/" "Mozilla/5.0 (Linux; Android 11; V2055A) AppleWebKit/537.36 (KHTML, like Gecko) Chrome/91.0.4472.101 Mobile Safari/537.36"
117.151.15.46 - - [01/May/2026:10:04:27 -0400] "GET /tour/js/mp/mediaelement-and-player.min.js HTTP/2.0" 200 22317 "https://www.smutbuttxxx.com/tour/" "Mozilla/5.0 (Windows NT 10.0; Win64; x64) AppleWebKit/537.36 (KHTML, like Gecko) Chrome/135.0.0.0 Safari/537.36 Edg/135.0.0.0"
117.151.15.46 - - [01/May/2026:10:04:27 -0400] "GET /tour/custom_assets/images/slider.jpg HTTP/2.0" 200 240649 "https://www.smutbuttxxx.com/tour/" "Mozilla/5.0 (Windows NT 10.0; Win64; x64) AppleWebKit/537.36 (KHTML, like Gecko) Chrome/135.0.0.0 Safari/537.36 Edg/135.0.0.0"
123.6.49.15 - - [01/May/2026:10:04:28 -0400] "GET /favicon.ico HTTP/2.0" 200 6732 "-" "Mozilla/5.0 (Windows NT 10.0; WOW64) AppleWebKit/537.36 (KHTML, like Gecko) Chrome/129.0.3904.108 Safari/537.36"
117.151.15.46 - - [01/May/2026:10:04:28 -0400] "GET /tour/custom_assets/fonts/myriadpro-regular.ttf HTTP/2.0" 200 52667 "https://www.smutbuttxxx.com/tour/custom_assets/css/style.css" "Mozilla/5.0 (Windows NT 10.0; Win64; x64) AppleWebKit/537.36 (KHTML, like Gecko) Chrome/135.0.0.0 Safari/537.36 Edg/135.0.0.0"
123.6.49.47 - - [01/May/2026:10:04:29 -0400] "GET /favicon.ico HTTP/2.0" 200 6732 "-" "Mozilla/5.0 (Windows NT 10.0; WOW64) AppleWebKit/537.36 (KHTML, like Gecko) Chrome/129.0.3904.108 Safari/537.36"
117.151.15.46 - - [01/May/2026:10:04:29 -0400] "GET /tour/custom_assets/images/slider2.jpg HTTP/2.0" 200 325990 "https://www.smutbuttxxx.com/tour/" "Mozilla/5.0 (Windows NT 10.0; Win64; x64) AppleWebKit/537.36 (KHTML, like Gecko) Chrome/135.0.0.0 Safari/537.36 Edg/135.0.0.0"
117.151.15.46 - - [01/May/2026:10:04:31 -0400] "GET /tour/custom_assets/images/slider3.jpg HTTP/2.0" 200 181669 "https://www.smutbuttxxx.com/tour/" "Mozilla/5.0 (Windows NT 10.0; Win64; x64) AppleWebKit/537.36 (KHTML, like Gecko) Chrome/135.0.0.0 Safari/537.36 Edg/135.0.0.0"
123.6.49.15 - - [01/May/2026:10:04:31 -0400] "GET /favicon.ico HTTP/1.1" 200 6732 "-" "Mozilla/5.0 (Windows NT 10.0; Win64; x64) AppleWebKit/537.36 (KHTML, like Gecko) Chrome/120.0.0.0 Safari/537.36"
123.6.49.50 - - [01/May/2026:10:04:32 -0400] "GET /tour/ HTTP/2.0" 200 7004 "-" "Mozilla/5.0 (Linux; Android 11; V2055A) AppleWebKit/537.36 (KHTML, like Gecko) Chrome/91.0.4472.101 Mobile Safari/537.36"
123.6.49.50 - - [01/May/2026:10:04:33 -0400] "GET /tour/custom_assets/css/owl.carousel.css HTTP/2.0" 200 528 "https://www.smutbuttxxx.com/tour/" "Mozilla/5.0 (Linux; Android 11; V2055A) AppleWebKit/537.36 (KHTML, like Gecko) Chrome/91.0.4472.101 Mobile Safari/537.36"
123.6.49.50 - - [01/May/2026:10:04:33 -0400] "GET /tour/custom_assets/css/pgwmenu.min.css HTTP/2.0" 200 965 "https://www.smutbuttxxx.com/tour/" "Mozilla/5.0 (Linux; Android 11; V2055A) AppleWebKit/537.36 (KHTML, like Gecko) Chrome/91.0.4472.101 Mobile Safari/537.36"
123.6.49.50 - - [01/May/2026:10:04:33 -0400] "GET /tour/custom_assets/css/style.css HTTP/2.0" 200 6598 "https://www.smutbuttxxx.com/tour/" "Mozilla/5.0 (Linux; Android 11; V2055A) AppleWebKit/537.36 (KHTML, like Gecko) Chrome/91.0.4472.101 Mobile Safari/537.36"
123.6.49.50 - - [01/May/2026:10:04:33 -0400] "GET /tour/custom_assets/css/media.css HTTP/2.0" 200 2194 "https://www.smutbuttxxx.com/tour/" "Mozilla/5.0 (Linux; Android 11; V2055A) AppleWebKit/537.36 (KHTML, like Gecko) Chrome/91.0.4472.101 Mobile Safari/537.36"
123.6.49.50 - - [01/May/2026:10:04:33 -0400] "GET /tour/custom_assets/js/modernizr.js HTTP/2.0" 200 6294 "https://www.smutbuttxxx.com/tour/" "Mozilla/5.0 (Linux; Android 11; V2055A) AppleWebKit/537.36 (KHTML, like Gecko) Chrome/91.0.4472.101 Mobile Safari/537.36"
123.6.49.50 - - [01/May/2026:10:04:33 -0400] "GET /tour/custom_assets/js/pgwmenu.min.js HTTP/2.0" 200 774 "https://www.smutbuttxxx.com/tour/" "Mozilla/5.0 (Linux; Android 11; V2055A) AppleWebKit/537.36 (KHTML, like Gecko) Chrome/91.0.4472.101 Mobile Safari/537.36"
123.6.49.50 - - [01/May/2026:10:04:33 -0400] "GET /tour/js/mp/mediaelementplayer.min.css HTTP/2.0" 200 3150 "https://www.smutbuttxxx.com/tour/" "Mozilla/5.0 (Linux; Android 11; V2055A) AppleWebKit/537.36 (KHTML, like Gecko) Chrome/91.0.4472.101 Mobile Safari/537.36"
123.6.49.50 - - [01/May/2026:10:04:33 -0400] "GET /tour/custom_assets/js/bjqs-1.3.min.js HTTP/2.0" 200 2165 "https://www.smutbuttxxx.com/tour/" "Mozilla/5.0 (Linux; Android 11; V2055A) AppleWebKit/537.36 (KHTML, like Gecko) Chrome/91.0.4472.101 Mobile Safari/537.36"
123.6.49.50 - - [01/May/2026:10:04:33 -0400] "GET /tour/custom_assets/js/owl.carousel.min.js HTTP/2.0" 200 6677 "https://www.smutbuttxxx.com/tour/" "Mozilla/5.0 (Linux; Android 11; V2055A) AppleWebKit/537.36 (KHTML, like Gecko) Chrome/91.0.4472.101 Mobile Safari/537.36"
123.6.49.50 - - [01/May/2026:10:04:33 -0400] "GET /tour/custom_assets/js/jquery.resmenu.min.js HTTP/2.0" 200 1112 "https://www.smutbuttxxx.com/tour/" "Mozilla/5.0 (Linux; Android 11; V2055A) AppleWebKit/537.36 (KHTML, like Gecko) Chrome/91.0.4472.101 Mobile Safari/537.36"
123.6.49.50 - - [01/May/2026:10:04:33 -0400] "GET /tour/js/tourhelper.js HTTP/2.0" 200 2488 "https://www.smutbuttxxx.com/tour/" "Mozilla/5.0 (Linux; Android 11; V2055A) AppleWebKit/537.36 (KHTML, like Gecko) Chrome/91.0.4472.101 Mobile Safari/537.36"
123.6.49.50 - - [01/May/2026:10:04:33 -0400] "GET /tour/custom_assets/js/custom.js HTTP/2.0" 200 1427 "https://www.smutbuttxxx.com/tour/" "Mozilla/5.0 (Linux; Android 11; V2055A) AppleWebKit/537.36 (KHTML, like Gecko) Chrome/91.0.4472.101 Mobile Safari/537.36"
123.6.49.50 - - [01/May/2026:10:04:33 -0400] "GET /tour/custom_assets/images/logo.png HTTP/2.0" 200 23395 "https://www.smutbuttxxx.com/tour/" "Mozilla/5.0 (Linux; Android 11; V2055A) AppleWebKit/537.36 (KHTML, like Gecko) Chrome/91.0.4472.101 Mobile Safari/537.36"
123.6.49.50 - - [01/May/2026:10:04:33 -0400] "GET /tour/js/tour.js HTTP/2.0" 200 2981 "https://www.smutbuttxxx.com/tour/" "Mozilla/5.0 (Linux; Android 11; V2055A) AppleWebKit/537.36 (KHTML, like Gecko) Chrome/91.0.4472.101 Mobile Safari/537.36"
123.6.49.50 - - [01/May/2026:10:04:33 -0400] "GET /tour/js/mp/mediaelement-and-player.min.js HTTP/2.0" 200 22317 "https://www.smutbuttxxx.com/tour/" "Mozilla/5.0 (Linux; Android 11; V2055A) AppleWebKit/537.36 (KHTML, like Gecko) Chrome/91.0.4472.101 Mobile Safari/537.36"
27.115.124.114 - - [01/May/2026:10:04:33 -0400] "GET /favicon.ico HTTP/1.1" 200 6732 "-" "Mozilla/5.0 (Macintosh; Intel Mac OS X 10_15_7) AppleWebKit/537.36 (KHTML, like Gecko) Chrome/120.0.0.0 Safari/537.36 Edg/120.0.0.0"
123.6.49.50 - - [01/May/2026:10:04:33 -0400] "GET /tour/custom_assets/images/slider.jpg HTTP/2.0" 200 240649 "https://www.smutbuttxxx.com/tour/" "Mozilla/5.0 (Linux; Android 11; V2055A) AppleWebKit/537.36 (KHTML, like Gecko) Chrome/91.0.4472.101 Mobile Safari/537.36"
27.115.124.70 - - [01/May/2026:10:04:33 -0400] "GET /favicon.ico HTTP/2.0" 200 6732 "-" "Mozilla/5.0 (Windows NT 10.0; WOW64) AppleWebKit/537.36 (KHTML, like Gecko) Chrome/78.0.3904.108 Safari/537.36"
123.6.49.50 - - [01/May/2026:10:04:33 -0400] "GET /tour/custom_assets/fonts/myriadpro-regular.ttf HTTP/2.0" 200 52667 "https://www.smutbuttxxx.com/tour/custom_assets/css/style.css" "Mozilla/5.0 (Linux; Android 11; V2055A) AppleWebKit/537.36 (KHTML, like Gecko) Chrome/91.0.4472.101 Mobile Safari/537.36"
123.6.49.50 - - [01/May/2026:10:04:33 -0400] "GET /tour/custom_assets/images/slider2.jpg HTTP/2.0" 200 325990 "https://www.smutbuttxxx.com/tour/" "Mozilla/5.0 (Linux; Android 11; V2055A) AppleWebKit/537.36 (KHTML, like Gecko) Chrome/91.0.4472.101 Mobile Safari/537.36"
123.6.49.50 - - [01/May/2026:10:04:33 -0400] "GET /tour/custom_assets/images/slider3.jpg HTTP/2.0" 200 181669 "https://www.smutbuttxxx.com/tour/" "Mozilla/5.0 (Linux; Android 11; V2055A) AppleWebKit/537.36 (KHTML, like Gecko) Chrome/91.0.4472.101 Mobile Safari/537.36"
117.151.15.46 - - [01/May/2026:10:04:34 -0400] "GET /tour/custom_assets/images/slider4.jpg HTTP/2.0" 200 265686 "https://www.smutbuttxxx.com/tour/" "Mozilla/5.0 (Windows NT 10.0; Win64; x64) AppleWebKit/537.36 (KHTML, like Gecko) Chrome/135.0.0.0 Safari/537.36 Edg/135.0.0.0"
123.6.49.50 - - [01/May/2026:10:04:33 -0400] "GET /tour/custom_assets/images/slider4.jpg HTTP/2.0" 200 265686 "https://www.smutbuttxxx.com/tour/" "Mozilla/5.0 (Linux; Android 11; V2055A) AppleWebKit/537.36 (KHTML, like Gecko) Chrome/91.0.4472.101 Mobile Safari/537.36"
123.6.49.50 - - [01/May/2026:10:04:33 -0400] "GET /tour/custom_assets/images/black_star.png HTTP/2.0" 200 1663 "-" "Mozilla/5.0 (Linux; Android 11; V2055A) AppleWebKit/537.36 (KHTML, like Gecko) Chrome/91.0.4472.101 Mobile Safari/537.36"
123.6.49.50 - - [01/May/2026:10:04:33 -0400] "GET /tour/images/badges1.png HTTP/2.0" 404 196 "https://www.smutbuttxxx.com/tour/" "Mozilla/5.0 (Linux; Android 11; V2055A) AppleWebKit/537.36 (KHTML, like Gecko) Chrome/91.0.4472.101 Mobile Safari/537.36"
27.115.124.45 - - [01/May/2026:10:04:37 -0400] "GET / HTTP/2.0" 200 2524 "-" "Mozilla/5.0 (Linux; Android 11; V2055A) AppleWebKit/537.36 (KHTML, like Gecko) Chrome/91.0.4472.101 Mobile Safari/537.36"
117.151.15.46 - - [01/May/2026:10:04:37 -0400] "GET /tour/custom_assets/images/black_star.png HTTP/2.0" 200 1663 "https://www.smutbuttxxx.com/tour/" "Mozilla/5.0 (Windows NT 10.0; Win64; x64) AppleWebKit/537.36 (KHTML, like Gecko) Chrome/135.0.0.0 Safari/537.36 Edg/135.0.0.0"
27.115.124.45 - - [01/May/2026:10:04:37 -0400] "GET /css/modern-business.css HTTP/2.0" 200 653 "-" "Mozilla/5.0 (Linux; Android 11; V2055A) AppleWebKit/537.36 (KHTML, like Gecko) Chrome/91.0.4472.101 Mobile Safari/537.36"
27.115.124.45 - - [01/May/2026:10:04:37 -0400] "GET /header-logo.png HTTP/2.0" 200 23395 "-" "Mozilla/5.0 (Linux; Android 11; V2055A) AppleWebKit/537.36 (KHTML, like Gecko) Chrome/91.0.4472.101 Mobile Safari/537.36"
27.115.124.45 - - [01/May/2026:10:04:37 -0400] "GET /font-awesome/css/font-awesome.min.css HTTP/2.0" 200 5045 "-" "Mozilla/5.0 (Linux; Android 11; V2055A) AppleWebKit/537.36 (KHTML, like Gecko) Chrome/91.0.4472.101 Mobile Safari/537.36"
27.115.124.45 - - [01/May/2026:10:04:37 -0400] "GET /css/bootstrap.min.css HTTP/2.0" 200 19786 "-" "Mozilla/5.0 (Linux; Android 11; V2055A) AppleWebKit/537.36 (KHTML, like Gecko) Chrome/91.0.4472.101 Mobile Safari/537.36"
117.151.15.46 - - [01/May/2026:10:04:37 -0400] "GET /tour/images/badges1.png HTTP/2.0" 404 196 "https://www.smutbuttxxx.com/tour/" "Mozilla/5.0 (Windows NT 10.0; Win64; x64) AppleWebKit/537.36 (KHTML, like Gecko) Chrome/135.0.0.0 Safari/537.36 Edg/135.0.0.0"
27.115.124.45 - - [01/May/2026:10:04:37 -0400] "GET /js/jquery.js HTTP/2.0" 200 33231 "-" "Mozilla/5.0 (Linux; Android 11; V2055A) AppleWebKit/537.36 (KHTML, like Gecko) Chrome/91.0.4472.101 Mobile Safari/537.36"
27.115.124.45 - - [01/May/2026:10:04:37 -0400] "GET /js/bootstrap.min.js HTTP/2.0" 200 9773 "-" "Mozilla/5.0 (Linux; Android 11; V2055A) AppleWebKit/537.36 (KHTML, like Gecko) Chrome/91.0.4472.101 Mobile Safari/537.36"
27.115.124.45 - - [01/May/2026:10:04:37 -0400] "GET /index-image.jpg HTTP/2.0" 200 138166 "-" "Mozilla/5.0 (Linux; Android 11; V2055A) AppleWebKit/537.36 (KHTML, like Gecko) Chrome/91.0.4472.101 Mobile Safari/537.36"
27.115.124.45 - - [01/May/2026:10:04:39 -0400] "GET /slider1.jpg HTTP/2.0" 200 204859 "http://www.smutbuttxxx.com/" "Mozilla/5.0 (Linux; Android 11; V2055A) AppleWebKit/537.36 (KHTML, like Gecko) Chrome/91.0.4472.101 Mobile Safari/537.36"
123.6.49.44 - - [01/May/2026:10:04:41 -0400] "GET /terms.html HTTP/2.0" 200 3000 "-" "Mozilla/5.0 (Linux; U; Android 8.1.0; zh-cn; MI 8 Build/OPM1.171019.011) AppleWebKit/537.36 (KHTML, like Gecko) Version/4.0 Chrome/57.0.2987.108 Mobile Safari/537.36"
123.6.49.44 - - [01/May/2026:10:04:41 -0400] "GET /index-logo.png HTTP/2.0" 200 39892 "https://smutbuttxxx.com/terms.html" "Mozilla/5.0 (Linux; U; Android 8.1.0; zh-cn; MI 8 Build/OPM1.171019.011) AppleWebKit/537.36 (KHTML, like Gecko) Version/4.0 Chrome/57.0.2987.108 Mobile Safari/537.36"
27.115.124.70 - - [01/May/2026:10:04:44 -0400] "GET /favicon.ico HTTP/2.0" 200 6732 "-" "Mozilla/5.0 (Windows NT 10.0; WOW64) AppleWebKit/537.36 (KHTML, like Gecko) Chrome/78.0.3904.108 Safari/537.36"
27.115.124.118 - - [01/May/2026:10:04:45 -0400] "GET /favicon.ico HTTP/2.0" 200 6732 "-" "Mozilla/5.0 (Windows NT 10.0; WOW64) AppleWebKit/537.36 (KHTML, like Gecko) Chrome/78.0.3904.108 Safari/537.36"
123.6.49.44 - - [01/May/2026:10:04:46 -0400] "GET /favicon.ico HTTP/2.0" 200 6732 "-" "Mozilla/5.0 (Windows NT 10.0; WOW64) AppleWebKit/537.36 (KHTML, like Gecko) Chrome/129.0.3904.108 Safari/537.36"
123.6.49.50 - - [01/May/2026:10:04:48 -0400] "GET /favicon.ico HTTP/2.0" 200 6732 "-" "Mozilla/5.0 (Windows NT 10.0; WOW64) AppleWebKit/537.36 (KHTML, like Gecko) Chrome/129.0.3904.108 Safari/537.36"
117.151.15.46 - - [01/May/2026:10:04:48 -0400] "GET /tour/custom_assets/js/jquery-1.11.1.min.js HTTP/2.0" 200 33224 "https://www.smutbuttxxx.com/tour/" "Mozilla/5.0 (Windows NT 10.0; Win64; x64) AppleWebKit/537.36 (KHTML, like Gecko) Chrome/135.0.0.0 Safari/537.36 Edg/135.0.0.0"
123.6.49.50 - - [01/May/2026:10:04:49 -0400] "GET /favicon.ico HTTP/1.1" 200 6732 "-" "Mozilla/5.0 (Windows NT 10.0; Win64; x64) AppleWebKit/537.36 (KHTML, like Gecko) Chrome/120.0.0.0 Safari/537.36"
117.151.15.46 - - [01/May/2026:10:04:49 -0400] "GET /tour/custom_assets/images/social.png HTTP/2.0" 200 3512 "https://www.smutbuttxxx.com/tour/custom_assets/css/style.css" "Mozilla/5.0 (Windows NT 10.0; Win64; x64) AppleWebKit/537.36 (KHTML, like Gecko) Chrome/135.0.0.0 Safari/537.36 Edg/135.0.0.0"
117.151.15.46 - - [01/May/2026:10:04:49 -0400] "GET /tour/custom_assets/images/whitebg.png HTTP/2.0" 200 939 "https://www.smutbuttxxx.com/tour/custom_assets/css/style.css" "Mozilla/5.0 (Windows NT 10.0; Win64; x64) AppleWebKit/537.36 (KHTML, like Gecko) Chrome/135.0.0.0 Safari/537.36 Edg/135.0.0.0"
117.151.15.46 - - [01/May/2026:10:04:49 -0400] "GET /tour/custom_assets/images/rightarrow.png HTTP/2.0" 200 974 "https://www.smutbuttxxx.com/tour/custom_assets/css/style.css" "Mozilla/5.0 (Windows NT 10.0; Win64; x64) AppleWebKit/537.36 (KHTML, like Gecko) Chrome/135.0.0.0 Safari/537.36 Edg/135.0.0.0"
117.151.15.46 - - [01/May/2026:10:04:49 -0400] "GET /tour/custom_assets/fonts/myriadpro-bold.ttf HTTP/2.0" 200 52400 "https://www.smutbuttxxx.com/tour/custom_assets/css/style.css" "Mozilla/5.0 (Windows NT 10.0; Win64; x64) AppleWebKit/537.36 (KHTML, like Gecko) Chrome/135.0.0.0 Safari/537.36 Edg/135.0.0.0"
117.151.15.46 - - [01/May/2026:10:04:49 -0400] "GET /tour/custom_assets/fonts/myriadpro-semibold.woff HTTP/2.0" 200 53040 "https://www.smutbuttxxx.com/tour/custom_assets/css/style.css" "Mozilla/5.0 (Windows NT 10.0; Win64; x64) AppleWebKit/537.36 (KHTML, like Gecko) Chrome/135.0.0.0 Safari/537.36 Edg/135.0.0.0"
117.151.15.46 - - [01/May/2026:10:04:49 -0400] "GET /tour/custom_assets/fonts/segoeui_0-webfont.ttf HTTP/2.0" 200 25324 "https://www.smutbuttxxx.com/tour/custom_assets/css/style.css" "Mozilla/5.0 (Windows NT 10.0; Win64; x64) AppleWebKit/537.36 (KHTML, like Gecko) Chrome/135.0.0.0 Safari/537.36 Edg/135.0.0.0"
117.151.15.46 - - [01/May/2026:10:04:50 -0400] "GET /tour/custom_assets/images/leftarrow.png HTTP/2.0" 200 978 "https://www.smutbuttxxx.com/tour/custom_assets/css/style.css" "Mozilla/5.0 (Windows NT 10.0; Win64; x64) AppleWebKit/537.36 (KHTML, like Gecko) Chrome/135.0.0.0 Safari/537.36 Edg/135.0.0.0"
27.115.124.97 - - [01/May/2026:10:04:51 -0400] "GET /favicon.ico HTTP/1.1" 200 6732 "-" "Mozilla/5.0 (Macintosh; Intel Mac OS X 10_15_7) AppleWebKit/537.36 (KHTML, like Gecko) Chrome/120.0.0.0 Safari/537.36 Edg/120.0.0.0"
117.151.15.46 - - [01/May/2026:10:04:51 -0400] "GET /tour/custom_assets/images/blackbg.png HTTP/2.0" 200 933 "https://www.smutbuttxxx.com/tour/custom_assets/css/style.css" "Mozilla/5.0 (Windows NT 10.0; Win64; x64) AppleWebKit/537.36 (KHTML, like Gecko) Chrome/135.0.0.0 Safari/537.36 Edg/135.0.0.0"
117.151.15.46 - - [01/May/2026:10:04:52 -0400] "GET /tour/content//contentthumbs/07/87/787-1x.jpg HTTP/2.0" 200 33114 "https://www.smutbuttxxx.com/tour/" "Mozilla/5.0 (Windows NT 10.0; Win64; x64) AppleWebKit/537.36 (KHTML, like Gecko) Chrome/135.0.0.0 Safari/537.36 Edg/135.0.0.0"
117.151.15.46 - - [01/May/2026:10:04:52 -0400] "GET /tour/content//contentthumbs/07/74/774-1x.jpg HTTP/2.0" 200 25309 "https://www.smutbuttxxx.com/tour/" "Mozilla/5.0 (Windows NT 10.0; Win64; x64) AppleWebKit/537.36 (KHTML, like Gecko) Chrome/135.0.0.0 Safari/537.36 Edg/135.0.0.0"
117.151.15.46 - - [01/May/2026:10:04:52 -0400] "GET /tour/content//contentthumbs/07/82/782-1x.jpg HTTP/2.0" 200 32079 "https://www.smutbuttxxx.com/tour/" "Mozilla/5.0 (Windows NT 10.0; Win64; x64) AppleWebKit/537.36 (KHTML, like Gecko) Chrome/135.0.0.0 Safari/537.36 Edg/135.0.0.0"
117.151.15.46 - - [01/May/2026:10:04:52 -0400] "GET /tour/content//contentthumbs/07/66/766-1x.jpg HTTP/2.0" 200 33289 "https://www.smutbuttxxx.com/tour/" "Mozilla/5.0 (Windows NT 10.0; Win64; x64) AppleWebKit/537.36 (KHTML, like Gecko) Chrome/135.0.0.0 Safari/537.36 Edg/135.0.0.0"
117.151.15.46 - - [01/May/2026:10:04:52 -0400] "GET /tour/content//contentthumbs/07/48/748-1x.jpg HTTP/2.0" 200 53678 "https://www.smutbuttxxx.com/tour/" "Mozilla/5.0 (Windows NT 10.0; Win64; x64) AppleWebKit/537.36 (KHTML, like Gecko) Chrome/135.0.0.0 Safari/537.36 Edg/135.0.0.0"
117.151.15.46 - - [01/May/2026:10:04:52 -0400] "GET /tour/content//contentthumbs/07/25/725-1x.jpg HTTP/2.0" 200 63164 "https://www.smutbuttxxx.com/tour/" "Mozilla/5.0 (Windows NT 10.0; Win64; x64) AppleWebKit/537.36 (KHTML, like Gecko) Chrome/135.0.0.0 Safari/537.36 Edg/135.0.0.0"
117.151.15.46 - - [01/May/2026:10:04:53 -0400] "GET /tour/content//contentthumbs/07/00/700-1x.jpg HTTP/2.0" 200 35092 "https://www.smutbuttxxx.com/tour/" "Mozilla/5.0 (Windows NT 10.0; Win64; x64) AppleWebKit/537.36 (KHTML, like Gecko) Chrome/135.0.0.0 Safari/537.36 Edg/135.0.0.0"
117.151.15.46 - - [01/May/2026:10:04:53 -0400] "GET /tour/content//contentthumbs/06/86/686-1x.jpg HTTP/2.0" 200 48277 "https://www.smutbuttxxx.com/tour/" "Mozilla/5.0 (Windows NT 10.0; Win64; x64) AppleWebKit/537.36 (KHTML, like Gecko) Chrome/135.0.0.0 Safari/537.36 Edg/135.0.0.0"
117.151.15.46 - - [01/May/2026:10:04:53 -0400] "GET /tour/content//contentthumbs/06/25/625-1x.jpg HTTP/2.0" 200 53516 "https://www.smutbuttxxx.com/tour/" "Mozilla/5.0 (Windows NT 10.0; Win64; x64) AppleWebKit/537.36 (KHTML, like Gecko) Chrome/135.0.0.0 Safari/537.36 Edg/135.0.0.0"
117.151.15.46 - - [01/May/2026:10:04:53 -0400] "GET /tour/content//contentthumbs/06/31/631-1x.jpg HTTP/2.0" 200 42308 "https://www.smutbuttxxx.com/tour/" "Mozilla/5.0 (Windows NT 10.0; Win64; x64) AppleWebKit/537.36 (KHTML, like Gecko) Chrome/135.0.0.0 Safari/537.36 Edg/135.0.0.0"
117.151.15.46 - - [01/May/2026:10:04:54 -0400] "GET /tour/content//contentthumbs/06/40/640-1x.jpg HTTP/2.0" 200 56151 "https://www.smutbuttxxx.com/tour/" "Mozilla/5.0 (Windows NT 10.0; Win64; x64) AppleWebKit/537.36 (KHTML, like Gecko) Chrome/135.0.0.0 Safari/537.36 Edg/135.0.0.0"
117.151.15.46 - - [01/May/2026:10:04:54 -0400] "GET /tour/content//contentthumbs/05/41/541-1x.jpg HTTP/2.0" 200 66674 "https://www.smutbuttxxx.com/tour/" "Mozilla/5.0 (Windows NT 10.0; Win64; x64) AppleWebKit/537.36 (KHTML, like Gecko) Chrome/135.0.0.0 Safari/537.36 Edg/135.0.0.0"
117.151.15.46 - - [01/May/2026:10:04:54 -0400] "GET /tour/content//contentthumbs/05/55/555-1x.jpg HTTP/2.0" 200 48255 "https://www.smutbuttxxx.com/tour/" "Mozilla/5.0 (Windows NT 10.0; Win64; x64) AppleWebKit/537.36 (KHTML, like Gecko) Chrome/135.0.0.0 Safari/537.36 Edg/135.0.0.0"
117.151.15.46 - - [01/May/2026:10:04:55 -0400] "GET /tour/content//contentthumbs/06/65/665-1x.jpg HTTP/2.0" 200 49308 "https://www.smutbuttxxx.com/tour/" "Mozilla/5.0 (Windows NT 10.0; Win64; x64) AppleWebKit/537.36 (KHTML, like Gecko) Chrome/135.0.0.0 Safari/537.36 Edg/135.0.0.0"
117.151.15.46 - - [01/May/2026:10:04:55 -0400] "GET /tour/content//contentthumbs/06/64/664-1x.jpg HTTP/2.0" 200 36287 "https://www.smutbuttxxx.com/tour/" "Mozilla/5.0 (Windows NT 10.0; Win64; x64) AppleWebKit/537.36 (KHTML, like Gecko) Chrome/135.0.0.0 Safari/537.36 Edg/135.0.0.0"
117.151.15.46 - - [01/May/2026:10:04:55 -0400] "GET /tour/content//contentthumbs/05/40/540-1x.jpg HTTP/2.0" 200 36108 "https://www.smutbuttxxx.com/tour/" "Mozilla/5.0 (Windows NT 10.0; Win64; x64) AppleWebKit/537.36 (KHTML, like Gecko) Chrome/135.0.0.0 Safari/537.36 Edg/135.0.0.0"
117.151.15.46 - - [01/May/2026:10:04:55 -0400] "GET /tour/content//contentthumbs/05/42/542-1x.jpg HTTP/2.0" 200 42713 "https://www.smutbuttxxx.com/tour/" "Mozilla/5.0 (Windows NT 10.0; Win64; x64) AppleWebKit/537.36 (KHTML, like Gecko) Chrome/135.0.0.0 Safari/537.36 Edg/135.0.0.0"
117.151.15.46 - - [01/May/2026:10:04:55 -0400] "GET /tour/content//contentthumbs/05/44/544-1x.jpg HTTP/2.0" 200 34612 "https://www.smutbuttxxx.com/tour/" "Mozilla/5.0 (Windows NT 10.0; Win64; x64) AppleWebKit/537.36 (KHTML, like Gecko) Chrome/135.0.0.0 Safari/537.36 Edg/135.0.0.0"
117.151.15.46 - - [01/May/2026:10:04:55 -0400] "GET /tour/content//contentthumbs/05/43/543-1x.jpg HTTP/2.0" 200 52448 "https://www.smutbuttxxx.com/tour/" "Mozilla/5.0 (Windows NT 10.0; Win64; x64) AppleWebKit/537.36 (KHTML, like Gecko) Chrome/135.0.0.0 Safari/537.36 Edg/135.0.0.0"
117.151.15.46 - - [01/May/2026:10:04:55 -0400] "GET /tour/content//contentthumbs/05/45/545-1x.jpg HTTP/2.0" 200 58175 "https://www.smutbuttxxx.com/tour/" "Mozilla/5.0 (Windows NT 10.0; Win64; x64) AppleWebKit/537.36 (KHTML, like Gecko) Chrome/135.0.0.0 Safari/537.36 Edg/135.0.0.0"
117.151.15.46 - - [01/May/2026:10:04:55 -0400] "GET /tour/content//contentthumbs/00/64/64-set-1x.jpg HTTP/2.0" 200 38484 "https://www.smutbuttxxx.com/tour/" "Mozilla/5.0 (Windows NT 10.0; Win64; x64) AppleWebKit/537.36 (KHTML, like Gecko) Chrome/135.0.0.0 Safari/537.36 Edg/135.0.0.0"
117.151.15.46 - - [01/May/2026:10:04:55 -0400] "GET /tour/content//contentthumbs/00/60/60-set-1x.jpg HTTP/2.0" 200 40288 "https://www.smutbuttxxx.com/tour/" "Mozilla/5.0 (Windows NT 10.0; Win64; x64) AppleWebKit/537.36 (KHTML, like Gecko) Chrome/135.0.0.0 Safari/537.36 Edg/135.0.0.0"
117.151.15.46 - - [01/May/2026:10:04:55 -0400] "GET /tour/content//contentthumbs/00/58/58-set-1x.jpg HTTP/2.0" 200 43707 "https://www.smutbuttxxx.com/tour/" "Mozilla/5.0 (Windows NT 10.0; Win64; x64) AppleWebKit/537.36 (KHTML, like Gecko) Chrome/135.0.0.0 Safari/537.36 Edg/135.0.0.0"
117.151.15.46 - - [01/May/2026:10:04:55 -0400] "GET /tour/content//contentthumbs/00/53/53-set-1x.jpg HTTP/2.0" 200 35179 "https://www.smutbuttxxx.com/tour/" "Mozilla/5.0 (Windows NT 10.0; Win64; x64) AppleWebKit/537.36 (KHTML, like Gecko) Chrome/135.0.0.0 Safari/537.36 Edg/135.0.0.0"
117.151.15.46 - - [01/May/2026:10:04:55 -0400] "GET /tour/content//contentthumbs/00/43/43-set-1x.jpg HTTP/2.0" 200 53055 "https://www.smutbuttxxx.com/tour/" "Mozilla/5.0 (Windows NT 10.0; Win64; x64) AppleWebKit/537.36 (KHTML, like Gecko) Chrome/135.0.0.0 Safari/537.36 Edg/135.0.0.0"
117.151.15.46 - - [01/May/2026:10:04:55 -0400] "GET /tour/content//contentthumbs/00/90/90-set-1x.jpg HTTP/2.0" 200 50932 "https://www.smutbuttxxx.com/tour/" "Mozilla/5.0 (Windows NT 10.0; Win64; x64) AppleWebKit/537.36 (KHTML, like Gecko) Chrome/135.0.0.0 Safari/537.36 Edg/135.0.0.0"
117.151.15.46 - - [01/May/2026:10:04:55 -0400] "GET /tour/content//contentthumbs/00/92/92-set-1x.jpg HTTP/2.0" 200 38055 "https://www.smutbuttxxx.com/tour/" "Mozilla/5.0 (Windows NT 10.0; Win64; x64) AppleWebKit/537.36 (KHTML, like Gecko) Chrome/135.0.0.0 Safari/537.36 Edg/135.0.0.0"
117.151.15.46 - - [01/May/2026:10:04:55 -0400] "GET /tour/content//contentthumbs/00/94/94-set-1x.jpg HTTP/2.0" 200 33435 "https://www.smutbuttxxx.com/tour/" "Mozilla/5.0 (Windows NT 10.0; Win64; x64) AppleWebKit/537.36 (KHTML, like Gecko) Chrome/135.0.0.0 Safari/537.36 Edg/135.0.0.0"
117.151.15.46 - - [01/May/2026:10:05:03 -0400] "GET /tour/custom_assets/favicon.ico HTTP/2.0" 200 6732 "https://www.smutbuttxxx.com/tour/" "Mozilla/5.0 (Windows NT 10.0; Win64; x64) AppleWebKit/537.36 (KHTML, like Gecko) Chrome/135.0.0.0 Safari/537.36 Edg/135.0.0.0"
117.151.15.46 - - [01/May/2026:10:05:05 -0400] "GET /tour/ HTTP/2.0" 200 6995 "https://www.smutbuttxxx.com/tour/" "Mozilla/5.0 (Windows NT 10.0; Win64; x64) AppleWebKit/537.36 (KHTML, like Gecko) Chrome/135.0.0.0 Safari/537.36 Edg/135.0.0.0"
117.151.15.46 - - [01/May/2026:10:05:05 -0400] "GET /tour/images/badges1.png HTTP/2.0" 404 196 "https://www.smutbuttxxx.com/tour/" "Mozilla/5.0 (Windows NT 10.0; Win64; x64) AppleWebKit/537.36 (KHTML, like Gecko) Chrome/135.0.0.0 Safari/537.36 Edg/135.0.0.0"
27.115.124.101 - - [01/May/2026:10:05:25 -0400] "GET / HTTP/2.0" 200 2524 "-" "Mozilla/5.0 (Linux; U; Android 8.1.0; zh-cn; MI 8 Build/OPM1.171019.011) AppleWebKit/537.36 (KHTML, like Gecko) Version/4.0 Chrome/57.0.2987.108 Mobile Safari/537.36"
27.115.124.101 - - [01/May/2026:10:05:25 -0400] "GET /css/modern-business.css HTTP/2.0" 200 653 "-" "Mozilla/5.0 (Linux; U; Android 8.1.0; zh-cn; MI 8 Build/OPM1.171019.011) AppleWebKit/537.36 (KHTML, like Gecko) Version/4.0 Chrome/57.0.2987.108 Mobile Safari/537.36"
27.115.124.101 - - [01/May/2026:10:05:25 -0400] "GET /font-awesome/css/font-awesome.min.css HTTP/2.0" 200 5045 "-" "Mozilla/5.0 (Linux; U; Android 8.1.0; zh-cn; MI 8 Build/OPM1.171019.011) AppleWebKit/537.36 (KHTML, like Gecko) Version/4.0 Chrome/57.0.2987.108 Mobile Safari/537.36"
27.115.124.101 - - [01/May/2026:10:05:25 -0400] "GET /css/bootstrap.min.css HTTP/2.0" 200 19786 "-" "Mozilla/5.0 (Linux; U; Android 8.1.0; zh-cn; MI 8 Build/OPM1.171019.011) AppleWebKit/537.36 (KHTML, like Gecko) Version/4.0 Chrome/57.0.2987.108 Mobile Safari/537.36"
27.115.124.101 - - [01/May/2026:10:05:25 -0400] "GET /js/jquery.js HTTP/2.0" 200 33231 "-" "Mozilla/5.0 (Linux; U; Android 8.1.0; zh-cn; MI 8 Build/OPM1.171019.011) AppleWebKit/537.36 (KHTML, like Gecko) Version/4.0 Chrome/57.0.2987.108 Mobile Safari/537.36"
27.115.124.101 - - [01/May/2026:10:05:26 -0400] "GET /header-logo.png HTTP/2.0" 200 23395 "-" "Mozilla/5.0 (Linux; U; Android 8.1.0; zh-cn; MI 8 Build/OPM1.171019.011) AppleWebKit/537.36 (KHTML, like Gecko) Version/4.0 Chrome/57.0.2987.108 Mobile Safari/537.36"
27.115.124.101 - - [01/May/2026:10:05:26 -0400] "GET /js/bootstrap.min.js HTTP/2.0" 200 9773 "-" "Mozilla/5.0 (Linux; U; Android 8.1.0; zh-cn; MI 8 Build/OPM1.171019.011) AppleWebKit/537.36 (KHTML, like Gecko) Version/4.0 Chrome/57.0.2987.108 Mobile Safari/537.36"
27.115.124.101 - - [01/May/2026:10:05:26 -0400] "GET /index-image.jpg HTTP/2.0" 200 138166 "-" "Mozilla/5.0 (Linux; U; Android 8.1.0; zh-cn; MI 8 Build/OPM1.171019.011) AppleWebKit/537.36 (KHTML, like Gecko) Version/4.0 Chrome/57.0.2987.108 Mobile Safari/537.36"
27.115.124.101 - - [01/May/2026:10:05:26 -0400] "GET /slider1.jpg HTTP/2.0" 200 204859 "http://www.smutbuttxxx.com/" "Mozilla/5.0 (Linux; U; Android 8.1.0; zh-cn; MI 8 Build/OPM1.171019.011) AppleWebKit/537.36 (KHTML, like Gecko) Version/4.0 Chrome/57.0.2987.108 Mobile Safari/537.36"
27.115.124.109 - - [01/May/2026:10:05:32 -0400] "GET /favicon.ico HTTP/2.0" 200 6732 "-" "Mozilla/5.0 (Windows NT 10.0; WOW64) AppleWebKit/537.36 (KHTML, like Gecko) Chrome/78.0.3904.108 Safari/537.36"
24.199.86.47 - - [01/May/2026:10:11:45 -0400] "GET /tour/content//contentthumbs/05/71/571-3x.jpg HTTP/1.1" 200 222384 "https://www.smutbuttxxx.com/" "Mozilla/5.0 (Windows NT 10.0; Win64; x64) AppleWebKit/537.36 (KHTML, like Gecko) Chrome/116.0.0.0 Safari/537.36"
185.191.171.1 - - [01/May/2026:10:14:21 -0400] "GET /tour/trailers/AJ-Gets-Romanced.html HTTP/1.1" 200 2856 "-" "Mozilla/5.0 (compatible; SemrushBot/7~bl; +http://www.semrush.com/bot.html)"
66.249.69.193 - - [01/May/2026:10:17:28 -0400] "GET /tour/trailers/Maya-Hills-interracial.html HTTP/1.1" 200 2877 "-" "Mozilla/5.0 (Linux; Android 6.0.1; Nexus 5X Build/MMB29P) AppleWebKit/537.36 (KHTML, like Gecko) Chrome/147.0.7727.137 Mobile Safari/537.36 (compatible; Googlebot/2.1; +http://www.google.com/bot.html)"
66.249.69.194 - - [01/May/2026:10:17:31 -0400] "GET /tour/custom_assets/js/custom.js HTTP/1.1" 200 1427 "https://smutbuttxxx.com/tour/trailers/Maya-Hills-interracial.html" "Mozilla/5.0 (Linux; Android 6.0.1; Nexus 5X Build/MMB29P) AppleWebKit/537.36 (KHTML, like Gecko) Chrome/147.0.7727.137 Mobile Safari/537.36 (compatible; Googlebot/2.1; +http://www.google.com/bot.html)"
216.73.217.12 - - [01/May/2026:10:17:52 -0400] "GET /tour/trailers/Naked-and-Spread.html HTTP/2.0" 200 2797 "-" "Mozilla/5.0 AppleWebKit/537.36 (KHTML, like Gecko; compatible; ClaudeBot/1.0; +claudebot@anthropic.com)"
216.73.217.12 - - [01/May/2026:10:18:31 -0400] "GET /tour/trailers/Busty-Waterfalls.html HTTP/2.0" 200 2799 "-" "Mozilla/5.0 AppleWebKit/537.36 (KHTML, like Gecko; compatible; ClaudeBot/1.0; +claudebot@anthropic.com)"
67.205.135.88 - - [01/May/2026:10:18:32 -0400] "GET /tour/content//contentthumbs/00/73/73-set-2x.jpg HTTP/1.1" 200 80935 "https://www.smutbuttxxx.com/" "Mozilla/5.0 (Windows NT 10.0; Win64; x64) AppleWebKit/537.36 (KHTML, like Gecko) Chrome/131.0.0.0 Safari/537.36"
66.249.69.193 - - [01/May/2026:10:19:58 -0400] "GET /tour/models/NicoleAniston.html HTTP/1.1" 200 3463 "-" "Mozilla/5.0 (Linux; Android 6.0.1; Nexus 5X Build/MMB29P) AppleWebKit/537.36 (KHTML, like Gecko) Chrome/147.0.7727.137 Mobile Safari/537.36 (compatible; Googlebot/2.1; +http://www.google.com/bot.html)"
220.181.108.112 - - [01/May/2026:10:27:48 -0400] "GET /tour/models/1/name/m/ HTTP/2.0" 200 3558 "-" "Mozilla/5.0 (compatible; Baiduspider/2.0; +http://www.baidu.com/search/spider.html)"
32.193.54.32 - - [01/May/2026:10:28:39 -0400] "GET /robots.txt HTTP/1.1" 404 196 "-" "Mozilla/5.0 (Macintosh; Intel Mac OS X 10_10_1) AppleWebKit/600.2.5 (KHTML, like Gecko) Version/8.0.2 Safari/600.2.5 (Gort)"
116.179.37.187 - - [01/May/2026:10:30:28 -0400] "GET /tour/custom_assets/js/pgwmenu.min.js HTTP/1.1" 200 774 "https://smutbuttxxx.com/tour/models/1/name/m/" "Mozilla/5.0 (compatible; Baiduspider-render/2.0; +http://www.baidu.com/search/spider.html)"
116.179.37.172 - - [01/May/2026:10:30:29 -0400] "GET /tour/content//contentthumbs/00/72/72-set-1x.jpg HTTP/1.1" 200 44626 "https://smutbuttxxx.com/tour/models/1/name/m/" "Mozilla/5.0 (compatible; Baiduspider-render/2.0; +http://www.baidu.com/search/spider.html)"
116.179.37.194 - - [01/May/2026:10:30:30 -0400] "GET /tour/images/badges1.png HTTP/1.1" 404 196 "https://smutbuttxxx.com/tour/models/1/name/m/" "Mozilla/5.0 (compatible; Baiduspider-render/2.0; +http://www.baidu.com/search/spider.html)"
185.191.171.12 - - [01/May/2026:10:35:23 -0400] "GET /robots.txt HTTP/1.1" 404 196 "-" "Mozilla/5.0 (compatible; SemrushBot/7~bl; +http://www.semrush.com/bot.html)"
185.191.171.12 - - [01/May/2026:10:35:23 -0400] "GET /tour/trailers/Busty-Waterfalls.html HTTP/1.1" 200 2796 "-" "Mozilla/5.0 (compatible; SemrushBot/7~bl; +http://www.semrush.com/bot.html)"
152.42.248.129 - - [01/May/2026:10:40:19 -0400] "GET /tour/content//contentthumbs/05/49/549-1x.jpg HTTP/1.1" 200 28416 "https://www.smutbuttxxx.com/" "Mozilla/5.0 (Windows NT 10.0; Win64; x64) AppleWebKit/537.36 (KHTML, like Gecko) Chrome/131.0.0.0 Safari/537.36"
185.191.171.8 - - [01/May/2026:10:43:03 -0400] "GET /tour/models/2/name/ HTTP/1.1" 200 5197 "-" "Mozilla/5.0 (compatible; SemrushBot/7~bl; +http://www.semrush.com/bot.html)"
206.189.186.241 - - [01/May/2026:10:49:28 -0400] "GET /tour/content//contentthumbs/05/13/513-1x.jpg HTTP/1.1" 200 40505 "https://www.smutbuttxxx.com/" "Mozilla/5.0 (Windows NT 10.0; Win64; x64) AppleWebKit/537.36 (KHTML, like Gecko) Chrome/116.0.0.0 Safari/537.36"
