18.169.19.88 - - [22/May/2026:13:50:16 -0400] "GET /www/phpinfo.php HTTP/1.1" 404 196 "-" "Mozilla/5.0 (X11; Linux x86_64) AppleWebKit/537.36 (KHTML, like Gecko) Chrome/131.0.0.0 Safari/537.36"
18.169.19.88 - - [22/May/2026:13:50:17 -0400] "GET /htdocs/phpinfo.php HTTP/1.1" 404 196 "-" "Mozilla/5.0 (X11; Linux x86_64) AppleWebKit/537.36 (KHTML, like Gecko) Chrome/131.0.0.0 Safari/537.36"
18.169.19.88 - - [22/May/2026:13:50:17 -0400] "GET /public_html/phpinfo.php HTTP/1.1" 404 196 "-" "Mozilla/5.0 (X11; Linux x86_64) AppleWebKit/537.36 (KHTML, like Gecko) Chrome/131.0.0.0 Safari/537.36"
18.169.19.88 - - [22/May/2026:13:50:17 -0400] "GET /site/phpinfo.php HTTP/1.1" 404 196 "-" "Mozilla/5.0 (X11; Linux x86_64) AppleWebKit/537.36 (KHTML, like Gecko) Chrome/131.0.0.0 Safari/537.36"
18.169.19.88 - - [22/May/2026:13:50:17 -0400] "GET /docs/phpinfo.php HTTP/1.1" 404 196 "-" "Mozilla/5.0 (X11; Linux x86_64) AppleWebKit/537.36 (KHTML, like Gecko) Chrome/131.0.0.0 Safari/537.36"
18.169.19.88 - - [22/May/2026:13:50:17 -0400] "GET /wp-admin/phpinfo.php HTTP/1.1" 404 196 "-" "Mozilla/5.0 (X11; Linux x86_64) AppleWebKit/537.36 (KHTML, like Gecko) Chrome/131.0.0.0 Safari/537.36"
18.169.19.88 - - [22/May/2026:13:50:17 -0400] "GET /administrator/phpinfo.php HTTP/1.1" 404 196 "-" "Mozilla/5.0 (X11; Linux x86_64) AppleWebKit/537.36 (KHTML, like Gecko) Chrome/131.0.0.0 Safari/537.36"
18.169.19.88 - - [22/May/2026:13:50:17 -0400] "GET /core/phpinfo.php HTTP/1.1" 404 196 "-" "Mozilla/5.0 (X11; Linux x86_64) AppleWebKit/537.36 (KHTML, like Gecko) Chrome/131.0.0.0 Safari/537.36"
18.169.19.88 - - [22/May/2026:13:50:17 -0400] "GET /includes/phpinfo.php HTTP/1.1" 404 196 "-" "Mozilla/5.0 (X11; Linux x86_64) AppleWebKit/537.36 (KHTML, like Gecko) Chrome/131.0.0.0 Safari/537.36"
18.169.19.88 - - [22/May/2026:13:50:17 -0400] "GET /service-account.json HTTP/1.1" 404 196 "-" "Mozilla/5.0 (X11; Linux x86_64) AppleWebKit/537.36 (KHTML, like Gecko) Chrome/131.0.0.0 Safari/537.36"
18.169.19.88 - - [22/May/2026:13:50:17 -0400] "GET /sa.json HTTP/1.1" 404 196 "-" "Mozilla/5.0 (X11; Linux x86_64) AppleWebKit/537.36 (KHTML, like Gecko) Chrome/131.0.0.0 Safari/537.36"
18.169.19.88 - - [22/May/2026:13:50:17 -0400] "GET /gcp-key.json HTTP/1.1" 404 196 "-" "Mozilla/5.0 (X11; Linux x86_64) AppleWebKit/537.36 (KHTML, like Gecko) Chrome/131.0.0.0 Safari/537.36"
18.169.19.88 - - [22/May/2026:13:50:17 -0400] "GET /gcp-credentials.json HTTP/1.1" 404 196 "-" "Mozilla/5.0 (X11; Linux x86_64) AppleWebKit/537.36 (KHTML, like Gecko) Chrome/131.0.0.0 Safari/537.36"
18.169.19.88 - - [22/May/2026:13:50:18 -0400] "GET /gcp-sa.json HTTP/1.1" 404 196 "-" "Mozilla/5.0 (X11; Linux x86_64) AppleWebKit/537.36 (KHTML, like Gecko) Chrome/131.0.0.0 Safari/537.36"
18.169.19.88 - - [22/May/2026:13:50:18 -0400] "GET /credentials.json HTTP/1.1" 404 196 "-" "Mozilla/5.0 (X11; Linux x86_64) AppleWebKit/537.36 (KHTML, like Gecko) Chrome/131.0.0.0 Safari/537.36"
18.169.19.88 - - [22/May/2026:13:50:18 -0400] "GET /google-credentials.json HTTP/1.1" 404 196 "-" "Mozilla/5.0 (X11; Linux x86_64) AppleWebKit/537.36 (KHTML, like Gecko) Chrome/131.0.0.0 Safari/537.36"
18.169.19.88 - - [22/May/2026:13:50:18 -0400] "GET /google-key.json HTTP/1.1" 404 196 "-" "Mozilla/5.0 (X11; Linux x86_64) AppleWebKit/537.36 (KHTML, like Gecko) Chrome/131.0.0.0 Safari/537.36"
18.169.19.88 - - [22/May/2026:13:50:18 -0400] "GET /.config/gcloud/application_default_credentials.json HTTP/1.1" 403 199 "-" "Mozilla/5.0 (X11; Linux x86_64) AppleWebKit/537.36 (KHTML, like Gecko) Chrome/131.0.0.0 Safari/537.36"
18.169.19.88 - - [22/May/2026:13:50:18 -0400] "GET /application_default_credentials.json HTTP/1.1" 404 196 "-" "Mozilla/5.0 (X11; Linux x86_64) AppleWebKit/537.36 (KHTML, like Gecko) Chrome/131.0.0.0 Safari/537.36"
18.169.19.88 - - [22/May/2026:13:50:18 -0400] "GET /key.json HTTP/1.1" 404 196 "-" "Mozilla/5.0 (X11; Linux x86_64) AppleWebKit/537.36 (KHTML, like Gecko) Chrome/131.0.0.0 Safari/537.36"
18.169.19.88 - - [22/May/2026:13:50:18 -0400] "GET /keyfile.json HTTP/1.1" 404 196 "-" "Mozilla/5.0 (X11; Linux x86_64) AppleWebKit/537.36 (KHTML, like Gecko) Chrome/131.0.0.0 Safari/537.36"
18.169.19.88 - - [22/May/2026:13:50:18 -0400] "GET /firebase-adminsdk.json HTTP/1.1" 404 196 "-" "Mozilla/5.0 (X11; Linux x86_64) AppleWebKit/537.36 (KHTML, like Gecko) Chrome/131.0.0.0 Safari/537.36"
18.169.19.88 - - [22/May/2026:13:50:18 -0400] "GET /firebase-key.json HTTP/1.1" 404 196 "-" "Mozilla/5.0 (X11; Linux x86_64) AppleWebKit/537.36 (KHTML, like Gecko) Chrome/131.0.0.0 Safari/537.36"
103.168.66.237 - - [22/May/2026:14:08:57 -0400] "POST / HTTP/1.1" 404 196 "-" "Mozilla/5.0 (Windows NT 10.0; Win64; x64) AppleWebKit/537.36"
103.168.66.237 - - [22/May/2026:14:08:57 -0400] "POST / HTTP/1.1" 404 196 "-" "Mozilla/5.0 (Windows NT 10.0; Win64; x64) AppleWebKit/537.36"
103.168.66.237 - - [22/May/2026:14:08:57 -0400] "POST / HTTP/1.1" 404 196 "-" "Mozilla/5.0 (Windows NT 10.0; Win64; x64) AppleWebKit/537.36"
103.168.66.237 - - [22/May/2026:14:08:57 -0400] "POST / HTTP/1.1" 404 196 "-" "Mozilla/5.0 (Windows NT 10.0; Win64; x64) AppleWebKit/537.36"
103.168.66.237 - - [22/May/2026:14:33:50 -0400] "POST / HTTP/1.1" 404 196 "-" "Mozilla/5.0 (Windows NT 10.0; Win64; x64) AppleWebKit/537.36"
103.168.66.237 - - [22/May/2026:14:33:50 -0400] "POST / HTTP/1.1" 404 196 "-" "Mozilla/5.0 (Windows NT 10.0; Win64; x64) AppleWebKit/537.36"
103.168.66.237 - - [22/May/2026:14:33:50 -0400] "POST / HTTP/1.1" 404 196 "-" "Mozilla/5.0 (Windows NT 10.0; Win64; x64) AppleWebKit/537.36"
103.168.66.237 - - [22/May/2026:14:33:50 -0400] "POST / HTTP/1.1" 404 196 "-" "Mozilla/5.0 (Windows NT 10.0; Win64; x64) AppleWebKit/537.36"
103.168.66.237 - - [22/May/2026:15:13:32 -0400] "POST / HTTP/1.1" 404 196 "-" "Mozilla/5.0 (Windows NT 10.0; Win64; x64) AppleWebKit/537.36"
103.168.66.237 - - [22/May/2026:15:13:32 -0400] "POST / HTTP/1.1" 404 196 "-" "Mozilla/5.0 (Windows NT 10.0; Win64; x64) AppleWebKit/537.36"
103.168.66.237 - - [22/May/2026:15:13:32 -0400] "POST / HTTP/1.1" 404 196 "-" "Mozilla/5.0 (Windows NT 10.0; Win64; x64) AppleWebKit/537.36"
103.168.66.237 - - [22/May/2026:15:13:32 -0400] "POST / HTTP/1.1" 404 196 "-" "Mozilla/5.0 (Windows NT 10.0; Win64; x64) AppleWebKit/537.36"
90.184.121.102 - - [22/May/2026:15:19:12 -0400] "GET /favicon.ico HTTP/2.0" 404 196 "-" "Mozilla/5.0 (Windows NT 10.0; Win64; x64) AppleWebKit/537.36 (KHTML, like Gecko) Chrome/148.0.0.0 Safari/537.36"
90.184.121.102 - - [22/May/2026:15:33:25 -0400] "GET /favicon.ico HTTP/2.0" 404 196 "-" "Mozilla/5.0 (Windows NT 10.0; Win64; x64) AppleWebKit/537.36 (KHTML, like Gecko) Chrome/148.0.0.0 Safari/537.36"
90.184.121.102 - - [22/May/2026:15:34:34 -0400] "GET /favicon.ico HTTP/2.0" 404 196 "-" "Mozilla/5.0 (Windows NT 10.0; Win64; x64) AppleWebKit/537.36 (KHTML, like Gecko) Chrome/148.0.0.0 Safari/537.36"
90.184.121.102 - - [22/May/2026:16:01:36 -0400] "GET /favicon.ico HTTP/2.0" 404 196 "-" "Mozilla/5.0 (Windows NT 10.0; Win64; x64) AppleWebKit/537.36 (KHTML, like Gecko) Chrome/148.0.0.0 Safari/537.36"
185.134.22.93 - - [22/May/2026:16:08:52 -0400] "GET /members/ HTTP/2.0" 200 1325 "https://tiacyrusxx.com/" "Mozilla/5.0 (Windows NT 10.0; Win64; x64; rv:152.0) Gecko/20100101 Firefox/152.0"
185.134.22.93 - - [22/May/2026:16:08:52 -0400] "GET /img.cptcha HTTP/2.0" 200 1601 "https://members.tiacyrusxx.com/members/" "Mozilla/5.0 (Windows NT 10.0; Win64; x64; rv:152.0) Gecko/20100101 Firefox/152.0"
185.134.22.93 - - [22/May/2026:16:08:52 -0400] "GET /favicon.ico HTTP/2.0" 404 196 "https://members.tiacyrusxx.com/members/" "Mozilla/5.0 (Windows NT 10.0; Win64; x64; rv:152.0) Gecko/20100101 Firefox/152.0"
104.207.34.34 - - [22/May/2026:16:09:38 -0400] "GET /members/ HTTP/1.1" 200 1325 "-" "Mozilla/5.0 (compatible; MSIE 10.0; Windows NT 6.1; Trident/6.0; .NET CLR 2.0.50727; .NET CLR 3.5.30729; .NET CLR 3.0.30729; Media Center PC 6.0; .NET4.0C; .NET4.0E)"
104.167.25.174 - - [22/May/2026:16:09:38 -0400] "GET /members/ HTTP/1.1" 200 1325 "-" "Mozilla/5.0 (Windows NT 6.1) AppleWebKit/537.36 (KHTML, like Gecko) Chrome/41.0.2225.0 Safari/537.36"
104.207.47.31 - - [22/May/2026:16:09:38 -0400] "GET /members/ HTTP/1.1" 200 1325 "-" "Mozilla/5.0 (Windows NT 6.2; WOW64; rv:36.0) Gecko/20100101 Firefox/36.0"
104.207.38.72 - - [22/May/2026:16:09:38 -0400] "GET /members/ HTTP/1.1" 200 1325 "-" "Mozilla/5.0 (Windows NT 6.2; WOW64; rv:36.0) Gecko/20100101 Firefox/36.0"
104.167.25.146 - - [22/May/2026:16:09:38 -0400] "GET /members/ HTTP/1.1" 200 1325 "-" "Opera/9.80 (Windows NT 6.0; WOW64); U) Presto/2.12.388 Version/12.16"
104.207.35.25 - - [22/May/2026:16:09:38 -0400] "GET /members/ HTTP/1.1" 200 1325 "-" "Mozilla/5.0 (Windows NT 5.1) AppleWebKit/537.36 (KHTML, like Gecko) Chrome/41.0.2227.1 Safari/537.36"
104.207.47.209 - - [22/May/2026:16:09:38 -0400] "GET /members/ HTTP/1.1" 200 1325 "-" "Mozilla/5.0 (compatible; MSIE 9.0; Windows NT 5.1; Trident/5.0; .NET CLR 2.0.50727; .NET CLR 3.5.30729)"
104.167.25.70 - - [22/May/2026:16:09:38 -0400] "GET /members/ HTTP/1.1" 200 1325 "-" "Mozilla/5.0 (Windows NT 6.1) AppleWebKit/537.36 (KHTML, like Gecko) Chrome/41.0.2227.1 Safari/537.36"
172.98.167.191 - - [22/May/2026:16:09:38 -0400] "GET /members/ HTTP/1.1" 200 1325 "-" "Opera/9.80 (iOS; Opera Mini/7.0.73345/28.2555; U; ru) Presto/2.10.229 Version/11.62"
104.207.63.199 - - [22/May/2026:16:09:38 -0400] "GET /members/ HTTP/1.1" 200 1325 "-" "Mozilla/5.0 (Windows NT 6.2) AppleWebKit/537.36 (KHTML, like Gecko) Chrome/41.0.2226.0 Safari/537.36"
104.167.25.146 - - [22/May/2026:16:09:38 -0400] "GET /img.cptcha HTTP/1.1" 200 1364 "-" "Opera/9.80 (Windows NT 6.0; WOW64); U) Presto/2.12.388 Version/12.16"
104.167.25.174 - - [22/May/2026:16:09:38 -0400] "GET /img.cptcha HTTP/1.1" 200 1364 "-" "Mozilla/5.0 (Windows NT 6.1) AppleWebKit/537.36 (KHTML, like Gecko) Chrome/41.0.2225.0 Safari/537.36"
104.207.34.34 - - [22/May/2026:16:09:38 -0400] "GET /img.cptcha HTTP/1.1" 200 1364 "-" "Mozilla/5.0 (compatible; MSIE 10.0; Windows NT 6.1; Trident/6.0; .NET CLR 2.0.50727; .NET CLR 3.5.30729; .NET CLR 3.0.30729; Media Center PC 6.0; .NET4.0C; .NET4.0E)"
104.207.47.31 - - [22/May/2026:16:09:38 -0400] "GET /img.cptcha HTTP/1.1" 200 1459 "-" "Mozilla/5.0 (Windows NT 6.2; WOW64; rv:36.0) Gecko/20100101 Firefox/36.0"
104.207.35.25 - - [22/May/2026:16:09:38 -0400] "GET /img.cptcha HTTP/1.1" 200 1364 "-" "Mozilla/5.0 (Windows NT 5.1) AppleWebKit/537.36 (KHTML, like Gecko) Chrome/41.0.2227.1 Safari/537.36"
104.207.38.72 - - [22/May/2026:16:09:38 -0400] "GET /img.cptcha HTTP/1.1" 200 1364 "-" "Mozilla/5.0 (Windows NT 6.2; WOW64; rv:36.0) Gecko/20100101 Firefox/36.0"
104.207.47.209 - - [22/May/2026:16:09:38 -0400] "GET /img.cptcha HTTP/1.1" 200 1721 "-" "Mozilla/5.0 (compatible; MSIE 9.0; Windows NT 5.1; Trident/5.0; .NET CLR 2.0.50727; .NET CLR 3.5.30729)"
104.167.25.70 - - [22/May/2026:16:09:38 -0400] "GET /img.cptcha HTTP/1.1" 200 1364 "-" "Mozilla/5.0 (Windows NT 6.1) AppleWebKit/537.36 (KHTML, like Gecko) Chrome/41.0.2227.1 Safari/537.36"
104.207.63.199 - - [22/May/2026:16:09:39 -0400] "GET /img.cptcha HTTP/1.1" 200 1902 "-" "Mozilla/5.0 (Windows NT 6.2) AppleWebKit/537.36 (KHTML, like Gecko) Chrome/41.0.2226.0 Safari/537.36"
172.98.167.191 - - [22/May/2026:16:09:39 -0400] "GET /img.cptcha HTTP/1.1" 200 1496 "-" "Opera/9.80 (iOS; Opera Mini/7.0.73345/28.2555; U; ru) Presto/2.10.229 Version/11.62"
104.167.25.146 - Francislumd1 [22/May/2026:16:09:39 -0400] "POST /auth.form HTTP/1.1" 302 223 "https://members.tiacyrusxx.com/members/" "Opera/9.80 (Windows NT 6.0; WOW64); U) Presto/2.12.388 Version/12.16"
104.207.34.34 - wishkeyz1 [22/May/2026:16:09:39 -0400] "POST /auth.form HTTP/1.1" 302 223 "https://members.tiacyrusxx.com/members/" "Mozilla/5.0 (compatible; MSIE 10.0; Windows NT 6.1; Trident/6.0; .NET CLR 2.0.50727; .NET CLR 3.5.30729; .NET CLR 3.0.30729; Media Center PC 6.0; .NET4.0C; .NET4.0E)"
104.167.25.174 - Camilo [22/May/2026:16:09:39 -0400] "POST /auth.form HTTP/1.1" 302 223 "https://members.tiacyrusxx.com/members/" "Mozilla/5.0 (Windows NT 6.1) AppleWebKit/537.36 (KHTML, like Gecko) Chrome/41.0.2225.0 Safari/537.36"
104.207.47.31 - Goofy123 [22/May/2026:16:09:39 -0400] "POST /auth.form HTTP/1.1" 302 223 "https://members.tiacyrusxx.com/members/" "Mozilla/5.0 (Windows NT 6.2; WOW64; rv:36.0) Gecko/20100101 Firefox/36.0"
104.207.35.25 - tcorpsmut [22/May/2026:16:09:39 -0400] "POST /auth.form HTTP/1.1" 302 223 "https://members.tiacyrusxx.com/members/" "Mozilla/5.0 (Windows NT 5.1) AppleWebKit/537.36 (KHTML, like Gecko) Chrome/41.0.2227.1 Safari/537.36"
104.207.38.72 - Daphne10 [22/May/2026:16:09:39 -0400] "POST /auth.form HTTP/1.1" 302 223 "https://members.tiacyrusxx.com/members/" "Mozilla/5.0 (Windows NT 6.2; WOW64; rv:36.0) Gecko/20100101 Firefox/36.0"
104.167.25.70 - Anar13 [22/May/2026:16:09:39 -0400] "POST /auth.form HTTP/1.1" 302 223 "https://members.tiacyrusxx.com/members/" "Mozilla/5.0 (Windows NT 6.1) AppleWebKit/537.36 (KHTML, like Gecko) Chrome/41.0.2227.1 Safari/537.36"
104.207.47.209 - AmateurRob [22/May/2026:16:09:39 -0400] "POST /auth.form HTTP/1.1" 302 223 "https://members.tiacyrusxx.com/members/" "Mozilla/5.0 (compatible; MSIE 9.0; Windows NT 5.1; Trident/5.0; .NET CLR 2.0.50727; .NET CLR 3.5.30729)"
104.207.63.199 - Giunirafter [22/May/2026:16:09:39 -0400] "POST /auth.form HTTP/1.1" 302 223 "https://members.tiacyrusxx.com/members/" "Mozilla/5.0 (Windows NT 6.2) AppleWebKit/537.36 (KHTML, like Gecko) Chrome/41.0.2226.0 Safari/537.36"
172.98.167.191 - uwPHgLAh [22/May/2026:16:09:39 -0400] "POST /auth.form HTTP/1.1" 302 223 "https://members.tiacyrusxx.com/members/" "Opera/9.80 (iOS; Opera Mini/7.0.73345/28.2555; U; ru) Presto/2.10.229 Version/11.62"
104.167.25.174 - - [22/May/2026:16:09:39 -0400] "GET /members/ HTTP/1.1" 200 1343 "https://members.tiacyrusxx.com/members/" "Mozilla/5.0 (Windows NT 6.1) AppleWebKit/537.36 (KHTML, like Gecko) Chrome/41.0.2225.0 Safari/537.36"
104.167.25.146 - - [22/May/2026:16:09:39 -0400] "GET /members/ HTTP/1.1" 200 1357 "https://members.tiacyrusxx.com/members/" "Opera/9.80 (Windows NT 6.0; WOW64); U) Presto/2.12.388 Version/12.16"
104.167.25.70 - Anar13 [22/May/2026:16:09:39 -0400] "GET /members/ HTTP/1.1" 200 21014 "https://members.tiacyrusxx.com/members/" "Mozilla/5.0 (Windows NT 6.1) AppleWebKit/537.36 (KHTML, like Gecko) Chrome/41.0.2227.1 Safari/537.36"
104.207.35.25 - tcorpsmut [22/May/2026:16:09:39 -0400] "GET /members/ HTTP/1.1" 200 21017 "https://members.tiacyrusxx.com/members/" "Mozilla/5.0 (Windows NT 5.1) AppleWebKit/537.36 (KHTML, like Gecko) Chrome/41.0.2227.1 Safari/537.36"
104.207.63.199 - Giunirafter [22/May/2026:16:09:39 -0400] "GET /members/ HTTP/1.1" 200 21018 "https://members.tiacyrusxx.com/members/" "Mozilla/5.0 (Windows NT 6.2) AppleWebKit/537.36 (KHTML, like Gecko) Chrome/41.0.2226.0 Safari/537.36"
104.207.34.34 - wishkeyz1 [22/May/2026:16:09:39 -0400] "GET /members/ HTTP/1.1" 200 21042 "https://members.tiacyrusxx.com/members/" "Mozilla/5.0 (compatible; MSIE 10.0; Windows NT 6.1; Trident/6.0; .NET CLR 2.0.50727; .NET CLR 3.5.30729; .NET CLR 3.0.30729; Media Center PC 6.0; .NET4.0C; .NET4.0E)"
104.207.47.31 - Goofy123 [22/May/2026:16:09:39 -0400] "GET /members/ HTTP/1.1" 200 21016 "https://members.tiacyrusxx.com/members/" "Mozilla/5.0 (Windows NT 6.2; WOW64; rv:36.0) Gecko/20100101 Firefox/36.0"
104.207.47.209 - AmateurRob [22/May/2026:16:09:39 -0400] "GET /members/ HTTP/1.1" 200 21017 "https://members.tiacyrusxx.com/members/" "Mozilla/5.0 (compatible; MSIE 9.0; Windows NT 5.1; Trident/5.0; .NET CLR 2.0.50727; .NET CLR 3.5.30729)"
104.207.38.72 - Daphne10 [22/May/2026:16:09:39 -0400] "GET /members/ HTTP/1.1" 200 21016 "https://members.tiacyrusxx.com/members/" "Mozilla/5.0 (Windows NT 6.2; WOW64; rv:36.0) Gecko/20100101 Firefox/36.0"
172.98.167.191 - uwPHgLAh [22/May/2026:16:09:39 -0400] "GET /members/ HTTP/1.1" 200 20183 "https://members.tiacyrusxx.com/members/" "Opera/9.80 (iOS; Opera Mini/7.0.73345/28.2555; U; ru) Presto/2.10.229 Version/11.62"
104.167.25.174 - - [22/May/2026:16:09:40 -0400] "GET /members/ HTTP/1.1" 200 1340 "-" "Mozilla/5.0 (Windows NT 6.0) AppleWebKit/537.36 (KHTML, like Gecko) Chrome/41.0.2227.1 Safari/537.36"
104.167.25.146 - - [22/May/2026:16:09:40 -0400] "GET /members/ HTTP/1.1" 200 1340 "-" "Mozilla/5.0 (Windows NT 5.1; rv:29.0) Gecko/20120101 Firefox/29.0"
104.167.25.174 - - [22/May/2026:16:09:41 -0400] "GET /img.cptcha HTTP/1.1" 200 1902 "-" "Mozilla/5.0 (Windows NT 6.0) AppleWebKit/537.36 (KHTML, like Gecko) Chrome/41.0.2227.1 Safari/537.36"
104.167.25.146 - - [22/May/2026:16:09:41 -0400] "GET /img.cptcha HTTP/1.1" 200 1721 "-" "Mozilla/5.0 (Windows NT 5.1; rv:29.0) Gecko/20120101 Firefox/29.0"
104.167.25.174 - LordVader [22/May/2026:16:09:41 -0400] "POST /auth.form HTTP/1.1" 200 1357 "https://members.tiacyrusxx.com/members/" "Mozilla/5.0 (Windows NT 6.0) AppleWebKit/537.36 (KHTML, like Gecko) Chrome/41.0.2227.1 Safari/537.36"
104.167.25.146 - Lebowski [22/May/2026:16:09:41 -0400] "POST /auth.form HTTP/1.1" 200 1357 "https://members.tiacyrusxx.com/members/" "Mozilla/5.0 (Windows NT 5.1; rv:29.0) Gecko/20120101 Firefox/29.0"
104.167.25.146 - - [22/May/2026:16:09:42 -0400] "GET /members/ HTTP/1.1" 200 1340 "-" "Mozilla/5.0 (Windows NT 6.2) AppleWebKit/537.36 (KHTML, like Gecko) Chrome/41.0.2225.0 Safari/537.36"
104.167.25.174 - - [22/May/2026:16:09:42 -0400] "GET /members/ HTTP/1.1" 200 1340 "-" "Mozilla/5.0 (Windows NT 6.1) AppleWebKit/537.36 (KHTML, like Gecko) Chrome/41.0.2227.1 Safari/537.36"
104.207.47.209 - - [22/May/2026:16:09:42 -0400] "GET /members/ HTTP/1.1" 200 1325 "-" "Mozilla/5.0 (Windows NT 6.0) AppleWebKit/537.36 (KHTML, like Gecko) Chrome/41.0.2228.0 Safari/537.36"
104.207.38.72 - - [22/May/2026:16:09:42 -0400] "GET /members/ HTTP/1.1" 200 1325 "-" "Mozilla/5.0 (Windows NT 6.1; rv:31.0) Gecko/20100101 Firefox/31.0"
104.207.47.31 - - [22/May/2026:16:09:42 -0400] "GET /members/ HTTP/1.1" 200 1325 "-" "Mozilla/5.0 (Windows NT 6.2) AppleWebKit/537.36 (KHTML, like Gecko) Chrome/41.0.2228.0 Safari/537.36"
104.207.63.199 - - [22/May/2026:16:09:42 -0400] "GET /members/ HTTP/1.1" 200 1325 "-" "Mozilla/5.0 (Windows NT 6.2) AppleWebKit/537.36 (KHTML, like Gecko) Chrome/41.0.2224.3 Safari/537.36"
104.207.34.34 - - [22/May/2026:16:09:42 -0400] "GET /members/ HTTP/1.1" 200 1325 "-" "Mozilla/5.0 (Windows NT 6.0) AppleWebKit/537.36 (KHTML, like Gecko) Chrome/41.0.2226.0 Safari/537.36"
104.207.35.25 - - [22/May/2026:16:09:42 -0400] "GET /members/ HTTP/1.1" 200 1325 "-" "Mozilla/5.0 (Windows NT 6.0; WOW64) AppleWebKit/537.36 (KHTML, like Gecko) Chrome/41.0.2228.0 Safari/537.36"
172.98.167.191 - - [22/May/2026:16:09:42 -0400] "GET /members/ HTTP/1.1" 200 1325 "-" "Opera/9.80 (Windows NT 5.1); U) Presto/2.12.388 Version/12.14"
104.167.25.70 - - [22/May/2026:16:09:42 -0400] "GET /members/ HTTP/1.1" 200 1340 "-" "Mozilla/5.0 (compatible; MSIE 9.0; Windows NT 6.0; Trident/5.0; .NET CLR 2.0.50727; Media Center PC 5.0; .NET CLR 3.5.30729)"
104.167.25.146 - - [22/May/2026:16:09:42 -0400] "GET /img.cptcha HTTP/1.1" 200 1902 "-" "Mozilla/5.0 (Windows NT 6.2) AppleWebKit/537.36 (KHTML, like Gecko) Chrome/41.0.2225.0 Safari/537.36"
104.167.25.174 - - [22/May/2026:16:09:42 -0400] "GET /img.cptcha HTTP/1.1" 200 1799 "-" "Mozilla/5.0 (Windows NT 6.1) AppleWebKit/537.36 (KHTML, like Gecko) Chrome/41.0.2227.1 Safari/537.36"
104.207.47.209 - - [22/May/2026:16:09:43 -0400] "GET /img.cptcha HTTP/1.1" 200 1647 "-" "Mozilla/5.0 (Windows NT 6.0) AppleWebKit/537.36 (KHTML, like Gecko) Chrome/41.0.2228.0 Safari/537.36"
104.207.38.72 - - [22/May/2026:16:09:43 -0400] "GET /img.cptcha HTTP/1.1" 200 1919 "-" "Mozilla/5.0 (Windows NT 6.1; rv:31.0) Gecko/20100101 Firefox/31.0"
104.207.47.31 - - [22/May/2026:16:09:43 -0400] "GET /img.cptcha HTTP/1.1" 200 1919 "-" "Mozilla/5.0 (Windows NT 6.2) AppleWebKit/537.36 (KHTML, like Gecko) Chrome/41.0.2228.0 Safari/537.36"
104.207.63.199 - - [22/May/2026:16:09:43 -0400] "GET /img.cptcha HTTP/1.1" 200 2042 "-" "Mozilla/5.0 (Windows NT 6.2) AppleWebKit/537.36 (KHTML, like Gecko) Chrome/41.0.2224.3 Safari/537.36"
104.207.34.34 - - [22/May/2026:16:09:43 -0400] "GET /img.cptcha HTTP/1.1" 200 2042 "-" "Mozilla/5.0 (Windows NT 6.0) AppleWebKit/537.36 (KHTML, like Gecko) Chrome/41.0.2226.0 Safari/537.36"
104.207.35.25 - - [22/May/2026:16:09:43 -0400] "GET /img.cptcha HTTP/1.1" 200 1794 "-" "Mozilla/5.0 (Windows NT 6.0; WOW64) AppleWebKit/537.36 (KHTML, like Gecko) Chrome/41.0.2228.0 Safari/537.36"
172.98.167.191 - - [22/May/2026:16:09:43 -0400] "GET /img.cptcha HTTP/1.1" 200 1794 "-" "Opera/9.80 (Windows NT 5.1); U) Presto/2.12.388 Version/12.14"
104.167.25.70 - - [22/May/2026:16:09:43 -0400] "GET /img.cptcha HTTP/1.1" 200 1794 "-" "Mozilla/5.0 (compatible; MSIE 9.0; Windows NT 6.0; Trident/5.0; .NET CLR 2.0.50727; Media Center PC 5.0; .NET CLR 3.5.30729)"
104.167.25.146 - Lebowski [22/May/2026:16:09:43 -0400] "POST /auth.form HTTP/1.1" 200 1357 "https://members.tiacyrusxx.com/members/" "Mozilla/5.0 (Windows NT 6.2) AppleWebKit/537.36 (KHTML, like Gecko) Chrome/41.0.2225.0 Safari/537.36"
104.167.25.174 - LordVader [22/May/2026:16:09:43 -0400] "POST /auth.form HTTP/1.1" 403 98 "https://members.tiacyrusxx.com/members/" "Mozilla/5.0 (Windows NT 6.1) AppleWebKit/537.36 (KHTML, like Gecko) Chrome/41.0.2227.1 Safari/537.36"
104.207.47.209 - Pedrom2004 [22/May/2026:16:09:43 -0400] "POST /auth.form HTTP/1.1" 302 223 "https://members.tiacyrusxx.com/members/" "Mozilla/5.0 (Windows NT 6.0) AppleWebKit/537.36 (KHTML, like Gecko) Chrome/41.0.2228.0 Safari/537.36"
104.207.38.72 - Username1 [22/May/2026:16:09:43 -0400] "POST /auth.form HTTP/1.1" 302 223 "https://members.tiacyrusxx.com/members/" "Mozilla/5.0 (Windows NT 6.1; rv:31.0) Gecko/20100101 Firefox/31.0"
104.207.47.31 - Vanessa [22/May/2026:16:09:43 -0400] "POST /auth.form HTTP/1.1" 302 223 "https://members.tiacyrusxx.com/members/" "Mozilla/5.0 (Windows NT 6.2) AppleWebKit/537.36 (KHTML, like Gecko) Chrome/41.0.2228.0 Safari/537.36"
104.207.63.199 - gigant789 [22/May/2026:16:09:43 -0400] "POST /auth.form HTTP/1.1" 302 223 "https://members.tiacyrusxx.com/members/" "Mozilla/5.0 (Windows NT 6.2) AppleWebKit/537.36 (KHTML, like Gecko) Chrome/41.0.2224.3 Safari/537.36"
104.207.34.34 - drumm3r7 [22/May/2026:16:09:43 -0400] "POST /auth.form HTTP/1.1" 302 223 "https://members.tiacyrusxx.com/members/" "Mozilla/5.0 (Windows NT 6.0) AppleWebKit/537.36 (KHTML, like Gecko) Chrome/41.0.2226.0 Safari/537.36"
104.207.35.25 - greenguykk [22/May/2026:16:09:43 -0400] "POST /auth.form HTTP/1.1" 302 223 "https://members.tiacyrusxx.com/members/" "Mozilla/5.0 (Windows NT 6.0; WOW64) AppleWebKit/537.36 (KHTML, like Gecko) Chrome/41.0.2228.0 Safari/537.36"
104.167.25.70 - bridley41 [22/May/2026:16:09:43 -0400] "POST /auth.form HTTP/1.1" 200 1357 "https://members.tiacyrusxx.com/members/" "Mozilla/5.0 (compatible; MSIE 9.0; Windows NT 6.0; Trident/5.0; .NET CLR 2.0.50727; Media Center PC 5.0; .NET CLR 3.5.30729)"
104.167.25.146 - - [22/May/2026:16:09:43 -0400] "GET /members/ HTTP/1.1" 200 1340 "-" "Mozilla/5.0 (Windows NT 6.1) AppleWebKit/537.36 (KHTML, like Gecko) Chrome/41.0.2228.0 Safari/537.36"
104.207.38.72 - - [22/May/2026:16:09:43 -0400] "GET /members/ HTTP/1.1" 200 1343 "https://members.tiacyrusxx.com/members/" "Mozilla/5.0 (Windows NT 6.1; rv:31.0) Gecko/20100101 Firefox/31.0"
104.207.63.199 - - [22/May/2026:16:09:43 -0400] "GET /members/ HTTP/1.1" 200 1343 "https://members.tiacyrusxx.com/members/" "Mozilla/5.0 (Windows NT 6.2) AppleWebKit/537.36 (KHTML, like Gecko) Chrome/41.0.2224.3 Safari/537.36"
172.98.167.191 - ecook10 [22/May/2026:16:09:43 -0400] "POST /auth.form HTTP/1.1" 302 223 "https://members.tiacyrusxx.com/members/" "Opera/9.80 (Windows NT 5.1); U) Presto/2.12.388 Version/12.14"
104.207.40.120 - - [22/May/2026:16:09:44 -0400] "GET /members/ HTTP/1.1" 200 1325 "-" "Mozilla/5.0 (Windows NT 6.1) AppleWebKit/537.36 (KHTML, like Gecko) Chrome/41.0.2226.0 Safari/537.36"
104.207.47.209 - Pedrom2004 [22/May/2026:16:09:43 -0400] "GET /members/ HTTP/1.1" 200 21017 "https://members.tiacyrusxx.com/members/" "Mozilla/5.0 (Windows NT 6.0) AppleWebKit/537.36 (KHTML, like Gecko) Chrome/41.0.2228.0 Safari/537.36"
104.207.34.34 - - [22/May/2026:16:09:43 -0400] "GET /members/ HTTP/1.1" 200 1343 "https://members.tiacyrusxx.com/members/" "Mozilla/5.0 (Windows NT 6.0) AppleWebKit/537.36 (KHTML, like Gecko) Chrome/41.0.2226.0 Safari/537.36"
104.207.47.31 - Vanessa [22/May/2026:16:09:43 -0400] "GET /members/ HTTP/1.1" 200 21014 "https://members.tiacyrusxx.com/members/" "Mozilla/5.0 (Windows NT 6.2) AppleWebKit/537.36 (KHTML, like Gecko) Chrome/41.0.2228.0 Safari/537.36"
172.98.167.191 - - [22/May/2026:16:09:44 -0400] "GET /members/ HTTP/1.1" 200 1343 "https://members.tiacyrusxx.com/members/" "Opera/9.80 (Windows NT 5.1); U) Presto/2.12.388 Version/12.14"
104.207.35.25 - greenguykk [22/May/2026:16:09:43 -0400] "GET /members/ HTTP/1.1" 200 21042 "https://members.tiacyrusxx.com/members/" "Mozilla/5.0 (Windows NT 6.0; WOW64) AppleWebKit/537.36 (KHTML, like Gecko) Chrome/41.0.2228.0 Safari/537.36"
104.167.25.70 - - [22/May/2026:16:09:44 -0400] "GET /members/ HTTP/1.1" 200 1340 "-" "Mozilla/5.0 (Windows NT 6.1; rv:33.0) Gecko/20100101 Firefox/33.0"
104.167.25.146 - - [22/May/2026:16:09:44 -0400] "GET /img.cptcha HTTP/1.1" 200 2042 "-" "Mozilla/5.0 (Windows NT 6.1) AppleWebKit/537.36 (KHTML, like Gecko) Chrome/41.0.2228.0 Safari/537.36"
104.207.40.120 - - [22/May/2026:16:09:44 -0400] "GET /img.cptcha HTTP/1.1" 200 1919 "-" "Mozilla/5.0 (Windows NT 6.1) AppleWebKit/537.36 (KHTML, like Gecko) Chrome/41.0.2226.0 Safari/537.36"
104.207.38.72 - - [22/May/2026:16:09:44 -0400] "GET /members/ HTTP/1.1" 200 1325 "-" "Mozilla/5.0 (Windows NT 6.2; WOW64) AppleWebKit/537.36 (KHTML, like Gecko) Chrome/41.0.2224.3 Safari/537.36"
104.207.34.34 - - [22/May/2026:16:09:44 -0400] "GET /members/ HTTP/1.1" 200 1325 "-" "Mozilla/5.0 (Windows NT 5.1) AppleWebKit/537.36 (KHTML, like Gecko) Chrome/41.0.2224.3 Safari/537.36"
104.207.63.199 - - [22/May/2026:16:09:44 -0400] "GET /members/ HTTP/1.1" 200 1325 "-" "Mozilla/5.0 (Windows NT 6.0) AppleWebKit/537.36 (KHTML, like Gecko) Chrome/41.0.2227.1 Safari/537.36"
104.167.25.70 - - [22/May/2026:16:09:45 -0400] "GET /img.cptcha HTTP/1.1" 200 1799 "-" "Mozilla/5.0 (Windows NT 6.1; rv:33.0) Gecko/20100101 Firefox/33.0"
104.167.25.146 - Lebowski [22/May/2026:16:09:45 -0400] "POST /auth.form HTTP/1.1" 403 98 "https://members.tiacyrusxx.com/members/" "Mozilla/5.0 (Windows NT 6.1) AppleWebKit/537.36 (KHTML, like Gecko) Chrome/41.0.2228.0 Safari/537.36"
172.98.167.191 - - [22/May/2026:16:09:45 -0400] "GET /members/ HTTP/1.1" 200 1325 "-" "Mozilla/5.0 (Windows NT 6.2; WOW64) AppleWebKit/537.36 (KHTML, like Gecko) Chrome/41.0.2228.0 Safari/537.36"
104.207.40.120 - LordVader [22/May/2026:16:09:45 -0400] "POST /auth.form HTTP/1.1" 302 223 "https://members.tiacyrusxx.com/members/" "Mozilla/5.0 (Windows NT 6.1) AppleWebKit/537.36 (KHTML, like Gecko) Chrome/41.0.2226.0 Safari/537.36"
104.207.34.34 - - [22/May/2026:16:09:45 -0400] "GET /img.cptcha HTTP/1.1" 200 1794 "-" "Mozilla/5.0 (Windows NT 5.1) AppleWebKit/537.36 (KHTML, like Gecko) Chrome/41.0.2224.3 Safari/537.36"
104.207.38.72 - - [22/May/2026:16:09:45 -0400] "GET /img.cptcha HTTP/1.1" 200 1794 "-" "Mozilla/5.0 (Windows NT 6.2; WOW64) AppleWebKit/537.36 (KHTML, like Gecko) Chrome/41.0.2224.3 Safari/537.36"
104.207.63.199 - - [22/May/2026:16:09:45 -0400] "GET /img.cptcha HTTP/1.1" 200 1794 "-" "Mozilla/5.0 (Windows NT 6.0) AppleWebKit/537.36 (KHTML, like Gecko) Chrome/41.0.2227.1 Safari/537.36"
104.207.47.209 - - [22/May/2026:16:09:45 -0400] "GET /members/ HTTP/1.1" 200 1325 "-" "Mozilla/5.0 (Windows NT 5.1; WOW64) AppleWebKit/537.36 (KHTML, like Gecko) Chrome/41.0.2227.1 Safari/537.36"
104.207.40.120 - LordVader [22/May/2026:16:09:45 -0400] "GET /members/ HTTP/1.1" 200 21017 "https://members.tiacyrusxx.com/members/" "Mozilla/5.0 (Windows NT 6.1) AppleWebKit/537.36 (KHTML, like Gecko) Chrome/41.0.2226.0 Safari/537.36"
104.207.47.31 - - [22/May/2026:16:09:45 -0400] "GET /members/ HTTP/1.1" 200 1325 "-" "Mozilla/5.0 (Windows NT 5.1; rv:31.0) Gecko/20100101 Firefox/31.0"
104.167.25.70 - bridley41 [22/May/2026:16:09:45 -0400] "POST /auth.form HTTP/1.1" 403 98 "https://members.tiacyrusxx.com/members/" "Mozilla/5.0 (Windows NT 6.1; rv:33.0) Gecko/20100101 Firefox/33.0"
104.207.35.25 - - [22/May/2026:16:09:45 -0400] "GET /members/ HTTP/1.1" 200 1325 "-" "Mozilla/5.0 (Windows NT 6.0) AppleWebKit/537.36 (KHTML, like Gecko) Chrome/41.0.2227.1 Safari/537.36"
172.98.167.191 - - [22/May/2026:16:09:45 -0400] "GET /img.cptcha HTTP/1.1" 200 2042 "-" "Mozilla/5.0 (Windows NT 6.2; WOW64) AppleWebKit/537.36 (KHTML, like Gecko) Chrome/41.0.2228.0 Safari/537.36"
104.167.25.222 - - [22/May/2026:16:09:45 -0400] "GET /members/ HTTP/1.1" 200 1340 "-" "Mozilla/5.0 (Windows NT 6.1; rv:28.0) Gecko/20100101 Firefox/28.0"
185.134.22.93 - - [22/May/2026:16:10:22 -0400] "GET /members/ HTTP/2.0" 200 1325 "https://tiacyrusxx.com/" "Mozilla/5.0 (Windows NT 10.0; Win64; x64; rv:152.0) Gecko/20100101 Firefox/152.0"
185.134.22.93 - - [22/May/2026:16:10:22 -0400] "GET /img.cptcha HTTP/2.0" 200 1552 "https://members.tiacyrusxx.com/members/" "Mozilla/5.0 (Windows NT 10.0; Win64; x64; rv:152.0) Gecko/20100101 Firefox/152.0"
185.134.22.93 - tcorpsmut [22/May/2026:16:10:33 -0400] "POST /auth.form HTTP/2.0" 302 223 "https://members.tiacyrusxx.com/members/" "Mozilla/5.0 (Windows NT 10.0; Win64; x64; rv:152.0) Gecko/20100101 Firefox/152.0"
185.134.22.93 - tcorpsmut [22/May/2026:16:10:33 -0400] "GET /members/ HTTP/2.0" 200 21042 "https://members.tiacyrusxx.com/members/" "Mozilla/5.0 (Windows NT 10.0; Win64; x64; rv:152.0) Gecko/20100101 Firefox/152.0"
185.134.22.93 - tcorpsmut [22/May/2026:16:10:34 -0400] "GET /members/style.css HTTP/2.0" 200 17215 "https://members.tiacyrusxx.com/members/" "Mozilla/5.0 (Windows NT 10.0; Win64; x64; rv:152.0) Gecko/20100101 Firefox/152.0"
185.134.22.93 - tcorpsmut [22/May/2026:16:10:34 -0400] "GET /members/js/jquery.min.js HTTP/2.0" 200 33369 "https://members.tiacyrusxx.com/members/" "Mozilla/5.0 (Windows NT 10.0; Win64; x64; rv:152.0) Gecko/20100101 Firefox/152.0"
185.134.22.93 - tcorpsmut [22/May/2026:16:10:34 -0400] "GET /members/js/jquery-ui.min.js HTTP/2.0" 200 63708 "https://members.tiacyrusxx.com/members/" "Mozilla/5.0 (Windows NT 10.0; Win64; x64; rv:152.0) Gecko/20100101 Firefox/152.0"
185.134.22.93 - tcorpsmut [22/May/2026:16:10:34 -0400] "GET /members/js/carousels_setup.js HTTP/2.0" 200 532 "https://members.tiacyrusxx.com/members/" "Mozilla/5.0 (Windows NT 10.0; Win64; x64; rv:152.0) Gecko/20100101 Firefox/152.0"
185.134.22.93 - tcorpsmut [22/May/2026:16:10:34 -0400] "GET /members/js/swipe.js HTTP/2.0" 200 1374 "https://members.tiacyrusxx.com/members/" "Mozilla/5.0 (Windows NT 10.0; Win64; x64; rv:152.0) Gecko/20100101 Firefox/152.0"
185.134.22.93 - tcorpsmut [22/May/2026:16:10:34 -0400] "GET /members/js/helper.js HTTP/2.0" 200 2932 "https://members.tiacyrusxx.com/members/" "Mozilla/5.0 (Windows NT 10.0; Win64; x64; rv:152.0) Gecko/20100101 Firefox/152.0"
185.134.22.93 - tcorpsmut [22/May/2026:16:10:34 -0400] "GET /members/include.js HTTP/2.0" 200 2384 "https://members.tiacyrusxx.com/members/" "Mozilla/5.0 (Windows NT 10.0; Win64; x64; rv:152.0) Gecko/20100101 Firefox/152.0"
185.134.22.93 - tcorpsmut [22/May/2026:16:10:34 -0400] "GET /members/style_override.css HTTP/2.0" 200 1646 "https://members.tiacyrusxx.com/members/" "Mozilla/5.0 (Windows NT 10.0; Win64; x64; rv:152.0) Gecko/20100101 Firefox/152.0"
185.134.22.93 - tcorpsmut [22/May/2026:16:10:34 -0400] "GET /members/style_responsive.css HTTP/2.0" 200 7967 "https://members.tiacyrusxx.com/members/" "Mozilla/5.0 (Windows NT 10.0; Win64; x64; rv:152.0) Gecko/20100101 Firefox/152.0"
185.134.22.93 - tcorpsmut [22/May/2026:16:10:34 -0400] "GET /members/js/fancybox3/jquery.fancybox.min.css HTTP/2.0" 200 3328 "https://members.tiacyrusxx.com/members/" "Mozilla/5.0 (Windows NT 10.0; Win64; x64; rv:152.0) Gecko/20100101 Firefox/152.0"
185.134.22.93 - tcorpsmut [22/May/2026:16:10:34 -0400] "GET /members/js/responsive/responsive.js HTTP/2.0" 200 1236 "https://members.tiacyrusxx.com/members/" "Mozilla/5.0 (Windows NT 10.0; Win64; x64; rv:152.0) Gecko/20100101 Firefox/152.0"
185.134.22.93 - tcorpsmut [22/May/2026:16:10:34 -0400] "GET /members/js/responsive/jq.evxTicker.css HTTP/2.0" 200 1324 "https://members.tiacyrusxx.com/members/" "Mozilla/5.0 (Windows NT 10.0; Win64; x64; rv:152.0) Gecko/20100101 Firefox/152.0"
185.134.22.93 - tcorpsmut [22/May/2026:16:10:34 -0400] "GET /members/js/responsive/jq.evxTicker.js HTTP/2.0" 200 1063 "https://members.tiacyrusxx.com/members/" "Mozilla/5.0 (Windows NT 10.0; Win64; x64; rv:152.0) Gecko/20100101 Firefox/152.0"
185.134.22.93 - tcorpsmut [22/May/2026:16:10:34 -0400] "GET /members/js/responsive/modernizr.js HTTP/2.0" 200 6289 "https://members.tiacyrusxx.com/members/" "Mozilla/5.0 (Windows NT 10.0; Win64; x64; rv:152.0) Gecko/20100101 Firefox/152.0"
185.134.22.93 - tcorpsmut [22/May/2026:16:10:34 -0400] "GET /members/js/responsive/carousel/owl.carousel.css HTTP/2.0" 200 1129 "https://members.tiacyrusxx.com/members/" "Mozilla/5.0 (Windows NT 10.0; Win64; x64; rv:152.0) Gecko/20100101 Firefox/152.0"
185.134.22.93 - tcorpsmut [22/May/2026:16:10:34 -0400] "GET /members/js/responsive/carousel/owl.theme.css HTTP/2.0" 200 436 "https://members.tiacyrusxx.com/members/" "Mozilla/5.0 (Windows NT 10.0; Win64; x64; rv:152.0) Gecko/20100101 Firefox/152.0"
185.134.22.93 - tcorpsmut [22/May/2026:16:10:34 -0400] "GET /members/js/fancybox3/jquery.fancybox.min.js HTTP/2.0" 200 16773 "https://members.tiacyrusxx.com/members/" "Mozilla/5.0 (Windows NT 10.0; Win64; x64; rv:152.0) Gecko/20100101 Firefox/152.0"
185.134.22.93 - tcorpsmut [22/May/2026:16:10:34 -0400] "GET /members/images/p34.jpg HTTP/2.0" 200 17571 "https://members.tiacyrusxx.com/members/" "Mozilla/5.0 (Windows NT 10.0; Win64; x64; rv:152.0) Gecko/20100101 Firefox/152.0"
185.134.22.93 - tcorpsmut [22/May/2026:16:10:34 -0400] "GET /members/images/jqueryui/jquery-ui.min.css HTTP/2.0" 200 8199 "https://members.tiacyrusxx.com/members/" "Mozilla/5.0 (Windows NT 10.0; Win64; x64; rv:152.0) Gecko/20100101 Firefox/152.0"
185.134.22.93 - tcorpsmut [22/May/2026:16:10:34 -0400] "GET /members/js/responsive/carousel/owl.carousel.min.js HTTP/2.0" 200 11200 "https://members.tiacyrusxx.com/members/" "Mozilla/5.0 (Windows NT 10.0; Win64; x64; rv:152.0) Gecko/20100101 Firefox/152.0"
185.134.22.93 - tcorpsmut [22/May/2026:16:10:34 -0400] "GET /members/images/header/members_header.jpg HTTP/2.0" 200 101271 "https://members.tiacyrusxx.com/members/" "Mozilla/5.0 (Windows NT 10.0; Win64; x64; rv:152.0) Gecko/20100101 Firefox/152.0"
185.134.22.93 - tcorpsmut [22/May/2026:16:10:34 -0400] "GET /members/js/fontawesome/js/fontawesome-all.js HTTP/2.0" 200 257274 "https://members.tiacyrusxx.com/members/" "Mozilla/5.0 (Windows NT 10.0; Win64; x64; rv:152.0) Gecko/20100101 Firefox/152.0"
185.134.22.93 - tcorpsmut [22/May/2026:16:10:34 -0400] "GET /members/js/responsive/jq.evxTicker-arrows.png HTTP/2.0" 200 1459 "https://members.tiacyrusxx.com/members/js/responsive/jq.evxTicker.css" "Mozilla/5.0 (Windows NT 10.0; Win64; x64; rv:152.0) Gecko/20100101 Firefox/152.0"
185.134.22.93 - tcorpsmut [22/May/2026:16:10:34 -0400] "GET /members/images/top_menu.png HTTP/2.0" 200 2882 "https://members.tiacyrusxx.com/members/style_override.css" "Mozilla/5.0 (Windows NT 10.0; Win64; x64; rv:152.0) Gecko/20100101 Firefox/152.0"
185.134.22.93 - tcorpsmut [22/May/2026:16:10:34 -0400] "GET /members/images/icons/search_dark.png HTTP/2.0" 200 1772 "https://members.tiacyrusxx.com/members/style.css" "Mozilla/5.0 (Windows NT 10.0; Win64; x64; rv:152.0) Gecko/20100101 Firefox/152.0"
185.134.22.93 - tcorpsmut [22/May/2026:16:10:34 -0400] "GET /members/images/icons/leftarrow.png HTTP/2.0" 200 15414 "https://members.tiacyrusxx.com/members/style.css" "Mozilla/5.0 (Windows NT 10.0; Win64; x64; rv:152.0) Gecko/20100101 Firefox/152.0"
185.134.22.93 - tcorpsmut [22/May/2026:16:10:34 -0400] "GET /members/images/icons/rightarrow.png HTTP/2.0" 200 15419 "https://members.tiacyrusxx.com/members/style.css" "Mozilla/5.0 (Windows NT 10.0; Win64; x64; rv:152.0) Gecko/20100101 Firefox/152.0"
185.134.22.93 - tcorpsmut [22/May/2026:16:10:34 -0400] "GET /members/images/title_bar.png HTTP/2.0" 200 994 "https://members.tiacyrusxx.com/members/style.css" "Mozilla/5.0 (Windows NT 10.0; Win64; x64; rv:152.0) Gecko/20100101 Firefox/152.0"
185.134.22.93 - tcorpsmut [22/May/2026:16:10:34 -0400] "GET /members/images/icons/star-unrated.png HTTP/2.0" 200 15671 "https://members.tiacyrusxx.com/members/style.css" "Mozilla/5.0 (Windows NT 10.0; Win64; x64; rv:152.0) Gecko/20100101 Firefox/152.0"
185.134.22.93 - tcorpsmut [22/May/2026:16:10:34 -0400] "GET /members/images/jqueryui/images/ui-bg_highlight-hard_100_f9f9f9_1x100.png HTTP/2.0" 200 252 "https://members.tiacyrusxx.com/members/images/jqueryui/jquery-ui.min.css" "Mozilla/5.0 (Windows NT 10.0; Win64; x64; rv:152.0) Gecko/20100101 Firefox/152.0"
185.134.22.93 - tcorpsmut [22/May/2026:16:10:34 -0400] "GET /members/images/icons/heart_grey.png HTTP/2.0" 200 16151 "https://members.tiacyrusxx.com/members/style.css" "Mozilla/5.0 (Windows NT 10.0; Win64; x64; rv:152.0) Gecko/20100101 Firefox/152.0"
185.134.22.93 - tcorpsmut [22/May/2026:16:10:34 -0400] "GET /members/content//contentthumbs/09/72/972-1x.jpg HTTP/2.0" 200 12080 "https://members.tiacyrusxx.com/members/" "Mozilla/5.0 (Windows NT 10.0; Win64; x64; rv:152.0) Gecko/20100101 Firefox/152.0"
185.134.22.93 - tcorpsmut [22/May/2026:16:10:34 -0400] "GET /members/content//contentthumbs/09/59/959-1x.jpg HTTP/2.0" 200 9462 "https://members.tiacyrusxx.com/members/" "Mozilla/5.0 (Windows NT 10.0; Win64; x64; rv:152.0) Gecko/20100101 Firefox/152.0"
185.134.22.93 - tcorpsmut [22/May/2026:16:10:34 -0400] "GET /members/content//contentthumbs/09/68/968-1x.jpg HTTP/2.0" 200 12750 "https://members.tiacyrusxx.com/members/" "Mozilla/5.0 (Windows NT 10.0; Win64; x64; rv:152.0) Gecko/20100101 Firefox/152.0"
185.134.22.93 - tcorpsmut [22/May/2026:16:10:34 -0400] "GET /members/content//contentthumbs/09/52/952-1x.jpg HTTP/2.0" 200 13483 "https://members.tiacyrusxx.com/members/" "Mozilla/5.0 (Windows NT 10.0; Win64; x64; rv:152.0) Gecko/20100101 Firefox/152.0"
185.134.22.93 - tcorpsmut [22/May/2026:16:10:34 -0400] "GET /members/content//contentthumbs/09/02/902-1x.jpg HTTP/2.0" 200 7063 "https://members.tiacyrusxx.com/members/" "Mozilla/5.0 (Windows NT 10.0; Win64; x64; rv:152.0) Gecko/20100101 Firefox/152.0"
185.134.22.93 - tcorpsmut [22/May/2026:16:10:34 -0400] "GET /members/content//contentthumbs/09/08/908-1x.jpg HTTP/2.0" 200 10877 "https://members.tiacyrusxx.com/members/" "Mozilla/5.0 (Windows NT 10.0; Win64; x64; rv:152.0) Gecko/20100101 Firefox/152.0"
185.134.22.93 - tcorpsmut [22/May/2026:16:10:34 -0400] "GET /members/content//contentthumbs/08/96/896-1x.jpg HTTP/2.0" 200 9650 "https://members.tiacyrusxx.com/members/" "Mozilla/5.0 (Windows NT 10.0; Win64; x64; rv:152.0) Gecko/20100101 Firefox/152.0"
185.134.22.93 - tcorpsmut [22/May/2026:16:10:34 -0400] "GET /members/content//contentthumbs/09/43/943-1x.jpg HTTP/2.0" 200 10316 "https://members.tiacyrusxx.com/members/" "Mozilla/5.0 (Windows NT 10.0; Win64; x64; rv:152.0) Gecko/20100101 Firefox/152.0"
185.134.22.93 - tcorpsmut [22/May/2026:16:10:34 -0400] "GET /members/content//contentthumbs/09/14/914-1x.jpg HTTP/2.0" 200 9740 "https://members.tiacyrusxx.com/members/" "Mozilla/5.0 (Windows NT 10.0; Win64; x64; rv:152.0) Gecko/20100101 Firefox/152.0"
185.134.22.93 - tcorpsmut [22/May/2026:16:10:34 -0400] "GET /members/content//contentthumbs/10/42/1042-1x.jpg HTTP/2.0" 200 12021 "https://members.tiacyrusxx.com/members/" "Mozilla/5.0 (Windows NT 10.0; Win64; x64; rv:152.0) Gecko/20100101 Firefox/152.0"
185.134.22.93 - tcorpsmut [22/May/2026:16:10:34 -0400] "GET /members/content//contentthumbs/10/09/1009-1x.jpg HTTP/2.0" 200 12483 "https://members.tiacyrusxx.com/members/" "Mozilla/5.0 (Windows NT 10.0; Win64; x64; rv:152.0) Gecko/20100101 Firefox/152.0"
185.134.22.93 - tcorpsmut [22/May/2026:16:10:34 -0400] "GET /members/content//contentthumbs/10/49/1049-1x.jpg HTTP/2.0" 200 11409 "https://members.tiacyrusxx.com/members/" "Mozilla/5.0 (Windows NT 10.0; Win64; x64; rv:152.0) Gecko/20100101 Firefox/152.0"
185.134.22.93 - tcorpsmut [22/May/2026:16:10:34 -0400] "GET /members/content//contentthumbs/10/24/1024-1x.jpg HTTP/2.0" 200 20300 "https://members.tiacyrusxx.com/members/" "Mozilla/5.0 (Windows NT 10.0; Win64; x64; rv:152.0) Gecko/20100101 Firefox/152.0"
185.134.22.93 - tcorpsmut [22/May/2026:16:10:34 -0400] "GET /members/content//contentthumbs/10/03/1003-1x.jpg HTTP/2.0" 200 9364 "https://members.tiacyrusxx.com/members/" "Mozilla/5.0 (Windows NT 10.0; Win64; x64; rv:152.0) Gecko/20100101 Firefox/152.0"
185.134.22.93 - tcorpsmut [22/May/2026:16:10:34 -0400] "GET /members/content//contentthumbs/09/94/994-1x.jpg HTTP/2.0" 200 14392 "https://members.tiacyrusxx.com/members/" "Mozilla/5.0 (Windows NT 10.0; Win64; x64; rv:152.0) Gecko/20100101 Firefox/152.0"
185.134.22.93 - tcorpsmut [22/May/2026:16:10:34 -0400] "GET /members/content//contentthumbs/10/16/1016-1x.jpg HTTP/2.0" 200 12873 "https://members.tiacyrusxx.com/members/" "Mozilla/5.0 (Windows NT 10.0; Win64; x64; rv:152.0) Gecko/20100101 Firefox/152.0"
185.134.22.93 - tcorpsmut [22/May/2026:16:10:34 -0400] "GET /members/content//contentthumbs/10/22/1022-1x.jpg HTTP/2.0" 200 19947 "https://members.tiacyrusxx.com/members/" "Mozilla/5.0 (Windows NT 10.0; Win64; x64; rv:152.0) Gecko/20100101 Firefox/152.0"
185.134.22.93 - tcorpsmut [22/May/2026:16:10:34 -0400] "GET /members/content//contentthumbs/09/82/982-1x.jpg HTTP/2.0" 200 17678 "https://members.tiacyrusxx.com/members/" "Mozilla/5.0 (Windows NT 10.0; Win64; x64; rv:152.0) Gecko/20100101 Firefox/152.0"
185.134.22.93 - tcorpsmut [22/May/2026:16:10:34 -0400] "GET /members/content//contentthumbs/00/31/31-set-1x.jpg HTTP/2.0" 200 23356 "https://members.tiacyrusxx.com/members/" "Mozilla/5.0 (Windows NT 10.0; Win64; x64; rv:152.0) Gecko/20100101 Firefox/152.0"
185.134.22.93 - tcorpsmut [22/May/2026:16:10:34 -0400] "GET /members/content//contentthumbs/00/37/37-set-1x.jpg HTTP/2.0" 200 19323 "https://members.tiacyrusxx.com/members/" "Mozilla/5.0 (Windows NT 10.0; Win64; x64; rv:152.0) Gecko/20100101 Firefox/152.0"
185.134.22.93 - tcorpsmut [22/May/2026:16:10:34 -0400] "GET /members/content//contentthumbs/00/23/23-set-1x.jpg HTTP/2.0" 200 23826 "https://members.tiacyrusxx.com/members/" "Mozilla/5.0 (Windows NT 10.0; Win64; x64; rv:152.0) Gecko/20100101 Firefox/152.0"
185.134.22.93 - tcorpsmut [22/May/2026:16:10:34 -0400] "GET /members/content//contentthumbs/00/27/27-set-1x.jpg HTTP/2.0" 200 20034 "https://members.tiacyrusxx.com/members/" "Mozilla/5.0 (Windows NT 10.0; Win64; x64; rv:152.0) Gecko/20100101 Firefox/152.0"
185.134.22.93 - tcorpsmut [22/May/2026:16:10:34 -0400] "GET /members/content//contentthumbs/00/25/25-set-1x.jpg HTTP/2.0" 200 19429 "https://members.tiacyrusxx.com/members/" "Mozilla/5.0 (Windows NT 10.0; Win64; x64; rv:152.0) Gecko/20100101 Firefox/152.0"
185.134.22.93 - tcorpsmut [22/May/2026:16:10:34 -0400] "GET /members/content//contentthumbs/00/26/26-set-1x.jpg HTTP/2.0" 200 21854 "https://members.tiacyrusxx.com/members/" "Mozilla/5.0 (Windows NT 10.0; Win64; x64; rv:152.0) Gecko/20100101 Firefox/152.0"
185.134.22.93 - tcorpsmut [22/May/2026:16:10:34 -0400] "GET /members/content//contentthumbs/09/20/920-1x.jpg HTTP/2.0" 200 11130 "https://members.tiacyrusxx.com/members/" "Mozilla/5.0 (Windows NT 10.0; Win64; x64; rv:152.0) Gecko/20100101 Firefox/152.0"
185.134.22.93 - tcorpsmut [22/May/2026:16:10:34 -0400] "GET /members/content//contentthumbs/04/86/486-1x.jpg HTTP/2.0" 200 10131 "https://members.tiacyrusxx.com/members/" "Mozilla/5.0 (Windows NT 10.0; Win64; x64; rv:152.0) Gecko/20100101 Firefox/152.0"
185.134.22.93 - tcorpsmut [22/May/2026:16:10:34 -0400] "GET /members/content//contentthumbs/04/18/418-1x.jpg HTTP/2.0" 200 12662 "https://members.tiacyrusxx.com/members/" "Mozilla/5.0 (Windows NT 10.0; Win64; x64; rv:152.0) Gecko/20100101 Firefox/152.0"
185.134.22.93 - tcorpsmut [22/May/2026:16:10:34 -0400] "GET /members/content//contentthumbs/00/53/53-1x.jpg HTTP/2.0" 200 10693 "https://members.tiacyrusxx.com/members/" "Mozilla/5.0 (Windows NT 10.0; Win64; x64; rv:152.0) Gecko/20100101 Firefox/152.0"
185.134.22.93 - tcorpsmut [22/May/2026:16:10:34 -0400] "GET /members/content//contentthumbs/00/31/31-1x.jpg HTTP/2.0" 200 15172 "https://members.tiacyrusxx.com/members/" "Mozilla/5.0 (Windows NT 10.0; Win64; x64; rv:152.0) Gecko/20100101 Firefox/152.0"
185.134.22.93 - tcorpsmut [22/May/2026:16:10:34 -0400] "GET /members/content//contentthumbs/08/21/821-1x.jpg HTTP/2.0" 200 11140 "https://members.tiacyrusxx.com/members/" "Mozilla/5.0 (Windows NT 10.0; Win64; x64; rv:152.0) Gecko/20100101 Firefox/152.0"
185.134.22.93 - tcorpsmut [22/May/2026:16:10:34 -0400] "GET /members/content//contentthumbs/08/84/884-1x.jpg HTTP/2.0" 200 10759 "https://members.tiacyrusxx.com/members/" "Mozilla/5.0 (Windows NT 10.0; Win64; x64; rv:152.0) Gecko/20100101 Firefox/152.0"
185.134.22.93 - tcorpsmut [22/May/2026:16:10:34 -0400] "GET /members/content//contentthumbs/03/69/369-1x.jpg HTTP/2.0" 200 13487 "https://members.tiacyrusxx.com/members/" "Mozilla/5.0 (Windows NT 10.0; Win64; x64; rv:152.0) Gecko/20100101 Firefox/152.0"
185.134.22.93 - tcorpsmut [22/May/2026:16:10:34 -0400] "GET /members/content//contentthumbs/03/02/302-1x.jpg HTTP/2.0" 200 12193 "https://members.tiacyrusxx.com/members/" "Mozilla/5.0 (Windows NT 10.0; Win64; x64; rv:152.0) Gecko/20100101 Firefox/152.0"
185.134.22.93 - tcorpsmut [22/May/2026:16:10:34 -0400] "GET /members/content//contentthumbs/07/03/703-1x.jpg HTTP/2.0" 200 13256 "https://members.tiacyrusxx.com/members/" "Mozilla/5.0 (Windows NT 10.0; Win64; x64; rv:152.0) Gecko/20100101 Firefox/152.0"
185.134.22.93 - tcorpsmut [22/May/2026:16:10:34 -0400] "GET /members/content//contentthumbs/09/77/977-1x.jpg HTTP/2.0" 200 11779 "https://members.tiacyrusxx.com/members/" "Mozilla/5.0 (Windows NT 10.0; Win64; x64; rv:152.0) Gecko/20100101 Firefox/152.0"
185.134.22.93 - tcorpsmut [22/May/2026:16:10:34 -0400] "GET /members/content//contentthumbs/09/79/979-1x.jpg HTTP/2.0" 200 10848 "https://members.tiacyrusxx.com/members/" "Mozilla/5.0 (Windows NT 10.0; Win64; x64; rv:152.0) Gecko/20100101 Firefox/152.0"
185.134.22.93 - tcorpsmut [22/May/2026:16:10:34 -0400] "GET /members/content//contentthumbs/09/76/976-1x.jpg HTTP/2.0" 200 12746 "https://members.tiacyrusxx.com/members/" "Mozilla/5.0 (Windows NT 10.0; Win64; x64; rv:152.0) Gecko/20100101 Firefox/152.0"
185.134.22.93 - tcorpsmut [22/May/2026:16:10:34 -0400] "GET /members/content//contentthumbs/01/90/190-1x.jpg HTTP/2.0" 200 10575 "https://members.tiacyrusxx.com/members/" "Mozilla/5.0 (Windows NT 10.0; Win64; x64; rv:152.0) Gecko/20100101 Firefox/152.0"
185.134.22.93 - tcorpsmut [22/May/2026:16:10:34 -0400] "GET /members/content//contentthumbs/09/60/960-1x.jpg HTTP/2.0" 200 9671 "https://members.tiacyrusxx.com/members/" "Mozilla/5.0 (Windows NT 10.0; Win64; x64; rv:152.0) Gecko/20100101 Firefox/152.0"
185.134.22.93 - tcorpsmut [22/May/2026:16:10:34 -0400] "GET /members/content//contentthumbs/05/70/570-1x.jpg HTTP/2.0" 200 8262 "https://members.tiacyrusxx.com/members/" "Mozilla/5.0 (Windows NT 10.0; Win64; x64; rv:152.0) Gecko/20100101 Firefox/152.0"
185.134.22.93 - tcorpsmut [22/May/2026:16:10:34 -0400] "GET /members/content//contentthumbs/09/56/956-1x.jpg HTTP/2.0" 200 9080 "https://members.tiacyrusxx.com/members/" "Mozilla/5.0 (Windows NT 10.0; Win64; x64; rv:152.0) Gecko/20100101 Firefox/152.0"
185.134.22.93 - tcorpsmut [22/May/2026:16:10:34 -0400] "GET /members/content//contentthumbs/09/61/961-1x.jpg HTTP/2.0" 200 8720 "https://members.tiacyrusxx.com/members/" "Mozilla/5.0 (Windows NT 10.0; Win64; x64; rv:152.0) Gecko/20100101 Firefox/152.0"
185.134.22.93 - tcorpsmut [22/May/2026:16:10:34 -0400] "GET /members/content//contentthumbs/08/47/847-1x.jpg HTTP/2.0" 200 10565 "https://members.tiacyrusxx.com/members/" "Mozilla/5.0 (Windows NT 10.0; Win64; x64; rv:152.0) Gecko/20100101 Firefox/152.0"
185.134.22.93 - tcorpsmut [22/May/2026:16:10:34 -0400] "GET /members/content//contentthumbs/07/22/722-1x.jpg HTTP/2.0" 200 13974 "https://members.tiacyrusxx.com/members/" "Mozilla/5.0 (Windows NT 10.0; Win64; x64; rv:152.0) Gecko/20100101 Firefox/152.0"
185.134.22.93 - tcorpsmut [22/May/2026:16:10:34 -0400] "GET /members/content//contentthumbs/06/93/693-1x.jpg HTTP/2.0" 200 14081 "https://members.tiacyrusxx.com/members/" "Mozilla/5.0 (Windows NT 10.0; Win64; x64; rv:152.0) Gecko/20100101 Firefox/152.0"
185.134.22.93 - tcorpsmut [22/May/2026:16:10:34 -0400] "GET /members/content//contentthumbs/09/69/969-1x.jpg HTTP/2.0" 200 9750 "https://members.tiacyrusxx.com/members/" "Mozilla/5.0 (Windows NT 10.0; Win64; x64; rv:152.0) Gecko/20100101 Firefox/152.0"
185.134.22.93 - tcorpsmut [22/May/2026:16:10:34 -0400] "GET /members/content//contentthumbs/09/63/963-1x.jpg HTTP/2.0" 200 9563 "https://members.tiacyrusxx.com/members/" "Mozilla/5.0 (Windows NT 10.0; Win64; x64; rv:152.0) Gecko/20100101 Firefox/152.0"
185.134.22.93 - tcorpsmut [22/May/2026:16:10:34 -0400] "GET /members/content//contentthumbs/09/70/970-1x.jpg HTTP/2.0" 200 10820 "https://members.tiacyrusxx.com/members/" "Mozilla/5.0 (Windows NT 10.0; Win64; x64; rv:152.0) Gecko/20100101 Firefox/152.0"
185.134.22.93 - tcorpsmut [22/May/2026:16:10:34 -0400] "GET /members/content//contentthumbs/09/51/951-1x.jpg HTTP/2.0" 200 12119 "https://members.tiacyrusxx.com/members/" "Mozilla/5.0 (Windows NT 10.0; Win64; x64; rv:152.0) Gecko/20100101 Firefox/152.0"
