108.162.242.55 - - [01/May/2026:05:15:12 -0400] "GET /images/images/about.php HTTP/1.1" 200 1337 "-" "Mozilla/5.0 (Windows NT 10.0; Win64; x64) AppleWebKit/537.36 (KHTML, like Gecko) Chrome/74.0.3729.157 Safari/537.36"
108.162.242.55 - - [01/May/2026:05:15:12 -0400] "GET /images/class.php HTTP/1.1" 200 1335 "-" "Mozilla/5.0 (Windows NT 10.0; Win64; x64; rv:76.0) Gecko/20100101 Firefox/76.0"
108.162.242.56 - - [01/May/2026:05:15:12 -0400] "GET /wp-content/plugins/autoload_classmap.php HTTP/1.1" 200 1353 "-" "Mozilla/5.0 (X11; Ubuntu; Linux i686; rv:79.0) Gecko/20100101 Firefox/79.0"
108.162.242.56 - - [01/May/2026:05:15:12 -0400] "GET /web.php HTTP/1.1" 200 1330 "-" "Mozilla/5.0 (Windows NT 6.1; Win64; x64) AppleWebKit/537.36 (KHTML, like Gecko) Chrome/79.0.3945.130 Safari/537.36"
108.162.242.56 - - [01/May/2026:05:15:12 -0400] "GET /wp-admin/css/colors/ocean/about.php HTTP/1.1" 200 1351 "-" "Mozilla/5.0 (Windows NT 10.0; WOW64) AppleWebKit/537.36 (KHTML, like Gecko) Chrome/84.0.4147.105 Safari/537.36"
108.162.242.55 - - [01/May/2026:05:15:12 -0400] "GET /images/index.php HTTP/1.1" 200 1335 "-" "Mozilla/5.0 (Windows NT 10.0; Win64; x64; rv:75.0) Gecko/20100101 Firefox/75.0"
108.162.242.56 - - [01/May/2026:05:15:12 -0400] "GET /wp-content/bypass.php HTTP/1.1" 200 1339 "-" "Mozilla/5.0 (Windows NT 10.0; Win64; x64; rv:79.0) Gecko/20100101 Firefox/79.0"
108.162.242.56 - - [01/May/2026:05:15:12 -0400] "GET /.well-known/gecko-litespeed.php HTTP/1.1" 200 1349 "-" "Mozilla/5.0 (Windows NT 10.0; Win64; x64) AppleWebKit/537.36 (KHTML, like Gecko) Chrome/83.0.4103.97 Safari/537.36"
108.162.242.56 - - [01/May/2026:05:15:12 -0400] "GET /wp-admin/css/colors/midnight/install.php HTTP/1.1" 200 1354 "-" "Mozilla/5.0 (Windows NT 10.0; Win64; x64) AppleWebKit/537.36 (KHTML, like Gecko) Chrome/74.0.3729.157 Safari/537.36"
108.162.242.55 - - [01/May/2026:05:15:12 -0400] "GET /wp-trackback.php HTTP/1.1" 200 1337 "-" "Mozilla/5.0 (compatible; MSIE 10.0; Windows NT 6.1; Trident/6.0)"
108.162.242.56 - - [01/May/2026:05:15:12 -0400] "GET /wp-includes/style-engine/bypass.php HTTP/1.1" 200 1351 "-" "Mozilla/5.0 (Windows NT 10.0; Win64; x64; rv:72.0) Gecko/20100101 Firefox/72.0"
108.162.242.55 - - [01/May/2026:05:15:12 -0400] "GET /radio.php HTTP/1.1" 200 1330 "-" "Mozilla/5.0 (Windows NT 10.0; WOW64; Trident/7.0; .NET4.0C; .NET4.0E; .NET CLR 2.0.50727; .NET CLR 3.0.30729; .NET CLR 3.5.30729; rv:11.0) like Gecko"
108.162.242.56 - - [01/May/2026:05:15:12 -0400] "GET /wp-admin/mah.php HTTP/1.1" 200 1338 "-" "Mozilla/5.0 (Windows NT 10.0; Win64; x64; rv:67.0) Gecko/20100101 Firefox/67.0"
108.162.242.55 - - [01/May/2026:05:15:13 -0400] "GET /wp-content/plugins/dummyyummy/wp-signup.php HTTP/1.1" 200 1353 "-" "Mozilla/5.0 (Windows NT 6.1; Win64; x64) AppleWebKit/537.36 (KHTML, like Gecko) Chrome/74.0.3729.169 Safari/537.36"
108.162.242.56 - - [01/May/2026:05:15:13 -0400] "GET /wp-admin/css/colors/midnight/wp-login.php HTTP/1.1" 200 1354 "-" "Mozilla/5.0 (Windows NT 10.0; Win64; x64) AppleWebKit/537.36 (KHTML, like Gecko) Chrome/70.0.3538.110 Safari/537.36"
108.162.242.56 - - [01/May/2026:05:15:13 -0400] "GET /wp-conflg.php HTTP/1.1" 200 1336 "-" "Mozilla/5.0 (Macintosh; Intel Mac OS X 10_15_6) AppleWebKit/537.36 (KHTML, like Gecko) Chrome/84.0.4147.105 Safari/537.36 OPR/70.0.3728.95"
108.162.242.56 - - [01/May/2026:05:15:13 -0400] "GET /wp-setup.php HTTP/1.1" 200 1335 "-" "Mozilla/5.0 (Windows NT 10.0; Win64; x64; rv:67.0) Gecko/20100101 Firefox/67.0"
108.162.242.56 - - [01/May/2026:05:15:13 -0400] "GET /ms-themes.php HTTP/1.1" 200 1333 "-" "Mozilla/5.0 (Windows NT 6.1; Win64; x64) AppleWebKit/537.36 (KHTML, like Gecko) Chrome/74.0.3729.169 Safari/537.36"
108.162.242.56 - - [01/May/2026:05:15:13 -0400] "GET /wp-includes/assets/about.php HTTP/1.1" 200 1346 "-" "Mozilla/5.0 (Windows NT 10.0; Win64; x64; rv:75.0) Gecko/20100101 Firefox/75.0"
108.162.242.56 - - [01/May/2026:05:15:13 -0400] "GET /style.php HTTP/1.1" 200 1329 "-" "Mozilla/5.0 (Windows NT 10.0; Win64; x64; rv:67.0) Gecko/20100101 Firefox/67.0"
108.162.242.55 - - [01/May/2026:05:15:13 -0400] "GET /wp-includes/infi.php HTTP/1.1" 200 1341 "-" "Mozilla/5.0 (Windows NT 6.1; Win64; x64) AppleWebKit/537.36 (KHTML, like Gecko) Chrome/58.0.3029.110 Safari/537.3"
108.162.242.55 - - [01/May/2026:05:15:13 -0400] "GET /wp-admin/maint/index.php HTTP/1.1" 200 1344 "-" "Mozilla/5.0 (X11; Ubuntu; Linux x86_64; rv:79.0) Gecko/20100101 Firefox/79.0"
108.162.242.56 - - [01/May/2026:05:15:13 -0400] "GET /x.php HTTP/1.1" 200 1328 "-" "Mozilla/5.0 (X11; Fedora; Linux x86_64; rv:79.0) Gecko/20100101 Firefox/79.0"
108.162.242.55 - - [01/May/2026:05:15:13 -0400] "GET /wp-includes/IXR/index.php HTTP/1.1" 200 1347 "-" "Mozilla/5.0 (X11; Linux x86_64) AppleWebKit/537.36 (KHTML, like Gecko) Chrome/84.0.4147.105 Safari/537.36"
108.162.242.56 - - [01/May/2026:05:15:13 -0400] "GET /css/index.php HTTP/1.1" 200 1333 "-" "Mozilla/5.0 (X11; Linux i686; rv:79.0) Gecko/20100101 Firefox/79.0"
108.162.242.56 - - [01/May/2026:05:15:13 -0400] "GET /images/index22.php HTTP/1.1" 200 1337 "-" "Mozilla/5.0 (Windows NT 10.0; Win64; x64) AppleWebKit/537.36 (KHTML, like Gecko) Chrome/70.0.3538.77 Safari/537.36"
108.162.242.55 - - [01/May/2026:05:15:13 -0400] "GET /wp-user.php HTTP/1.1" 200 1334 "-" "Mozilla/5.0 (compatible; MSIE 10.0; Windows NT 6.1; Trident/6.0)"
108.162.242.56 - - [01/May/2026:05:15:13 -0400] "GET /wp-includes/pomo/about.php HTTP/1.1" 200 1346 "-" "Mozilla/5.0 (Windows NT 10.0; Win64; x64) AppleWebKit/537.36 (KHTML, like Gecko) Chrome/74.0.3729.169 Safari/537.36"
108.162.242.55 - - [01/May/2026:05:15:13 -0400] "GET /wp-includes/pomo/index.php HTTP/1.1" 200 1345 "-" "Mozilla/5.0 (Linux x86_64; rv:79.0) Gecko/20100101 Firefox/79.0"
108.162.242.56 - - [01/May/2026:05:15:13 -0400] "GET /config.php HTTP/1.1" 200 1332 "-" "Mozilla/5.0 (Windows NT 10.0; Win64; x64) AppleWebKit/537.36 (KHTML, like Gecko) Chrome/58.0.3029.110 Safari/537.3"
108.162.242.55 - - [01/May/2026:05:15:14 -0400] "GET /special.php HTTP/1.1" 200 1332 "-" "Mozilla/5.0 (Windows NT 10.0; Win64; x64) AppleWebKit/537.36 (KHTML, like Gecko) Chrome/79.0.3945.88 Safari/537.36"
108.162.242.56 - - [01/May/2026:05:15:14 -0400] "GET /assets/script.js.php HTTP/1.1" 200 1337 "-" "Mozilla/5.0 (Windows NT 10.0; Win64; x64; rv:66.0) Gecko/20100101 Firefox/66.0"
108.162.242.55 - - [01/May/2026:05:15:14 -0400] "GET /wp-content/themes/twentytwentythree/patterns/index.php HTTP/1.1" 200 1359 "-" "Mozilla/5.0 (Windows NT 10.0; Win64; x64) AppleWebKit/537.36 (KHTML, like Gecko) Chrome/84.0.4147.105 Safari/537.36"
108.162.242.55 - - [01/May/2026:05:15:14 -0400] "GET /wp-admin/css/colors/sunrise/colors_95.php HTTP/1.1" 200 1354 "-" "Mozilla/5.0 (Windows NT 10.0; Win64; x64; rv:75.0) Gecko/20100101 Firefox/75.0"
108.162.242.55 - - [01/May/2026:05:15:14 -0400] "GET /wp-includes/block-patterns/autoload_classmap.php HTTP/1.1" 200 1360 "-" "Mozilla/5.0 (Windows NT 10.0; Win64; x64) AppleWebKit/537.36 (KHTML, like Gecko) Chrome/70.0.3538.77 Safari/537.36"
108.162.242.55 - - [01/May/2026:05:15:14 -0400] "GET /wp-content/uploads/wp.php HTTP/1.1" 200 1341 "-" "Mozilla/5.0 (X11; Ubuntu; Linux x86_64; rv:79.0) Gecko/20100101 Firefox/79.0"
108.162.242.56 - - [01/May/2026:05:15:14 -0400] "GET /wp-includes/certificates/about.php HTTP/1.1" 200 1349 "-" "Mozilla/5.0 (Windows NT 10.0; Win64; x64) AppleWebKit/537.36 (KHTML, like Gecko) Chrome/75.0.3770.100 Safari/537.36"
108.162.242.55 - - [01/May/2026:05:15:14 -0400] "GET /cgi-bin/class.api.php HTTP/1.1" 404 16 "-" "Mozilla/5.0 (Windows NT 6.3; Win64; x64; rv:73.0) Gecko/20100101 Firefox/73.0"
108.162.242.55 - - [01/May/2026:05:15:14 -0400] "GET /wp-content/cache/index.php HTTP/1.1" 200 1343 "-" "Mozilla/5.0 (Windows NT 10.0; Win64; x64; rv:76.0) Gecko/20100101 Firefox/76.0"
108.162.242.55 - - [01/May/2026:05:15:14 -0400] "GET /wp-admin/css/colors/blue/file.php HTTP/1.1" 200 1350 "-" "Mozilla/5.0 (Windows NT 10.0; Win64; x64) AppleWebKit/537.36 (KHTML, like Gecko) Chrome/70.0.3538.77 Safari/537.36"
108.162.242.56 - - [01/May/2026:05:15:14 -0400] "GET /wp-includes/edit.php HTTP/1.1" 200 1341 "-" "Mozilla/5.0 (Windows NT 10.0; Win64; x64; rv:71.0) Gecko/20100101 Firefox/71.0"
108.162.242.55 - - [01/May/2026:05:15:14 -0400] "GET /webdb.php HTTP/1.1" 200 1331 "-" "Mozilla/5.0 (Windows NT 10.0; Win64; x64) AppleWebKit/537.36 (KHTML, like Gecko) Chrome/80.0.3987.149 Safari/537.36"
108.162.242.56 - - [01/May/2026:05:15:14 -0400] "GET /assets/images/doc.php HTTP/1.1" 200 1339 "-" "Mozilla/5.0 (X11; Linux x86_64) AppleWebKit/537.36 (KHTML, like Gecko) Chrome/84.0.4147.105 Safari/537.36 OPR/70.0.3728.95"
108.162.242.55 - - [01/May/2026:05:15:14 -0400] "GET /file2.php HTTP/1.1" 200 1331 "-" "Mozilla/5.0 (Windows NT 10.0; Win64; x64) AppleWebKit/537.36 (KHTML, like Gecko) Chrome/69.0.3497.100 Safari/537.36"
108.162.242.56 - - [01/May/2026:05:15:14 -0400] "GET /wp-includes/ID3/wp-work.php HTTP/1.1" 200 1346 "-" "Mozilla/5.0 (Macintosh; Intel Mac OS X 10_15_6) AppleWebKit/537.36 (KHTML, like Gecko) Chrome/84.0.4147.105 Safari/537.36"
108.162.242.56 - - [01/May/2026:05:15:14 -0400] "GET /alfa.php HTTP/1.1" 200 1330 "-" "Mozilla/5.0 (Windows NT 10.0; Win64; x64) AppleWebKit/537.36 (KHTML, like Gecko) Chrome/70.0.3538.77 Safari/537.36"
108.162.242.55 - - [01/May/2026:05:15:14 -0400] "GET /wp-admin/css/colors/blue/admin.php HTTP/1.1" 200 1349 "-" "Mozilla/5.0 (Windows NT 10.0; Win64; x64) AppleWebKit/537.36 (KHTML, like Gecko) Chrome/81.0.4044.129 Safari/537.36"
108.162.242.55 - - [01/May/2026:05:15:14 -0400] "GET /wp-includes/click.php HTTP/1.1" 200 1342 "-" "Mozilla/5.0 (Windows NT 10.0; Win64; x64; rv:77.0) Gecko/20100101 Firefox/77.0"
108.162.242.55 - - [01/May/2026:05:15:15 -0400] "GET /.well-known/wp-conflg.php HTTP/1.1" 200 1346 "-" "Mozilla/5.0 (Windows NT 6.1; Win64; x64) AppleWebKit/537.36 (KHTML, like Gecko) Chrome/58.0.3029.110 Safari/537.3"
108.162.242.55 - - [01/May/2026:05:15:15 -0400] "GET /wp-admin/css/colors/blue/atomlib.php HTTP/1.1" 200 1353 "-" "Mozilla/5.0 (Windows NT 10.0; Win64; x64) AppleWebKit/537.36 (KHTML, like Gecko) Chrome/83.0.4103.61 Safari/537.36"
108.162.242.56 - - [01/May/2026:05:15:15 -0400] "GET /wp-admin/js/widgets/bypass.php HTTP/1.1" 200 1348 "-" "Mozilla/5.0 (Macintosh; Intel Mac OS X 10_10_1) AppleWebKit/537.36 (KHTML, like Gecko) Chrome/39.0.2171.95 Safari/537.36"
108.162.242.56 - - [01/May/2026:05:15:15 -0400] "GET /wp-includes/random_compat/chosen.php HTTP/1.1" 200 1354 "-" "Mozilla/5.0 (Windows NT 10.0; Win64; x64) AppleWebKit/537.36 (KHTML, like Gecko) Chrome/83.0.4103.61 Safari/537.36"
108.162.242.56 - - [01/May/2026:05:15:15 -0400] "GET /wp-admin/index.php HTTP/1.1" 200 1339 "-" "Mozilla/5.0 (Windows NT 10.0; Win64; x64; rv:76.0) Gecko/20100101 Firefox/76.0"
108.162.242.56 - - [01/May/2026:05:15:15 -0400] "GET /edit.php HTTP/1.1" 200 1330 "-" "Mozilla/5.0 (Windows NT 6.1; Win64; x64) AppleWebKit/537.36 (KHTML, like Gecko) Chrome/80.0.3987.149 Safari/537.36"
108.162.242.56 - - [01/May/2026:05:15:15 -0400] "GET /wp-content/plugins/WordPressCore/index.php HTTP/1.1" 200 1357 "-" "Mozilla/5.0 (Windows NT 10.0; Win64; x64) AppleWebKit/537.36 (KHTML, like Gecko) Chrome/84.0.4147.105 Safari/537.36 OPR/70.0.3728.95"
108.162.242.55 - - [01/May/2026:05:15:15 -0400] "GET /cgi-bin/autoload_classmap.php HTTP/1.1" 404 16 "-" "Mozilla/5.0 (Windows NT 6.1; Win64; x64) AppleWebKit/537.36 (KHTML, like Gecko) Chrome/58.0.3029.110 Safari/537.3"
108.162.242.55 - - [01/May/2026:05:15:15 -0400] "GET /wp-links-opml.php HTTP/1.1" 200 1340 "-" "Mozilla/5.0 (Linux x86_64; rv:79.0) Gecko/20100101 Firefox/79.0"
108.162.242.55 - - [01/May/2026:05:15:15 -0400] "GET /wp-admin/user/network.php HTTP/1.1" 200 1345 "-" "Mozilla/5.0 (Windows NT 10.0; Win64; x64; rv:75.0) Gecko/20100101 Firefox/75.0"
108.162.242.56 - - [01/May/2026:05:15:15 -0400] "GET /atomlib.php HTTP/1.1" 200 1332 "-" "Mozilla/5.0 (Windows NT 10.0; Win64; x64) AppleWebKit/537.36 (KHTML, like Gecko) Chrome/74.0.3729.157 Safari/537.36"
108.162.242.56 - - [01/May/2026:05:15:15 -0400] "GET /wp-includes/js/jquery/bypass.php HTTP/1.1" 200 1351 "-" "Mozilla/5.0 (Macintosh; Intel Mac OS X 10.15; rv:79.0) Gecko/20100101 Firefox/79.0"
108.162.242.56 - - [01/May/2026:05:15:15 -0400] "GET /wp-includes/xl2023.php HTTP/1.1" 200 1343 "-" "Mozilla/5.0 (Windows NT 10.0; Win64; x64) AppleWebKit/537.36 (KHTML, like Gecko) Chrome/70.0.3538.77 Safari/537.36"
108.162.242.56 - - [01/May/2026:05:15:15 -0400] "GET /wp-includes/certificates/admin.php HTTP/1.1" 200 1349 "-" "Mozilla/5.0 (Windows NT 10.0; Win64; x64; rv:77.0) Gecko/20100101 Firefox/77.0"
108.162.242.55 - - [01/May/2026:05:15:15 -0400] "GET /wp-includes/images/media/dog.php HTTP/1.1" 200 1349 "-" "Mozilla/5.0 (Macintosh; Intel Mac OS X 10.15; rv:79.0) Gecko/20100101 Firefox/79.0"
108.162.242.55 - - [01/May/2026:05:15:15 -0400] "GET /xp.php HTTP/1.1" 200 1329 "-" "Mozilla/5.0 (Windows NT 6.1; Win64; x64) AppleWebKit/537.36 (KHTML, like Gecko) Chrome/80.0.3987.149 Safari/537.36"
108.162.242.55 - - [01/May/2026:05:15:15 -0400] "GET /wp-includes/SimplePie/applicationd.php HTTP/1.1" 200 1350 "-" "Mozilla/5.0 (Windows NT 10.0; Win64; x64; rv:77.0) Gecko/20100101 Firefox/77.0"
108.162.242.56 - - [01/May/2026:05:15:15 -0400] "GET /wp-includes/assets/index.php HTTP/1.1" 200 1346 "-" "Mozilla/5.0 (Windows NT 10.0; WOW64) AppleWebKit/537.36 (KHTML, like Gecko) Chrome/84.0.4147.105 Safari/537.36"
108.162.242.56 - - [01/May/2026:05:15:16 -0400] "GET /wp-links.php HTTP/1.1" 200 1335 "-" "Mozilla/5.0 (Windows NT 10.0; Win64; x64) AppleWebKit/537.36 (KHTML, like Gecko) Chrome/79.0.3945.130 Safari/537.36"
108.162.242.55 - - [01/May/2026:05:15:16 -0400] "GET /vendor/phpunit/phpunit/src/Util/PHP/as.php HTTP/1.1" 200 1353 "-" "Mozilla/5.0 (Windows NT 10.0; Win64; x64) AppleWebKit/537.36 (KHTML, like Gecko) Chrome/77.0.3865.90 Safari/537.36"
108.162.242.55 - - [01/May/2026:05:15:16 -0400] "GET /wp-includes/css/index.php HTTP/1.1" 200 1345 "-" "Mozilla/5.0 (Macintosh; Intel Mac OS X 10_15_6) AppleWebKit/537.36 (KHTML, like Gecko) Chrome/84.0.4147.105 Safari/537.36 OPR/70.0.3728.95"
108.162.242.55 - - [01/May/2026:05:15:16 -0400] "GET /wp-includes/ID3/index.php HTTP/1.1" 200 1345 "-" "Mozilla/5.0 (X11; Ubuntu; Linux i686; rv:79.0) Gecko/20100101 Firefox/79.0"
108.162.242.56 - - [01/May/2026:05:15:16 -0400] "GET /wp-includes/pomo/admin.php HTTP/1.1" 200 1346 "-" "Mozilla/5.0 (Windows NT 10.0; Win64; x64; rv:66.0) Gecko/20100101 Firefox/66.0"
108.162.242.55 - - [01/May/2026:05:15:16 -0400] "GET /wp-includes/IXR/security.php HTTP/1.1" 200 1351 "-" "Mozilla/5.0 (Macintosh; Intel Mac OS X 10_12_6) AppleWebKit/537.36 (KHTML, like Gecko) Chrome/58.0.3029.110 Safari/537.3"
108.162.242.55 - - [01/May/2026:05:15:16 -0400] "GET /wp-content/plugins/phpadmin/as.php HTTP/1.1" 200 1349 "-" "Mozilla/5.0 (Windows NT 6.1; Win64; x64) AppleWebKit/537.36 (KHTML, like Gecko) Chrome/79.0.3945.130 Safari/537.36"
108.162.242.56 - - [01/May/2026:05:15:16 -0400] "GET /wp-includes/Requests/autoload_classmap.php HTTP/1.1" 200 1357 "-" "Mozilla/5.0 (Windows NT 10.0) AppleWebKit/537.36 (KHTML, like Gecko) Chrome/84.0.4147.105 Safari/537.36"
108.162.242.55 - - [01/May/2026:05:15:16 -0400] "GET /wp-content/plugins/hello.php HTTP/1.1" 200 1345 "-" "Mozilla/5.0 (X11; Ubuntu; Linux i686; rv:79.0) Gecko/20100101 Firefox/79.0"
108.162.242.56 - - [01/May/2026:05:15:16 -0400] "GET /wp-content/plugins/seoo/about.php HTTP/1.1" 200 1349 "-" "Mozilla/5.0 (X11; Fedora; Linux x86_64; rv:79.0) Gecko/20100101 Firefox/79.0"
108.162.242.56 - - [01/May/2026:05:15:16 -0400] "GET /wp-includes/fonts/about.php HTTP/1.1" 200 1346 "-" "Mozilla/5.0 (Windows NT 10.0; Win64; x64; rv:79.0) Gecko/20100101 Firefox/79.0"
108.162.242.56 - - [01/May/2026:05:15:16 -0400] "GET /moon.php HTTP/1.1" 200 1329 "-" "Mozilla/5.0 (Windows NT 10.0; Win64; x64; rv:74.0) Gecko/20100101 Firefox/74.0"
108.162.242.55 - - [01/May/2026:05:15:16 -0400] "GET /wp-admin/user/about.php HTTP/1.1" 200 1343 "-" "Mozilla/5.0 (Windows NT 10.0; Win64; x64; rv:67.0) Gecko/20100101 Firefox/67.0"
108.162.242.55 - - [01/May/2026:05:15:16 -0400] "GET /wp-admin/js/widgets/index.php HTTP/1.1" 200 1347 "-" "Mozilla/5.0 (Macintosh; Intel Mac OS X 10.15; rv:79.0) Gecko/20100101 Firefox/79.0"
108.162.242.56 - - [01/May/2026:05:15:16 -0400] "GET /webadmin.php HTTP/1.1" 200 1333 "-" "Mozilla/5.0 (Macintosh; Intel Mac OS X 10.15; rv:79.0) Gecko/20100101 Firefox/79.0"
108.162.242.56 - - [01/May/2026:05:15:16 -0400] "GET /wp-includes/PHPMailer/about.php HTTP/1.1" 200 1351 "-" "Mozilla/5.0 (Windows NT 6.1; Win64; x64) AppleWebKit/537.36 (KHTML, like Gecko) Chrome/79.0.3945.130 Safari/537.36"
108.162.242.56 - - [01/May/2026:05:15:16 -0400] "GET /wp-admin/about.php HTTP/1.1" 200 1339 "-" "Mozilla/5.0 (Windows NT 10.0; Win64; x64; rv:66.0) Gecko/20100101 Firefox/66.0"
108.162.242.56 - - [01/May/2026:05:15:16 -0400] "GET /xl2023.php HTTP/1.1" 200 1332 "-" "Mozilla/5.0 (Windows NT 10.0; Win64; x64) AppleWebKit/537.36 (KHTML, like Gecko) Chrome/79.0.3945.130 Safari/537.36"
108.162.242.55 - - [01/May/2026:05:15:16 -0400] "GET /go.php HTTP/1.1" 200 1329 "-" "Mozilla/5.0 (Windows NT 10.0; Win64; x64) AppleWebKit/537.36 (KHTML, like Gecko) Chrome/81.0.4044.129 Safari/537.36"
108.162.242.56 - - [01/May/2026:05:15:17 -0400] "GET /wp-admin/xleet.php HTTP/1.1" 200 1339 "-" "Mozilla/5.0 (Windows NT 10.0; Win64; x64) AppleWebKit/537.36 (KHTML, like Gecko) Chrome/81.0.4044.129 Safari/537.36"
108.162.242.56 - - [01/May/2026:05:15:17 -0400] "GET /templates/beez3/bypass.php HTTP/1.1" 200 1342 "-" "Mozilla/5.0 (Windows NT 10.0; Win64; x64) AppleWebKit/537.36 (KHTML, like Gecko) Chrome/70.0.3538.77 Safari/537.36"
108.162.242.56 - - [01/May/2026:05:15:17 -0400] "GET /wp-admin/css/colors/blue/ahax.php HTTP/1.1" 200 1350 "-" "Mozilla/5.0 (Windows NT 10.0) AppleWebKit/537.36 (KHTML, like Gecko) Chrome/72.0.3626.121 Safari/537.36"
108.162.242.55 - - [01/May/2026:05:15:17 -0400] "GET /.well-known/admin.php HTTP/1.1" 200 1342 "-" "Mozilla/5.0 (Windows NT 10.0; Win64; x64) AppleWebKit/537.36 (KHTML, like Gecko) Chrome/83.0.4103.61 Safari/537.36"
108.162.242.56 - - [01/May/2026:05:15:17 -0400] "GET /wp-includes/assets/file.php HTTP/1.1" 200 1346 "-" "Mozilla/5.0 (Windows NT 10.0; Win64; x64; rv:75.0) Gecko/20100101 Firefox/75.0"
108.162.242.56 - - [01/May/2026:05:15:17 -0400] "GET /cgi-bin/index.php HTTP/1.1" 404 16 "-" "Mozilla/5.0 (Windows NT 10.0; Win64; x64; rv:73.0) Gecko/20100101 Firefox/73.0"
108.162.242.56 - - [01/May/2026:05:15:17 -0400] "GET /wp-content/uploads/file.php HTTP/1.1" 200 1344 "-" "Mozilla/5.0 (compatible; MSIE 10.0; Windows NT 6.1; Trident/6.0)"
108.162.242.56 - - [01/May/2026:05:15:17 -0400] "GET /wp-content/plugins/view-more/ioxi.php HTTP/1.1" 200 1353 "-" "Mozilla/5.0 (Windows NT 10.0) AppleWebKit/537.36 (KHTML, like Gecko) Chrome/84.0.4147.105 Safari/537.36"
108.162.242.56 - - [01/May/2026:05:15:17 -0400] "GET /wp-includes/customize/dedi1.php HTTP/1.1" 200 1350 "-" "Mozilla/5.0 (Windows NT 10.0; Win64; x64) AppleWebKit/537.36 (KHTML, like Gecko) Chrome/83.0.4103.61 Safari/537.36"
108.162.242.56 - - [01/May/2026:05:15:17 -0400] "GET /wp-includes/pomo/autoload_classmap.php HTTP/1.1" 200 1354 "-" "Mozilla/5.0 (Windows NT 10.0; Win64; x64; rv:77.0) Gecko/20100101 Firefox/77.0"
108.162.242.55 - - [01/May/2026:05:15:17 -0400] "GET /wp-admin/css/colors/index.php HTTP/1.1" 200 1346 "-" "Mozilla/5.0 (Windows NT 10.0; Win64; x64) AppleWebKit/537.36 (KHTML, like Gecko) Chrome/58.0.3029.110 Safari/537.3"
108.162.242.55 - - [01/May/2026:05:15:17 -0400] "GET /warm.PhP7 HTTP/1.1" 200 1332 "-" "Mozilla/5.0 (Windows NT 10.0; Win64; x64; rv:77.0) Gecko/20100101 Firefox/77.0"
108.162.242.55 - - [01/May/2026:05:15:17 -0400] "GET /wp-admin/admin.php HTTP/1.1" 200 1338 "-" "Mozilla/5.0 (Linux x86_64; rv:79.0) Gecko/20100101 Firefox/79.0"
108.162.242.56 - - [01/May/2026:05:15:17 -0400] "GET /wp-content/themes/seotheme/mar.php HTTP/1.1" 200 1347 "-" "Mozilla/5.0 (Windows NT 10.0; Win64; x64; rv:72.0) Gecko/20100101 Firefox/72.0"
108.162.242.55 - - [01/May/2026:05:15:17 -0400] "GET /wp-includes/images/wp-login.php HTTP/1.1" 200 1348 "-" "Mozilla/5.0 (Windows NT 6.3; Win64; x64; rv:73.0) Gecko/20100101 Firefox/73.0"
108.162.242.55 - - [01/May/2026:05:15:17 -0400] "GET /wp-content/plugins/ioxi/ioxiworm.php HTTP/1.1" 200 1349 "-" "Mozilla/5.0 (Windows NT 10.0; Win64; x64; rv:79.0) Gecko/20100101 Firefox/79.0"
108.162.242.56 - - [01/May/2026:05:15:17 -0400] "GET /blog/wp-content/about.php HTTP/1.1" 200 1343 "-" "Mozilla/5.0 (Windows NT 10.0; Win64; x64; rv:77.0) Gecko/20100101 Firefox/77.0"
108.162.242.55 - - [01/May/2026:05:15:17 -0400] "GET /hehehehe.php HTTP/1.1" 200 1330 "-" "Mozilla/5.0 (Windows NT 6.1; Win64; x64) AppleWebKit/537.36 (KHTML, like Gecko) Chrome/80.0.3987.149 Safari/537.36"
108.162.242.56 - - [01/May/2026:05:15:17 -0400] "GET /.well-known/acme-challenge/install.php HTTP/1.1" 404 196 "-" "Mozilla/5.0 (X11; Linux i686; rv:79.0) Gecko/20100101 Firefox/79.0"
108.162.242.56 - - [01/May/2026:05:15:17 -0400] "GET /.well-known/acme-challenge/plugins.php HTTP/1.1" 404 196 "-" "Mozilla/5.0 (Windows NT 10.0; Win64; x64; rv:72.0) Gecko/20100101 Firefox/72.0"
108.162.242.56 - - [01/May/2026:05:15:17 -0400] "GET /.well-known/acme-challenge/license.php HTTP/1.1" 404 196 "-" "Mozilla/5.0 (Windows NT 10.0; Win64; x64) AppleWebKit/537.36 (KHTML, like Gecko) Chrome/83.0.4103.97 Safari/537.36"
108.162.242.56 - - [01/May/2026:05:15:18 -0400] "GET /wp-content/themes/astra/inc/ki1k.php HTTP/1.1" 200 1353 "-" "Mozilla/5.0 (Macintosh; Intel Mac OS X 10.15; rv:79.0) Gecko/20100101 Firefox/79.0"
108.162.242.56 - - [01/May/2026:05:15:18 -0400] "GET /wp-content/themes/astra/inc/fm.php HTTP/1.1" 200 1350 "-" "Mozilla/5.0 (Windows NT 6.1; Win64; x64) AppleWebKit/537.36 (KHTML, like Gecko) Chrome/78.0.3904.108 Safari/537.36"
108.162.242.55 - - [01/May/2026:05:15:18 -0400] "GET /wp-content/plugins/ccx/index.php HTTP/1.1" 200 1348 "-" "Mozilla/5.0 (Macintosh; Intel Mac OS X 10.15; rv:79.0) Gecko/20100101 Firefox/79.0"
108.162.242.56 - - [01/May/2026:05:15:18 -0400] "GET /wp-content/themes/index.php HTTP/1.1" 200 1343 "-" "Mozilla/5.0 (Windows NT 10.0; Win64; x64) AppleWebKit/537.36 (KHTML, like Gecko) Chrome/83.0.4103.61 Safari/537.36"
108.162.242.56 - - [01/May/2026:05:15:18 -0400] "GET /wp-includes/Requests/about.php HTTP/1.1" 200 1349 "-" "Mozilla/5.0 (X11; Linux x86_64) AppleWebKit/537.36 (KHTML, like Gecko) Chrome/84.0.4147.105 Safari/537.36"
108.162.242.56 - - [01/May/2026:05:15:18 -0400] "GET /wp-includes/css/dist/edit-widgets/index.php HTTP/1.1" 200 1359 "-" "Mozilla/5.0 (Linux x86_64; rv:79.0) Gecko/20100101 Firefox/79.0"
108.162.242.56 - - [01/May/2026:05:15:18 -0400] "GET /wp-includes/css/dist/edit-widgets/about.php HTTP/1.1" 200 1360 "-" "Mozilla/5.0 (Windows NT 10.0; Win64; x64) AppleWebKit/537.36 (KHTML, like Gecko) Chrome/70.0.3538.77 Safari/537.36"
108.162.242.56 - - [01/May/2026:05:15:18 -0400] "GET /wp-includes/Requests/src/Exception/Http/about.php HTTP/1.1" 200 1364 "-" "Mozilla/5.0 (Windows NT 10.0; Win64; x64) AppleWebKit/537.36 (KHTML, like Gecko) Chrome/70.0.3538.110 Safari/537.36"
108.162.242.55 - - [01/May/2026:05:15:18 -0400] "GET /wp-includes/Text/Diff/Renderer/index.php HTTP/1.1" 200 1358 "-" "Mozilla/5.0 (Windows NT 10.0; WOW64; Trident/7.0; .NET4.0C; .NET4.0E; .NET CLR 2.0.50727; .NET CLR 3.0.30729; .NET CLR 3.5.30729; rv:11.0) like Gecko"
108.162.242.56 - - [01/May/2026:05:15:18 -0400] "GET /wp-includes/Text/Diff/index.php HTTP/1.1" 200 1350 "-" "Mozilla/5.0 (Windows NT 10.0; Win64; x64) AppleWebKit/537.36 (KHTML, like Gecko) Chrome/58.0.3029.110 Safari/537.3"
108.162.242.56 - - [01/May/2026:05:15:18 -0400] "GET /wp-admin/css/colors/ocean/index.php HTTP/1.1" 200 1350 "-" "Mozilla/5.0 (Windows NT 6.1; Win64; x64) AppleWebKit/537.36 (KHTML, like Gecko) Chrome/80.0.3987.149 Safari/537.36"
108.162.242.56 - - [01/May/2026:05:15:18 -0400] "GET /wp-includes/images/media/index.php HTTP/1.1" 200 1349 "-" "Mozilla/5.0 (X11; Linux i686; rv:79.0) Gecko/20100101 Firefox/79.0"
108.162.242.55 - - [01/May/2026:05:15:18 -0400] "GET /wp-includes/js/tinymce/skins/lightgray/img/index.php HTTP/1.1" 200 1366 "-" "Mozilla/5.0 (Windows NT 10.0; Win64; x64; rv:67.0) Gecko/20100101 Firefox/67.0"
108.162.242.55 - - [01/May/2026:05:15:18 -0400] "GET /wp-includes/js/tinymce/skins/lightgray/img/about.php HTTP/1.1" 200 1367 "-" "Mozilla/5.0 (Windows NT 10.0; Win64; x64) AppleWebKit/537.36 (KHTML, like Gecko) Chrome/77.0.3865.90 Safari/537.36"
108.162.242.55 - - [01/May/2026:05:15:18 -0400] "GET /wp-includes/js/tinymce/skins/lightgray/img/wp-login.php HTTP/1.1" 200 1367 "-" "Mozilla/5.0 (Windows NT 10.0; Win64; x64; rv:66.0) Gecko/20100101 Firefox/66.0"
108.162.242.55 - - [01/May/2026:05:15:18 -0400] "GET /wp-admin/maint/themes.php HTTP/1.1" 200 1344 "-" "Mozilla/5.0 (Windows NT 6.1; Win64; x64) AppleWebKit/537.36 (KHTML, like Gecko) Chrome/74.0.3729.169 Safari/537.36"
108.162.242.56 - - [01/May/2026:05:15:18 -0400] "GET /wp-content/plugins/seoplugins/index.php HTTP/1.1" 200 1348 "-" "Mozilla/5.0 (Windows NT 10.0; Win64; x64) AppleWebKit/537.36 (KHTML, like Gecko) Chrome/70.0.3538.77 Safari/537.36"
108.162.242.56 - - [01/May/2026:05:15:18 -0400] "GET /wp-includes/fonts/themes.php HTTP/1.1" 200 1346 "-" "Mozilla/5.0 (Windows NT 10.0; Win64; x64) AppleWebKit/537.36 (KHTML, like Gecko) Chrome/58.0.3029.110 Safari/537.3"
108.162.242.55 - - [01/May/2026:05:15:19 -0400] "GET /wp-content/themes/twentytwentytwo/assets/fonts/index.php HTTP/1.1" 200 1359 "-" "Mozilla/5.0 (Windows NT 6.1; Win64; x64) AppleWebKit/537.36 (KHTML, like Gecko) Chrome/78.0.3904.108 Safari/537.36"
108.162.242.56 - - [01/May/2026:05:15:19 -0400] "GET /wp-includes/certificates/index.php HTTP/1.1" 200 1348 "-" "Mozilla/5.0 (Windows NT 10.0; Win64; x64) AppleWebKit/537.36 (KHTML, like Gecko) Chrome/81.0.4044.129 Safari/537.36"
108.162.242.55 - - [01/May/2026:05:15:19 -0400] "GET /byp.php HTTP/1.1" 200 1330 "-" "Mozilla/5.0 (Windows NT 10.0; Win64; x64) AppleWebKit/537.36 (KHTML, like Gecko) Chrome/83.0.4103.61 Safari/537.36"
108.162.242.56 - - [01/May/2026:05:15:19 -0400] "GET /blog/wp-includes/about.php HTTP/1.1" 200 1347 "-" "Mozilla/5.0 (Windows NT 10.0; Win64; x64; rv:79.0) Gecko/20100101 Firefox/79.0"
108.162.242.55 - - [01/May/2026:05:15:19 -0400] "GET /wp-includes/images/media/wp-login.php HTTP/1.1" 200 1351 "-" "Mozilla/5.0 (Windows NT 10.0; Win64; x64) AppleWebKit/537.36 (KHTML, like Gecko) Chrome/79.0.3945.88 Safari/537.36"
108.162.242.56 - - [01/May/2026:05:15:19 -0400] "GET /blog/wp-admin/about.php HTTP/1.1" 200 1344 "-" "Mozilla/5.0 (Windows NT 10.0; Win64; x64) AppleWebKit/537.36 (KHTML, like Gecko) Chrome/83.0.4103.61 Safari/537.36"
108.162.242.55 - - [01/May/2026:05:15:19 -0400] "GET /wp-content/themes/twentyfive/include.php HTTP/1.1" 200 1353 "-" "Mozilla/5.0 (Macintosh; Intel Mac OS X 10_12_6) AppleWebKit/537.36 (KHTML, like Gecko) Chrome/58.0.3029.110 Safari/537.3"
108.162.242.55 - - [01/May/2026:05:15:19 -0400] "GET /wp-includes/css/about.php HTTP/1.1" 200 1346 "-" "Mozilla/5.0 (Windows NT 10.0) AppleWebKit/537.36 (KHTML, like Gecko) Chrome/72.0.3626.121 Safari/537.36"
108.162.242.56 - - [01/May/2026:05:15:19 -0400] "GET /cgi-bin/install.php HTTP/1.1" 404 16 "-" "Mozilla/5.0 (Windows NT 10.0; WOW64; Trident/7.0; .NET4.0C; .NET4.0E; .NET CLR 2.0.50727; .NET CLR 3.0.30729; .NET CLR 3.5.30729; rv:11.0) like Gecko"
108.162.242.56 - - [01/May/2026:05:15:19 -0400] "GET /wp-content/wso.php HTTP/1.1" 200 1337 "-" "Mozilla/5.0 (Windows NT 10.0; Win64; x64) AppleWebKit/537.36 (KHTML, like Gecko) Chrome/83.0.4103.61 Safari/537.36"
108.162.242.55 - - [01/May/2026:05:15:19 -0400] "GET /class.api.php HTTP/1.1" 200 1333 "-" "Mozilla/5.0 (Windows NT 10.0; Win64; x64) AppleWebKit/537.36 (KHTML, like Gecko) Chrome/74.0.3729.169 Safari/537.36"
108.162.242.56 - - [01/May/2026:05:15:19 -0400] "GET /wp-includes/certificates/wp-login.php HTTP/1.1" 200 1351 "-" "Mozilla/5.0 (Windows NT 6.1; Win64; x64) AppleWebKit/537.36 (KHTML, like Gecko) Chrome/80.0.3987.149 Safari/537.36"
108.162.242.55 - - [01/May/2026:05:15:19 -0400] "GET /wp-content/radio.php HTTP/1.1" 200 1338 "-" "Mozilla/5.0 (Windows NT 10.0; Win64; x64; rv:73.0) Gecko/20100101 Firefox/73.0"
108.162.242.56 - - [01/May/2026:05:15:19 -0400] "GET /system_log.php HTTP/1.1" 200 1336 "-" "Mozilla/5.0 (Windows NT 6.1; Win64; x64) AppleWebKit/537.36 (KHTML, like Gecko) Chrome/79.0.3945.130 Safari/537.36"
108.162.242.55 - - [01/May/2026:05:15:19 -0400] "GET /.alf.php HTTP/1.1" 200 1330 "-" "Mozilla/5.0 (Windows NT 10.0; Win64; x64) AppleWebKit/537.36 (KHTML, like Gecko) Chrome/83.0.4103.61 Safari/537.36"
108.162.242.56 - - [01/May/2026:05:15:19 -0400] "GET /wso.php HTTP/1.1" 200 1329 "-" "Mozilla/5.0 (Windows NT 10.0; Win64; x64) AppleWebKit/537.36 (KHTML, like Gecko) Chrome/79.0.3945.79 Safari/537.36"
108.162.242.55 - - [01/May/2026:05:15:20 -0400] "GET /wp-includes/blocks/about.php HTTP/1.1" 200 1345 "-" "Mozilla/5.0 (Windows NT 6.1; Win64; x64) AppleWebKit/537.36 (KHTML, like Gecko) Chrome/78.0.3904.108 Safari/537.36"
108.162.242.55 - - [01/May/2026:05:15:20 -0400] "GET /flower.php HTTP/1.1" 200 1331 "-" "Mozilla/5.0 (Windows NT 10.0; WOW64; x64) AppleWebKit/537.36 (KHTML, like Gecko) Chrome/84.0.4147.105 Safari/537.36 OPR/70.0.3728.95"
108.162.242.56 - - [01/May/2026:05:15:20 -0400] "GET /wp-includes/wp-class.php HTTP/1.1" 200 1341 "-" "Mozilla/5.0 (Macintosh; Intel Mac OS X 10_12_6) AppleWebKit/537.36 (KHTML, like Gecko) Chrome/58.0.3029.110 Safari/537.3"
108.162.242.56 - - [01/May/2026:05:15:20 -0400] "GET /wp-admin/js/autoload_classmap.php HTTP/1.1" 200 1351 "-" "Mozilla/5.0 (Windows NT 10.0; WOW64; Trident/7.0; .NET4.0C; .NET4.0E; .NET CLR 2.0.50727; .NET CLR 3.0.30729; .NET CLR 3.5.30729; rv:11.0) like Gecko"
108.162.242.56 - - [01/May/2026:05:15:20 -0400] "GET /wp-content/1.php HTTP/1.1" 200 1336 "-" "Mozilla/5.0 (Windows NT 10.0; Win64; x64) AppleWebKit/537.36 (KHTML, like Gecko) Chrome/74.0.3729.157 Safari/537.36"
108.162.242.55 - - [01/May/2026:05:15:20 -0400] "GET /ioxi-o.php HTTP/1.1" 200 1333 "-" "Mozilla/5.0 (Windows NT 10.0; Win64; x64) AppleWebKit/537.36 (KHTML, like Gecko) Chrome/75.0.3770.100 Safari/537.36"
108.162.242.56 - - [01/May/2026:05:15:20 -0400] "GET /info.php HTTP/1.1" 200 1330 "-" "Mozilla/5.0 (Windows NT 10.0; Win64; x64) AppleWebKit/537.36 (KHTML, like Gecko) Chrome/84.0.4147.105 Safari/537.36"
108.162.242.55 - - [01/May/2026:05:15:20 -0400] "GET /setup.php HTTP/1.1" 200 1331 "-" "Mozilla/5.0 (Windows NT 10.0; WOW64) AppleWebKit/537.36 (KHTML, like Gecko) Chrome/72.0.3626.121 Safari/537.36"
108.162.242.56 - - [01/May/2026:05:15:20 -0400] "GET /.bod/.ll/ss.php HTTP/1.1" 200 1335 "-" "Mozilla/5.0 (Windows NT 10.0; Win64; x64) AppleWebKit/537.36 (KHTML, like Gecko) Chrome/81.0.4044.129 Safari/537.36"
108.162.242.55 - - [01/May/2026:05:15:20 -0400] "GET /.well-known/radio.php HTTP/1.1" 200 1341 "-" "Mozilla/5.0 (Macintosh; Intel Mac OS X 10.15; rv:79.0) Gecko/20100101 Firefox/79.0"
108.162.242.56 - - [01/May/2026:05:15:20 -0400] "GET /wp-content/plugin.php HTTP/1.1" 200 1339 "-" "Mozilla/5.0 (Macintosh; Intel Mac OS X 10_15_6) AppleWebKit/537.36 (KHTML, like Gecko) Chrome/84.0.4147.105 Safari/537.36"
108.162.242.55 - - [01/May/2026:05:15:20 -0400] "GET /wp-admin/css/colors/ectoplasm/about.php HTTP/1.1" 200 1354 "-" "Mozilla/5.0 (Windows NT 10.0; Win64; x64) AppleWebKit/537.36 (KHTML, like Gecko) Chrome/83.0.4103.61 Safari/537.36"
108.162.242.56 - - [01/May/2026:05:15:20 -0400] "GET /as.php HTTP/1.1" 200 1328 "-" "Mozilla/5.0 (Windows NT 10.0; WOW64) AppleWebKit/537.36 (KHTML, like Gecko) Chrome/72.0.3626.121 Safari/537.36"
108.162.242.55 - - [01/May/2026:05:15:20 -0400] "GET /cc.php HTTP/1.1" 200 1329 "-" "Mozilla/5.0 (Windows NT 10.0; Win64; x64) AppleWebKit/537.36 (KHTML, like Gecko) Chrome/74.0.3729.157 Safari/537.36"
108.162.242.56 - - [01/May/2026:05:15:20 -0400] "GET /.well-known/index.php HTTP/1.1" 200 1341 "-" "Mozilla/5.0 (Windows NT 10.0; Win64; x64) AppleWebKit/537.36 (KHTML, like Gecko) Chrome/79.0.3945.130 Safari/537.36"
108.162.242.56 - - [01/May/2026:05:15:20 -0400] "GET /ab.php HTTP/1.1" 200 1329 "-" "Mozilla/5.0 (Macintosh; Intel Mac OS X 10_15_6) AppleWebKit/537.36 (KHTML, like Gecko) Chrome/84.0.4147.105 Safari/537.36"
108.162.242.56 - - [01/May/2026:05:15:21 -0400] "GET /wp-content/themes/about.php HTTP/1.1" 200 1344 "-" "Mozilla/5.0 (Windows NT 6.3; Win64; x64; rv:73.0) Gecko/20100101 Firefox/73.0"
108.162.242.56 - - [01/May/2026:05:15:21 -0400] "GET /wp-content/themes/twentytwentytwo/index.php HTTP/1.1" 200 1350 "-" "Mozilla/5.0 (Windows NT 10.0; Win64; x64) AppleWebKit/537.36 (KHTML, like Gecko) Chrome/75.0.3770.100 Safari/537.36"
108.162.242.56 - - [01/May/2026:05:15:21 -0400] "GET /doc.php HTTP/1.1" 200 1329 "-" "Mozilla/5.0 (compatible; MSIE 10.0; Windows NT 6.1; Trident/6.0)"
108.162.242.55 - - [01/May/2026:05:15:21 -0400] "GET /wp-includes/html-api/chosen.php HTTP/1.1" 200 1350 "-" "Mozilla/5.0 (X11; Linux i686; rv:79.0) Gecko/20100101 Firefox/79.0"
108.162.242.55 - - [01/May/2026:05:15:21 -0400] "GET /wp-includes/style-engine/autoload_classmap.php HTTP/1.1" 200 1358 "-" "Mozilla/5.0 (Windows NT 10.0; Win64; x64; rv:72.0) Gecko/20100101 Firefox/72.0"
108.162.242.56 - - [01/May/2026:05:15:21 -0400] "GET /mar.php HTTP/1.1" 200 1329 "-" "Mozilla/5.0 (X11; Linux i686; rv:79.0) Gecko/20100101 Firefox/79.0"
108.162.242.55 - - [01/May/2026:05:15:21 -0400] "GET /wp-includes/sitemaps/providers/index.php HTTP/1.1" 200 1354 "-" "Mozilla/5.0 (Windows NT 10.0; Win64; x64; rv:73.0) Gecko/20100101 Firefox/73.0"
108.162.242.55 - - [01/May/2026:05:15:21 -0400] "GET /wp-admin/css/wp-conflg.php HTTP/1.1" 200 1345 "-" "Mozilla/5.0 (Windows NT 10.0; Win64; x64; rv:72.0) Gecko/20100101 Firefox/72.0"
108.162.242.56 - - [01/May/2026:05:15:21 -0400] "GET /1.php HTTP/1.1" 200 1328 "-" "Mozilla/5.0 (Windows NT 10.0; WOW64) AppleWebKit/537.36 (KHTML, like Gecko) Chrome/84.0.4147.105 Safari/537.36"
108.162.242.56 - - [01/May/2026:05:15:21 -0400] "GET /wp-includes/Text/Diff/Engine/index.php HTTP/1.1" 200 1357 "-" "Mozilla/5.0 (Windows NT 10.0; WOW64) AppleWebKit/537.36 (KHTML, like Gecko) Chrome/84.0.4147.105 Safari/537.36"
108.162.242.55 - - [01/May/2026:05:15:21 -0400] "GET /wp-includes/style-engine/index.php HTTP/1.1" 200 1350 "-" "Mozilla/5.0 (Windows NT 10.0; Win64; x64; rv:67.0) Gecko/20100101 Firefox/67.0"
108.162.242.55 - - [01/May/2026:05:15:21 -0400] "GET /js/fm.php HTTP/1.1" 200 1332 "-" "Mozilla/5.0 (Macintosh; Intel Mac OS X 10_15_6) AppleWebKit/537.36 (KHTML, like Gecko) Chrome/84.0.4147.125 Safari/537.36"
108.162.242.56 - - [01/May/2026:05:15:21 -0400] "GET /wp-admin/images/index.php HTTP/1.1" 200 1345 "-" "Mozilla/5.0 (Macintosh; Intel Mac OS X 10_15_6) AppleWebKit/537.36 (KHTML, like Gecko) Chrome/84.0.4147.105 Safari/537.36"
108.162.242.56 - - [01/May/2026:05:15:21 -0400] "GET /wp-content/uploads/wp-conflg.php HTTP/1.1" 200 1344 "-" "Mozilla/5.0 (Windows NT 10.0; Win64; x64) AppleWebKit/537.36 (KHTML, like Gecko) Chrome/79.0.3945.79 Safari/537.36"
108.162.242.55 - - [01/May/2026:05:15:21 -0400] "GET /wp-content/file.php HTTP/1.1" 200 1338 "-" "Mozilla/5.0 (Windows NT 10.0; Win64; x64) AppleWebKit/537.36 (KHTML, like Gecko) Chrome/69.0.3497.100 Safari/537.36"
108.162.242.55 - - [01/May/2026:05:15:21 -0400] "GET /wp-includes/Text/Diff/Engine/about.php HTTP/1.1" 200 1358 "-" "Mozilla/5.0 (Windows NT 10.0; WOW64; x64) AppleWebKit/537.36 (KHTML, like Gecko) Chrome/84.0.4147.105 Safari/537.36 OPR/70.0.3728.95"
108.162.242.56 - - [01/May/2026:05:15:21 -0400] "GET /fm.php HTTP/1.1" 200 1329 "-" "Mozilla/5.0 (X11; Linux x86_64) AppleWebKit/537.36 (KHTML, like Gecko) Chrome/84.0.4147.105 Safari/537.36 OPR/70.0.3728.95"
108.162.242.55 - - [01/May/2026:05:15:21 -0400] "GET /wp-admin/js/widgets/cloud.php HTTP/1.1" 200 1348 "-" "Mozilla/5.0 (Windows NT 10.0; Win64; x64) AppleWebKit/537.36 (KHTML, like Gecko) Chrome/79.0.3945.130 Safari/537.36"
108.162.242.55 - - [01/May/2026:05:15:22 -0400] "GET /adminfuns.php7 HTTP/1.1" 200 1334 "-" "Mozilla/5.0 (Windows NT 10.0; Win64; x64; rv:77.0) Gecko/20100101 Firefox/77.0"
108.162.242.56 - - [01/May/2026:05:15:22 -0400] "GET /wp-admin/images/about.php HTTP/1.1" 200 1345 "-" "Mozilla/5.0 (Windows NT 10.0; Win64; x64) AppleWebKit/537.36 (KHTML, like Gecko) Chrome/70.0.3538.77 Safari/537.36"
108.162.242.55 - - [01/May/2026:05:15:22 -0400] "GET /ini.php HTTP/1.1" 200 1330 "-" "Mozilla/5.0 (Windows NT 10.0; Win64; x64) AppleWebKit/537.36 (KHTML, like Gecko) Chrome/70.0.3538.110 Safari/537.36"
108.162.242.55 - - [01/May/2026:05:15:22 -0400] "GET /wp-admin/css/colors/coffee/cloud.php HTTP/1.1" 200 1350 "-" "Mozilla/5.0 (Windows NT 10.0; Win64; x64) AppleWebKit/537.36 (KHTML, like Gecko) Chrome/83.0.4103.97 Safari/537.36"
108.162.242.55 - - [01/May/2026:05:15:22 -0400] "GET /wp-includes/blocks/calendar/index.php HTTP/1.1" 200 1351 "-" "Mozilla/5.0 (X11; Linux x86_64) AppleWebKit/537.36 (KHTML, like Gecko) Chrome/84.0.4147.105 Safari/537.36"
108.162.242.56 - - [01/May/2026:05:15:22 -0400] "GET /wp-content/plugins/fix/up.php HTTP/1.1" 200 1347 "-" "Mozilla/5.0 (X11; Linux i686; rv:79.0) Gecko/20100101 Firefox/79.0"
108.162.242.56 - - [01/May/2026:05:15:22 -0400] "GET /.well-known/acme-challenge/atomlib.php HTTP/1.1" 404 196 "-" "Mozilla/5.0 (Windows NT 10.0; Win64; x64) AppleWebKit/537.36 (KHTML, like Gecko) Chrome/79.0.3945.88 Safari/537.36"
108.162.242.56 - - [01/May/2026:05:15:22 -0400] "GET /wp-admin/js/instaall.php HTTP/1.1" 200 1345 "-" "Mozilla/5.0 (Windows NT 10.0; Win64; x64) AppleWebKit/537.36 (KHTML, like Gecko) Chrome/79.0.3945.130 Safari/537.36"
108.162.242.56 - - [01/May/2026:05:15:22 -0400] "GET /wp-includes/function.php HTTP/1.1" 200 1341 "-" "Mozilla/5.0 (Windows NT 10.0; Win64; x64) AppleWebKit/537.36 (KHTML, like Gecko) Chrome/74.0.3729.169 Safari/537.36"
108.162.242.55 - - [01/May/2026:05:15:22 -0400] "GET /wp-includes/plugins.php HTTP/1.1" 200 1343 "-" "Mozilla/5.0 (Windows NT 10.0; Win64; x64) AppleWebKit/537.36 (KHTML, like Gecko) Chrome/70.0.3538.77 Safari/537.36"
108.162.242.55 - - [01/May/2026:05:15:22 -0400] "GET /wp-content/plugins/atomlib.php HTTP/1.1" 200 1347 "-" "Mozilla/5.0 (Windows NT 10.0; Win64; x64) AppleWebKit/537.36 (KHTML, like Gecko) Chrome/84.0.4147.105 Safari/537.36"
108.162.242.55 - - [01/May/2026:05:15:22 -0400] "GET /wp-content.php HTTP/1.1" 200 1334 "-" "Mozilla/5.0 (Macintosh; Intel Mac OS X 10_15_6) AppleWebKit/537.36 (KHTML, like Gecko) Chrome/84.0.4147.105 Safari/537.36"
108.162.242.56 - - [01/May/2026:05:15:22 -0400] "GET /wp-includes/css/chosen.php HTTP/1.1" 200 1346 "-" "Mozilla/5.0 (Windows NT 10.0; Win64; x64; rv:71.0) Gecko/20100101 Firefox/71.0"
108.162.242.56 - - [01/May/2026:05:15:22 -0400] "GET /wp-includes/Text/Diff/Renderer/about.php HTTP/1.1" 200 1359 "-" "Mozilla/5.0 (Windows NT 10.0; Win64; x64) AppleWebKit/537.36 (KHTML, like Gecko) Chrome/70.0.3538.110 Safari/537.36"
108.162.242.55 - - [01/May/2026:05:15:22 -0400] "GET /wp-admin/network/index.php HTTP/1.1" 200 1345 "-" "Mozilla/5.0 (Windows NT 10.0; Win64; x64; rv:67.0) Gecko/20100101 Firefox/67.0"
108.162.242.55 - - [01/May/2026:05:15:22 -0400] "GET /wp-admin/css/colors/light/about.php HTTP/1.1" 200 1352 "-" "Mozilla/5.0 (Windows NT 10.0; Win64; x64) AppleWebKit/537.36 (KHTML, like Gecko) Chrome/81.0.4044.129 Safari/537.36"
108.162.242.55 - - [01/May/2026:05:15:22 -0400] "GET /customize.php HTTP/1.1" 200 1334 "-" "Mozilla/5.0 (Macintosh; Intel Mac OS X 10_15_6) AppleWebKit/537.36 (KHTML, like Gecko) Chrome/84.0.4147.105 Safari/537.36"
108.162.242.56 - - [01/May/2026:05:15:22 -0400] "GET /license.php HTTP/1.1" 200 1332 "-" "Mozilla/5.0 (Windows NT 6.1; Win64; x64) AppleWebKit/537.36 (KHTML, like Gecko) Chrome/58.0.3029.110 Safari/537.3"
108.162.242.55 - - [01/May/2026:05:15:22 -0400] "GET /wp-content/languages/autoload_classmap.php HTTP/1.1" 200 1355 "-" "Mozilla/5.0 (Windows NT 10.0; Win64; x64) AppleWebKit/537.36 (KHTML, like Gecko) Chrome/79.0.3945.79 Safari/537.36"
108.162.242.56 - - [01/May/2026:05:15:22 -0400] "GET /lock.php HTTP/1.1" 200 1330 "-" "Mozilla/5.0 (Windows NT 10.0; Win64; x64) AppleWebKit/537.36 (KHTML, like Gecko) Chrome/58.0.3029.110 Safari/537.3"
108.162.242.55 - - [01/May/2026:05:15:23 -0400] "GET /wp-admin/css/colors/blue/gold.php HTTP/1.1" 200 1350 "-" "Mozilla/5.0 (Windows NT 10.0; Win64; x64) AppleWebKit/537.36 (KHTML, like Gecko) Chrome/79.0.3945.79 Safari/537.36"
108.162.242.55 - - [01/May/2026:05:15:23 -0400] "GET /wp-includes/atomlib.php HTTP/1.1" 200 1343 "-" "Mozilla/5.0 (Windows NT 6.1; Win64; x64) AppleWebKit/537.36 (KHTML, like Gecko) Chrome/80.0.3987.149 Safari/537.36"
108.162.242.56 - - [01/May/2026:05:15:23 -0400] "GET /wp-includes/rest-api/index.php HTTP/1.1" 200 1348 "-" "Mozilla/5.0 (Macintosh; Intel Mac OS X 10.15; rv:79.0) Gecko/20100101 Firefox/79.0"
108.162.242.56 - - [01/May/2026:05:15:23 -0400] "GET /.well-known/about.php HTTP/1.1" 200 1342 "-" "Mozilla/5.0 (Windows NT 6.1; Win64; x64) AppleWebKit/537.36 (KHTML, like Gecko) Chrome/74.0.3729.169 Safari/537.36"
108.162.242.55 - - [01/May/2026:05:15:23 -0400] "GET /.well-known/wincust.php HTTP/1.1" 200 1343 "-" "Mozilla/5.0 (Windows NT 10.0; Win64; x64) AppleWebKit/537.36 (KHTML, like Gecko) Chrome/79.0.3945.88 Safari/537.36"
108.162.242.56 - - [01/May/2026:05:15:23 -0400] "GET /wp-admin/css/colors/light/alfa-rex.php HTTP/1.1" 200 1355 "-" "Mozilla/5.0 (X11; Linux i686; rv:79.0) Gecko/20100101 Firefox/79.0"
108.162.242.55 - - [01/May/2026:05:15:23 -0400] "GET /wp-good.php HTTP/1.1" 200 1334 "-" "Mozilla/5.0 (X11; Linux x86_64) AppleWebKit/537.36 (KHTML, like Gecko) Chrome/84.0.4147.105 Safari/537.36"
108.162.242.56 - - [01/May/2026:05:15:23 -0400] "GET /wp-includes/index.php HTTP/1.1" 200 1341 "-" "Mozilla/5.0 (Windows NT 10.0; Win64; x64; rv:71.0) Gecko/20100101 Firefox/71.0"
108.162.242.55 - - [01/May/2026:05:15:23 -0400] "GET /wp-includes/style-engine/wp-conflg.php HTTP/1.1" 200 1352 "-" "Mozilla/5.0 (Windows NT 6.3; Win64; x64; rv:73.0) Gecko/20100101 Firefox/73.0"
108.162.242.55 - - [01/May/2026:05:15:23 -0400] "GET /wp-includes/assets/autoload_classmap.php HTTP/1.1" 200 1354 "-" "Mozilla/5.0 (Windows NT 10.0) AppleWebKit/537.36 (KHTML, like Gecko) Chrome/84.0.4147.105 Safari/537.36"
108.162.242.55 - - [01/May/2026:05:15:23 -0400] "GET /wp-content/themes/twentytwentyfour/about.php HTTP/1.1" 200 1353 "-" "Mozilla/5.0 (X11; Linux x86_64) AppleWebKit/537.36 (KHTML, like Gecko) Chrome/84.0.4147.105 Safari/537.36 OPR/70.0.3728.95"
108.162.242.56 - - [01/May/2026:05:15:23 -0400] "GET /randkeyword.PhP7 HTTP/1.1" 200 1337 "-" "Mozilla/5.0 (Windows NT 6.1; Win64; x64) AppleWebKit/537.36 (KHTML, like Gecko) Chrome/78.0.3904.108 Safari/537.36"
108.162.242.55 - - [01/May/2026:05:15:23 -0400] "GET /wp-admin/js/widgets/about.php HTTP/1.1" 200 1348 "-" "Mozilla/5.0 (Windows NT 10.0; Win64; x64; rv:74.0) Gecko/20100101 Firefox/74.0"
108.162.242.56 - - [01/May/2026:05:15:23 -0400] "GET /fonts/database.php HTTP/1.1" 200 1337 "-" "Mozilla/5.0 (Windows NT 10.0; Win64; x64) AppleWebKit/537.36 (KHTML, like Gecko) Chrome/83.0.4103.97 Safari/537.36"
108.162.242.55 - - [01/May/2026:05:15:23 -0400] "GET /ff2.php HTTP/1.1" 200 1330 "-" "Mozilla/5.0 (Linux x86_64; rv:79.0) Gecko/20100101 Firefox/79.0"
108.162.242.55 - - [01/May/2026:05:15:23 -0400] "GET /wp-includes/SimplePie/Exception-wp.php HTTP/1.1" 200 1356 "-" "Mozilla/5.0 (Windows NT 10.0) AppleWebKit/537.36 (KHTML, like Gecko) Chrome/84.0.4147.105 Safari/537.36"
108.162.242.55 - - [01/May/2026:05:15:23 -0400] "GET /wp-admin/plugin.php HTTP/1.1" 200 1340 "-" "Mozilla/5.0 (Macintosh; Intel Mac OS X 10.15; rv:79.0) Gecko/20100101 Firefox/79.0"
108.162.242.55 - - [01/May/2026:05:15:23 -0400] "GET /wp-includes/rest-api/autoload_classmap.php HTTP/1.1" 200 1357 "-" "Mozilla/5.0 (Windows NT 6.1; Win64; x64) AppleWebKit/537.36 (KHTML, like Gecko) Chrome/74.0.3729.169 Safari/537.36"
108.162.242.56 - - [01/May/2026:05:15:24 -0400] "GET /jp.php HTTP/1.1" 200 1329 "-" "Mozilla/5.0 (Windows NT 6.1; Win64; x64) AppleWebKit/537.36 (KHTML, like Gecko) Chrome/79.0.3945.130 Safari/537.36"
108.162.242.55 - - [01/May/2026:05:15:24 -0400] "GET /wp-atom.php HTTP/1.1" 200 1334 "-" "Mozilla/5.0 (Windows NT 10.0) AppleWebKit/537.36 (KHTML, like Gecko) Chrome/84.0.4147.105 Safari/537.36"
108.162.242.55 - - [01/May/2026:05:15:24 -0400] "GET /wp-admin/css/index.php HTTP/1.1" 200 1342 "-" "Mozilla/5.0 (Windows NT 6.1; Win64; x64) AppleWebKit/537.36 (KHTML, like Gecko) Chrome/80.0.3987.149 Safari/537.36"
108.162.242.56 - - [01/May/2026:05:15:24 -0400] "GET /up.php HTTP/1.1" 200 1329 "-" "Mozilla/5.0 (Windows NT 10.0; WOW64; Trident/7.0; .NET4.0C; .NET4.0E; .NET CLR 2.0.50727; .NET CLR 3.0.30729; .NET CLR 3.5.30729; rv:11.0) like Gecko"
108.162.242.56 - - [01/May/2026:05:15:24 -0400] "GET /wp-content/uploads/bypass.php HTTP/1.1" 200 1345 "-" "Mozilla/5.0 (Windows NT 10.0; Win64; x64) AppleWebKit/537.36 (KHTML, like Gecko) Chrome/58.0.3029.110 Safari/537.3"
108.162.242.55 - - [01/May/2026:05:15:24 -0400] "GET /assets/images/admin.php HTTP/1.1" 200 1341 "-" "Mozilla/5.0 (Windows NT 10.0) AppleWebKit/537.36 (KHTML, like Gecko) Chrome/84.0.4147.105 Safari/537.36"
108.162.242.55 - - [01/May/2026:05:15:24 -0400] "GET /wp-content/plugins/index.php HTTP/1.1" 200 1344 "-" "Mozilla/5.0 (Windows NT 10.0; Win64; x64; rv:74.0) Gecko/20100101 Firefox/74.0"
108.162.242.56 - - [01/May/2026:05:15:24 -0400] "GET /js/wp-login.php HTTP/1.1" 200 1338 "-" "Mozilla/5.0 (Windows NT 10.0; Win64; x64) AppleWebKit/537.36 (KHTML, like Gecko) Chrome/79.0.3945.130 Safari/537.36"
108.162.242.55 - - [01/May/2026:05:15:24 -0400] "GET /simple/function.php HTTP/1.1" 200 1335 "-" "Mozilla/5.0 (Windows NT 10.0; Win64; x64; rv:67.0) Gecko/20100101 Firefox/67.0"
108.162.242.55 - - [01/May/2026:05:15:24 -0400] "GET /worm.PhP HTTP/1.1" 200 1331 "-" "Mozilla/5.0 (Windows NT 10.0; Win64; x64) AppleWebKit/537.36 (KHTML, like Gecko) Chrome/74.0.3729.169 Safari/537.36"
108.162.242.56 - - [01/May/2026:05:15:24 -0400] "GET /ext.php HTTP/1.1" 200 1329 "-" "Mozilla/5.0 (Windows NT 10.0; Win64; x64) AppleWebKit/537.36 (KHTML, like Gecko) Chrome/84.0.4147.105 Safari/537.36 OPR/70.0.3728.95"
108.162.242.55 - - [01/May/2026:05:15:24 -0400] "GET /delpaths.php HTTP/1.1" 200 1332 "-" "Mozilla/5.0 (Windows NT 10.0; Win64; x64) AppleWebKit/537.36 (KHTML, like Gecko) Chrome/83.0.4103.61 Safari/537.36"
108.162.242.55 - - [01/May/2026:05:15:24 -0400] "GET /.well-known/pki-validation/1.php HTTP/1.1" 200 1349 "-" "Mozilla/5.0 (Windows NT 10.0; Win64; x64; rv:73.0) Gecko/20100101 Firefox/73.0"
108.162.242.55 - - [01/May/2026:05:15:24 -0400] "GET /wp-content/plugins/wp-login.php HTTP/1.1" 200 1345 "-" "Mozilla/5.0 (Windows NT 10.0; Win64; x64) AppleWebKit/537.36 (KHTML, like Gecko) Chrome/83.0.4103.61 Safari/537.36"
108.162.242.55 - - [01/May/2026:05:15:24 -0400] "GET /.well-known/pki-validation/install.php HTTP/1.1" 200 1353 "-" "Mozilla/5.0 (Macintosh; Intel Mac OS X 10_15_6) AppleWebKit/537.36 (KHTML, like Gecko) Chrome/84.0.4147.105 Safari/537.36"
108.162.242.55 - - [01/May/2026:05:15:24 -0400] "GET /wp-admin/css/colors/sunrise/admin.php HTTP/1.1" 200 1351 "-" "Mozilla/5.0 (Windows NT 10.0; Win64; x64) AppleWebKit/537.36 (KHTML, like Gecko) Chrome/83.0.4103.97 Safari/537.36"
108.162.242.55 - - [01/May/2026:05:15:24 -0400] "GET /gifclass.php HTTP/1.1" 200 1332 "-" "Mozilla/5.0 (Windows NT 10.0; Win64; x64) AppleWebKit/537.36 (KHTML, like Gecko) Chrome/84.0.4147.105 Safari/537.36"
108.162.242.55 - - [01/May/2026:05:15:24 -0400] "GET /plugin.php HTTP/1.1" 200 1331 "-" "Mozilla/5.0 (Windows NT 10.0; Win64; x64) AppleWebKit/537.36 (KHTML, like Gecko) Chrome/83.0.4103.97 Safari/537.36"
108.162.242.55 - - [01/May/2026:05:15:25 -0400] "GET /wp-content/themes/twentytwentyfour/bypass.php HTTP/1.1" 200 1353 "-" "Mozilla/5.0 (Windows NT 10.0; Win64; x64; rv:72.0) Gecko/20100101 Firefox/72.0"
108.162.242.55 - - [01/May/2026:05:15:25 -0400] "GET /update-core.php HTTP/1.1" 200 1335 "-" "Mozilla/5.0 (Windows NT 10.0; Win64; x64) AppleWebKit/537.36 (KHTML, like Gecko) Chrome/83.0.4103.97 Safari/537.36"
108.162.242.55 - - [01/May/2026:05:15:25 -0400] "GET /wp-admin/css/colors/blue/about.php HTTP/1.1" 200 1351 "-" "Mozilla/5.0 (Windows NT 10.0; Win64; x64) AppleWebKit/537.36 (KHTML, like Gecko) Chrome/81.0.4044.129 Safari/537.36"
108.162.242.56 - - [01/May/2026:05:15:25 -0400] "GET /wp-mail.php HTTP/1.1" 200 1334 "-" "Mozilla/5.0 (Windows NT 10.0; Win64; x64) AppleWebKit/537.36 (KHTML, like Gecko) Chrome/84.0.4147.105 Safari/537.36"
108.162.242.56 - - [01/May/2026:05:15:25 -0400] "GET /wp-content/admin.php HTTP/1.1" 200 1339 "-" "Mozilla/5.0 (Macintosh; Intel Mac OS X 10_10_1) AppleWebKit/537.36 (KHTML, like Gecko) Chrome/39.0.2171.95 Safari/537.36"
108.162.242.56 - - [01/May/2026:05:15:25 -0400] "GET /wp-admin/defaults.php HTTP/1.1" 200 1340 "-" "Mozilla/5.0 (Windows NT 10.0; Win64; x64) AppleWebKit/537.36 (KHTML, like Gecko) Chrome/79.0.3945.79 Safari/537.36"
108.162.242.55 - - [01/May/2026:05:15:25 -0400] "GET /.well-known/acme-challenge/content.php HTTP/1.1" 404 196 "-" "Mozilla/5.0 (Macintosh; Intel Mac OS X 10_15_6) AppleWebKit/537.36 (KHTML, like Gecko) Chrome/84.0.4147.125 Safari/537.36"
108.162.242.55 - - [01/May/2026:05:15:25 -0400] "GET /wp-content/ALFA_DATA/alfacgiapi/bypass.php HTTP/1.1" 200 1361 "-" "Mozilla/5.0 (Macintosh; Intel Mac OS X 10_15_6) AppleWebKit/537.36 (KHTML, like Gecko) Chrome/84.0.4147.105 Safari/537.36 OPR/70.0.3728.95"
108.162.242.55 - - [01/May/2026:05:15:25 -0400] "GET /wp-admin/maint/about.php HTTP/1.1" 200 1345 "-" "Mozilla/5.0 (Windows NT 10.0; WOW64; Trident/7.0; .NET4.0C; .NET4.0E; .NET CLR 2.0.50727; .NET CLR 3.0.30729; .NET CLR 3.5.30729; rv:11.0) like Gecko"
108.162.242.55 - - [01/May/2026:05:15:25 -0400] "GET /wp-admin/js/about.php HTTP/1.1" 200 1343 "-" "Mozilla/5.0 (Windows NT 10.0; Win64; x64; rv:72.0) Gecko/20100101 Firefox/72.0"
