172.70.200.141 - N21Flynn [03/May/2026:18:43:01 -0400] "GET /content//upload/PLWF_V8_hc00/480p/ts/pwf_fayeanddane2_high.0032.ts HTTP/1.1" 200 852580 "https://members.playwithfaye.com/scenes/first-time-on-the-rooftop_vids.html" "Mozilla/5.0 (Windows NT 10.0; Win64; x64; rv:150.0) Gecko/20100101 Firefox/150.0"
172.70.200.141 - N21Flynn [03/May/2026:18:43:01 -0400] "GET /content//upload/PLWF_V23_am00/720p/ts/hose4_toy.0028.ts HTTP/1.1" 200 2774880 "https://members.playwithfaye.com/scenes/alone-with-you-the-video_vids.html" "Mozilla/5.0 (Windows NT 10.0; Win64; x64; rv:150.0) Gecko/20100101 Firefox/150.0"
172.70.200.140 - N21Flynn [03/May/2026:18:43:01 -0400] "GET /content//upload/PLWF_V8_hc00/480p/ts/pwf_fayeanddane2_high.0033.ts HTTP/1.1" 200 1081752 "https://members.playwithfaye.com/scenes/first-time-on-the-rooftop_vids.html" "Mozilla/5.0 (Windows NT 10.0; Win64; x64; rv:150.0) Gecko/20100101 Firefox/150.0"
172.70.200.140 - N21Flynn [03/May/2026:18:43:01 -0400] "GET /content//upload/PLWF_V6_gl00/480p/ts/pwf_suze3198fayesolo_high.0037.ts HTTP/1.1" 200 1049040 "https://members.playwithfaye.com/scenes/smokin_vids.html" "Mozilla/5.0 (Windows NT 10.0; Win64; x64; rv:150.0) Gecko/20100101 Firefox/150.0"
172.70.200.140 - N21Flynn [03/May/2026:18:43:01 -0400] "GET /content//upload/Bedroom-Sex-hdv31397/1080p/ts/hdv31397_faye_sex.0323.ts HTTP/1.1" 200 3650960 "https://members.playwithfaye.com/scenes/Bedroom-Sex-Video_vids.html" "Mozilla/5.0 (Windows NT 10.0; Win64; x64; rv:150.0) Gecko/20100101 Firefox/150.0"
172.70.200.141 - N21Flynn [03/May/2026:18:43:01 -0400] "GET /content//upload/PLWF_V23_am00/720p/ts/hose4_toy.0029.ts HTTP/1.1" 200 2096388 "https://members.playwithfaye.com/scenes/alone-with-you-the-video_vids.html" "Mozilla/5.0 (Windows NT 10.0; Win64; x64; rv:150.0) Gecko/20100101 Firefox/150.0"
172.70.200.141 - N21Flynn [03/May/2026:18:43:01 -0400] "GET /content//upload/PLWF_V8_hc00/480p/ts/pwf_fayeanddane2_high.0034.ts HTTP/1.1" 200 1414888 "https://members.playwithfaye.com/scenes/first-time-on-the-rooftop_vids.html" "Mozilla/5.0 (Windows NT 10.0; Win64; x64; rv:150.0) Gecko/20100101 Firefox/150.0"
172.70.200.140 - N21Flynn [03/May/2026:18:43:01 -0400] "GET /content//upload/PLWF_V6_gl00/480p/ts/pwf_suze3198fayesolo_high.0038.ts HTTP/1.1" 200 1141724 "https://members.playwithfaye.com/scenes/smokin_vids.html" "Mozilla/5.0 (Windows NT 10.0; Win64; x64; rv:150.0) Gecko/20100101 Firefox/150.0"
172.70.200.141 - N21Flynn [03/May/2026:18:43:02 -0400] "GET /content//upload/Bedroom-Sex-hdv31397/1080p/ts/hdv31397_faye_sex.0324.ts HTTP/1.1" 200 3928824 "https://members.playwithfaye.com/scenes/Bedroom-Sex-Video_vids.html" "Mozilla/5.0 (Windows NT 10.0; Win64; x64; rv:150.0) Gecko/20100101 Firefox/150.0"
172.70.200.141 - N21Flynn [03/May/2026:18:43:02 -0400] "GET /content//upload/PLWF_V8_hc00/480p/ts/pwf_fayeanddane2_high.0035.ts HTTP/1.1" 200 826824 "https://members.playwithfaye.com/scenes/first-time-on-the-rooftop_vids.html" "Mozilla/5.0 (Windows NT 10.0; Win64; x64; rv:150.0) Gecko/20100101 Firefox/150.0"
172.70.200.141 - N21Flynn [03/May/2026:18:43:02 -0400] "GET /content//upload/PLWF_V6_gl00/480p/ts/pwf_suze3198fayesolo_high.0039.ts HTTP/1.1" 200 1272760 "https://members.playwithfaye.com/scenes/smokin_vids.html" "Mozilla/5.0 (Windows NT 10.0; Win64; x64; rv:150.0) Gecko/20100101 Firefox/150.0"
172.70.200.140 - N21Flynn [03/May/2026:18:43:02 -0400] "GET /content//upload/PLWF_V8_hc00/480p/ts/pwf_fayeanddane2_high.0036.ts HTTP/1.1" 200 1098860 "https://members.playwithfaye.com/scenes/first-time-on-the-rooftop_vids.html" "Mozilla/5.0 (Windows NT 10.0; Win64; x64; rv:150.0) Gecko/20100101 Firefox/150.0"
172.70.200.140 - N21Flynn [03/May/2026:18:43:02 -0400] "GET /content//upload/Bedroom-Sex-hdv31397/1080p/ts/hdv31397_faye_sex.0325.ts HTTP/1.1" 200 3858888 "https://members.playwithfaye.com/scenes/Bedroom-Sex-Video_vids.html" "Mozilla/5.0 (Windows NT 10.0; Win64; x64; rv:150.0) Gecko/20100101 Firefox/150.0"
172.70.200.140 - N21Flynn [03/May/2026:18:43:02 -0400] "GET /content//upload/PLWF_V6_gl00/480p/ts/pwf_suze3198fayesolo_high.0040.ts HTTP/1.1" 200 1248884 "https://members.playwithfaye.com/scenes/smokin_vids.html" "Mozilla/5.0 (Windows NT 10.0; Win64; x64; rv:150.0) Gecko/20100101 Firefox/150.0"
172.70.200.141 - N21Flynn [03/May/2026:18:43:02 -0400] "GET /content//upload/PLWF_V8_hc00/480p/ts/pwf_fayeanddane2_high.0037.ts HTTP/1.1" 200 1147740 "https://members.playwithfaye.com/scenes/first-time-on-the-rooftop_vids.html" "Mozilla/5.0 (Windows NT 10.0; Win64; x64; rv:150.0) Gecko/20100101 Firefox/150.0"
172.70.200.141 - N21Flynn [03/May/2026:18:43:02 -0400] "GET /content//upload/PLWF_V6_gl00/480p/ts/pwf_suze3198fayesolo_high.0041.ts HTTP/1.1" 200 1200756 "https://members.playwithfaye.com/scenes/smokin_vids.html" "Mozilla/5.0 (Windows NT 10.0; Win64; x64; rv:150.0) Gecko/20100101 Firefox/150.0"
172.70.200.140 - N21Flynn [03/May/2026:18:43:02 -0400] "GET /content//upload/Bedroom-Sex-hdv31397/1080p/ts/hdv31397_faye_sex.0326.ts HTTP/1.1" 200 3861896 "https://members.playwithfaye.com/scenes/Bedroom-Sex-Video_vids.html" "Mozilla/5.0 (Windows NT 10.0; Win64; x64; rv:150.0) Gecko/20100101 Firefox/150.0"
172.70.200.141 - N21Flynn [03/May/2026:18:43:02 -0400] "GET /content//upload/PLWF_V8_hc00/480p/ts/pwf_fayeanddane2_high.0038.ts HTTP/1.1" 200 1068028 "https://members.playwithfaye.com/scenes/first-time-on-the-rooftop_vids.html" "Mozilla/5.0 (Windows NT 10.0; Win64; x64; rv:150.0) Gecko/20100101 Firefox/150.0"
172.70.200.141 - N21Flynn [03/May/2026:18:43:03 -0400] "GET /content//upload/PLWF_V6_gl00/480p/ts/pwf_suze3198fayesolo_high.0042.ts HTTP/1.1" 200 1141536 "https://members.playwithfaye.com/scenes/smokin_vids.html" "Mozilla/5.0 (Windows NT 10.0; Win64; x64; rv:150.0) Gecko/20100101 Firefox/150.0"
172.70.200.141 - N21Flynn [03/May/2026:18:43:03 -0400] "GET /content//upload/Bedroom-Sex-hdv31397/1080p/ts/hdv31397_faye_sex.0327.ts HTTP/1.1" 200 3786508 "https://members.playwithfaye.com/scenes/Bedroom-Sex-Video_vids.html" "Mozilla/5.0 (Windows NT 10.0; Win64; x64; rv:150.0) Gecko/20100101 Firefox/150.0"
172.70.200.140 - N21Flynn [03/May/2026:18:43:03 -0400] "GET /content//upload/PLWF_V8_hc00/480p/ts/pwf_fayeanddane2_high.0039.ts HTTP/1.1" 200 1018020 "https://members.playwithfaye.com/scenes/first-time-on-the-rooftop_vids.html" "Mozilla/5.0 (Windows NT 10.0; Win64; x64; rv:150.0) Gecko/20100101 Firefox/150.0"
172.70.200.140 - N21Flynn [03/May/2026:18:43:03 -0400] "GET /content//upload/PLWF_V6_gl00/480p/ts/pwf_suze3198fayesolo_high.0043.ts HTTP/1.1" 200 1187408 "https://members.playwithfaye.com/scenes/smokin_vids.html" "Mozilla/5.0 (Windows NT 10.0; Win64; x64; rv:150.0) Gecko/20100101 Firefox/150.0"
172.70.200.140 - N21Flynn [03/May/2026:18:43:03 -0400] "GET /content//upload/PLWF_V8_hc00/480p/ts/pwf_fayeanddane2_high.0040.ts HTTP/1.1" 200 954476 "https://members.playwithfaye.com/scenes/first-time-on-the-rooftop_vids.html" "Mozilla/5.0 (Windows NT 10.0; Win64; x64; rv:150.0) Gecko/20100101 Firefox/150.0"
172.70.200.141 - N21Flynn [03/May/2026:18:43:03 -0400] "GET /content//upload/Bedroom-Sex-hdv31397/1080p/ts/hdv31397_faye_sex.0328.ts HTTP/1.1" 200 3569180 "https://members.playwithfaye.com/scenes/Bedroom-Sex-Video_vids.html" "Mozilla/5.0 (Windows NT 10.0; Win64; x64; rv:150.0) Gecko/20100101 Firefox/150.0"
172.70.200.141 - N21Flynn [03/May/2026:18:43:03 -0400] "GET /content//upload/PLWF_V6_gl00/480p/ts/pwf_suze3198fayesolo_high.0044.ts HTTP/1.1" 200 1046596 "https://members.playwithfaye.com/scenes/smokin_vids.html" "Mozilla/5.0 (Windows NT 10.0; Win64; x64; rv:150.0) Gecko/20100101 Firefox/150.0"
172.70.200.140 - N21Flynn [03/May/2026:18:43:03 -0400] "GET /content//upload/PLWF_V8_hc00/480p/ts/pwf_fayeanddane2_high.0041.ts HTTP/1.1" 200 1524116 "https://members.playwithfaye.com/scenes/first-time-on-the-rooftop_vids.html" "Mozilla/5.0 (Windows NT 10.0; Win64; x64; rv:150.0) Gecko/20100101 Firefox/150.0"
172.70.200.141 - N21Flynn [03/May/2026:18:43:03 -0400] "GET /content//upload/Bedroom-Sex-hdv31397/1080p/ts/hdv31397_faye_sex.0329.ts HTTP/1.1" 200 3374788 "https://members.playwithfaye.com/scenes/Bedroom-Sex-Video_vids.html" "Mozilla/5.0 (Windows NT 10.0; Win64; x64; rv:150.0) Gecko/20100101 Firefox/150.0"
172.70.200.141 - N21Flynn [03/May/2026:18:43:03 -0400] "GET /content//upload/PLWF_V6_gl00/480p/ts/pwf_suze3198fayesolo_high.0045.ts HTTP/1.1" 200 965756 "https://members.playwithfaye.com/scenes/smokin_vids.html" "Mozilla/5.0 (Windows NT 10.0; Win64; x64; rv:150.0) Gecko/20100101 Firefox/150.0"
172.70.200.140 - N21Flynn [03/May/2026:18:43:03 -0400] "GET /content//upload/PLWF_V8_hc00/480p/ts/pwf_fayeanddane2_high.0042.ts HTTP/1.1" 200 1138340 "https://members.playwithfaye.com/scenes/first-time-on-the-rooftop_vids.html" "Mozilla/5.0 (Windows NT 10.0; Win64; x64; rv:150.0) Gecko/20100101 Firefox/150.0"
172.70.200.141 - N21Flynn [03/May/2026:18:43:04 -0400] "GET /content//upload/PLWF_V6_gl00/480p/ts/pwf_suze3198fayesolo_high.0046.ts HTTP/1.1" 200 988316 "https://members.playwithfaye.com/scenes/smokin_vids.html" "Mozilla/5.0 (Windows NT 10.0; Win64; x64; rv:150.0) Gecko/20100101 Firefox/150.0"
172.70.200.140 - N21Flynn [03/May/2026:18:43:04 -0400] "GET /content//upload/Bedroom-Sex-hdv31397/1080p/ts/hdv31397_faye_sex.0330.ts HTTP/1.1" 200 3403552 "https://members.playwithfaye.com/scenes/Bedroom-Sex-Video_vids.html" "Mozilla/5.0 (Windows NT 10.0; Win64; x64; rv:150.0) Gecko/20100101 Firefox/150.0"
172.70.200.140 - N21Flynn [03/May/2026:18:43:04 -0400] "GET /content//upload/PLWF_V8_hc00/480p/ts/pwf_fayeanddane2_high.0043.ts HTTP/1.1" 200 1201320 "https://members.playwithfaye.com/scenes/first-time-on-the-rooftop_vids.html" "Mozilla/5.0 (Windows NT 10.0; Win64; x64; rv:150.0) Gecko/20100101 Firefox/150.0"
172.70.200.141 - N21Flynn [03/May/2026:18:43:04 -0400] "GET /content//upload/PLWF_V6_gl00/480p/ts/pwf_suze3198fayesolo_high.0047.ts HTTP/1.1" 200 1074796 "https://members.playwithfaye.com/scenes/smokin_vids.html" "Mozilla/5.0 (Windows NT 10.0; Win64; x64; rv:150.0) Gecko/20100101 Firefox/150.0"
172.70.200.141 - N21Flynn [03/May/2026:18:43:04 -0400] "GET /content//upload/PLWF_V8_hc00/480p/ts/pwf_fayeanddane2_high.0044.ts HTTP/1.1" 200 986060 "https://members.playwithfaye.com/scenes/first-time-on-the-rooftop_vids.html" "Mozilla/5.0 (Windows NT 10.0; Win64; x64; rv:150.0) Gecko/20100101 Firefox/150.0"
172.70.200.140 - N21Flynn [03/May/2026:18:43:04 -0400] "GET /content//upload/Bedroom-Sex-hdv31397/1080p/ts/hdv31397_faye_sex.0331.ts HTTP/1.1" 200 3765452 "https://members.playwithfaye.com/scenes/Bedroom-Sex-Video_vids.html" "Mozilla/5.0 (Windows NT 10.0; Win64; x64; rv:150.0) Gecko/20100101 Firefox/150.0"
172.70.200.141 - N21Flynn [03/May/2026:18:43:04 -0400] "GET /content//upload/PLWF_V6_gl00/480p/ts/pwf_suze3198fayesolo_high.0048.ts HTTP/1.1" 200 1006364 "https://members.playwithfaye.com/scenes/smokin_vids.html" "Mozilla/5.0 (Windows NT 10.0; Win64; x64; rv:150.0) Gecko/20100101 Firefox/150.0"
172.70.200.141 - N21Flynn [03/May/2026:18:43:04 -0400] "GET /content//upload/PLWF_V8_hc00/480p/ts/pwf_fayeanddane2_high.0045.ts HTTP/1.1" 200 1026856 "https://members.playwithfaye.com/scenes/first-time-on-the-rooftop_vids.html" "Mozilla/5.0 (Windows NT 10.0; Win64; x64; rv:150.0) Gecko/20100101 Firefox/150.0"
172.70.200.141 - N21Flynn [03/May/2026:18:43:04 -0400] "GET /content//upload/PLWF_V6_gl00/480p/ts/pwf_suze3198fayesolo_high.0049.ts HTTP/1.1" 200 1028548 "https://members.playwithfaye.com/scenes/smokin_vids.html" "Mozilla/5.0 (Windows NT 10.0; Win64; x64; rv:150.0) Gecko/20100101 Firefox/150.0"
172.70.200.140 - N21Flynn [03/May/2026:18:43:04 -0400] "GET /content//upload/Bedroom-Sex-hdv31397/1080p/ts/hdv31397_faye_sex.0332.ts HTTP/1.1" 200 3513344 "https://members.playwithfaye.com/scenes/Bedroom-Sex-Video_vids.html" "Mozilla/5.0 (Windows NT 10.0; Win64; x64; rv:150.0) Gecko/20100101 Firefox/150.0"
172.70.200.140 - N21Flynn [03/May/2026:18:43:04 -0400] "GET /content//upload/PLWF_V8_hc00/480p/ts/pwf_fayeanddane2_high.0046.ts HTTP/1.1" 200 924208 "https://members.playwithfaye.com/scenes/first-time-on-the-rooftop_vids.html" "Mozilla/5.0 (Windows NT 10.0; Win64; x64; rv:150.0) Gecko/20100101 Firefox/150.0"
172.70.200.140 - N21Flynn [03/May/2026:18:43:04 -0400] "GET /content//upload/Bedroom-Sex-hdv31397/1080p/ts/hdv31397_faye_sex.0333.ts HTTP/1.1" 200 3724468 "https://members.playwithfaye.com/scenes/Bedroom-Sex-Video_vids.html" "Mozilla/5.0 (Windows NT 10.0; Win64; x64; rv:150.0) Gecko/20100101 Firefox/150.0"
172.70.200.141 - N21Flynn [03/May/2026:18:43:05 -0400] "GET /content//upload/PLWF_V8_hc00/480p/ts/pwf_fayeanddane2_high.0047.ts HTTP/1.1" 200 1295884 "https://members.playwithfaye.com/scenes/first-time-on-the-rooftop_vids.html" "Mozilla/5.0 (Windows NT 10.0; Win64; x64; rv:150.0) Gecko/20100101 Firefox/150.0"
172.70.200.141 - N21Flynn [03/May/2026:18:43:05 -0400] "GET /content//upload/PLWF_V8_hc00/480p/ts/pwf_fayeanddane2_high.0048.ts HTTP/1.1" 200 1164284 "https://members.playwithfaye.com/scenes/first-time-on-the-rooftop_vids.html" "Mozilla/5.0 (Windows NT 10.0; Win64; x64; rv:150.0) Gecko/20100101 Firefox/150.0"
172.70.200.140 - N21Flynn [03/May/2026:18:43:05 -0400] "GET /content//upload/Bedroom-Sex-hdv31397/1080p/ts/hdv31397_faye_sex.0334.ts HTTP/1.1" 200 3655660 "https://members.playwithfaye.com/scenes/Bedroom-Sex-Video_vids.html" "Mozilla/5.0 (Windows NT 10.0; Win64; x64; rv:150.0) Gecko/20100101 Firefox/150.0"
172.70.200.141 - N21Flynn [03/May/2026:18:43:05 -0400] "GET /content//upload/PLWF_V8_hc00/480p/ts/pwf_fayeanddane2_high.0049.ts HTTP/1.1" 200 1135896 "https://members.playwithfaye.com/scenes/first-time-on-the-rooftop_vids.html" "Mozilla/5.0 (Windows NT 10.0; Win64; x64; rv:150.0) Gecko/20100101 Firefox/150.0"
172.70.200.141 - N21Flynn [03/May/2026:18:43:05 -0400] "GET /content//upload/Bedroom-Sex-hdv31397/1080p/ts/hdv31397_faye_sex.0335.ts HTTP/1.1" 200 3631784 "https://members.playwithfaye.com/scenes/Bedroom-Sex-Video_vids.html" "Mozilla/5.0 (Windows NT 10.0; Win64; x64; rv:150.0) Gecko/20100101 Firefox/150.0"
172.70.200.141 - N21Flynn [03/May/2026:18:43:05 -0400] "GET /content//upload/PLWF_V8_hc00/480p/ts/pwf_fayeanddane2_high.0050.ts HTTP/1.1" 200 1009560 "https://members.playwithfaye.com/scenes/first-time-on-the-rooftop_vids.html" "Mozilla/5.0 (Windows NT 10.0; Win64; x64; rv:150.0) Gecko/20100101 Firefox/150.0"
172.70.200.140 - N21Flynn [03/May/2026:18:43:05 -0400] "GET /content//upload/Bedroom-Sex-hdv31397/1080p/ts/hdv31397_faye_sex.0336.ts HTTP/1.1" 200 3303724 "https://members.playwithfaye.com/scenes/Bedroom-Sex-Video_vids.html" "Mozilla/5.0 (Windows NT 10.0; Win64; x64; rv:150.0) Gecko/20100101 Firefox/150.0"
172.70.200.140 - N21Flynn [03/May/2026:18:43:06 -0400] "GET /content//upload/PLWF_V8_hc00/480p/ts/pwf_fayeanddane2_high.0051.ts HTTP/1.1" 200 801068 "https://members.playwithfaye.com/scenes/first-time-on-the-rooftop_vids.html" "Mozilla/5.0 (Windows NT 10.0; Win64; x64; rv:150.0) Gecko/20100101 Firefox/150.0"
172.70.200.141 - N21Flynn [03/May/2026:18:43:06 -0400] "GET /content//upload/Bedroom-Sex-hdv31397/1080p/ts/hdv31397_faye_sex.0337.ts HTTP/1.1" 200 3495860 "https://members.playwithfaye.com/scenes/Bedroom-Sex-Video_vids.html" "Mozilla/5.0 (Windows NT 10.0; Win64; x64; rv:150.0) Gecko/20100101 Firefox/150.0"
172.70.200.140 - N21Flynn [03/May/2026:18:43:06 -0400] "GET /content//upload/PLWF_V8_hc00/480p/ts/pwf_fayeanddane2_high.0052.ts HTTP/1.1" 200 849008 "https://members.playwithfaye.com/scenes/first-time-on-the-rooftop_vids.html" "Mozilla/5.0 (Windows NT 10.0; Win64; x64; rv:150.0) Gecko/20100101 Firefox/150.0"
172.70.200.141 - N21Flynn [03/May/2026:18:43:06 -0400] "GET /content//upload/PLWF_V8_hc00/480p/ts/pwf_fayeanddane2_high.0053.ts HTTP/1.1" 200 1276896 "https://members.playwithfaye.com/scenes/first-time-on-the-rooftop_vids.html" "Mozilla/5.0 (Windows NT 10.0; Win64; x64; rv:150.0) Gecko/20100101 Firefox/150.0"
172.70.200.140 - N21Flynn [03/May/2026:18:43:06 -0400] "GET /content//upload/Bedroom-Sex-hdv31397/1080p/ts/hdv31397_faye_sex.0338.ts HTTP/1.1" 200 3568240 "https://members.playwithfaye.com/scenes/Bedroom-Sex-Video_vids.html" "Mozilla/5.0 (Windows NT 10.0; Win64; x64; rv:150.0) Gecko/20100101 Firefox/150.0"
172.70.200.141 - N21Flynn [03/May/2026:18:43:06 -0400] "GET /content//upload/PLWF_V8_hc00/480p/ts/pwf_fayeanddane2_high.0054.ts HTTP/1.1" 200 1346456 "https://members.playwithfaye.com/scenes/first-time-on-the-rooftop_vids.html" "Mozilla/5.0 (Windows NT 10.0; Win64; x64; rv:150.0) Gecko/20100101 Firefox/150.0"
172.70.200.141 - N21Flynn [03/May/2026:18:43:06 -0400] "GET /content//upload/Bedroom-Sex-hdv31397/1080p/ts/hdv31397_faye_sex.0339.ts HTTP/1.1" 200 3493604 "https://members.playwithfaye.com/scenes/Bedroom-Sex-Video_vids.html" "Mozilla/5.0 (Windows NT 10.0; Win64; x64; rv:150.0) Gecko/20100101 Firefox/150.0"
172.70.200.141 - N21Flynn [03/May/2026:18:43:06 -0400] "GET /content//upload/PLWF_V8_hc00/480p/ts/pwf_fayeanddane2_high.0055.ts HTTP/1.1" 200 1349652 "https://members.playwithfaye.com/scenes/first-time-on-the-rooftop_vids.html" "Mozilla/5.0 (Windows NT 10.0; Win64; x64; rv:150.0) Gecko/20100101 Firefox/150.0"
172.70.200.140 - N21Flynn [03/May/2026:18:43:07 -0400] "GET /content//upload/PLWF_V8_hc00/480p/ts/pwf_fayeanddane2_high.0056.ts HTTP/1.1" 200 1113900 "https://members.playwithfaye.com/scenes/first-time-on-the-rooftop_vids.html" "Mozilla/5.0 (Windows NT 10.0; Win64; x64; rv:150.0) Gecko/20100101 Firefox/150.0"
172.70.200.140 - N21Flynn [03/May/2026:18:43:07 -0400] "GET /content//upload/Bedroom-Sex-hdv31397/1080p/ts/hdv31397_faye_sex.0340.ts HTTP/1.1" 200 3422728 "https://members.playwithfaye.com/scenes/Bedroom-Sex-Video_vids.html" "Mozilla/5.0 (Windows NT 10.0; Win64; x64; rv:150.0) Gecko/20100101 Firefox/150.0"
172.70.200.140 - N21Flynn [03/May/2026:18:43:07 -0400] "GET /content//upload/PLWF_V8_hc00/480p/ts/pwf_fayeanddane2_high.0057.ts HTTP/1.1" 200 1145484 "https://members.playwithfaye.com/scenes/first-time-on-the-rooftop_vids.html" "Mozilla/5.0 (Windows NT 10.0; Win64; x64; rv:150.0) Gecko/20100101 Firefox/150.0"
172.70.200.141 - N21Flynn [03/May/2026:18:43:08 -0400] "GET /content//upload/PLWF_V8_hc00/480p/ts/pwf_fayeanddane2_high.0058.ts HTTP/1.1" 200 1217488 "https://members.playwithfaye.com/scenes/first-time-on-the-rooftop_vids.html" "Mozilla/5.0 (Windows NT 10.0; Win64; x64; rv:150.0) Gecko/20100101 Firefox/150.0"
172.70.200.141 - N21Flynn [03/May/2026:18:43:08 -0400] "GET /content//upload/PLWF_V8_hc00/480p/ts/pwf_fayeanddane2_high.0059.ts HTTP/1.1" 200 1021404 "https://members.playwithfaye.com/scenes/first-time-on-the-rooftop_vids.html" "Mozilla/5.0 (Windows NT 10.0; Win64; x64; rv:150.0) Gecko/20100101 Firefox/150.0"
172.70.153.153 - N21Flynn [03/May/2026:18:43:11 -0400] "GET /content//upload/Bedroom-Sex-hdv31397/1080p/hdv31397_faye_sex.mp4 HTTP/1.1" 429 181 "https://members.playwithfaye.com/scenes/Bedroom-Sex-Video_vids.html" "Mozilla/5.0 (Windows NT 10.0; Win64; x64; rv:150.0) Gecko/20100101 Firefox/150.0"
172.70.153.152 - N21Flynn [03/May/2026:18:43:12 -0400] "GET /content//upload/Bedroom-Sex-hdv31397/1080p/hdv31397_faye_sex.mp4 HTTP/1.1" 429 181 "https://members.playwithfaye.com/scenes/Bedroom-Sex-Video_vids.html" "Mozilla/5.0 (Windows NT 10.0; Win64; x64; rv:150.0) Gecko/20100101 Firefox/150.0"
172.70.153.152 - N21Flynn [03/May/2026:18:43:22 -0400] "GET /content//upload/Bedroom-Sex-hdv31397/1080p/hdv31397_faye_sex.mp4 HTTP/1.1" 429 181 "https://members.playwithfaye.com/scenes/Bedroom-Sex-Video_vids.html" "Mozilla/5.0 (Windows NT 10.0; Win64; x64; rv:150.0) Gecko/20100101 Firefox/150.0"
172.70.200.141 - N21Flynn [03/May/2026:18:43:24 -0400] "GET /content//upload/PLWF_V23_am00/720p/ts/hose4_toy.0030.ts HTTP/1.1" 200 2175724 "https://members.playwithfaye.com/scenes/alone-with-you-the-video_vids.html" "Mozilla/5.0 (Windows NT 10.0; Win64; x64; rv:150.0) Gecko/20100101 Firefox/150.0"
172.70.200.141 - N21Flynn [03/May/2026:18:43:26 -0400] "GET /content//upload/PLWF_V23_am00/720p/ts/hose4_toy.0036.ts HTTP/1.1" 200 1942416 "https://members.playwithfaye.com/scenes/alone-with-you-the-video_vids.html" "Mozilla/5.0 (Windows NT 10.0; Win64; x64; rv:150.0) Gecko/20100101 Firefox/150.0"
172.70.200.141 - N21Flynn [03/May/2026:18:43:26 -0400] "GET /content//upload/PLWF_V23_am00/720p/ts/hose4_toy.0037.ts HTTP/1.1" 200 2194524 "https://members.playwithfaye.com/scenes/alone-with-you-the-video_vids.html" "Mozilla/5.0 (Windows NT 10.0; Win64; x64; rv:150.0) Gecko/20100101 Firefox/150.0"
172.70.200.141 - N21Flynn [03/May/2026:18:43:26 -0400] "GET /content//upload/PLWF_V23_am00/720p/ts/hose4_toy.0038.ts HTTP/1.1" 200 2375004 "https://members.playwithfaye.com/scenes/alone-with-you-the-video_vids.html" "Mozilla/5.0 (Windows NT 10.0; Win64; x64; rv:150.0) Gecko/20100101 Firefox/150.0"
172.70.200.141 - N21Flynn [03/May/2026:18:43:27 -0400] "GET /content//upload/PLWF_V23_am00/720p/ts/hose4_toy.0039.ts HTTP/1.1" 200 2430464 "https://members.playwithfaye.com/scenes/alone-with-you-the-video_vids.html" "Mozilla/5.0 (Windows NT 10.0; Win64; x64; rv:150.0) Gecko/20100101 Firefox/150.0"
172.70.200.141 - N21Flynn [03/May/2026:18:43:27 -0400] "GET /content//upload/PLWF_V23_am00/720p/ts/hose4_toy.0048.ts HTTP/1.1" 200 2551724 "https://members.playwithfaye.com/scenes/alone-with-you-the-video_vids.html" "Mozilla/5.0 (Windows NT 10.0; Win64; x64; rv:150.0) Gecko/20100101 Firefox/150.0"
172.70.200.141 - N21Flynn [03/May/2026:18:43:28 -0400] "GET /content//upload/PLWF_V23_am00/720p/ts/hose4_toy.0049.ts HTTP/1.1" 200 2185124 "https://members.playwithfaye.com/scenes/alone-with-you-the-video_vids.html" "Mozilla/5.0 (Windows NT 10.0; Win64; x64; rv:150.0) Gecko/20100101 Firefox/150.0"
172.70.200.141 - N21Flynn [03/May/2026:18:43:29 -0400] "GET /content//upload/PLWF_V23_am00/720p/ts/hose4_toy.0050.ts HTTP/1.1" 200 2069504 "https://members.playwithfaye.com/scenes/alone-with-you-the-video_vids.html" "Mozilla/5.0 (Windows NT 10.0; Win64; x64; rv:150.0) Gecko/20100101 Firefox/150.0"
172.70.200.141 - N21Flynn [03/May/2026:18:43:29 -0400] "GET /content//upload/PLWF_V23_am00/720p/ts/hose4_toy.0051.ts HTTP/1.1" 200 1797280 "https://members.playwithfaye.com/scenes/alone-with-you-the-video_vids.html" "Mozilla/5.0 (Windows NT 10.0; Win64; x64; rv:150.0) Gecko/20100101 Firefox/150.0"
172.70.200.141 - N21Flynn [03/May/2026:18:43:29 -0400] "GET /content//upload/PLWF_V23_am00/720p/ts/hose4_toy.0052.ts HTTP/1.1" 200 2406400 "https://members.playwithfaye.com/scenes/alone-with-you-the-video_vids.html" "Mozilla/5.0 (Windows NT 10.0; Win64; x64; rv:150.0) Gecko/20100101 Firefox/150.0"
172.70.153.168 - N21Flynn [03/May/2026:18:43:29 -0400] "GET /content//upload/PLWF_V23_am00/1080p/hose4_toy.mp4 HTTP/1.1" 429 181 "https://members.playwithfaye.com/scenes/alone-with-you-the-video_vids.html" "Mozilla/5.0 (Windows NT 10.0; Win64; x64; rv:150.0) Gecko/20100101 Firefox/150.0"
172.70.200.141 - N21Flynn [03/May/2026:18:43:30 -0400] "GET /content//upload/PLWF_V23_am00/720p/ts/hose4_toy.0053.ts HTTP/1.1" 200 1836572 "https://members.playwithfaye.com/scenes/alone-with-you-the-video_vids.html" "Mozilla/5.0 (Windows NT 10.0; Win64; x64; rv:150.0) Gecko/20100101 Firefox/150.0"
172.70.153.169 - N21Flynn [03/May/2026:18:43:30 -0400] "GET /content//upload/PLWF_V23_am00/1080p/hose4_toy.mp4 HTTP/1.1" 429 181 "https://members.playwithfaye.com/scenes/alone-with-you-the-video_vids.html" "Mozilla/5.0 (Windows NT 10.0; Win64; x64; rv:150.0) Gecko/20100101 Firefox/150.0"
172.70.153.169 - N21Flynn [03/May/2026:18:43:30 -0400] "GET /content//upload/PLWF_V23_am00/1080p/hose4_toy.mp4 HTTP/1.1" 429 181 "https://members.playwithfaye.com/scenes/alone-with-you-the-video_vids.html" "Mozilla/5.0 (Windows NT 6.1; Trident/7.0; rv:11.0) like Gecko"
172.70.153.169 - N21Flynn [03/May/2026:18:43:31 -0400] "GET /content//upload/PLWF_V23_am00/1080p/hose4_toy.mp4 HTTP/1.1" 429 181 "https://members.playwithfaye.com/scenes/alone-with-you-the-video_vids.html" "Mozilla/5.0 (Windows NT 6.1; Trident/7.0; rv:11.0) like Gecko"
172.70.200.145 - N21Flynn [03/May/2026:18:43:31 -0400] "GET /content//upload/PLWF_V23_am00/1080p/hose4_toy.mp4 HTTP/1.1" 429 181 "https://members.playwithfaye.com/scenes/alone-with-you-the-video_vids.html" "Mozilla/5.0 (Windows NT 10.0; Win64; x64; rv:150.0) Gecko/20100101 Firefox/150.0"
172.70.200.141 - N21Flynn [03/May/2026:18:43:34 -0400] "GET /scenes/alone-with-you-the-video_vids.html HTTP/1.1" 200 16618 "https://members.playwithfaye.com/categories/Movies_1_d.html" "Mozilla/5.0 (Windows NT 10.0; Win64; x64; rv:150.0) Gecko/20100101 Firefox/150.0"
172.70.200.141 - N21Flynn [03/May/2026:18:43:35 -0400] "GET /bannerload.php?zone=gallery_upsell&model=*&cat=* HTTP/1.1" 200 - "https://members.playwithfaye.com/scenes/alone-with-you-the-video_vids.html" "Mozilla/5.0 (Windows NT 10.0; Win64; x64; rv:150.0) Gecko/20100101 Firefox/150.0"
172.70.200.141 - N21Flynn [03/May/2026:18:43:35 -0400] "GET /bannerload.php?zone=gallery_upsell HTTP/1.1" 200 - "https://members.playwithfaye.com/scenes/alone-with-you-the-video_vids.html" "Mozilla/5.0 (Windows NT 10.0; Win64; x64; rv:150.0) Gecko/20100101 Firefox/150.0"
172.70.153.152 - N21Flynn [03/May/2026:18:43:36 -0400] "GET /content//upload/Bedroom-Sex-hdv31397/1080p/hdv31397_faye_sex.mp4 HTTP/1.1" 429 181 "https://members.playwithfaye.com/scenes/Bedroom-Sex-Video_vids.html" "Mozilla/5.0 (Windows NT 10.0; Win64; x64; rv:150.0) Gecko/20100101 Firefox/150.0"
172.70.153.169 - N21Flynn [03/May/2026:18:43:37 -0400] "GET /content//upload/PLWF_V23_am00/1080p/hose4_toy.mp4 HTTP/1.1" 429 181 "https://members.playwithfaye.com/scenes/alone-with-you-the-video_vids.html" "Mozilla/5.0 (Windows NT 10.0; Win64; x64; rv:150.0) Gecko/20100101 Firefox/150.0"
172.70.153.168 - N21Flynn [03/May/2026:18:43:37 -0400] "GET /content//upload/PLWF_V23_am00/1080p/hose4_toy.mp4 HTTP/1.1" 429 181 "https://members.playwithfaye.com/scenes/alone-with-you-the-video_vids.html" "Mozilla/5.0 (Windows NT 10.0; Win64; x64; rv:150.0) Gecko/20100101 Firefox/150.0"
172.70.153.168 - N21Flynn [03/May/2026:18:43:37 -0400] "GET /content//upload/PLWF_V23_am00/1080p/hose4_toy.mp4 HTTP/1.1" 429 181 "https://members.playwithfaye.com/scenes/alone-with-you-the-video_vids.html" "Mozilla/5.0 (Windows NT 6.1; Trident/7.0; rv:11.0) like Gecko"
172.70.153.168 - N21Flynn [03/May/2026:18:43:38 -0400] "GET /content//upload/PLWF_V23_am00/1080p/hose4_toy.mp4 HTTP/1.1" 429 181 "https://members.playwithfaye.com/scenes/alone-with-you-the-video_vids.html" "Mozilla/5.0 (Windows NT 6.1; Trident/7.0; rv:11.0) like Gecko"
172.70.200.144 - N21Flynn [03/May/2026:18:43:38 -0400] "GET /content//upload/PLWF_V23_am00/1080p/hose4_toy.mp4 HTTP/1.1" 429 181 "https://members.playwithfaye.com/scenes/alone-with-you-the-video_vids.html" "Mozilla/5.0 (Windows NT 10.0; Win64; x64; rv:150.0) Gecko/20100101 Firefox/150.0"
172.70.200.140 - N21Flynn [03/May/2026:18:43:49 -0400] "GET /content//upload/PLWF_V25_am00/720p/ts/hdvf479_7.0056.ts HTTP/1.1" 200 2156548 "https://members.playwithfaye.com/scenes/on-the-counter-the-video_vids.html" "Mozilla/5.0 (Windows NT 10.0; Win64; x64; rv:150.0) Gecko/20100101 Firefox/150.0"
172.70.200.140 - N21Flynn [03/May/2026:18:43:50 -0400] "GET /content//upload/PLWF_V25_am00/720p/ts/hdvf479_7.0057.ts HTTP/1.1" 200 2080220 "https://members.playwithfaye.com/scenes/on-the-counter-the-video_vids.html" "Mozilla/5.0 (Windows NT 10.0; Win64; x64; rv:150.0) Gecko/20100101 Firefox/150.0"
172.70.200.140 - N21Flynn [03/May/2026:18:43:51 -0400] "GET /content//upload/PLWF_V25_am00/720p/ts/hdvf479_7.0058.ts HTTP/1.1" 200 2202984 "https://members.playwithfaye.com/scenes/on-the-counter-the-video_vids.html" "Mozilla/5.0 (Windows NT 10.0; Win64; x64; rv:150.0) Gecko/20100101 Firefox/150.0"
172.70.200.140 - N21Flynn [03/May/2026:18:43:51 -0400] "GET /content//upload/PLWF_V25_am00/720p/ts/hdvf479_7.0059.ts HTTP/1.1" 200 2023068 "https://members.playwithfaye.com/scenes/on-the-counter-the-video_vids.html" "Mozilla/5.0 (Windows NT 10.0; Win64; x64; rv:150.0) Gecko/20100101 Firefox/150.0"
172.70.200.140 - N21Flynn [03/May/2026:18:43:51 -0400] "GET /content//upload/PLWF_V25_am00/720p/ts/hdvf479_7.0060.ts HTTP/1.1" 200 1947680 "https://members.playwithfaye.com/scenes/on-the-counter-the-video_vids.html" "Mozilla/5.0 (Windows NT 10.0; Win64; x64; rv:150.0) Gecko/20100101 Firefox/150.0"
172.70.200.140 - N21Flynn [03/May/2026:18:43:52 -0400] "GET /content//upload/PLWF_V25_am00/720p/ts/hdvf479_7.0093.ts HTTP/1.1" 200 1990356 "https://members.playwithfaye.com/scenes/on-the-counter-the-video_vids.html" "Mozilla/5.0 (Windows NT 10.0; Win64; x64; rv:150.0) Gecko/20100101 Firefox/150.0"
172.70.200.140 - N21Flynn [03/May/2026:18:43:53 -0400] "GET /content//upload/PLWF_V25_am00/720p/ts/hdvf479_7.0094.ts HTTP/1.1" 200 1819088 "https://members.playwithfaye.com/scenes/on-the-counter-the-video_vids.html" "Mozilla/5.0 (Windows NT 10.0; Win64; x64; rv:150.0) Gecko/20100101 Firefox/150.0"
172.70.200.140 - N21Flynn [03/May/2026:18:43:53 -0400] "GET /content//upload/PLWF_V25_am00/720p/ts/hdvf479_7.0095.ts HTTP/1.1" 200 1923992 "https://members.playwithfaye.com/scenes/on-the-counter-the-video_vids.html" "Mozilla/5.0 (Windows NT 10.0; Win64; x64; rv:150.0) Gecko/20100101 Firefox/150.0"
172.70.200.140 - N21Flynn [03/May/2026:18:43:54 -0400] "GET /content//upload/PLWF_V25_am00/720p/ts/hdvf479_7.0096.ts HTTP/1.1" 200 1867592 "https://members.playwithfaye.com/scenes/on-the-counter-the-video_vids.html" "Mozilla/5.0 (Windows NT 10.0; Win64; x64; rv:150.0) Gecko/20100101 Firefox/150.0"
172.70.153.152 - N21Flynn [03/May/2026:18:43:54 -0400] "GET /content//upload/Bedroom-Sex-hdv31397/1080p/hdv31397_faye_sex.mp4 HTTP/1.1" 429 181 "https://members.playwithfaye.com/scenes/Bedroom-Sex-Video_vids.html" "Mozilla/5.0 (Windows NT 10.0; Win64; x64; rv:150.0) Gecko/20100101 Firefox/150.0"
172.70.200.140 - N21Flynn [03/May/2026:18:43:54 -0400] "GET /content//upload/PLWF_V25_am00/720p/ts/hdvf479_7.0097.ts HTTP/1.1" 200 1930948 "https://members.playwithfaye.com/scenes/on-the-counter-the-video_vids.html" "Mozilla/5.0 (Windows NT 10.0; Win64; x64; rv:150.0) Gecko/20100101 Firefox/150.0"
172.70.200.140 - N21Flynn [03/May/2026:18:43:54 -0400] "GET /content//upload/PLWF_V25_am00/720p/ts/hdvf479_7.0098.ts HTTP/1.1" 200 1947868 "https://members.playwithfaye.com/scenes/on-the-counter-the-video_vids.html" "Mozilla/5.0 (Windows NT 10.0; Win64; x64; rv:150.0) Gecko/20100101 Firefox/150.0"
172.70.200.140 - N21Flynn [03/May/2026:18:43:55 -0400] "GET /content//upload/PLWF_V25_am00/720p/ts/hdvf479_7.0099.ts HTTP/1.1" 200 2453964 "https://members.playwithfaye.com/scenes/on-the-counter-the-video_vids.html" "Mozilla/5.0 (Windows NT 10.0; Win64; x64; rv:150.0) Gecko/20100101 Firefox/150.0"
172.70.200.140 - N21Flynn [03/May/2026:18:43:55 -0400] "GET /content//upload/PLWF_V25_am00/720p/ts/hdvf479_7.0100.ts HTTP/1.1" 200 2302624 "https://members.playwithfaye.com/scenes/on-the-counter-the-video_vids.html" "Mozilla/5.0 (Windows NT 10.0; Win64; x64; rv:150.0) Gecko/20100101 Firefox/150.0"
172.70.200.140 - N21Flynn [03/May/2026:18:43:55 -0400] "GET /content//upload/PLWF_V25_am00/720p/ts/hdvf479_7.0101.ts HTTP/1.1" 200 1983400 "https://members.playwithfaye.com/scenes/on-the-counter-the-video_vids.html" "Mozilla/5.0 (Windows NT 10.0; Win64; x64; rv:150.0) Gecko/20100101 Firefox/150.0"
172.70.200.140 - N21Flynn [03/May/2026:18:43:56 -0400] "GET /content//upload/PLWF_V25_am00/720p/ts/hdvf479_7.0102.ts HTTP/1.1" 200 1973624 "https://members.playwithfaye.com/scenes/on-the-counter-the-video_vids.html" "Mozilla/5.0 (Windows NT 10.0; Win64; x64; rv:150.0) Gecko/20100101 Firefox/150.0"
172.70.200.140 - N21Flynn [03/May/2026:18:43:56 -0400] "GET /content//upload/PLWF_V25_am00/720p/ts/hdvf479_7.0103.ts HTTP/1.1" 200 1953884 "https://members.playwithfaye.com/scenes/on-the-counter-the-video_vids.html" "Mozilla/5.0 (Windows NT 10.0; Win64; x64; rv:150.0) Gecko/20100101 Firefox/150.0"
172.70.200.140 - N21Flynn [03/May/2026:18:43:56 -0400] "GET /content//upload/PLWF_V25_am00/720p/ts/hdvf479_7.0104.ts HTTP/1.1" 200 1554196 "https://members.playwithfaye.com/scenes/on-the-counter-the-video_vids.html" "Mozilla/5.0 (Windows NT 10.0; Win64; x64; rv:150.0) Gecko/20100101 Firefox/150.0"
172.70.200.140 - N21Flynn [03/May/2026:18:43:56 -0400] "GET /content//upload/PLWF_V25_am00/720p/ts/hdvf479_7.0105.ts HTTP/1.1" 200 1427860 "https://members.playwithfaye.com/scenes/on-the-counter-the-video_vids.html" "Mozilla/5.0 (Windows NT 10.0; Win64; x64; rv:150.0) Gecko/20100101 Firefox/150.0"
172.70.200.140 - N21Flynn [03/May/2026:18:43:57 -0400] "GET /content//upload/PLWF_V25_am00/720p/ts/hdvf479_7.0106.ts HTTP/1.1" 200 1683728 "https://members.playwithfaye.com/scenes/on-the-counter-the-video_vids.html" "Mozilla/5.0 (Windows NT 10.0; Win64; x64; rv:150.0) Gecko/20100101 Firefox/150.0"
172.70.200.140 - N21Flynn [03/May/2026:18:43:57 -0400] "GET /content//upload/PLWF_V25_am00/720p/ts/hdvf479_7.0107.ts HTTP/1.1" 200 2989576 "https://members.playwithfaye.com/scenes/on-the-counter-the-video_vids.html" "Mozilla/5.0 (Windows NT 10.0; Win64; x64; rv:150.0) Gecko/20100101 Firefox/150.0"
172.70.200.140 - N21Flynn [03/May/2026:18:43:57 -0400] "GET /content//upload/PLWF_V25_am00/720p/ts/hdvf479_7.0108.ts HTTP/1.1" 200 3048044 "https://members.playwithfaye.com/scenes/on-the-counter-the-video_vids.html" "Mozilla/5.0 (Windows NT 10.0; Win64; x64; rv:150.0) Gecko/20100101 Firefox/150.0"
172.70.200.140 - N21Flynn [03/May/2026:18:43:57 -0400] "GET /content//upload/PLWF_V25_am00/720p/ts/hdvf479_7.0109.ts HTTP/1.1" 200 2686144 "https://members.playwithfaye.com/scenes/on-the-counter-the-video_vids.html" "Mozilla/5.0 (Windows NT 10.0; Win64; x64; rv:150.0) Gecko/20100101 Firefox/150.0"
172.70.200.140 - N21Flynn [03/May/2026:18:43:58 -0400] "GET /content//upload/PLWF_V25_am00/720p/ts/hdvf479_7.0110.ts HTTP/1.1" 200 2965324 "https://members.playwithfaye.com/scenes/on-the-counter-the-video_vids.html" "Mozilla/5.0 (Windows NT 10.0; Win64; x64; rv:150.0) Gecko/20100101 Firefox/150.0"
172.70.200.140 - N21Flynn [03/May/2026:18:43:58 -0400] "GET /content//upload/PLWF_V25_am00/720p/ts/hdvf479_7.0111.ts HTTP/1.1" 200 2868128 "https://members.playwithfaye.com/scenes/on-the-counter-the-video_vids.html" "Mozilla/5.0 (Windows NT 10.0; Win64; x64; rv:150.0) Gecko/20100101 Firefox/150.0"
172.70.200.140 - N21Flynn [03/May/2026:18:43:59 -0400] "GET /content//upload/PLWF_V25_am00/720p/ts/hdvf479_7.0112.ts HTTP/1.1" 200 2333644 "https://members.playwithfaye.com/scenes/on-the-counter-the-video_vids.html" "Mozilla/5.0 (Windows NT 10.0; Win64; x64; rv:150.0) Gecko/20100101 Firefox/150.0"
172.70.200.140 - N21Flynn [03/May/2026:18:43:59 -0400] "GET /content//upload/PLWF_V25_am00/720p/ts/hdvf479_7.0113.ts HTTP/1.1" 200 2359400 "https://members.playwithfaye.com/scenes/on-the-counter-the-video_vids.html" "Mozilla/5.0 (Windows NT 10.0; Win64; x64; rv:150.0) Gecko/20100101 Firefox/150.0"
172.70.200.140 - N21Flynn [03/May/2026:18:43:59 -0400] "GET /content//upload/PLWF_V25_am00/720p/ts/hdvf479_7.0114.ts HTTP/1.1" 200 2289840 "https://members.playwithfaye.com/scenes/on-the-counter-the-video_vids.html" "Mozilla/5.0 (Windows NT 10.0; Win64; x64; rv:150.0) Gecko/20100101 Firefox/150.0"
172.70.200.140 - N21Flynn [03/May/2026:18:43:59 -0400] "GET /content//upload/PLWF_V25_am00/720p/ts/hdvf479_7.0115.ts HTTP/1.1" 200 2229492 "https://members.playwithfaye.com/scenes/on-the-counter-the-video_vids.html" "Mozilla/5.0 (Windows NT 10.0; Win64; x64; rv:150.0) Gecko/20100101 Firefox/150.0"
172.70.200.140 - N21Flynn [03/May/2026:18:44:00 -0400] "GET /content//upload/PLWF_V25_am00/720p/ts/hdvf479_7.0116.ts HTTP/1.1" 200 2180988 "https://members.playwithfaye.com/scenes/on-the-counter-the-video_vids.html" "Mozilla/5.0 (Windows NT 10.0; Win64; x64; rv:150.0) Gecko/20100101 Firefox/150.0"
172.70.200.140 - N21Flynn [03/May/2026:18:44:00 -0400] "GET /content//upload/PLWF_V25_am00/720p/ts/hdvf479_7.0117.ts HTTP/1.1" 200 2068564 "https://members.playwithfaye.com/scenes/on-the-counter-the-video_vids.html" "Mozilla/5.0 (Windows NT 10.0; Win64; x64; rv:150.0) Gecko/20100101 Firefox/150.0"
172.70.200.140 - N21Flynn [03/May/2026:18:44:00 -0400] "GET /content//upload/PLWF_V25_am00/720p/ts/hdvf479_7.0118.ts HTTP/1.1" 200 2040552 "https://members.playwithfaye.com/scenes/on-the-counter-the-video_vids.html" "Mozilla/5.0 (Windows NT 10.0; Win64; x64; rv:150.0) Gecko/20100101 Firefox/150.0"
172.70.200.140 - N21Flynn [03/May/2026:18:44:01 -0400] "GET /content//upload/PLWF_V25_am00/720p/ts/hdvf479_7.0119.ts HTTP/1.1" 200 2202796 "https://members.playwithfaye.com/scenes/on-the-counter-the-video_vids.html" "Mozilla/5.0 (Windows NT 10.0; Win64; x64; rv:150.0) Gecko/20100101 Firefox/150.0"
172.70.200.140 - N21Flynn [03/May/2026:18:44:01 -0400] "GET /content//upload/PLWF_V25_am00/720p/ts/hdvf479_7.0120.ts HTTP/1.1" 200 2729572 "https://members.playwithfaye.com/scenes/on-the-counter-the-video_vids.html" "Mozilla/5.0 (Windows NT 10.0; Win64; x64; rv:150.0) Gecko/20100101 Firefox/150.0"
172.70.200.140 - N21Flynn [03/May/2026:18:44:01 -0400] "GET /content//upload/PLWF_V25_am00/720p/ts/hdvf479_7.0121.ts HTTP/1.1" 200 2716788 "https://members.playwithfaye.com/scenes/on-the-counter-the-video_vids.html" "Mozilla/5.0 (Windows NT 10.0; Win64; x64; rv:150.0) Gecko/20100101 Firefox/150.0"
172.70.200.140 - N21Flynn [03/May/2026:18:44:01 -0400] "GET /content//upload/PLWF_V25_am00/720p/ts/hdvf479_7.0122.ts HTTP/1.1" 200 2522208 "https://members.playwithfaye.com/scenes/on-the-counter-the-video_vids.html" "Mozilla/5.0 (Windows NT 10.0; Win64; x64; rv:150.0) Gecko/20100101 Firefox/150.0"
172.70.153.134 - N21Flynn [03/May/2026:18:44:01 -0400] "GET /content//upload/PLWF_V25_am00/720p/hdvf479_7.mp4 HTTP/1.1" 429 181 "https://members.playwithfaye.com/scenes/on-the-counter-the-video_vids.html" "Mozilla/5.0 (Windows NT 10.0; Win64; x64; rv:150.0) Gecko/20100101 Firefox/150.0"
172.70.153.135 - N21Flynn [03/May/2026:18:44:02 -0400] "GET /content//upload/PLWF_V25_am00/720p/hdvf479_7.mp4 HTTP/1.1" 429 181 "https://members.playwithfaye.com/scenes/on-the-counter-the-video_vids.html" "Mozilla/5.0 (Windows NT 10.0; Win64; x64; rv:150.0) Gecko/20100101 Firefox/150.0"
172.70.153.134 - N21Flynn [03/May/2026:18:44:02 -0400] "GET /content//upload/PLWF_V25_am00/720p/hdvf479_7.mp4 HTTP/1.1" 429 181 "https://members.playwithfaye.com/scenes/on-the-counter-the-video_vids.html" "Mozilla/5.0 (Windows NT 6.1; Trident/7.0; rv:11.0) like Gecko"
172.70.153.134 - N21Flynn [03/May/2026:18:44:03 -0400] "GET /content//upload/PLWF_V25_am00/720p/hdvf479_7.mp4 HTTP/1.1" 429 181 "https://members.playwithfaye.com/scenes/on-the-counter-the-video_vids.html" "Mozilla/5.0 (Windows NT 6.1; Trident/7.0; rv:11.0) like Gecko"
172.70.200.131 - N21Flynn [03/May/2026:18:44:03 -0400] "GET /content//upload/PLWF_V25_am00/720p/hdvf479_7.mp4 HTTP/1.1" 429 181 "https://members.playwithfaye.com/scenes/on-the-counter-the-video_vids.html" "Mozilla/5.0 (Windows NT 10.0; Win64; x64; rv:150.0) Gecko/20100101 Firefox/150.0"
172.70.200.140 - N21Flynn [03/May/2026:18:44:04 -0400] "GET /content//upload/PLWF_V25_am00/720p/ts/hdvf479_7.0123.ts HTTP/1.1" 200 2333644 "https://members.playwithfaye.com/scenes/on-the-counter-the-video_vids.html" "Mozilla/5.0 (Windows NT 10.0; Win64; x64; rv:150.0) Gecko/20100101 Firefox/150.0"
172.70.200.140 - N21Flynn [03/May/2026:18:44:06 -0400] "GET /scenes/on-the-counter-the-video_vids.html HTTP/1.1" 200 16509 "https://members.playwithfaye.com/categories/Movies_1_d.html" "Mozilla/5.0 (Windows NT 10.0; Win64; x64; rv:150.0) Gecko/20100101 Firefox/150.0"
172.70.200.140 - N21Flynn [03/May/2026:18:44:07 -0400] "GET /bannerload.php?zone=gallery_upsell&model=*&cat=* HTTP/1.1" 200 - "https://members.playwithfaye.com/scenes/on-the-counter-the-video_vids.html" "Mozilla/5.0 (Windows NT 10.0; Win64; x64; rv:150.0) Gecko/20100101 Firefox/150.0"
172.70.200.141 - N21Flynn [03/May/2026:18:44:07 -0400] "GET /content//upload/PLWF_V25_am00/720p/vtt/hdvf479_7.mp4.vtt HTTP/1.1" 429 181 "https://members.playwithfaye.com/scenes/on-the-counter-the-video_vids.html" "Mozilla/5.0 (Windows NT 10.0; Win64; x64; rv:150.0) Gecko/20100101 Firefox/150.0"
172.70.200.141 - N21Flynn [03/May/2026:18:44:07 -0400] "GET /content//upload/PLWF_V25_am00/720p/vtt/hdvf479_7.mp4.vtt HTTP/1.1" 429 181 "https://members.playwithfaye.com/scenes/on-the-counter-the-video_vids.html" "Mozilla/5.0 (Windows NT 10.0; Win64; x64; rv:150.0) Gecko/20100101 Firefox/150.0"
172.70.200.141 - N21Flynn [03/May/2026:18:44:07 -0400] "GET /bannerload.php?zone=gallery_upsell HTTP/1.1" 200 - "https://members.playwithfaye.com/scenes/on-the-counter-the-video_vids.html" "Mozilla/5.0 (Windows NT 10.0; Win64; x64; rv:150.0) Gecko/20100101 Firefox/150.0"
172.70.200.140 - N21Flynn [03/May/2026:18:44:07 -0400] "GET /content//upload/PLWF_V25_am00/720p/vtt/hdvf479_7.mp4.vtt HTTP/1.1" 429 181 "-" "Mozilla/5.0 (Windows NT 10.0; Win64; x64; rv:150.0) Gecko/20100101 Firefox/150.0"
172.70.200.141 - N21Flynn [03/May/2026:18:44:10 -0400] "GET /categories/Photos.html HTTP/1.1" 200 10652 "https://members.playwithfaye.com/categories/Movies_1_d.html" "Mozilla/5.0 (Windows NT 10.0; Win64; x64; rv:150.0) Gecko/20100101 Firefox/150.0"
172.70.200.141 - N21Flynn [03/May/2026:18:44:11 -0400] "GET /bannerload.php?zone=category&cat=16 HTTP/1.1" 200 - "https://members.playwithfaye.com/categories/Photos.html" "Mozilla/5.0 (Windows NT 10.0; Win64; x64; rv:150.0) Gecko/20100101 Firefox/150.0"
172.70.200.176 - N21Flynn [03/May/2026:18:44:11 -0400] "GET /content//contentthumbs/01/93/193-2x.jpg HTTP/1.1" 200 71198 "https://members.playwithfaye.com/categories/Photos.html" "Mozilla/5.0 (Windows NT 10.0; Win64; x64; rv:150.0) Gecko/20100101 Firefox/150.0"
172.70.200.148 - N21Flynn [03/May/2026:18:44:11 -0400] "GET /content//contentthumbs/01/29/129-2x.jpg HTTP/1.1" 200 54383 "https://members.playwithfaye.com/categories/Photos.html" "Mozilla/5.0 (Windows NT 10.0; Win64; x64; rv:150.0) Gecko/20100101 Firefox/150.0"
172.70.200.150 - N21Flynn [03/May/2026:18:44:11 -0400] "GET /content//contentthumbs/01/04/104-2x.jpg HTTP/1.1" 200 26063 "https://members.playwithfaye.com/categories/Photos.html" "Mozilla/5.0 (Windows NT 10.0; Win64; x64; rv:150.0) Gecko/20100101 Firefox/150.0"
172.70.200.174 - N21Flynn [03/May/2026:18:44:11 -0400] "GET /content//contentthumbs/01/06/106-2x.jpg HTTP/1.1" 200 54097 "https://members.playwithfaye.com/categories/Photos.html" "Mozilla/5.0 (Windows NT 10.0; Win64; x64; rv:150.0) Gecko/20100101 Firefox/150.0"
172.70.200.175 - N21Flynn [03/May/2026:18:44:11 -0400] "GET /content//contentthumbs/01/94/194-2x.jpg HTTP/1.1" 200 58219 "https://members.playwithfaye.com/categories/Photos.html" "Mozilla/5.0 (Windows NT 10.0; Win64; x64; rv:150.0) Gecko/20100101 Firefox/150.0"
172.70.200.147 - N21Flynn [03/May/2026:18:44:11 -0400] "GET /content//contentthumbs/01/23/123-2x.jpg HTTP/1.1" 200 60262 "https://members.playwithfaye.com/categories/Photos.html" "Mozilla/5.0 (Windows NT 10.0; Win64; x64; rv:150.0) Gecko/20100101 Firefox/150.0"
172.70.200.172 - N21Flynn [03/May/2026:18:44:11 -0400] "GET /content//contentthumbs/01/30/130-2x.jpg HTTP/1.1" 200 32278 "https://members.playwithfaye.com/categories/Photos.html" "Mozilla/5.0 (Windows NT 10.0; Win64; x64; rv:150.0) Gecko/20100101 Firefox/150.0"
172.70.153.153 - N21Flynn [03/May/2026:18:44:16 -0400] "GET /content//upload/Bedroom-Sex-hdv31397/1080p/hdv31397_faye_sex.mp4 HTTP/1.1" 429 181 "https://members.playwithfaye.com/scenes/Bedroom-Sex-Video_vids.html" "Mozilla/5.0 (Windows NT 10.0; Win64; x64; rv:150.0) Gecko/20100101 Firefox/150.0"
172.70.200.141 - N21Flynn [03/May/2026:18:44:16 -0400] "GET /categories/Photos_4_d.html HTTP/1.1" 200 8152 "https://members.playwithfaye.com/categories/Photos.html" "Mozilla/5.0 (Windows NT 10.0; Win64; x64; rv:150.0) Gecko/20100101 Firefox/150.0"
172.70.200.141 - N21Flynn [03/May/2026:18:44:17 -0400] "GET /bannerload.php?zone=category&cat=16 HTTP/1.1" 200 - "https://members.playwithfaye.com/categories/Photos_4_d.html" "Mozilla/5.0 (Windows NT 10.0; Win64; x64; rv:150.0) Gecko/20100101 Firefox/150.0"
172.70.200.169 - N21Flynn [03/May/2026:18:44:17 -0400] "GET /content//contentthumbs/01/43/143-2x.jpg HTTP/1.1" 200 27826 "https://members.playwithfaye.com/categories/Photos_4_d.html" "Mozilla/5.0 (Windows NT 10.0; Win64; x64; rv:150.0) Gecko/20100101 Firefox/150.0"
172.70.200.140 - N21Flynn [03/May/2026:18:44:28 -0400] "GET /scenes/georgia-forever_highres.html HTTP/1.1" 200 15672 "https://members.playwithfaye.com/categories/Photos_4_d.html" "Mozilla/5.0 (Windows NT 10.0; Win64; x64; rv:150.0) Gecko/20100101 Firefox/150.0"
172.70.200.141 - N21Flynn [03/May/2026:18:44:28 -0400] "GET /scenes/leg-show_highres.html HTTP/1.1" 200 16953 "https://members.playwithfaye.com/categories/Photos_4_d.html" "Mozilla/5.0 (Windows NT 10.0; Win64; x64; rv:150.0) Gecko/20100101 Firefox/150.0"
172.70.153.169 - N21Flynn [03/May/2026:18:42:01 -0400] "GET /content//upload/AFS-Faye-GeorgiaJones-ggvideo/1080p/hdv31382_faye_georgia.mp4 HTTP/1.1" 206 159581467 "https://members.playwithfaye.com/scenes/Girl-Games-Video_vids.html" "Mozilla/5.0 (Windows NT 10.0; Win64; x64; rv:150.0) Gecko/20100101 Firefox/150.0"
172.70.200.140 - N21Flynn [03/May/2026:18:44:29 -0400] "GET /content//upload/PLWF_P2_gf00//thumbs/012.jpg HTTP/1.1" 200 73032 "https://members.playwithfaye.com/scenes/georgia-forever_highres.html" "Mozilla/5.0 (Windows NT 10.0; Win64; x64; rv:150.0) Gecko/20100101 Firefox/150.0"
172.70.200.141 - N21Flynn [03/May/2026:18:44:29 -0400] "GET /content//upload/PLWF_P2_gf00//thumbs/021.jpg HTTP/1.1" 200 77334 "https://members.playwithfaye.com/scenes/georgia-forever_highres.html" "Mozilla/5.0 (Windows NT 10.0; Win64; x64; rv:150.0) Gecko/20100101 Firefox/150.0"
172.70.200.131 - N21Flynn [03/May/2026:18:44:29 -0400] "GET /images/icons/player_play_button_light.png HTTP/1.1" 200 15714 "https://members.playwithfaye.com/scenes/georgia-forever_highres.html" "Mozilla/5.0 (Windows NT 10.0; Win64; x64; rv:150.0) Gecko/20100101 Firefox/150.0"
172.70.200.132 - N21Flynn [03/May/2026:18:44:29 -0400] "GET /images/icons/player_rew_button_light.png HTTP/1.1" 200 15967 "https://members.playwithfaye.com/scenes/georgia-forever_highres.html" "Mozilla/5.0 (Windows NT 10.0; Win64; x64; rv:150.0) Gecko/20100101 Firefox/150.0"
172.70.200.169 - N21Flynn [03/May/2026:18:44:29 -0400] "GET /images/icons/player_zoom_button_light.png HTTP/1.1" 200 16078 "https://members.playwithfaye.com/scenes/georgia-forever_highres.html" "Mozilla/5.0 (Windows NT 10.0; Win64; x64; rv:150.0) Gecko/20100101 Firefox/150.0"
172.70.200.136 - N21Flynn [03/May/2026:18:44:29 -0400] "GET /content//upload/PLWF_P2_gf00//thumbs/007.jpg HTTP/1.1" 200 74312 "https://members.playwithfaye.com/scenes/georgia-forever_highres.html" "Mozilla/5.0 (Windows NT 10.0; Win64; x64; rv:150.0) Gecko/20100101 Firefox/150.0"
172.70.200.149 - N21Flynn [03/May/2026:18:44:29 -0400] "GET /content//upload/PLWF_P2_gf00//thumbs/001.jpg HTTP/1.1" 200 72561 "https://members.playwithfaye.com/scenes/georgia-forever_highres.html" "Mozilla/5.0 (Windows NT 10.0; Win64; x64; rv:150.0) Gecko/20100101 Firefox/150.0"
172.70.200.162 - N21Flynn [03/May/2026:18:44:29 -0400] "GET /images/icons/player_ff_button_light.png HTTP/1.1" 200 15975 "https://members.playwithfaye.com/scenes/georgia-forever_highres.html" "Mozilla/5.0 (Windows NT 10.0; Win64; x64; rv:150.0) Gecko/20100101 Firefox/150.0"
172.70.200.148 - N21Flynn [03/May/2026:18:44:29 -0400] "GET /content//upload/PLWF_P2_gf00//thumbs/004.jpg HTTP/1.1" 200 75163 "https://members.playwithfaye.com/scenes/georgia-forever_highres.html" "Mozilla/5.0 (Windows NT 10.0; Win64; x64; rv:150.0) Gecko/20100101 Firefox/150.0"
172.70.200.165 - N21Flynn [03/May/2026:18:44:29 -0400] "GET /content//upload/PLWF_P2_gf00//thumbs/009.jpg HTTP/1.1" 200 75526 "https://members.playwithfaye.com/scenes/georgia-forever_highres.html" "Mozilla/5.0 (Windows NT 10.0; Win64; x64; rv:150.0) Gecko/20100101 Firefox/150.0"
172.70.200.174 - N21Flynn [03/May/2026:18:44:29 -0400] "GET /content//upload/PLWF_P2_gf00//thumbs/018.jpg HTTP/1.1" 200 75379 "https://members.playwithfaye.com/scenes/georgia-forever_highres.html" "Mozilla/5.0 (Windows NT 10.0; Win64; x64; rv:150.0) Gecko/20100101 Firefox/150.0"
172.70.200.130 - N21Flynn [03/May/2026:18:44:29 -0400] "GET /content//upload/PLWF_P2_gf00//thumbs/016.jpg HTTP/1.1" 200 77761 "https://members.playwithfaye.com/scenes/georgia-forever_highres.html" "Mozilla/5.0 (Windows NT 10.0; Win64; x64; rv:150.0) Gecko/20100101 Firefox/150.0"
172.70.200.139 - N21Flynn [03/May/2026:18:44:29 -0400] "GET /content//upload/PLWF_P2_gf00//thumbs/023.jpg HTTP/1.1" 200 74946 "https://members.playwithfaye.com/scenes/georgia-forever_highres.html" "Mozilla/5.0 (Windows NT 10.0; Win64; x64; rv:150.0) Gecko/20100101 Firefox/150.0"
172.70.200.176 - N21Flynn [03/May/2026:18:44:29 -0400] "GET /content//upload/PLWF_P2_gf00//thumbs/020.jpg HTTP/1.1" 200 74730 "https://members.playwithfaye.com/scenes/georgia-forever_highres.html" "Mozilla/5.0 (Windows NT 10.0; Win64; x64; rv:150.0) Gecko/20100101 Firefox/150.0"
172.70.200.169 - N21Flynn [03/May/2026:18:44:29 -0400] "GET /content//upload/PLWF_P2_gf00//thumbs/003.jpg HTTP/1.1" 200 72858 "https://members.playwithfaye.com/scenes/georgia-forever_highres.html" "Mozilla/5.0 (Windows NT 10.0; Win64; x64; rv:150.0) Gecko/20100101 Firefox/150.0"
172.70.200.135 - N21Flynn [03/May/2026:18:44:29 -0400] "GET /content//upload/PLWF_P2_gf00//thumbs/010.jpg HTTP/1.1" 200 71284 "https://members.playwithfaye.com/scenes/georgia-forever_highres.html" "Mozilla/5.0 (Windows NT 10.0; Win64; x64; rv:150.0) Gecko/20100101 Firefox/150.0"
172.70.200.132 - N21Flynn [03/May/2026:18:44:29 -0400] "GET /content//upload/PLWF_P2_gf00//thumbs/019.jpg HTTP/1.1" 200 72037 "https://members.playwithfaye.com/scenes/georgia-forever_highres.html" "Mozilla/5.0 (Windows NT 10.0; Win64; x64; rv:150.0) Gecko/20100101 Firefox/150.0"
