108.162.242.56 - - [01/May/2026:05:16:04 -0400] "GET /wp-content/plugins/up/ HTTP/1.1" 200 1342 "-" "Mozilla/5.0 (Windows NT 10.0; Win64; x64) AppleWebKit/537.36 (KHTML, like Gecko) Chrome/79.0.3945.79 Safari/537.36"
108.162.242.56 - - [01/May/2026:05:16:04 -0400] "GET /fonts/ HTTP/1.1" 200 1329 "-" "Mozilla/5.0 (Windows NT 10.0; Win64; x64) AppleWebKit/537.36 (KHTML, like Gecko) Chrome/79.0.3945.130 Safari/537.36"
108.162.242.55 - - [01/May/2026:05:16:04 -0400] "GET /wp-admin/includes/ HTTP/1.1" 200 1340 "-" "Mozilla/5.0 (X11; Linux i686; rv:79.0) Gecko/20100101 Firefox/79.0"
108.162.242.55 - - [01/May/2026:05:16:04 -0400] "GET /images/images/ HTTP/1.1" 200 1330 "-" "Mozilla/5.0 (X11; Linux x86_64) AppleWebKit/537.36 (KHTML, like Gecko) Chrome/84.0.4147.105 Safari/537.36 OPR/70.0.3728.95"
108.162.242.55 - - [01/May/2026:05:16:04 -0400] "GET /wp-admin/css/colors/ocean/ HTTP/1.1" 200 1344 "-" "Mozilla/5.0 (Linux x86_64; rv:79.0) Gecko/20100101 Firefox/79.0"
108.162.242.56 - - [01/May/2026:05:16:04 -0400] "GET /wp-content/plugins/dummyyummy/ HTTP/1.1" 200 1346 "-" "Mozilla/5.0 (Windows NT 10.0; Win64; x64; rv:67.0) Gecko/20100101 Firefox/67.0"
108.162.242.56 - - [01/May/2026:05:16:04 -0400] "GET /wp-includes/pomo/ HTTP/1.1" 200 1340 "-" "Mozilla/5.0 (Windows NT 10.0; Win64; x64) AppleWebKit/537.36 (KHTML, like Gecko) Chrome/79.0.3945.88 Safari/537.36"
108.162.242.56 - - [01/May/2026:05:16:04 -0400] "GET /wp-content/themes/twentytwentythree/patterns/ HTTP/1.1" 200 1353 "-" "Mozilla/5.0 (Windows NT 6.1; Win64; x64) AppleWebKit/537.36 (KHTML, like Gecko) Chrome/74.0.3729.169 Safari/537.36"
108.162.242.55 - - [01/May/2026:05:16:05 -0400] "GET /wp-admin/css/colors/sunrise/ HTTP/1.1" 200 1346 "-" "Mozilla/5.0 (Macintosh; Intel Mac OS X 10_15_6) AppleWebKit/537.36 (KHTML, like Gecko) Chrome/84.0.4147.105 Safari/537.36"
108.162.242.56 - - [01/May/2026:05:16:05 -0400] "GET /wp-includes/block-patterns/ HTTP/1.1" 200 1345 "-" "Mozilla/5.0 (Macintosh; Intel Mac OS X 10_12_6) AppleWebKit/537.36 (KHTML, like Gecko) Chrome/58.0.3029.110 Safari/537.3"
108.162.242.55 - - [01/May/2026:05:16:05 -0400] "GET /wp-includes/certificates/ HTTP/1.1" 200 1342 "-" "Mozilla/5.0 (Windows NT 10.0; Win64; x64) AppleWebKit/537.36 (KHTML, like Gecko) Chrome/84.0.4147.105 Safari/537.36 OPR/70.0.3728.95"
108.162.242.55 - - [01/May/2026:05:16:05 -0400] "GET /wp-content/cache/ HTTP/1.1" 200 1337 "-" "Mozilla/5.0 (Windows NT 10.0; Win64; x64) AppleWebKit/537.36 (KHTML, like Gecko) Chrome/83.0.4103.97 Safari/537.36"
108.162.242.55 - - [01/May/2026:05:16:05 -0400] "GET /assets/images/ HTTP/1.1" 200 1334 "-" "Mozilla/5.0 (Windows NT 6.1; Win64; x64) AppleWebKit/537.36 (KHTML, like Gecko) Chrome/79.0.3945.130 Safari/537.36"
108.162.242.55 - - [01/May/2026:05:16:05 -0400] "GET /wp-admin/js/widgets/ HTTP/1.1" 200 1341 "-" "Mozilla/5.0 (Windows NT 10.0; Win64; x64) AppleWebKit/537.36 (KHTML, like Gecko) Chrome/79.0.3945.88 Safari/537.36"
108.162.242.55 - - [01/May/2026:05:16:05 -0400] "GET /wp-includes/random_compat/ HTTP/1.1" 200 1347 "-" "Mozilla/5.0 (Windows NT 10.0; Win64; x64) AppleWebKit/537.36 (KHTML, like Gecko) Chrome/74.0.3729.157 Safari/537.36"
108.162.242.56 - - [01/May/2026:05:16:05 -0400] "GET /wp-content/plugins/WordPressCore/ HTTP/1.1" 200 1351 "-" "Mozilla/5.0 (Macintosh; Intel Mac OS X 10_15_6) AppleWebKit/537.36 (KHTML, like Gecko) Chrome/84.0.4147.105 Safari/537.36"
108.162.242.56 - - [01/May/2026:05:16:05 -0400] "GET /wp-includes/images/media/ HTTP/1.1" 200 1344 "-" "Mozilla/5.0 (Windows NT 10.0; Win64; x64; rv:72.0) Gecko/20100101 Firefox/72.0"
108.162.242.56 - - [01/May/2026:05:16:05 -0400] "GET /wp-includes/css/ HTTP/1.1" 200 1339 "-" "Mozilla/5.0 (Windows NT 10.0; Win64; x64; rv:74.0) Gecko/20100101 Firefox/74.0"
108.162.242.56 - - [01/May/2026:05:16:05 -0400] "GET /wp-content/plugins/phpadmin/ HTTP/1.1" 200 1345 "-" "Mozilla/5.0 (Linux x86_64; rv:79.0) Gecko/20100101 Firefox/79.0"
108.162.242.56 - - [01/May/2026:05:16:05 -0400] "GET /wp-content/plugins/seoo/ HTTP/1.1" 200 1343 "-" "Mozilla/5.0 (Windows NT 10.0; Win64; x64) AppleWebKit/537.36 (KHTML, like Gecko) Chrome/75.0.3770.100 Safari/537.36"
108.162.242.56 - - [01/May/2026:05:16:05 -0400] "GET /wp-content/plugins/view-more/ HTTP/1.1" 200 1347 "-" "Mozilla/5.0 (Windows NT 10.0; Win64; x64) AppleWebKit/537.36 (KHTML, like Gecko) Chrome/81.0.4044.129 Safari/537.36"
108.162.242.56 - - [01/May/2026:05:16:05 -0400] "GET /wp-admin/css/colors/ HTTP/1.1" 200 1340 "-" "Mozilla/5.0 (Macintosh; Intel Mac OS X 10_15_6) AppleWebKit/537.36 (KHTML, like Gecko) Chrome/84.0.4147.105 Safari/537.36"
108.162.242.56 - - [01/May/2026:05:16:05 -0400] "GET /wp-content/themes/seotheme/ HTTP/1.1" 200 1342 "-" "Mozilla/5.0 (Windows NT 6.3; Win64; x64; rv:73.0) Gecko/20100101 Firefox/73.0"
108.162.242.56 - - [01/May/2026:05:16:05 -0400] "GET /wp-includes/images/ HTTP/1.1" 200 1340 "-" "Mozilla/5.0 (compatible; MSIE 10.0; Windows NT 6.1; Trident/6.0)"
108.162.242.55 - - [01/May/2026:05:16:05 -0400] "GET /wp-content/plugins/ioxi/ HTTP/1.1" 200 1343 "-" "Mozilla/5.0 (X11; Fedora; Linux x86_64; rv:79.0) Gecko/20100101 Firefox/79.0"
108.162.242.55 - - [01/May/2026:05:16:05 -0400] "GET /blog/wp-content/ HTTP/1.1" 200 1337 "-" "Mozilla/5.0 (Windows NT 10.0; WOW64; Trident/7.0; .NET4.0C; .NET4.0E; .NET CLR 2.0.50727; .NET CLR 3.0.30729; .NET CLR 3.5.30729; rv:11.0) like Gecko"
108.162.242.55 - - [01/May/2026:05:16:06 -0400] "GET /.well-known/acme-challenge/ HTTP/1.1" 404 196 "-" "Mozilla/5.0 (Macintosh; Intel Mac OS X 10_15_6) AppleWebKit/537.36 (KHTML, like Gecko) Chrome/84.0.4147.105 Safari/537.36"
108.162.242.55 - - [01/May/2026:05:16:06 -0400] "GET /wp-content/themes/astra/inc/ HTTP/1.1" 200 1346 "-" "Mozilla/5.0 (X11; Linux x86_64) AppleWebKit/537.36 (KHTML, like Gecko) Chrome/84.0.4147.105 Safari/537.36 OPR/70.0.3728.95"
108.162.242.55 - - [01/May/2026:05:16:06 -0400] "GET /wp-content/plugins/ccx/ HTTP/1.1" 200 1342 "-" "Mozilla/5.0 (Macintosh; Intel Mac OS X 10.15; rv:79.0) Gecko/20100101 Firefox/79.0"
108.162.242.56 - - [01/May/2026:05:16:06 -0400] "GET /wp-includes/css/dist/edit-widgets/ HTTP/1.1" 200 1353 "-" "Mozilla/5.0 (Windows NT 6.1; Win64; x64) AppleWebKit/537.36 (KHTML, like Gecko) Chrome/58.0.3029.110 Safari/537.3"
108.162.242.56 - - [01/May/2026:05:16:06 -0400] "GET /wp-includes/Requests/src/Exception/Http/ HTTP/1.1" 200 1358 "-" "Mozilla/5.0 (Windows NT 10.0; Win64; x64; rv:72.0) Gecko/20100101 Firefox/72.0"
108.162.242.55 - - [01/May/2026:05:16:06 -0400] "GET /wp-includes/Text/Diff/Renderer/ HTTP/1.1" 200 1352 "-" "Mozilla/5.0 (Windows NT 6.1; Win64; x64) AppleWebKit/537.36 (KHTML, like Gecko) Chrome/58.0.3029.110 Safari/537.3"
108.162.242.56 - - [01/May/2026:05:16:06 -0400] "GET /wp-includes/Text/Diff/ HTTP/1.1" 200 1345 "-" "Mozilla/5.0 (X11; Linux x86_64) AppleWebKit/537.36 (KHTML, like Gecko) Chrome/84.0.4147.105 Safari/537.36"
108.162.242.56 - - [01/May/2026:05:16:06 -0400] "GET /wp-includes/js/tinymce/skins/lightgray/img/ HTTP/1.1" 200 1360 "-" "Mozilla/5.0 (X11; Linux x86_64) AppleWebKit/537.36 (KHTML, like Gecko) Chrome/84.0.4147.105 Safari/537.36 OPR/70.0.3728.95"
108.162.242.55 - - [01/May/2026:05:16:06 -0400] "GET /wp-content/themes/twentytwentytwo/assets/fonts/ HTTP/1.1" 200 1353 "-" "Mozilla/5.0 (Windows NT 6.1; Win64; x64) AppleWebKit/537.36 (KHTML, like Gecko) Chrome/79.0.3945.130 Safari/537.36"
108.162.242.55 - - [01/May/2026:05:16:06 -0400] "GET /blog/wp-includes/ HTTP/1.1" 200 1340 "-" "Mozilla/5.0 (Windows NT 6.1; Win64; x64) AppleWebKit/537.36 (KHTML, like Gecko) Chrome/74.0.3729.169 Safari/537.36"
108.162.242.56 - - [01/May/2026:05:16:06 -0400] "GET /blog/wp-admin/ HTTP/1.1" 200 1338 "-" "Mozilla/5.0 (Windows NT 10.0; Win64; x64; rv:77.0) Gecko/20100101 Firefox/77.0"
108.162.242.56 - - [01/May/2026:05:16:06 -0400] "GET /wp-content/themes/twentyfive/ HTTP/1.1" 200 1345 "-" "Mozilla/5.0 (Windows NT 10.0; Win64; x64) AppleWebKit/537.36 (KHTML, like Gecko) Chrome/69.0.3497.100 Safari/537.36"
108.162.242.55 - - [01/May/2026:05:16:06 -0400] "GET /wp-includes/blocks/ HTTP/1.1" 200 1339 "-" "Mozilla/5.0 (Windows NT 10.0; WOW64; Trident/7.0; .NET4.0C; .NET4.0E; .NET CLR 2.0.50727; .NET CLR 3.0.30729; .NET CLR 3.5.30729; rv:11.0) like Gecko"
108.162.242.55 - - [01/May/2026:05:16:06 -0400] "GET /.bod/.ll/ HTTP/1.1" 200 1331 "-" "Mozilla/5.0 (Windows NT 10.0; Win64; x64) AppleWebKit/537.36 (KHTML, like Gecko) Chrome/79.0.3945.79 Safari/537.36"
108.162.242.55 - - [01/May/2026:05:16:06 -0400] "GET /wp-content/themes/twentytwentytwo/ HTTP/1.1" 200 1344 "-" "Mozilla/5.0 (X11; Linux i686; rv:79.0) Gecko/20100101 Firefox/79.0"
108.162.242.55 - - [01/May/2026:05:16:06 -0400] "GET /wp-includes/html-api/ HTTP/1.1" 200 1342 "-" "Mozilla/5.0 (Windows NT 10.0; Win64; x64; rv:71.0) Gecko/20100101 Firefox/71.0"
108.162.242.55 - - [01/May/2026:05:16:06 -0400] "GET /wp-includes/sitemaps/providers/ HTTP/1.1" 200 1348 "-" "Mozilla/5.0 (Windows NT 10.0; Win64; x64) AppleWebKit/537.36 (KHTML, like Gecko) Chrome/70.0.3538.77 Safari/537.36"
108.162.242.56 - - [01/May/2026:05:16:06 -0400] "GET /wp-includes/Text/Diff/Engine/ HTTP/1.1" 200 1351 "-" "Mozilla/5.0 (Macintosh; Intel Mac OS X 10_10_1) AppleWebKit/537.36 (KHTML, like Gecko) Chrome/39.0.2171.95 Safari/537.36"
108.162.242.56 - - [01/May/2026:05:16:07 -0400] "GET /wp-admin/css/colors/coffee/ HTTP/1.1" 200 1344 "-" "Mozilla/5.0 (Windows NT 10.0; Win64; x64) AppleWebKit/537.36 (KHTML, like Gecko) Chrome/74.0.3729.157 Safari/537.36"
108.162.242.56 - - [01/May/2026:05:16:07 -0400] "GET /wp-includes/blocks/calendar/ HTTP/1.1" 200 1346 "-" "Mozilla/5.0 (Windows NT 10.0; Win64; x64) AppleWebKit/537.36 (KHTML, like Gecko) Chrome/79.0.3945.130 Safari/537.36"
108.162.242.56 - - [01/May/2026:05:16:07 -0400] "GET /wp-content/plugins/fix/ HTTP/1.1" 200 1342 "-" "Mozilla/5.0 (Macintosh; Intel Mac OS X 10_10_1) AppleWebKit/537.36 (KHTML, like Gecko) Chrome/39.0.2171.95 Safari/537.36"
108.162.242.56 - - [01/May/2026:05:16:07 -0400] "GET /wp-content/themes/twentytwentyfour/ HTTP/1.1" 200 1346 "-" "Mozilla/5.0 (Windows NT 6.1; Win64; x64) AppleWebKit/537.36 (KHTML, like Gecko) Chrome/78.0.3904.108 Safari/537.36"
108.162.242.55 - - [01/May/2026:05:16:07 -0400] "GET /wp-includes/bk/ HTTP/1.1" 200 1339 "-" "Mozilla/5.0 (Windows NT 10.0; Win64; x64; rv:74.0) Gecko/20100101 Firefox/74.0"
108.162.242.55 - - [01/May/2026:05:16:07 -0400] "GET /wp-content/ALFA_DATA/alfacgiapi/ HTTP/1.1" 200 1354 "-" "Mozilla/5.0 (Windows NT 10.0; Win64; x64) AppleWebKit/537.36 (KHTML, like Gecko) Chrome/75.0.3770.100 Safari/537.36"
108.162.242.55 - - [01/May/2026:05:16:07 -0400] "GET /wp-content/uploads/2023/05/ HTTP/1.1" 200 1346 "-" "Mozilla/5.0 (X11; Linux i686; rv:79.0) Gecko/20100101 Firefox/79.0"
108.162.242.55 - - [01/May/2026:05:16:07 -0400] "GET /wp-content/themes/hello-element/ HTTP/1.1" 200 1346 "-" "Mozilla/5.0 (Windows NT 10.0; Win64; x64; rv:71.0) Gecko/20100101 Firefox/71.0"
108.162.242.56 - - [01/May/2026:05:16:07 -0400] "GET /wp-includes/Text/ HTTP/1.1" 200 1340 "-" "Mozilla/5.0 (Windows NT 10.0; Win64; x64) AppleWebKit/537.36 (KHTML, like Gecko) Chrome/80.0.3987.149 Safari/537.36"
108.162.242.55 - - [01/May/2026:05:16:07 -0400] "GET /wp-includes/sitemaps/ HTTP/1.1" 200 1341 "-" "Mozilla/5.0 (Windows NT 10.0; Win64; x64; rv:79.0) Gecko/20100101 Firefox/79.0"
108.162.242.56 - - [01/May/2026:05:16:07 -0400] "GET /wp-includes/sodium_compat/ HTTP/1.1" 200 1347 "-" "Mozilla/5.0 (Windows NT 10.0; Win64; x64) AppleWebKit/537.36 (KHTML, like Gecko) Chrome/84.0.4147.105 Safari/537.36"
108.162.242.55 - - [01/May/2026:05:16:07 -0400] "GET /wp-includes/js/dist/ HTTP/1.1" 200 1343 "-" "Mozilla/5.0 (Windows NT 10.0; WOW64) AppleWebKit/537.36 (KHTML, like Gecko) Chrome/72.0.3626.121 Safari/537.36"
108.162.242.56 - - [01/May/2026:05:16:07 -0400] "GET /wp-includes/sodium_compat/src/ HTTP/1.1" 200 1350 "-" "Mozilla/5.0 (Windows NT 10.0; Win64; x64) AppleWebKit/537.36 (KHTML, like Gecko) Chrome/70.0.3538.110 Safari/537.36"
108.162.242.55 - - [01/May/2026:05:16:07 -0400] "GET /wp-content/plugins/erinyani/ HTTP/1.1" 200 1346 "-" "Mozilla/5.0 (Windows NT 10.0; Win64; x64; rv:66.0) Gecko/20100101 Firefox/66.0"
108.162.242.56 - - [01/May/2026:05:16:07 -0400] "GET /wp-includes/SimplePie/Parse/ HTTP/1.1" 200 1349 "-" "Mozilla/5.0 (Windows NT 10.0; WOW64; Trident/7.0; .NET4.0C; .NET4.0E; .NET CLR 2.0.50727; .NET CLR 3.0.30729; .NET CLR 3.5.30729; rv:11.0) like Gecko"
108.162.242.55 - - [01/May/2026:05:16:07 -0400] "GET /wp-content/themes/sky-pro/ HTTP/1.1" 200 1345 "-" "Mozilla/5.0 (compatible; MSIE 10.0; Windows NT 6.1; Trident/6.0)"
108.162.242.55 - - [01/May/2026:05:16:08 -0400] "GET /wp-includes/SimplePie/Cache/ HTTP/1.1" 200 1350 "-" "Mozilla/5.0 (X11; Linux x86_64) AppleWebKit/537.36 (KHTML, like Gecko) Chrome/84.0.4147.105 Safari/537.36 OPR/70.0.3728.95"
108.162.242.56 - - [01/May/2026:05:16:08 -0400] "GET /wp-includes/js/tinymce/plugins/fullscreen/ HTTP/1.1" 200 1357 "-" "Mozilla/5.0 (Windows NT 10.0; Win64; x64) AppleWebKit/537.36 (KHTML, like Gecko) Chrome/81.0.4044.129 Safari/537.36"
108.162.242.55 - - [01/May/2026:05:16:08 -0400] "GET /wp-content/languages/themes/ HTTP/1.1" 200 1345 "-" "Mozilla/5.0 (Linux x86_64; rv:79.0) Gecko/20100101 Firefox/79.0"
108.162.242.56 - - [01/May/2026:05:16:08 -0400] "GET /admin/controller/extension/extension/ HTTP/1.1" 200 1345 "-" "Mozilla/5.0 (Windows NT 10.0; Win64; x64) AppleWebKit/537.36 (KHTML, like Gecko) Chrome/79.0.3945.130 Safari/537.36"
108.162.242.55 - - [01/May/2026:05:16:08 -0400] "GET /img/ HTTP/1.1" 200 1328 "-" "Mozilla/5.0 (Windows NT 6.3; Win64; x64; rv:73.0) Gecko/20100101 Firefox/73.0"
108.162.242.55 - - [01/May/2026:05:16:08 -0400] "GET /wp-includes/interactivity-api/ HTTP/1.1" 200 1348 "-" "Mozilla/5.0 (Windows NT 10.0; Win64; x64) AppleWebKit/537.36 (KHTML, like Gecko) Chrome/74.0.3729.169 Safari/537.36"
108.162.242.55 - - [01/May/2026:05:16:08 -0400] "GET /wp-includes/l10n/ HTTP/1.1" 200 1340 "-" "Mozilla/5.0 (Windows NT 10.0; Win64; x64) AppleWebKit/537.36 (KHTML, like Gecko) Chrome/77.0.3865.90 Safari/537.36"
108.162.242.55 - - [01/May/2026:05:16:08 -0400] "GET /tinyfilemanager/ HTTP/1.1" 200 1335 "-" "Mozilla/5.0 (Macintosh; Intel Mac OS X 10.15; rv:79.0) Gecko/20100101 Firefox/79.0"
108.162.242.56 - - [01/May/2026:05:16:08 -0400] "GET /wp-includes/js/tinymce/utils/ HTTP/1.1" 200 1349 "-" "Mozilla/5.0 (Windows NT 10.0; Win64; x64) AppleWebKit/537.36 (KHTML, like Gecko) Chrome/74.0.3729.169 Safari/537.36"
108.162.242.56 - - [01/May/2026:05:16:08 -0400] "GET /components/com_newsfeeds/models/ HTTP/1.1" 200 1346 "-" "Mozilla/5.0 (Windows NT 6.1; Win64; x64) AppleWebKit/537.36 (KHTML, like Gecko) Chrome/79.0.3945.130 Safari/537.36"
108.162.242.56 - - [01/May/2026:05:16:08 -0400] "GET /.trash7309/ HTTP/1.1" 200 1333 "-" "Mozilla/5.0 (Windows NT 10.0; Win64; x64) AppleWebKit/537.36 (KHTML, like Gecko) Chrome/84.0.4147.105 Safari/537.36 OPR/70.0.3728.95"
108.162.242.55 - - [01/May/2026:05:16:08 -0400] "GET /wp-content/plugins/revslider/includes/external/page/ HTTP/1.1" 200 1362 "-" "Mozilla/5.0 (Macintosh; Intel Mac OS X 10_10_1) AppleWebKit/537.36 (KHTML, like Gecko) Chrome/39.0.2171.95 Safari/537.36"
108.162.242.56 - - [01/May/2026:05:16:08 -0400] "GET /wp-content/plugins/ioxi/ioxi/ HTTP/1.1" 200 1343 "-" "Mozilla/5.0 (Windows NT 10.0; Win64; x64) AppleWebKit/537.36 (KHTML, like Gecko) Chrome/79.0.3945.130 Safari/537.36"
108.162.242.56 - - [01/May/2026:05:16:08 -0400] "GET /modules/ HTTP/1.1" 200 1330 "-" "Mozilla/5.0 (Windows NT 10.0; Win64; x64; rv:79.0) Gecko/20100101 Firefox/79.0"
108.162.242.55 - - [01/May/2026:05:16:08 -0400] "GET /wp-includes/js/codemirror/ HTTP/1.1" 200 1346 "-" "Mozilla/5.0 (Linux x86_64; rv:79.0) Gecko/20100101 Firefox/79.0"
108.162.242.55 - - [01/May/2026:05:16:08 -0400] "GET /wp-includes/js/tinymce/langs/ HTTP/1.1" 200 1349 "-" "Mozilla/5.0 (Windows NT 6.1; Win64; x64) AppleWebKit/537.36 (KHTML, like Gecko) Chrome/78.0.3904.108 Safari/537.36"
108.162.242.56 - - [01/May/2026:05:16:08 -0400] "GET /wp-admin/css/colors/modern/ HTTP/1.1" 200 1345 "-" "Mozilla/5.0 (Windows NT 10.0; Win64; x64; rv:76.0) Gecko/20100101 Firefox/76.0"
108.162.242.55 - - [01/May/2026:05:16:09 -0400] "GET /wp-includes/blocks/group/ HTTP/1.1" 200 1343 "-" "Mozilla/5.0 (Windows NT 10.0; Win64; x64; rv:76.0) Gecko/20100101 Firefox/76.0"
108.162.242.56 - - [01/May/2026:05:16:09 -0400] "GET /plugins/ HTTP/1.1" 200 1331 "-" "Mozilla/5.0 (Windows NT 10.0; WOW64) AppleWebKit/537.36 (KHTML, like Gecko) Chrome/84.0.4147.105 Safari/537.36"
108.162.242.55 - - [01/May/2026:05:16:09 -0400] "GET /wordpress/wp-content/uploads/ HTTP/1.1" 200 1343 "-" "Mozilla/5.0 (Windows NT 10.0; Win64; x64; rv:77.0) Gecko/20100101 Firefox/77.0"
108.162.242.55 - - [01/May/2026:05:16:09 -0400] "GET /upload/ HTTP/1.1" 200 1329 "-" "Mozilla/5.0 (Windows NT 10.0; Win64; x64; rv:67.0) Gecko/20100101 Firefox/67.0"
108.162.242.55 - - [01/May/2026:05:16:09 -0400] "GET /wordpress/wp-includes/ HTTP/1.1" 200 1340 "-" "Mozilla/5.0 (compatible; MSIE 10.0; Windows NT 6.1; Trident/6.0)"
108.162.242.56 - - [01/May/2026:05:16:09 -0400] "GET /wp-includes/css/dist/ HTTP/1.1" 200 1343 "-" "Mozilla/5.0 (Windows NT 10.0; Win64; x64) AppleWebKit/537.36 (KHTML, like Gecko) Chrome/70.0.3538.110 Safari/537.36"
108.162.242.55 - - [01/May/2026:05:16:09 -0400] "GET /ALFA_DATA/alfacgiapi/ HTTP/1.1" 200 1346 "-" "Mozilla/5.0 (X11; Linux x86_64) AppleWebKit/537.36 (KHTML, like Gecko) Chrome/84.0.4147.105 Safari/537.36"
108.162.242.56 - - [01/May/2026:05:16:09 -0400] "GET /.tmb/ HTTP/1.1" 200 1329 "-" "Mozilla/5.0 (Windows NT 10.0; Win64; x64) AppleWebKit/537.36 (KHTML, like Gecko) Chrome/79.0.3945.130 Safari/537.36"
108.162.242.55 - - [01/May/2026:05:16:09 -0400] "GET /wp-includes/assets/wp-includes/assets/ HTTP/1.1" 200 1342 "-" "Mozilla/5.0 (Windows NT 10.0; Win64; x64) AppleWebKit/537.36 (KHTML, like Gecko) Chrome/79.0.3945.130 Safari/537.36"
108.162.242.56 - - [01/May/2026:05:16:09 -0400] "GET /wp-includes/blocks/file/ HTTP/1.1" 200 1343 "-" "Mozilla/5.0 (Windows NT 6.3; Win64; x64; rv:73.0) Gecko/20100101 Firefox/73.0"
108.162.242.55 - - [01/May/2026:05:16:09 -0400] "GET /wp-content/mu-plugins/ HTTP/1.1" 200 1341 "-" "Mozilla/5.0 (X11; Linux x86_64) AppleWebKit/537.36 (KHTML, like Gecko) Chrome/84.0.4147.105 Safari/537.36 OPR/70.0.3728.95"
108.162.242.55 - - [01/May/2026:05:16:09 -0400] "GET /blog/ HTTP/1.1" 200 1329 "-" "Mozilla/5.0 (Macintosh; Intel Mac OS X 10_15_6) AppleWebKit/537.36 (KHTML, like Gecko) Chrome/84.0.4147.105 Safari/537.36 OPR/70.0.3728.95"
108.162.242.56 - - [01/May/2026:05:16:09 -0400] "GET /include/ HTTP/1.1" 200 1330 "-" "Mozilla/5.0 (Windows NT 10.0; Win64; x64) AppleWebKit/537.36 (KHTML, like Gecko) Chrome/84.0.4147.105 Safari/537.36 OPR/70.0.3728.95"
108.162.242.56 - - [01/May/2026:05:16:09 -0400] "GET /file/ HTTP/1.1" 200 1328 "-" "Mozilla/5.0 (X11; Ubuntu; Linux i686; rv:79.0) Gecko/20100101 Firefox/79.0"
108.162.242.56 - - [01/May/2026:05:16:09 -0400] "GET /wp-content/themes/twentytwentyfour/patterns/ HTTP/1.1" 200 1353 "-" "Mozilla/5.0 (X11; Ubuntu; Linux x86_64; rv:79.0) Gecko/20100101 Firefox/79.0"
108.162.242.56 - - [01/May/2026:05:16:09 -0400] "GET /images/news_event/ HTTP/1.1" 200 1340 "-" "Mozilla/5.0 (Windows NT 10.0; Win64; x64) AppleWebKit/537.36 (KHTML, like Gecko) Chrome/84.0.4147.105 Safari/537.36"
108.162.242.56 - - [01/May/2026:05:16:09 -0400] "GET /wp-content/themes/wp-pridmag/ HTTP/1.1" 200 1344 "-" "Mozilla/5.0 (Windows NT 10.0; Win64; x64) AppleWebKit/537.36 (KHTML, like Gecko) Chrome/74.0.3729.169 Safari/537.36"
108.162.242.56 - - [01/May/2026:05:16:10 -0400] "GET /templates/beez5/ HTTP/1.1" 200 1336 "-" "Mozilla/5.0 (Windows NT 10.0; Win64; x64) AppleWebKit/537.36 (KHTML, like Gecko) Chrome/79.0.3945.79 Safari/537.36"
108.162.242.55 - - [01/May/2026:05:16:10 -0400] "GET /wp-admin/js/file/ HTTP/1.1" 200 1341 "-" "Mozilla/5.0 (Macintosh; Intel Mac OS X 10_10_1) AppleWebKit/537.36 (KHTML, like Gecko) Chrome/39.0.2171.95 Safari/537.36"
108.162.242.56 - - [01/May/2026:05:16:10 -0400] "GET /wp-includes/id3/ HTTP/1.1" 200 1338 "-" "Mozilla/5.0 (Windows NT 10.0; Win64; x64) AppleWebKit/537.36 (KHTML, like Gecko) Chrome/79.0.3945.79 Safari/537.36"
108.162.242.56 - - [01/May/2026:05:16:10 -0400] "GET /wp-includes/js/imgareaselect/ HTTP/1.1" 200 1348 "-" "Mozilla/5.0 (Windows NT 10.0; Win64; x64; rv:66.0) Gecko/20100101 Firefox/66.0"
108.162.242.55 - - [01/May/2026:05:16:10 -0400] "GET /upload/bilder/ HTTP/1.1" 200 1334 "-" "Mozilla/5.0 (X11; Linux i686; rv:79.0) Gecko/20100101 Firefox/79.0"
108.162.242.55 - - [01/May/2026:05:16:10 -0400] "GET /wp-includes/Requests/Text/ HTTP/1.1" 200 1347 "-" "Mozilla/5.0 (Windows NT 10.0; Win64; x64; rv:72.0) Gecko/20100101 Firefox/72.0"
108.162.242.56 - - [01/May/2026:05:16:10 -0400] "GET /wp-includes/sodium_compat/lib/ HTTP/1.1" 200 1351 "-" "Mozilla/5.0 (Windows NT 6.1; Win64; x64) AppleWebKit/537.36 (KHTML, like Gecko) Chrome/78.0.3904.108 Safari/537.36"
108.162.242.55 - - [01/May/2026:05:16:10 -0400] "GET /wp-includes/js/jcrop/ HTTP/1.1" 200 1342 "-" "Mozilla/5.0 (X11; Linux x86_64) AppleWebKit/537.36 (KHTML, like Gecko) Chrome/84.0.4147.105 Safari/537.36"
108.162.242.56 - - [01/May/2026:05:16:10 -0400] "GET /wp-content/uploads/2021/ HTTP/1.1" 200 1343 "-" "Mozilla/5.0 (Windows NT 6.1; Win64; x64) AppleWebKit/537.36 (KHTML, like Gecko) Chrome/79.0.3945.130 Safari/537.36"
108.162.242.55 - - [01/May/2026:05:16:10 -0400] "GET /assets/js/ HTTP/1.1" 200 1332 "-" "Mozilla/5.0 (X11; Linux x86_64) AppleWebKit/537.36 (KHTML, like Gecko) Chrome/84.0.4147.105 Safari/537.36 OPR/70.0.3728.95"
108.162.242.56 - - [01/May/2026:05:16:10 -0400] "GET /wp-includes/block-bindings/ HTTP/1.1" 200 1346 "-" "Mozilla/5.0 (Windows NT 10.0) AppleWebKit/537.36 (KHTML, like Gecko) Chrome/84.0.4147.105 Safari/537.36"
108.162.242.55 - - [01/May/2026:05:16:10 -0400] "GET /wp-includes/Requests/Auth/ HTTP/1.1" 200 1347 "-" "Mozilla/5.0 (Windows NT 10.0; Win64; x64) AppleWebKit/537.36 (KHTML, like Gecko) Chrome/77.0.3865.90 Safari/537.36"
108.162.242.55 - - [01/May/2026:05:16:10 -0400] "GET /wp-includes/Requests/library/ HTTP/1.1" 200 1349 "-" "Mozilla/5.0 (Macintosh; Intel Mac OS X 10_15_6) AppleWebKit/537.36 (KHTML, like Gecko) Chrome/84.0.4147.125 Safari/537.36"
108.162.242.56 - - [01/May/2026:05:16:10 -0400] "GET /wp-content/plugins/classic-editor/ HTTP/1.1" 200 1349 "-" "Mozilla/5.0 (Windows NT 6.1; Win64; x64) AppleWebKit/537.36 (KHTML, like Gecko) Chrome/80.0.3987.149 Safari/537.36"
108.162.242.55 - - [01/May/2026:05:16:10 -0400] "GET /wordpress/wp-admin/includes/ HTTP/1.1" 200 1345 "-" "Mozilla/5.0 (Windows NT 10.0; Win64; x64) AppleWebKit/537.36 (KHTML, like Gecko) Chrome/79.0.3945.88 Safari/537.36"
108.162.242.56 - - [01/May/2026:05:16:10 -0400] "GET /backup/ HTTP/1.1" 200 1329 "-" "Mozilla/5.0 (Windows NT 10.0; Win64; x64; rv:77.0) Gecko/20100101 Firefox/77.0"
108.162.242.55 - - [01/May/2026:05:16:10 -0400] "GET /files/shares/ HTTP/1.1" 200 1333 "-" "Mozilla/5.0 (Windows NT 10.0; Win64; x64) AppleWebKit/537.36 (KHTML, like Gecko) Chrome/79.0.3945.130 Safari/537.36"
108.162.242.55 - - [01/May/2026:05:16:10 -0400] "GET /wp-content/plugins/xt/ HTTP/1.1" 200 1341 "-" "Mozilla/5.0 (Windows NT 6.1; Win64; x64) AppleWebKit/537.36 (KHTML, like Gecko) Chrome/74.0.3729.169 Safari/537.36"
108.162.242.56 - - [01/May/2026:05:16:11 -0400] "GET /wp-content/plugins/content-management/ HTTP/1.1" 200 1348 "-" "Mozilla/5.0 (Windows NT 10.0; Win64; x64) AppleWebKit/537.36 (KHTML, like Gecko) Chrome/84.0.4147.105 Safari/537.36 OPR/70.0.3728.95"
108.162.242.55 - - [01/May/2026:05:16:11 -0400] "GET /wp-content/themes/Avada/licensing/ HTTP/1.1" 200 1350 "-" "Mozilla/5.0 (Windows NT 10.0; Win64; x64) AppleWebKit/537.36 (KHTML, like Gecko) Chrome/79.0.3945.88 Safari/537.36"
108.162.242.56 - - [01/May/2026:05:16:11 -0400] "GET /Requests/Utility/ HTTP/1.1" 200 1339 "-" "Mozilla/5.0 (Windows NT 10.0; Win64; x64) AppleWebKit/537.36 (KHTML, like Gecko) Chrome/84.0.4147.105 Safari/537.36"
108.162.242.55 - - [01/May/2026:05:16:11 -0400] "GET /themes/travelscape/ HTTP/1.1" 200 1338 "-" "Mozilla/5.0 (Windows NT 10.0; Win64; x64) AppleWebKit/537.36 (KHTML, like Gecko) Chrome/83.0.4103.97 Safari/537.36"
108.162.242.55 - - [01/May/2026:05:16:11 -0400] "GET /themes/twentyseventeen/page/ HTTP/1.1" 200 1345 "-" "Mozilla/5.0 (Windows NT 10.0; Win64; x64; rv:76.0) Gecko/20100101 Firefox/76.0"
108.162.242.56 - - [01/May/2026:05:16:11 -0400] "GET /rest-api/fields/ HTTP/1.1" 200 1338 "-" "Mozilla/5.0 (Macintosh; Intel Mac OS X 10_15_6) AppleWebKit/537.36 (KHTML, like Gecko) Chrome/84.0.4147.105 Safari/537.36 OPR/70.0.3728.95"
108.162.242.56 - - [01/May/2026:05:16:11 -0400] "GET /wp-includes/Requests/Utility/ HTTP/1.1" 200 1349 "-" "Mozilla/5.0 (Windows NT 10.0; Win64; x64; rv:72.0) Gecko/20100101 Firefox/72.0"
108.162.242.55 - - [01/May/2026:05:16:11 -0400] "GET /wp-content/plugins/tunnelforms/ HTTP/1.1" 200 1346 "-" "Mozilla/5.0 (Windows NT 10.0; Win64; x64) AppleWebKit/537.36 (KHTML, like Gecko) Chrome/81.0.4044.129 Safari/537.36"
108.162.242.55 - - [01/May/2026:05:16:11 -0400] "GET /wp-content/languages/plugins/ HTTP/1.1" 200 1346 "-" "Mozilla/5.0 (X11; Ubuntu; Linux i686; rv:79.0) Gecko/20100101 Firefox/79.0"
108.162.242.55 - - [01/May/2026:05:16:11 -0400] "GET /wp-includes/js/tinymce/skins/ HTTP/1.1" 200 1349 "-" "Mozilla/5.0 (Windows NT 10.0; Win64; x64; rv:77.0) Gecko/20100101 Firefox/77.0"
108.162.242.55 - - [01/May/2026:05:16:11 -0400] "GET /wp-includes/js/tinymce/utils/%20 HTTP/1.1" 200 1353 "-" "Mozilla/5.0 (Windows NT 10.0; Win64; x64; rv:74.0) Gecko/20100101 Firefox/74.0"
108.162.242.55 - - [01/May/2026:05:16:11 -0400] "GET /themes/seotheme/ HTTP/1.1" 200 1334 "-" "Mozilla/5.0 (Windows NT 10.0; Win64; x64) AppleWebKit/537.36 (KHTML, like Gecko) Chrome/84.0.4147.105 Safari/537.36"
108.162.242.55 - - [01/May/2026:05:16:11 -0400] "GET /wp-includes/js/jquery/ui/ HTTP/1.1" 200 1347 "-" "Mozilla/5.0 (Windows NT 10.0; Win64; x64; rv:76.0) Gecko/20100101 Firefox/76.0"
108.162.242.55 - - [01/May/2026:05:16:11 -0400] "GET /js/tinymce/utils/%20 HTTP/1.1" 200 1342 "-" "Mozilla/5.0 (X11; Linux x86_64) AppleWebKit/537.36 (KHTML, like Gecko) Chrome/84.0.4147.105 Safari/537.36 OPR/70.0.3728.95"
108.162.242.55 - - [01/May/2026:05:16:11 -0400] "GET /Requests/Exception/ HTTP/1.1" 200 1339 "-" "Mozilla/5.0 (Windows NT 10.0; Win64; x64; rv:76.0) Gecko/20100101 Firefox/76.0"
108.162.242.55 - - [01/May/2026:05:16:11 -0400] "GET /wp-includes/js/tinymce/themes/ HTTP/1.1" 200 1349 "-" "Mozilla/5.0 (Windows NT 10.0; Win64; x64) AppleWebKit/537.36 (KHTML, like Gecko) Chrome/70.0.3538.77 Safari/537.36"
108.162.242.55 - - [01/May/2026:05:16:11 -0400] "GET /wp-json/wp/v2/give_forms/ HTTP/1.1" 200 1346 "-" "Mozilla/5.0 (Windows NT 10.0; Win64; x64) AppleWebKit/537.36 (KHTML, like Gecko) Chrome/77.0.3865.90 Safari/537.36"
108.162.242.55 - - [01/May/2026:05:16:11 -0400] "GET /wp-content/plugins/ultimate-member/ HTTP/1.1" 200 1349 "-" "Mozilla/5.0 (Macintosh; Intel Mac OS X 10_15_6) AppleWebKit/537.36 (KHTML, like Gecko) Chrome/84.0.4147.105 Safari/537.36"
108.162.242.55 - - [01/May/2026:05:16:12 -0400] "GET /wp-includes/js/tinymce/themes/inlite/ HTTP/1.1" 200 1353 "-" "Mozilla/5.0 (Windows NT 10.0; WOW64) AppleWebKit/537.36 (KHTML, like Gecko) Chrome/84.0.4147.105 Safari/537.36"
108.162.242.55 - - [01/May/2026:05:16:12 -0400] "GET /wp-content/themes/travelscape/ HTTP/1.1" 200 1346 "-" "Mozilla/5.0 (Windows NT 10.0; Win64; x64) AppleWebKit/537.36 (KHTML, like Gecko) Chrome/84.0.4147.105 Safari/537.36 OPR/70.0.3728.95"
108.162.242.56 - - [01/May/2026:05:16:12 -0400] "GET /wp-includes/js/plupload/ HTTP/1.1" 200 1345 "-" "Mozilla/5.0 (Windows NT 6.1; Win64; x64) AppleWebKit/537.36 (KHTML, like Gecko) Chrome/74.0.3729.169 Safari/537.36"
108.162.242.56 - - [01/May/2026:05:16:12 -0400] "GET /wp-includes/rest-api/fields/ HTTP/1.1" 200 1347 "-" "Mozilla/5.0 (Windows NT 10.0) AppleWebKit/537.36 (KHTML, like Gecko) Chrome/84.0.4147.105 Safari/537.36"
108.162.242.55 - - [01/May/2026:05:16:12 -0400] "GET /wp-includes/images/wlw/ HTTP/1.1" 200 1343 "-" "Mozilla/5.0 (Windows NT 6.3; Win64; x64; rv:73.0) Gecko/20100101 Firefox/73.0"
108.162.242.56 - - [01/May/2026:05:16:12 -0400] "GET /wp-includes/blocks/code/ HTTP/1.1" 200 1343 "-" "Mozilla/5.0 (Windows NT 10.0; Win64; x64) AppleWebKit/537.36 (KHTML, like Gecko) Chrome/83.0.4103.97 Safari/537.36"
108.162.242.56 - - [01/May/2026:05:16:12 -0400] "GET /wp-includes/blocks/archives/ HTTP/1.1" 200 1344 "-" "Mozilla/5.0 (Windows NT 10.0; Win64; x64) AppleWebKit/537.36 (KHTML, like Gecko) Chrome/74.0.3729.169 Safari/537.36"
108.162.242.56 - - [01/May/2026:05:16:12 -0400] "GET /wp-includes/css/dist/components/ HTTP/1.1" 200 1351 "-" "Mozilla/5.0 (Windows NT 10.0; Win64; x64) AppleWebKit/537.36 (KHTML, like Gecko) Chrome/83.0.4103.61 Safari/537.36"
108.162.242.56 - - [01/May/2026:05:16:12 -0400] "GET /wp-content/plugins/js-support-ticket/ HTTP/1.1" 200 1354 "-" "Mozilla/5.0 (Windows NT 10.0; Win64; x64) AppleWebKit/537.36 (KHTML, like Gecko) Chrome/79.0.3945.88 Safari/537.36"
108.162.242.55 - - [01/May/2026:05:16:12 -0400] "GET /wp-content/plugins/easy-themes-manager/ HTTP/1.1" 200 1355 "-" "Mozilla/5.0 (Windows NT 6.1; Win64; x64) AppleWebKit/537.36 (KHTML, like Gecko) Chrome/74.0.3729.169 Safari/537.36"
108.162.242.56 - - [01/May/2026:05:16:12 -0400] "GET /wp-content/settings/ HTTP/1.1" 200 1339 "-" "Mozilla/5.0 (Windows NT 10.0; WOW64; x64) AppleWebKit/537.36 (KHTML, like Gecko) Chrome/84.0.4147.105 Safari/537.36 OPR/70.0.3728.95"
108.162.242.56 - - [01/May/2026:05:16:12 -0400] "GET /wp-includes/blocks/pullquote/ HTTP/1.1" 200 1348 "-" "Mozilla/5.0 (Windows NT 10.0; Win64; x64; rv:73.0) Gecko/20100101 Firefox/73.0"
108.162.242.56 - - [01/May/2026:05:16:12 -0400] "GET /wp-content/plugins/shell/ HTTP/1.1" 200 1343 "-" "Mozilla/5.0 (Windows NT 10.0; Win64; x64) AppleWebKit/537.36 (KHTML, like Gecko) Chrome/79.0.3945.130 Safari/537.36"
108.162.242.56 - - [01/May/2026:05:16:12 -0400] "GET /wp-admin/images/html-api/ HTTP/1.1" 200 1345 "-" "Mozilla/5.0 (Windows NT 6.1; Win64; x64) AppleWebKit/537.36 (KHTML, like Gecko) Chrome/58.0.3029.110 Safari/537.3"
108.162.242.56 - - [01/May/2026:05:16:12 -0400] "GET /wp-includes/blocks/comments-pagination-numbers/ HTTP/1.1" 200 1355 "-" "Mozilla/5.0 (Windows NT 10.0; Win64; x64) AppleWebKit/537.36 (KHTML, like Gecko) Chrome/75.0.3770.100 Safari/537.36"
108.162.242.55 - - [01/May/2026:05:16:12 -0400] "GET /wp-admin/user/interactivity-api/ HTTP/1.1" 200 1348 "-" "Mozilla/5.0 (X11; Ubuntu; Linux x86_64; rv:79.0) Gecko/20100101 Firefox/79.0"
108.162.242.56 - - [01/May/2026:05:16:12 -0400] "GET /assets/bootstrap-fileupload/ HTTP/1.1" 200 1346 "-" "Mozilla/5.0 (Windows NT 10.0) AppleWebKit/537.36 (KHTML, like Gecko) Chrome/72.0.3626.121 Safari/537.36"
108.162.242.55 - - [01/May/2026:05:16:13 -0400] "GET /wp-content/plugins/yanierin/ HTTP/1.1" 200 1346 "-" "Mozilla/5.0 (Macintosh; Intel Mac OS X 10_15_6) AppleWebKit/537.36 (KHTML, like Gecko) Chrome/84.0.4147.105 Safari/537.36 OPR/70.0.3728.95"
108.162.242.56 - - [01/May/2026:05:16:13 -0400] "GET /wp-content/themes/hideo/ HTTP/1.1" 200 1342 "-" "Mozilla/5.0 (Windows NT 10.0; Win64; x64) AppleWebKit/537.36 (KHTML, like Gecko) Chrome/84.0.4147.105 Safari/537.36 OPR/70.0.3728.95"
108.162.242.56 - - [01/May/2026:05:16:13 -0400] "GET /wp-content/plugins/profile-builder/ HTTP/1.1" 200 1350 "-" "Mozilla/5.0 (Windows NT 10.0; Win64; x64) AppleWebKit/537.36 (KHTML, like Gecko) Chrome/79.0.3945.88 Safari/537.36"
108.162.242.55 - - [01/May/2026:05:16:13 -0400] "GET /wp-content/plugins/plugin/ HTTP/1.1" 200 1340 "-" "Mozilla/5.0 (Windows NT 10.0; Win64; x64) AppleWebKit/537.36 (KHTML, like Gecko) Chrome/70.0.3538.110 Safari/537.36"
108.162.242.55 - - [01/May/2026:05:16:13 -0400] "GET /wp-admin/network/cache/ HTTP/1.1" 200 1344 "-" "Mozilla/5.0 (X11; Linux x86_64) AppleWebKit/537.36 (KHTML, like Gecko) Chrome/84.0.4147.105 Safari/537.36 OPR/70.0.3728.95"
108.162.242.55 - - [01/May/2026:05:16:13 -0400] "GET /wp-includes/blocks/details/ HTTP/1.1" 200 1345 "-" "Mozilla/5.0 (Windows NT 10.0) AppleWebKit/537.36 (KHTML, like Gecko) Chrome/84.0.4147.105 Safari/537.36"
108.162.242.56 - - [01/May/2026:05:16:13 -0400] "GET /wp-includes/blocks/post-terms/ HTTP/1.1" 200 1347 "-" "Mozilla/5.0 (Windows NT 10.0; Win64; x64; rv:67.0) Gecko/20100101 Firefox/67.0"
108.162.242.55 - - [01/May/2026:05:16:13 -0400] "GET /wp-includes/theme-compat/network/ HTTP/1.1" 200 1351 "-" "Mozilla/5.0 (Windows NT 10.0; Win64; x64) AppleWebKit/537.36 (KHTML, like Gecko) Chrome/84.0.4147.105 Safari/537.36"
108.162.242.56 - - [01/May/2026:05:16:13 -0400] "GET /wp-includes/js/dist/development/ HTTP/1.1" 200 1348 "-" "Mozilla/5.0 (Windows NT 6.1; Win64; x64) AppleWebKit/537.36 (KHTML, like Gecko) Chrome/74.0.3729.169 Safari/537.36"
108.162.242.55 - - [01/May/2026:05:16:13 -0400] "GET /management/assets/assets/css/ HTTP/1.1" 200 1340 "-" "Mozilla/5.0 (Windows NT 10.0; Win64; x64) AppleWebKit/537.36 (KHTML, like Gecko) Chrome/79.0.3945.130 Safari/537.36"
108.162.242.55 - - [01/May/2026:05:16:13 -0400] "GET /wp-includes/sodium_compat/namespaced/Core/ HTTP/1.1" 200 1359 "-" "Mozilla/5.0 (Windows NT 10.0; Win64; x64) AppleWebKit/537.36 (KHTML, like Gecko) Chrome/84.0.4147.105 Safari/537.36"
108.162.242.56 - - [01/May/2026:05:16:13 -0400] "GET /wordpress/wp-includes/blocks/accordion/ HTTP/1.1" 200 1351 "-" "Mozilla/5.0 (Windows NT 10.0; Win64; x64) AppleWebKit/537.36 (KHTML, like Gecko) Chrome/84.0.4147.105 Safari/537.36 OPR/70.0.3728.95"
108.162.242.56 - - [01/May/2026:05:16:13 -0400] "GET /assets/worders_front/ HTTP/1.1" 200 1341 "-" "Mozilla/5.0 (Windows NT 10.0; WOW64) AppleWebKit/537.36 (KHTML, like Gecko) Chrome/72.0.3626.121 Safari/537.36"
108.162.242.55 - - [01/May/2026:05:16:13 -0400] "GET /assets/jquery-ui/images/ HTTP/1.1" 200 1345 "-" "Mozilla/5.0 (Macintosh; Intel Mac OS X 10_12_6) AppleWebKit/537.36 (KHTML, like Gecko) Chrome/58.0.3029.110 Safari/537.3"
108.162.242.55 - - [01/May/2026:05:16:13 -0400] "GET /wp-content/uploads/2024/ HTTP/1.1" 200 1343 "-" "Mozilla/5.0 (Macintosh; Intel Mac OS X 10.15; rv:79.0) Gecko/20100101 Firefox/79.0"
108.162.242.56 - - [01/May/2026:05:16:13 -0400] "GET /wp-content/themes/Avada/includes/ HTTP/1.1" 200 1348 "-" "Mozilla/5.0 (Windows NT 6.3; Win64; x64; rv:73.0) Gecko/20100101 Firefox/73.0"
108.162.242.55 - - [01/May/2026:05:16:13 -0400] "GET /wp-content/uploads/fusion-forms/ HTTP/1.1" 200 1347 "-" "Mozilla/5.0 (X11; Linux x86_64) AppleWebKit/537.36 (KHTML, like Gecko) Chrome/84.0.4147.105 Safari/537.36"
108.162.242.55 - - [01/May/2026:05:16:14 -0400] "GET /wp-content/themes/Avada/includes/lib/inc/ HTTP/1.1" 200 1353 "-" "Mozilla/5.0 (Windows NT 10.0) AppleWebKit/537.36 (KHTML, like Gecko) Chrome/84.0.4147.105 Safari/537.36"
108.162.242.55 - - [01/May/2026:05:16:14 -0400] "GET /wp-content/themes/jupiter/framework/ HTTP/1.1" 200 1351 "-" "Mozilla/5.0 (Windows NT 10.0; Win64; x64) AppleWebKit/537.36 (KHTML, like Gecko) Chrome/81.0.4044.129 Safari/537.36"
108.162.242.56 - - [01/May/2026:05:16:14 -0400] "GET /wp-includes/blocks/site-title/ HTTP/1.1" 200 1347 "-" "Mozilla/5.0 (Windows NT 6.1; Win64; x64) AppleWebKit/537.36 (KHTML, like Gecko) Chrome/74.0.3729.169 Safari/537.36"
108.162.242.55 - - [01/May/2026:05:16:14 -0400] "GET /wp-content/plugins/jupiterx-core/ HTTP/1.1" 200 1350 "-" "Mozilla/5.0 (Linux x86_64; rv:79.0) Gecko/20100101 Firefox/79.0"
108.162.242.56 - - [01/May/2026:05:16:14 -0400] "GET /wp-content/themes/Avada/shortcodes/ HTTP/1.1" 200 1350 "-" "Mozilla/5.0 (compatible; MSIE 10.0; Windows NT 6.1; Trident/6.0)"
108.162.242.55 - - [01/May/2026:05:16:14 -0400] "GET /wp-json/bricks/v1/render_element/ HTTP/1.1" 200 1353 "-" "Mozilla/5.0 (Windows NT 10.0; Win64; x64) AppleWebKit/537.36 (KHTML, like Gecko) Chrome/69.0.3497.100 Safari/537.36"
108.162.242.55 - - [01/May/2026:05:16:14 -0400] "GET /wp-content/themes/bricks/includes/ HTTP/1.1" 200 1348 "-" "Mozilla/5.0 (Windows NT 10.0; Win64; x64) AppleWebKit/537.36 (KHTML, like Gecko) Chrome/70.0.3538.77 Safari/537.36"
108.162.242.56 - - [01/May/2026:05:16:14 -0400] "GET /wp-content/themes/service-finder/inc/ HTTP/1.1" 200 1352 "-" "Mozilla/5.0 (Windows NT 10.0; Win64; x64) AppleWebKit/537.36 (KHTML, like Gecko) Chrome/84.0.4147.105 Safari/537.36 OPR/70.0.3728.95"
108.162.242.55 - - [01/May/2026:05:16:14 -0400] "GET /wp-includes/js/tinymce/plugins/compat3x/css/ HTTP/1.1" 200 1359 "-" "Mozilla/5.0 (Windows NT 10.0; Win64; x64) AppleWebKit/537.36 (KHTML, like Gecko) Chrome/77.0.3865.90 Safari/537.36"
108.162.242.56 - - [01/May/2026:05:16:14 -0400] "GET /wp-content/themes/service-finder/admin/ HTTP/1.1" 200 1354 "-" "Mozilla/5.0 (Windows NT 10.0; Win64; x64) AppleWebKit/537.36 (KHTML, like Gecko) Chrome/79.0.3945.130 Safari/537.36"
108.162.242.56 - - [01/May/2026:05:16:14 -0400] "GET /wp-json/ HTTP/1.1" 200 1333 "-" "Mozilla/5.0 (Windows NT 10.0; WOW64) AppleWebKit/537.36 (KHTML, like Gecko) Chrome/72.0.3626.121 Safari/537.36"
108.162.242.56 - - [01/May/2026:05:16:14 -0400] "GET /wp-json/wp/v2/ HTTP/1.1" 200 1337 "-" "Mozilla/5.0 (Windows NT 10.0; Win64; x64; rv:75.0) Gecko/20100101 Firefox/75.0"
108.162.242.55 - - [01/May/2026:05:16:14 -0400] "GET /wp-content/uploads/2025/ HTTP/1.1" 200 1343 "-" "Mozilla/5.0 (Windows NT 10.0; Win64; x64) AppleWebKit/537.36 (KHTML, like Gecko) Chrome/77.0.3865.90 Safari/537.36"
108.162.242.55 - - [01/May/2026:05:16:14 -0400] "GET /wp-content/uploads/2026/ HTTP/1.1" 200 1343 "-" "Mozilla/5.0 (Windows NT 10.0; Win64; x64; rv:76.0) Gecko/20100101 Firefox/76.0"
108.162.242.55 - - [01/May/2026:05:16:14 -0400] "GET /wordpress/wp-admin/includes/wp-admin/js/ HTTP/1.1" 200 1348 "-" "Mozilla/5.0 (Windows NT 6.1; Win64; x64) AppleWebKit/537.36 (KHTML, like Gecko) Chrome/78.0.3904.108 Safari/537.36"
172.71.203.105 - - [01/May/2026:06:10:56 -0400] "GET /favicon.ico HTTP/1.1" 200 1332 "-" "Mozilla/5.0 (Windows NT 10.0; Win64; x64) AppleWebKit/537.36 (KHTML, like Gecko) Chrome/147.0.0.0 Safari/537.36"
162.158.108.157 - - [01/May/2026:06:11:46 -0400] "GET / HTTP/1.1" 200 1324 "-" "Mozilla/5.0 (iPhone; CPU iPhone OS 13_2_3 like Mac OS X) AppleWebKit/605.1.15 (KHTML, like Gecko) Version/13.0.3 Mobile/15E148 Safari/604.1"
172.71.203.105 - - [01/May/2026:06:14:34 -0400] "GET /favicon.ico HTTP/1.1" 200 1332 "-" "Mozilla/5.0 (Windows NT 10.0; Win64; x64) AppleWebKit/537.36 (KHTML, like Gecko) Chrome/147.0.0.0 Safari/537.36"
172.69.135.32 - LouieandMimi [01/May/2026:06:25:52 -0400] "GET / HTTP/1.1" 200 17385 "-" "Mozilla/5.0 (iPhone; CPU iPhone OS 18_7 like Mac OS X) AppleWebKit/605.1.15 (KHTML, like Gecko) Version/26.3 Mobile/15E148 Safari/604.1"
172.69.134.43 - LouieandMimi [01/May/2026:06:25:52 -0400] "GET /style.css HTTP/1.1" 200 11103 "https://members.playwithfaye.com/?PSSO=ZHZiblJ6WVVsV2dTMnV0RjcyVDFXMVVjMGVYVVF1TFMzNXlBZ3diRktNamhzZ0NCUEJTZDVtMHE5aWxYMGlEQgpQS1hOQlFHUnRsYm1SUGRWSXJ1VytBPT0K" "Mozilla/5.0 (iPhone; CPU iPhone OS 18_7 like Mac OS X) AppleWebKit/605.1.15 (KHTML, like Gecko) Version/26.3 Mobile/15E148 Safari/604.1"
104.22.20.142 - LouieandMimi [01/May/2026:06:25:52 -0400] "GET /js/fancybox3/jquery.fancybox.min.js HTTP/1.1" 200 16773 "https://members.playwithfaye.com/?PSSO=ZHZiblJ6WVVsV2dTMnV0RjcyVDFXMVVjMGVYVVF1TFMzNXlBZ3diRktNamhzZ0NCUEJTZDVtMHE5aWxYMGlEQgpQS1hOQlFHUnRsYm1SUGRWSXJ1VytBPT0K" "Mozilla/5.0 (iPhone; CPU iPhone OS 18_7 like Mac OS X) AppleWebKit/605.1.15 (KHTML, like Gecko) Version/26.3 Mobile/15E148 Safari/604.1"
104.22.17.10 - LouieandMimi [01/May/2026:06:25:52 -0400] "GET /js/swipe.js HTTP/1.1" 200 1374 "https://members.playwithfaye.com/?PSSO=ZHZiblJ6WVVsV2dTMnV0RjcyVDFXMVVjMGVYVVF1TFMzNXlBZ3diRktNamhzZ0NCUEJTZDVtMHE5aWxYMGlEQgpQS1hOQlFHUnRsYm1SUGRWSXJ1VytBPT0K" "Mozilla/5.0 (iPhone; CPU iPhone OS 18_7 like Mac OS X) AppleWebKit/605.1.15 (KHTML, like Gecko) Version/26.3 Mobile/15E148 Safari/604.1"
104.22.17.195 - LouieandMimi [01/May/2026:06:25:52 -0400] "GET /js/fancybox3/jquery.fancybox.min.css HTTP/1.1" 200 3328 "https://members.playwithfaye.com/?PSSO=ZHZiblJ6WVVsV2dTMnV0RjcyVDFXMVVjMGVYVVF1TFMzNXlBZ3diRktNamhzZ0NCUEJTZDVtMHE5aWxYMGlEQgpQS1hOQlFHUnRsYm1SUGRWSXJ1VytBPT0K" "Mozilla/5.0 (iPhone; CPU iPhone OS 18_7 like Mac OS X) AppleWebKit/605.1.15 (KHTML, like Gecko) Version/26.3 Mobile/15E148 Safari/604.1"
172.69.23.156 - LouieandMimi [01/May/2026:06:25:52 -0400] "GET /images/jqueryui/jquery-ui.min.css HTTP/1.1" 200 8199 "https://members.playwithfaye.com/?PSSO=ZHZiblJ6WVVsV2dTMnV0RjcyVDFXMVVjMGVYVVF1TFMzNXlBZ3diRktNamhzZ0NCUEJTZDVtMHE5aWxYMGlEQgpQS1hOQlFHUnRsYm1SUGRWSXJ1VytBPT0K" "Mozilla/5.0 (iPhone; CPU iPhone OS 18_7 like Mac OS X) AppleWebKit/605.1.15 (KHTML, like Gecko) Version/26.3 Mobile/15E148 Safari/604.1"
172.69.134.29 - LouieandMimi [01/May/2026:06:25:52 -0400] "GET /js/responsive/carousel/owl.theme.css HTTP/1.1" 200 436 "https://members.playwithfaye.com/?PSSO=ZHZiblJ6WVVsV2dTMnV0RjcyVDFXMVVjMGVYVVF1TFMzNXlBZ3diRktNamhzZ0NCUEJTZDVtMHE5aWxYMGlEQgpQS1hOQlFHUnRsYm1SUGRWSXJ1VytBPT0K" "Mozilla/5.0 (iPhone; CPU iPhone OS 18_7 like Mac OS X) AppleWebKit/605.1.15 (KHTML, like Gecko) Version/26.3 Mobile/15E148 Safari/604.1"
104.22.17.193 - LouieandMimi [01/May/2026:06:25:52 -0400] "GET /js/jquery.min.js HTTP/1.1" 200 33369 "https://members.playwithfaye.com/?PSSO=ZHZiblJ6WVVsV2dTMnV0RjcyVDFXMVVjMGVYVVF1TFMzNXlBZ3diRktNamhzZ0NCUEJTZDVtMHE5aWxYMGlEQgpQS1hOQlFHUnRsYm1SUGRWSXJ1VytBPT0K" "Mozilla/5.0 (iPhone; CPU iPhone OS 18_7 like Mac OS X) AppleWebKit/605.1.15 (KHTML, like Gecko) Version/26.3 Mobile/15E148 Safari/604.1"
172.69.134.28 - LouieandMimi [01/May/2026:06:25:52 -0400] "GET /js/helper.js HTTP/1.1" 200 2657 "https://members.playwithfaye.com/?PSSO=ZHZiblJ6WVVsV2dTMnV0RjcyVDFXMVVjMGVYVVF1TFMzNXlBZ3diRktNamhzZ0NCUEJTZDVtMHE5aWxYMGlEQgpQS1hOQlFHUnRsYm1SUGRWSXJ1VytBPT0K" "Mozilla/5.0 (iPhone; CPU iPhone OS 18_7 like Mac OS X) AppleWebKit/605.1.15 (KHTML, like Gecko) Version/26.3 Mobile/15E148 Safari/604.1"
172.69.134.14 - LouieandMimi [01/May/2026:06:25:52 -0400] "GET /js/responsive/carousel/owl.carousel.min.js HTTP/1.1" 200 11200 "https://members.playwithfaye.com/?PSSO=ZHZiblJ6WVVsV2dTMnV0RjcyVDFXMVVjMGVYVVF1TFMzNXlBZ3diRktNamhzZ0NCUEJTZDVtMHE5aWxYMGlEQgpQS1hOQlFHUnRsYm1SUGRWSXJ1VytBPT0K" "Mozilla/5.0 (iPhone; CPU iPhone OS 18_7 like Mac OS X) AppleWebKit/605.1.15 (KHTML, like Gecko) Version/26.3 Mobile/15E148 Safari/604.1"
104.22.18.25 - LouieandMimi [01/May/2026:06:25:52 -0400] "GET /include.js HTTP/1.1" 200 2384 "https://members.playwithfaye.com/?PSSO=ZHZiblJ6WVVsV2dTMnV0RjcyVDFXMVVjMGVYVVF1TFMzNXlBZ3diRktNamhzZ0NCUEJTZDVtMHE5aWxYMGlEQgpQS1hOQlFHUnRsYm1SUGRWSXJ1VytBPT0K" "Mozilla/5.0 (iPhone; CPU iPhone OS 18_7 like Mac OS X) AppleWebKit/605.1.15 (KHTML, like Gecko) Version/26.3 Mobile/15E148 Safari/604.1"
172.71.155.144 - LouieandMimi [01/May/2026:06:25:52 -0400] "GET /js/responsive/carousel/owl.carousel.css HTTP/1.1" 200 1129 "https://members.playwithfaye.com/?PSSO=ZHZiblJ6WVVsV2dTMnV0RjcyVDFXMVVjMGVYVVF1TFMzNXlBZ3diRktNamhzZ0NCUEJTZDVtMHE5aWxYMGlEQgpQS1hOQlFHUnRsYm1SUGRWSXJ1VytBPT0K" "Mozilla/5.0 (iPhone; CPU iPhone OS 18_7 like Mac OS X) AppleWebKit/605.1.15 (KHTML, like Gecko) Version/26.3 Mobile/15E148 Safari/604.1"
172.71.158.93 - LouieandMimi [01/May/2026:06:25:52 -0400] "GET /js/responsive/responsive.js HTTP/1.1" 200 1236 "https://members.playwithfaye.com/?PSSO=ZHZiblJ6WVVsV2dTMnV0RjcyVDFXMVVjMGVYVVF1TFMzNXlBZ3diRktNamhzZ0NCUEJTZDVtMHE5aWxYMGlEQgpQS1hOQlFHUnRsYm1SUGRWSXJ1VytBPT0K" "Mozilla/5.0 (iPhone; CPU iPhone OS 18_7 like Mac OS X) AppleWebKit/605.1.15 (KHTML, like Gecko) Version/26.3 Mobile/15E148 Safari/604.1"
104.22.20.97 - LouieandMimi [01/May/2026:06:25:52 -0400] "GET /js/responsive/modernizr.js HTTP/1.1" 200 6289 "https://members.playwithfaye.com/?PSSO=ZHZiblJ6WVVsV2dTMnV0RjcyVDFXMVVjMGVYVVF1TFMzNXlBZ3diRktNamhzZ0NCUEJTZDVtMHE5aWxYMGlEQgpQS1hOQlFHUnRsYm1SUGRWSXJ1VytBPT0K" "Mozilla/5.0 (iPhone; CPU iPhone OS 18_7 like Mac OS X) AppleWebKit/605.1.15 (KHTML, like Gecko) Version/26.3 Mobile/15E148 Safari/604.1"
162.158.167.110 - LouieandMimi [01/May/2026:06:25:52 -0400] "GET /style_responsive.css HTTP/1.1" 200 6218 "https://members.playwithfaye.com/?PSSO=ZHZiblJ6WVVsV2dTMnV0RjcyVDFXMVVjMGVYVVF1TFMzNXlBZ3diRktNamhzZ0NCUEJTZDVtMHE5aWxYMGlEQgpQS1hOQlFHUnRsYm1SUGRWSXJ1VytBPT0K" "Mozilla/5.0 (iPhone; CPU iPhone OS 18_7 like Mac OS X) AppleWebKit/605.1.15 (KHTML, like Gecko) Version/26.3 Mobile/15E148 Safari/604.1"
104.22.20.82 - LouieandMimi [01/May/2026:06:25:52 -0400] "GET /js/carousels_setup.js HTTP/1.1" 200 524 "https://members.playwithfaye.com/?PSSO=ZHZiblJ6WVVsV2dTMnV0RjcyVDFXMVVjMGVYVVF1TFMzNXlBZ3diRktNamhzZ0NCUEJTZDVtMHE5aWxYMGlEQgpQS1hOQlFHUnRsYm1SUGRWSXJ1VytBPT0K" "Mozilla/5.0 (iPhone; CPU iPhone OS 18_7 like Mac OS X) AppleWebKit/605.1.15 (KHTML, like Gecko) Version/26.3 Mobile/15E148 Safari/604.1"
172.69.23.173 - LouieandMimi [01/May/2026:06:25:52 -0400] "GET /js/jquery-ui.min.js HTTP/1.1" 200 63708 "https://members.playwithfaye.com/?PSSO=ZHZiblJ6WVVsV2dTMnV0RjcyVDFXMVVjMGVYVVF1TFMzNXlBZ3diRktNamhzZ0NCUEJTZDVtMHE5aWxYMGlEQgpQS1hOQlFHUnRsYm1SUGRWSXJ1VytBPT0K" "Mozilla/5.0 (iPhone; CPU iPhone OS 18_7 like Mac OS X) AppleWebKit/605.1.15 (KHTML, like Gecko) Version/26.3 Mobile/15E148 Safari/604.1"
172.71.154.116 - LouieandMimi [01/May/2026:06:25:52 -0400] "GET /js/responsive/jq.evxTicker.js HTTP/1.1" 200 1063 "https://members.playwithfaye.com/?PSSO=ZHZiblJ6WVVsV2dTMnV0RjcyVDFXMVVjMGVYVVF1TFMzNXlBZ3diRktNamhzZ0NCUEJTZDVtMHE5aWxYMGlEQgpQS1hOQlFHUnRsYm1SUGRWSXJ1VytBPT0K" "Mozilla/5.0 (iPhone; CPU iPhone OS 18_7 like Mac OS X) AppleWebKit/605.1.15 (KHTML, like Gecko) Version/26.3 Mobile/15E148 Safari/604.1"
162.158.167.96 - LouieandMimi [01/May/2026:06:25:52 -0400] "GET /style_override.css HTTP/1.1" 200 1327 "https://members.playwithfaye.com/?PSSO=ZHZiblJ6WVVsV2dTMnV0RjcyVDFXMVVjMGVYVVF1TFMzNXlBZ3diRktNamhzZ0NCUEJTZDVtMHE5aWxYMGlEQgpQS1hOQlFHUnRsYm1SUGRWSXJ1VytBPT0K" "Mozilla/5.0 (iPhone; CPU iPhone OS 18_7 like Mac OS X) AppleWebKit/605.1.15 (KHTML, like Gecko) Version/26.3 Mobile/15E148 Safari/604.1"
172.71.159.163 - LouieandMimi [01/May/2026:06:25:52 -0400] "GET /js/responsive/jq.evxTicker.css HTTP/1.1" 200 1324 "https://members.playwithfaye.com/?PSSO=ZHZiblJ6WVVsV2dTMnV0RjcyVDFXMVVjMGVYVVF1TFMzNXlBZ3diRktNamhzZ0NCUEJTZDVtMHE5aWxYMGlEQgpQS1hOQlFHUnRsYm1SUGRWSXJ1VytBPT0K" "Mozilla/5.0 (iPhone; CPU iPhone OS 18_7 like Mac OS X) AppleWebKit/605.1.15 (KHTML, like Gecko) Version/26.3 Mobile/15E148 Safari/604.1"
172.71.154.160 - LouieandMimi [01/May/2026:06:25:53 -0400] "GET /images/header/members_header.jpg HTTP/1.1" 200 119821 "https://members.playwithfaye.com/?PSSO=ZHZiblJ6WVVsV2dTMnV0RjcyVDFXMVVjMGVYVVF1TFMzNXlBZ3diRktNamhzZ0NCUEJTZDVtMHE5aWxYMGlEQgpQS1hOQlFHUnRsYm1SUGRWSXJ1VytBPT0K" "Mozilla/5.0 (iPhone; CPU iPhone OS 18_7 like Mac OS X) AppleWebKit/605.1.15 (KHTML, like Gecko) Version/26.3 Mobile/15E148 Safari/604.1"
104.22.20.177 - LouieandMimi [01/May/2026:06:25:53 -0400] "GET /images/p34.jpg HTTP/1.1" 200 17571 "https://members.playwithfaye.com/?PSSO=ZHZiblJ6WVVsV2dTMnV0RjcyVDFXMVVjMGVYVVF1TFMzNXlBZ3diRktNamhzZ0NCUEJTZDVtMHE5aWxYMGlEQgpQS1hOQlFHUnRsYm1SUGRWSXJ1VytBPT0K" "Mozilla/5.0 (iPhone; CPU iPhone OS 18_7 like Mac OS X) AppleWebKit/605.1.15 (KHTML, like Gecko) Version/26.3 Mobile/15E148 Safari/604.1"
172.71.159.48 - LouieandMimi [01/May/2026:06:25:53 -0400] "GET /images/background.png HTTP/1.1" 200 15585 "https://members.playwithfaye.com/?PSSO=ZHZiblJ6WVVsV2dTMnV0RjcyVDFXMVVjMGVYVVF1TFMzNXlBZ3diRktNamhzZ0NCUEJTZDVtMHE5aWxYMGlEQgpQS1hOQlFHUnRsYm1SUGRWSXJ1VytBPT0K" "Mozilla/5.0 (iPhone; CPU iPhone OS 18_7 like Mac OS X) AppleWebKit/605.1.15 (KHTML, like Gecko) Version/26.3 Mobile/15E148 Safari/604.1"
172.69.134.17 - LouieandMimi [01/May/2026:06:25:53 -0400] "GET /images/top_navbar.png HTTP/1.1" 200 3240 "https://members.playwithfaye.com/?PSSO=ZHZiblJ6WVVsV2dTMnV0RjcyVDFXMVVjMGVYVVF1TFMzNXlBZ3diRktNamhzZ0NCUEJTZDVtMHE5aWxYMGlEQgpQS1hOQlFHUnRsYm1SUGRWSXJ1VytBPT0K" "Mozilla/5.0 (iPhone; CPU iPhone OS 18_7 like Mac OS X) AppleWebKit/605.1.15 (KHTML, like Gecko) Version/26.3 Mobile/15E148 Safari/604.1"
172.69.135.32 - LouieandMimi [01/May/2026:06:25:53 -0400] "GET /bannerload.php?zone=index_deal_1&model=*&cat=* HTTP/1.1" 200 139 "https://members.playwithfaye.com/?PSSO=ZHZiblJ6WVVsV2dTMnV0RjcyVDFXMVVjMGVYVVF1TFMzNXlBZ3diRktNamhzZ0NCUEJTZDVtMHE5aWxYMGlEQgpQS1hOQlFHUnRsYm1SUGRWSXJ1VytBPT0K" "Mozilla/5.0 (iPhone; CPU iPhone OS 18_7 like Mac OS X) AppleWebKit/605.1.15 (KHTML, like Gecko) Version/26.3 Mobile/15E148 Safari/604.1"
172.69.134.29 - LouieandMimi [01/May/2026:06:25:53 -0400] "GET /content//contentthumbs/01/40/140-3x.jpg HTTP/1.1" 200 37722 "https://members.playwithfaye.com/?PSSO=ZHZiblJ6WVVsV2dTMnV0RjcyVDFXMVVjMGVYVVF1TFMzNXlBZ3diRktNamhzZ0NCUEJTZDVtMHE5aWxYMGlEQgpQS1hOQlFHUnRsYm1SUGRWSXJ1VytBPT0K" "Mozilla/5.0 (iPhone; CPU iPhone OS 18_7 like Mac OS X) AppleWebKit/605.1.15 (KHTML, like Gecko) Version/26.3 Mobile/15E148 Safari/604.1"
104.22.20.153 - LouieandMimi [01/May/2026:06:25:53 -0400] "GET /content//contentthumbs/04/74/474-3x.jpg HTTP/1.1" 200 64232 "https://members.playwithfaye.com/?PSSO=ZHZiblJ6WVVsV2dTMnV0RjcyVDFXMVVjMGVYVVF1TFMzNXlBZ3diRktNamhzZ0NCUEJTZDVtMHE5aWxYMGlEQgpQS1hOQlFHUnRsYm1SUGRWSXJ1VytBPT0K" "Mozilla/5.0 (iPhone; CPU iPhone OS 18_7 like Mac OS X) AppleWebKit/605.1.15 (KHTML, like Gecko) Version/26.3 Mobile/15E148 Safari/604.1"
172.69.23.8 - LouieandMimi [01/May/2026:06:25:53 -0400] "GET /images/icons/leftarrow.png HTTP/1.1" 200 15414 "https://members.playwithfaye.com/?PSSO=ZHZiblJ6WVVsV2dTMnV0RjcyVDFXMVVjMGVYVVF1TFMzNXlBZ3diRktNamhzZ0NCUEJTZDVtMHE5aWxYMGlEQgpQS1hOQlFHUnRsYm1SUGRWSXJ1VytBPT0K" "Mozilla/5.0 (iPhone; CPU iPhone OS 18_7 like Mac OS X) AppleWebKit/605.1.15 (KHTML, like Gecko) Version/26.3 Mobile/15E148 Safari/604.1"
