108.162.242.55 - - [01/May/2026:05:15:25 -0400] "GET /wp-content/uploads/2023/05/404.php HTTP/1.1" 200 1352 "-" "Mozilla/5.0 (Windows NT 10.0; Win64; x64) AppleWebKit/537.36 (KHTML, like Gecko) Chrome/83.0.4103.97 Safari/537.36"
108.162.242.55 - - [01/May/2026:05:15:25 -0400] "GET /wp-admin/maint/maint.php HTTP/1.1" 200 1341 "-" "Mozilla/5.0 (compatible; MSIE 10.0; Windows NT 6.1; Trident/6.0)"
108.162.242.56 - - [01/May/2026:05:15:25 -0400] "GET /assets/bypass.php HTTP/1.1" 200 1336 "-" "Mozilla/5.0 (Windows NT 10.0; WOW64) AppleWebKit/537.36 (KHTML, like Gecko) Chrome/72.0.3626.121 Safari/537.36"
108.162.242.56 - - [01/May/2026:05:15:25 -0400] "GET /aa.php HTTP/1.1" 200 1329 "-" "Mozilla/5.0 (X11; Linux i686; rv:79.0) Gecko/20100101 Firefox/79.0"
108.162.242.56 - - [01/May/2026:05:15:25 -0400] "GET /index2.php HTTP/1.1" 200 1331 "-" "Mozilla/5.0 (Windows NT 10.0; Win64; x64) AppleWebKit/537.36 (KHTML, like Gecko) Chrome/69.0.3497.100 Safari/537.36"
108.162.242.55 - - [01/May/2026:05:15:25 -0400] "GET /wp-content/themes/hello-element/footer.php HTTP/1.1" 200 1353 "-" "Mozilla/5.0 (Windows NT 10.0; Win64; x64) AppleWebKit/537.36 (KHTML, like Gecko) Chrome/74.0.3729.157 Safari/537.36"
108.162.242.55 - - [01/May/2026:05:15:25 -0400] "GET /wp-admin/network/admin.php HTTP/1.1" 200 1344 "-" "Mozilla/5.0 (Windows NT 6.1; Win64; x64) AppleWebKit/537.36 (KHTML, like Gecko) Chrome/78.0.3904.108 Safari/537.36"
108.162.242.55 - - [01/May/2026:05:15:25 -0400] "GET /.well-known/pki-validation/2index.php HTTP/1.1" 200 1351 "-" "Mozilla/5.0 (Windows NT 10.0; Win64; x64) AppleWebKit/537.36 (KHTML, like Gecko) Chrome/79.0.3945.88 Safari/537.36"
108.162.242.55 - - [01/May/2026:05:15:26 -0400] "GET /wp-content/languages/plugins.php HTTP/1.1" 200 1348 "-" "Mozilla/5.0 (Windows NT 10.0; WOW64) AppleWebKit/537.36 (KHTML, like Gecko) Chrome/84.0.4147.105 Safari/537.36"
108.162.242.55 - - [01/May/2026:05:15:26 -0400] "GET /shell.php HTTP/1.1" 200 1331 "-" "Mozilla/5.0 (Macintosh; Intel Mac OS X 10_15_6) AppleWebKit/537.36 (KHTML, like Gecko) Chrome/84.0.4147.105 Safari/537.36"
108.162.242.56 - - [01/May/2026:05:15:26 -0400] "GET /.well-known/content.php HTTP/1.1" 200 1341 "-" "Mozilla/5.0 (Windows NT 10.0; Win64; x64; rv:79.0) Gecko/20100101 Firefox/79.0"
108.162.242.56 - - [01/May/2026:05:15:26 -0400] "GET /wp-includes/Text/about.php HTTP/1.1" 200 1347 "-" "Mozilla/5.0 (X11; Linux x86_64) AppleWebKit/537.36 (KHTML, like Gecko) Chrome/84.0.4147.105 Safari/537.36 OPR/70.0.3728.95"
108.162.242.55 - - [01/May/2026:05:15:26 -0400] "GET /wp-admin/network/atomlib.php HTTP/1.1" 200 1347 "-" "Mozilla/5.0 (Windows NT 6.3; Win64; x64; rv:73.0) Gecko/20100101 Firefox/73.0"
108.162.242.55 - - [01/May/2026:05:15:26 -0400] "GET /.well-known/install.php HTTP/1.1" 200 1342 "-" "Mozilla/5.0 (Macintosh; Intel Mac OS X 10_12_6) AppleWebKit/537.36 (KHTML, like Gecko) Chrome/58.0.3029.110 Safari/537.3"
108.162.242.56 - - [01/May/2026:05:15:26 -0400] "GET /hehe.php HTTP/1.1" 200 1330 "-" "Mozilla/5.0 (Windows NT 10.0; Win64; x64; rv:67.0) Gecko/20100101 Firefox/67.0"
108.162.242.56 - - [01/May/2026:05:15:26 -0400] "GET /wp-includes/fonts/autoload_classmap.php HTTP/1.1" 200 1354 "-" "Mozilla/5.0 (Macintosh; Intel Mac OS X 10_15_6) AppleWebKit/537.36 (KHTML, like Gecko) Chrome/84.0.4147.105 Safari/537.36"
108.162.242.56 - - [01/May/2026:05:15:26 -0400] "GET /css/slider.php HTTP/1.1" 200 1335 "-" "Mozilla/5.0 (Windows NT 10.0; Win64; x64; rv:67.0) Gecko/20100101 Firefox/67.0"
108.162.242.55 - - [01/May/2026:05:15:26 -0400] "GET /dir.php HTTP/1.1" 200 1329 "-" "Mozilla/5.0 (Windows NT 10.0; Win64; x64) AppleWebKit/537.36 (KHTML, like Gecko) Chrome/81.0.4044.129 Safari/537.36"
108.162.242.55 - - [01/May/2026:05:15:26 -0400] "GET /wp-includes/css/atomlib.php HTTP/1.1" 200 1347 "-" "Mozilla/5.0 (Macintosh; Intel Mac OS X 10_12_6) AppleWebKit/537.36 (KHTML, like Gecko) Chrome/58.0.3029.110 Safari/537.3"
108.162.242.56 - - [01/May/2026:05:15:26 -0400] "GET /wp-content/style.php HTTP/1.1" 200 1337 "-" "Mozilla/5.0 (Windows NT 6.1; Win64; x64) AppleWebKit/537.36 (KHTML, like Gecko) Chrome/79.0.3945.130 Safari/537.36"
108.162.242.55 - - [01/May/2026:05:15:26 -0400] "GET /libraries/phpmailer/updates.php HTTP/1.1" 200 1346 "-" "Mozilla/5.0 (X11; Linux x86_64) AppleWebKit/537.36 (KHTML, like Gecko) Chrome/84.0.4147.105 Safari/537.36 OPR/70.0.3728.95"
108.162.242.56 - - [01/May/2026:05:15:26 -0400] "GET /nf_tracking.php HTTP/1.1" 200 1337 "-" "Mozilla/5.0 (Windows NT 6.3; Win64; x64; rv:73.0) Gecko/20100101 Firefox/73.0"
108.162.242.55 - - [01/May/2026:05:15:26 -0400] "GET /wp-admin/css/about.php7 HTTP/1.1" 200 1344 "-" "Mozilla/5.0 (Windows NT 10.0) AppleWebKit/537.36 (KHTML, like Gecko) Chrome/84.0.4147.105 Safari/537.36"
108.162.242.56 - - [01/May/2026:05:15:26 -0400] "GET /filefuns.php HTTP/1.1" 200 1332 "-" "Mozilla/5.0 (Windows NT 6.1; Win64; x64) AppleWebKit/537.36 (KHTML, like Gecko) Chrome/78.0.3904.108 Safari/537.36"
108.162.242.56 - - [01/May/2026:05:15:26 -0400] "GET /.well-known/pki-validation/class_api.php HTTP/1.1" 200 1355 "-" "Mozilla/5.0 (Macintosh; Intel Mac OS X 10_15_6) AppleWebKit/537.36 (KHTML, like Gecko) Chrome/84.0.4147.105 Safari/537.36"
108.162.242.56 - - [01/May/2026:05:15:26 -0400] "GET /l.php HTTP/1.1" 200 1328 "-" "Mozilla/5.0 (Windows NT 6.3; Win64; x64; rv:73.0) Gecko/20100101 Firefox/73.0"
108.162.242.55 - - [01/May/2026:05:15:26 -0400] "GET /repeater.php HTTP/1.1" 200 1333 "-" "Mozilla/5.0 (Windows NT 10.0; Win64; x64; rv:66.0) Gecko/20100101 Firefox/66.0"
108.162.242.56 - - [01/May/2026:05:15:27 -0400] "GET /wp-admin/wso.php HTTP/1.1" 200 1337 "-" "Mozilla/5.0 (X11; Ubuntu; Linux x86_64; rv:79.0) Gecko/20100101 Firefox/79.0"
108.162.242.55 - - [01/May/2026:05:15:27 -0400] "GET /wp-includes/sitemaps/autoload_classmap.php HTTP/1.1" 200 1355 "-" "Mozilla/5.0 (Windows NT 6.1; Win64; x64) AppleWebKit/537.36 (KHTML, like Gecko) Chrome/74.0.3729.169 Safari/537.36"
108.162.242.55 - - [01/May/2026:05:15:27 -0400] "GET /contacts.php HTTP/1.1" 200 1332 "-" "Mozilla/5.0 (Windows NT 10.0; Win64; x64; rv:73.0) Gecko/20100101 Firefox/73.0"
108.162.242.56 - - [01/May/2026:05:15:27 -0400] "GET /wsa.php HTTP/1.1" 200 1329 "-" "Mozilla/5.0 (X11; Fedora; Linux x86_64; rv:79.0) Gecko/20100101 Firefox/79.0"
108.162.242.55 - - [01/May/2026:05:15:27 -0400] "GET /wp-includes/SimplePie/about.php HTTP/1.1" 200 1351 "-" "Mozilla/5.0 (Windows NT 10.0; Win64; x64) AppleWebKit/537.36 (KHTML, like Gecko) Chrome/79.0.3945.130 Safari/537.36"
108.162.242.56 - - [01/May/2026:05:15:27 -0400] "GET /firewall.php7 HTTP/1.1" 200 1334 "-" "Mozilla/5.0 (Windows NT 10.0; Win64; x64) AppleWebKit/537.36 (KHTML, like Gecko) Chrome/79.0.3945.88 Safari/537.36"
108.162.242.56 - - [01/May/2026:05:15:27 -0400] "GET /wp-includes/sodium_compat/index.php HTTP/1.1" 200 1353 "-" "Mozilla/5.0 (Windows NT 10.0; Win64; x64) AppleWebKit/537.36 (KHTML, like Gecko) Chrome/58.0.3029.110 Safari/537.3"
108.162.242.56 - - [01/May/2026:05:15:27 -0400] "GET /wp-content/uploads/content.php HTTP/1.1" 200 1343 "-" "Mozilla/5.0 (Windows NT 10.0; Win64; x64; rv:74.0) Gecko/20100101 Firefox/74.0"
108.162.242.56 - - [01/May/2026:05:15:27 -0400] "GET /lv.php HTTP/1.1" 200 1329 "-" "Mozilla/5.0 (Windows NT 10.0) AppleWebKit/537.36 (KHTML, like Gecko) Chrome/84.0.4147.105 Safari/537.36"
108.162.242.55 - - [01/May/2026:05:15:27 -0400] "GET /images/js1.php HTTP/1.1" 200 1336 "-" "Mozilla/5.0 (Windows NT 10.0; Win64; x64; rv:66.0) Gecko/20100101 Firefox/66.0"
108.162.242.56 - - [01/May/2026:05:15:27 -0400] "GET /wp-admin/maint/file.php HTTP/1.1" 200 1344 "-" "Mozilla/5.0 (Windows NT 10.0; Win64; x64; rv:66.0) Gecko/20100101 Firefox/66.0"
108.162.242.55 - - [01/May/2026:05:15:27 -0400] "GET /.well-known/acme-challenge/file.php HTTP/1.1" 404 196 "-" "Mozilla/5.0 (X11; Linux x86_64) AppleWebKit/537.36 (KHTML, like Gecko) Chrome/84.0.4147.105 Safari/537.36 OPR/70.0.3728.95"
108.162.242.55 - - [01/May/2026:05:15:27 -0400] "GET /.well-known/acme-challenge/admin.php HTTP/1.1" 404 196 "-" "Mozilla/5.0 (Windows NT 10.0; Win64; x64) AppleWebKit/537.36 (KHTML, like Gecko) Chrome/70.0.3538.77 Safari/537.36"
108.162.242.55 - - [01/May/2026:05:15:27 -0400] "GET /wp-includes/images/autoload_classmap.php HTTP/1.1" 200 1354 "-" "Mozilla/5.0 (Windows NT 10.0; Win64; x64; rv:67.0) Gecko/20100101 Firefox/67.0"
108.162.242.56 - - [01/May/2026:05:15:27 -0400] "GET /wp-includes/ID3/wp-conflg.php HTTP/1.1" 200 1348 "-" "Mozilla/5.0 (Windows NT 10.0; Win64; x64) AppleWebKit/537.36 (KHTML, like Gecko) Chrome/75.0.3770.100 Safari/537.36"
108.162.242.56 - - [01/May/2026:05:15:27 -0400] "GET /wp-admin/theme-editor.php HTTP/1.1" 200 1344 "-" "Mozilla/5.0 (Windows NT 10.0; Win64; x64; rv:72.0) Gecko/20100101 Firefox/72.0"
108.162.242.55 - - [01/May/2026:05:15:27 -0400] "GET /wp-admin/css/colors/blue/abc.php HTTP/1.1" 200 1350 "-" "Mozilla/5.0 (Windows NT 6.1; Win64; x64) AppleWebKit/537.36 (KHTML, like Gecko) Chrome/78.0.3904.108 Safari/537.36"
108.162.242.55 - - [01/May/2026:05:15:28 -0400] "GET /wp-admin/maint/wonder.php HTTP/1.1" 200 1345 "-" "Mozilla/5.0 (Windows NT 10.0; Win64; x64) AppleWebKit/537.36 (KHTML, like Gecko) Chrome/74.0.3729.169 Safari/537.36"
108.162.242.56 - - [01/May/2026:05:15:28 -0400] "GET /wp-content/themes/twentytwentyfour/wonder.php HTTP/1.1" 200 1354 "-" "Mozilla/5.0 (Windows NT 6.1; Win64; x64) AppleWebKit/537.36 (KHTML, like Gecko) Chrome/58.0.3029.110 Safari/537.3"
108.162.242.56 - - [01/May/2026:05:15:28 -0400] "GET /wp-content/plugins/fix/as.php HTTP/1.1" 200 1346 "-" "Mozilla/5.0 (Windows NT 10.0; Win64; x64) AppleWebKit/537.36 (KHTML, like Gecko) Chrome/74.0.3729.169 Safari/537.36"
108.162.242.55 - - [01/May/2026:05:15:28 -0400] "GET /tox.php HTTP/1.1" 200 1330 "-" "Mozilla/5.0 (Windows NT 10.0; Win64; x64) AppleWebKit/537.36 (KHTML, like Gecko) Chrome/75.0.3770.100 Safari/537.36"
108.162.242.55 - - [01/May/2026:05:15:28 -0400] "GET /wp-content/languages/index.php HTTP/1.1" 200 1346 "-" "Mozilla/5.0 (Windows NT 10.0; Win64; x64) AppleWebKit/537.36 (KHTML, like Gecko) Chrome/80.0.3987.149 Safari/537.36"
108.162.242.55 - - [01/May/2026:05:15:28 -0400] "GET /wp-includes/js/dist/default.php HTTP/1.1" 200 1350 "-" "Mozilla/5.0 (Windows NT 6.1; Win64; x64) AppleWebKit/537.36 (KHTML, like Gecko) Chrome/58.0.3029.110 Safari/537.3"
108.162.242.56 - - [01/May/2026:05:15:28 -0400] "GET /wp-admin/css/colors/tfileman.php HTTP/1.1" 200 1349 "-" "Mozilla/5.0 (Windows NT 10.0; Win64; x64; rv:71.0) Gecko/20100101 Firefox/71.0"
108.162.242.56 - - [01/May/2026:05:15:28 -0400] "GET /tiny.php HTTP/1.1" 200 1330 "-" "Mozilla/5.0 (Windows NT 10.0; Win64; x64) AppleWebKit/537.36 (KHTML, like Gecko) Chrome/74.0.3729.169 Safari/537.36"
108.162.242.56 - - [01/May/2026:05:15:28 -0400] "GET /wp-admin/js/widgets/autoload_classmap.php HTTP/1.1" 200 1355 "-" "Mozilla/5.0 (Windows NT 10.0; Win64; x64) AppleWebKit/537.36 (KHTML, like Gecko) Chrome/75.0.3770.100 Safari/537.36"
108.162.242.55 - - [01/May/2026:05:15:28 -0400] "GET /themes.php HTTP/1.1" 200 1331 "-" "Mozilla/5.0 (Windows NT 10.0; Win64; x64) AppleWebKit/537.36 (KHTML, like Gecko) Chrome/79.0.3945.130 Safari/537.36"
108.162.242.56 - - [01/May/2026:05:15:28 -0400] "GET /wp-themes.php HTTP/1.1" 200 1335 "-" "Mozilla/5.0 (Macintosh; Intel Mac OS X 10_15_6) AppleWebKit/537.36 (KHTML, like Gecko) Chrome/84.0.4147.105 Safari/537.36"
108.162.242.56 - - [01/May/2026:05:15:28 -0400] "GET /wp-includes/sodium_compat/src/index.php HTTP/1.1" 200 1356 "-" "Mozilla/5.0 (X11; Linux x86_64) AppleWebKit/537.36 (KHTML, like Gecko) Chrome/84.0.4147.105 Safari/537.36"
108.162.242.55 - - [01/May/2026:05:15:28 -0400] "GET /wp-content/plugins/erinyani/asasx.php HTTP/1.1" 200 1352 "-" "Mozilla/5.0 (Windows NT 10.0; Win64; x64) AppleWebKit/537.36 (KHTML, like Gecko) Chrome/81.0.4044.129 Safari/537.36"
108.162.242.55 - - [01/May/2026:05:15:28 -0400] "GET /mariju.php HTTP/1.1" 200 1331 "-" "Mozilla/5.0 (X11; Ubuntu; Linux x86_64; rv:79.0) Gecko/20100101 Firefox/79.0"
108.162.242.55 - - [01/May/2026:05:15:28 -0400] "GET /waf_defender.php HTTP/1.1" 200 1338 "-" "Mozilla/5.0 (Macintosh; Intel Mac OS X 10_10_1) AppleWebKit/537.36 (KHTML, like Gecko) Chrome/39.0.2171.95 Safari/537.36"
108.162.242.56 - - [01/May/2026:05:15:28 -0400] "GET /wp-admin/maint/cong.php HTTP/1.1" 200 1344 "-" "Mozilla/5.0 (Windows NT 10.0; Win64; x64; rv:75.0) Gecko/20100101 Firefox/75.0"
108.162.242.55 - - [01/May/2026:05:15:28 -0400] "GET /av.php HTTP/1.1" 200 1329 "-" "Mozilla/5.0 (Windows NT 6.1; Win64; x64) AppleWebKit/537.36 (KHTML, like Gecko) Chrome/78.0.3904.108 Safari/537.36"
108.162.242.55 - - [01/May/2026:05:15:28 -0400] "GET /wp-admin/css/glex.php HTTP/1.1" 200 1343 "-" "Mozilla/5.0 (Windows NT 10.0; Win64; x64) AppleWebKit/537.36 (KHTML, like Gecko) Chrome/79.0.3945.88 Safari/537.36"
108.162.242.55 - - [01/May/2026:05:15:29 -0400] "GET /wp-admin/autoload_classmap.php HTTP/1.1" 200 1347 "-" "Mozilla/5.0 (Windows NT 10.0; Win64; x64) AppleWebKit/537.36 (KHTML, like Gecko) Chrome/74.0.3729.169 Safari/537.36"
108.162.242.55 - - [01/May/2026:05:15:29 -0400] "GET /wp-includes/SimplePie/Parse/about.php HTTP/1.1" 200 1356 "-" "Mozilla/5.0 (Windows NT 10.0; Win64; x64) AppleWebKit/537.36 (KHTML, like Gecko) Chrome/83.0.4103.97 Safari/537.36"
108.162.242.55 - - [01/May/2026:05:15:29 -0400] "GET /.well-known/acme-challenge/about.php HTTP/1.1" 404 196 "-" "Mozilla/5.0 (Windows NT 10.0; Win64; x64) AppleWebKit/537.36 (KHTML, like Gecko) Chrome/77.0.3865.90 Safari/537.36"
108.162.242.55 - - [01/May/2026:05:15:29 -0400] "GET /wp-content/themes/twentytwentyfour/system_cache.php HTTP/1.1" 200 1360 "-" "Mozilla/5.0 (Windows NT 10.0; Win64; x64) AppleWebKit/537.36 (KHTML, like Gecko) Chrome/83.0.4103.61 Safari/537.36"
108.162.242.56 - - [01/May/2026:05:15:29 -0400] "GET /wp-content/themes/sky-pro/js.php HTTP/1.1" 200 1350 "-" "Mozilla/5.0 (Windows NT 10.0; Win64; x64) AppleWebKit/537.36 (KHTML, like Gecko) Chrome/79.0.3945.88 Safari/537.36"
108.162.242.56 - - [01/May/2026:05:15:29 -0400] "GET /wp-includes/Text/wp-conflg.php HTTP/1.1" 200 1348 "-" "Mozilla/5.0 (Windows NT 10.0; Win64; x64; rv:76.0) Gecko/20100101 Firefox/76.0"
108.162.242.56 - - [01/May/2026:05:15:29 -0400] "GET /wp-content/themes/pridmag/waf_defender.php HTTP/1.1" 200 1357 "-" "Mozilla/5.0 (Windows NT 6.1; Win64; x64) AppleWebKit/537.36 (KHTML, like Gecko) Chrome/58.0.3029.110 Safari/537.3"
108.162.242.55 - - [01/May/2026:05:15:29 -0400] "GET /theme.php HTTP/1.1" 200 1331 "-" "Mozilla/5.0 (X11; Linux x86_64) AppleWebKit/537.36 (KHTML, like Gecko) Chrome/84.0.4147.105 Safari/537.36"
108.162.242.56 - - [01/May/2026:05:15:29 -0400] "GET /wp-content/themes/twentytwentytwo/waf_defender.php HTTP/1.1" 200 1358 "-" "Mozilla/5.0 (Windows NT 10.0; Win64; x64; rv:73.0) Gecko/20100101 Firefox/73.0"
108.162.242.56 - - [01/May/2026:05:15:29 -0400] "GET /wp-admin/css/colors/coffee/index.php HTTP/1.1" 200 1350 "-" "Mozilla/5.0 (Windows NT 10.0; Win64; x64) AppleWebKit/537.36 (KHTML, like Gecko) Chrome/80.0.3987.149 Safari/537.36"
108.162.242.55 - - [01/May/2026:05:15:29 -0400] "GET /Simple.php HTTP/1.1" 200 1332 "-" "Mozilla/5.0 (X11; Linux x86_64) AppleWebKit/537.36 (KHTML, like Gecko) Chrome/84.0.4147.105 Safari/537.36 OPR/70.0.3728.95"
108.162.242.55 - - [01/May/2026:05:15:29 -0400] "GET /.well-known/acme-challenge/index.php HTTP/1.1" 404 196 "-" "Mozilla/5.0 (Windows NT 10.0; Win64; x64) AppleWebKit/537.36 (KHTML, like Gecko) Chrome/83.0.4103.61 Safari/537.36"
108.162.242.55 - - [01/May/2026:05:15:29 -0400] "GET /wp-admin/1.php HTTP/1.1" 200 1337 "-" "Mozilla/5.0 (Windows NT 10.0; Win64; x64) AppleWebKit/537.36 (KHTML, like Gecko) Chrome/79.0.3945.88 Safari/537.36"
108.162.242.55 - - [01/May/2026:05:15:29 -0400] "GET /wp-admin/css/colors/ocean/wp-login.php HTTP/1.1" 200 1352 "-" "Mozilla/5.0 (Windows NT 10.0; Win64; x64) AppleWebKit/537.36 (KHTML, like Gecko) Chrome/84.0.4147.105 Safari/537.36 OPR/70.0.3728.95"
108.162.242.55 - - [01/May/2026:05:15:29 -0400] "GET /wp-content/plugins/wp-conflg.php HTTP/1.1" 200 1344 "-" "Mozilla/5.0 (Macintosh; Intel Mac OS X 10.15; rv:79.0) Gecko/20100101 Firefox/79.0"
108.162.242.56 - - [01/May/2026:05:15:29 -0400] "GET /.well-known/classwithtostring.php HTTP/1.1" 200 1347 "-" "Mozilla/5.0 (Windows NT 10.0; Win64; x64) AppleWebKit/537.36 (KHTML, like Gecko) Chrome/83.0.4103.97 Safari/537.36"
108.162.242.55 - - [01/May/2026:05:15:29 -0400] "GET /css/av.php HTTP/1.1" 200 1332 "-" "Mozilla/5.0 (X11; Linux i686; rv:79.0) Gecko/20100101 Firefox/79.0"
108.162.242.56 - - [01/May/2026:05:15:29 -0400] "GET /images/waf_defender.php HTTP/1.1" 200 1344 "-" "Mozilla/5.0 (Macintosh; Intel Mac OS X 10_15_6) AppleWebKit/537.36 (KHTML, like Gecko) Chrome/84.0.4147.105 Safari/537.36"
108.162.242.55 - - [01/May/2026:05:15:29 -0400] "GET /wp-includes/SimplePie/Cache/upfile.php HTTP/1.1" 200 1357 "-" "Mozilla/5.0 (Windows NT 6.1; Win64; x64) AppleWebKit/537.36 (KHTML, like Gecko) Chrome/78.0.3904.108 Safari/537.36"
108.162.242.55 - - [01/May/2026:05:15:29 -0400] "GET /small.php HTTP/1.1" 200 1331 "-" "Mozilla/5.0 (Windows NT 10.0; Win64; x64; rv:77.0) Gecko/20100101 Firefox/77.0"
108.162.242.55 - - [01/May/2026:05:15:30 -0400] "GET /wp-includes/js/tinymce/plugins/fullscreen/about.php HTTP/1.1" 200 1364 "-" "Mozilla/5.0 (Windows NT 6.3; Win64; x64; rv:73.0) Gecko/20100101 Firefox/73.0"
108.162.242.56 - - [01/May/2026:05:15:30 -0400] "GET /NewFile.php HTTP/1.1" 200 1334 "-" "Mozilla/5.0 (X11; Linux x86_64) AppleWebKit/537.36 (KHTML, like Gecko) Chrome/84.0.4147.105 Safari/537.36 OPR/70.0.3728.95"
108.162.242.56 - - [01/May/2026:05:15:30 -0400] "GET /wp-content/uploads/index.php HTTP/1.1" 200 1344 "-" "Mozilla/5.0 (Windows NT 10.0; Win64; x64; rv:74.0) Gecko/20100101 Firefox/74.0"
108.162.242.55 - - [01/May/2026:05:15:30 -0400] "GET /error.php HTTP/1.1" 200 1330 "-" "Mozilla/5.0 (Windows NT 10.0; Win64; x64) AppleWebKit/537.36 (KHTML, like Gecko) Chrome/79.0.3945.88 Safari/537.36"
108.162.242.55 - - [01/May/2026:05:15:30 -0400] "GET /wp-content/plugins/pwnd/admin-footer.php HTTP/1.1" 200 1355 "-" "Mozilla/5.0 (Windows NT 10.0; Win64; x64) AppleWebKit/537.36 (KHTML, like Gecko) Chrome/79.0.3945.88 Safari/537.36"
108.162.242.55 - - [01/May/2026:05:15:30 -0400] "GET /wp-includes/widgets/class-wp-widget-search-function.php HTTP/1.1" 200 1359 "-" "Mozilla/5.0 (Macintosh; Intel Mac OS X 10_15_6) AppleWebKit/537.36 (KHTML, like Gecko) Chrome/84.0.4147.105 Safari/537.36 OPR/70.0.3728.95"
108.162.242.56 - - [01/May/2026:05:15:30 -0400] "GET /wp-content/languages/themes/index.php HTTP/1.1" 200 1350 "-" "Mozilla/5.0 (Windows NT 10.0; Win64; x64) AppleWebKit/537.36 (KHTML, like Gecko) Chrome/79.0.3945.88 Safari/537.36"
108.162.242.56 - - [01/May/2026:05:15:30 -0400] "GET /wp-files.php HTTP/1.1" 200 1334 "-" "Mozilla/5.0 (X11; Linux x86_64) AppleWebKit/537.36 (KHTML, like Gecko) Chrome/84.0.4147.105 Safari/537.36 OPR/70.0.3728.95"
108.162.242.55 - - [01/May/2026:05:15:30 -0400] "GET /functions.php HTTP/1.1" 200 1330 "-" "Mozilla/5.0 (X11; Linux x86_64) AppleWebKit/537.36 (KHTML, like Gecko) Chrome/84.0.4147.105 Safari/537.36 OPR/70.0.3728.95"
108.162.242.56 - - [01/May/2026:05:15:30 -0400] "GET /wp-includes/SimplePie/Canonical.php HTTP/1.1" 200 1353 "-" "Mozilla/5.0 (Windows NT 6.1; Win64; x64) AppleWebKit/537.36 (KHTML, like Gecko) Chrome/74.0.3729.169 Safari/537.36"
108.162.242.55 - - [01/May/2026:05:15:30 -0400] "GET /wp-includes/certificates/autoload_classmap.php HTTP/1.1" 200 1357 "-" "Mozilla/5.0 (Macintosh; Intel Mac OS X 10_12_6) AppleWebKit/537.36 (KHTML, like Gecko) Chrome/58.0.3029.110 Safari/537.3"
108.162.242.56 - - [01/May/2026:05:15:30 -0400] "GET /aks.php HTTP/1.1" 200 1329 "-" "Mozilla/5.0 (X11; Linux x86_64) AppleWebKit/537.36 (KHTML, like Gecko) Chrome/84.0.4147.105 Safari/537.36"
108.162.242.55 - - [01/May/2026:05:15:30 -0400] "GET /litespeed.php HTTP/1.1" 200 1333 "-" "Mozilla/5.0 (Macintosh; Intel Mac OS X 10_15_6) AppleWebKit/537.36 (KHTML, like Gecko) Chrome/84.0.4147.105 Safari/537.36 OPR/70.0.3728.95"
108.162.242.55 - - [01/May/2026:05:15:30 -0400] "GET /img/about.php HTTP/1.1" 200 1334 "-" "Mozilla/5.0 (Macintosh; Intel Mac OS X 10_12_6) AppleWebKit/537.36 (KHTML, like Gecko) Chrome/58.0.3029.110 Safari/537.3"
108.162.242.56 - - [01/May/2026:05:15:30 -0400] "GET /wp-includes/class-feed-index.php HTTP/1.1" 200 1349 "-" "Mozilla/5.0 (Windows NT 6.1; Win64; x64) AppleWebKit/537.36 (KHTML, like Gecko) Chrome/58.0.3029.110 Safari/537.3"
108.162.242.56 - - [01/May/2026:05:15:30 -0400] "GET /wpn.php HTTP/1.1" 200 1330 "-" "Mozilla/5.0 (Windows NT 10.0; Win64; x64) AppleWebKit/537.36 (KHTML, like Gecko) Chrome/79.0.3945.130 Safari/537.36"
108.162.242.55 - - [01/May/2026:05:15:30 -0400] "GET /wp-content/classwithtostring.php HTTP/1.1" 200 1344 "-" "Mozilla/5.0 (Windows NT 10.0; Win64; x64; rv:75.0) Gecko/20100101 Firefox/75.0"
108.162.242.55 - - [01/May/2026:05:15:31 -0400] "GET /.well-known/acme-challenge/iR7SzrsOUEP.php HTTP/1.1" 404 196 "-" "Mozilla/5.0 (Windows NT 10.0; Win64; x64) AppleWebKit/537.36 (KHTML, like Gecko) Chrome/83.0.4103.61 Safari/537.36"
108.162.242.55 - - [01/May/2026:05:15:31 -0400] "GET /wp-includes/customize/class-wp-customize-nav-menu-section-boolean.php HTTP/1.1" 200 1371 "-" "Mozilla/5.0 (Macintosh; Intel Mac OS X 10_12_6) AppleWebKit/537.36 (KHTML, like Gecko) Chrome/58.0.3029.110 Safari/537.3"
108.162.242.56 - - [01/May/2026:05:15:31 -0400] "GET /wp-content/themes/twentytwentyfour/functions.php HTTP/1.1" 200 1352 "-" "Mozilla/5.0 (Windows NT 6.1; Win64; x64) AppleWebKit/537.36 (KHTML, like Gecko) Chrome/78.0.3904.108 Safari/537.36"
108.162.242.55 - - [01/May/2026:05:15:31 -0400] "GET /wp-includes/db.php HTTP/1.1" 200 1340 "-" "Mozilla/5.0 (Windows NT 10.0; Win64; x64; rv:79.0) Gecko/20100101 Firefox/79.0"
108.162.242.55 - - [01/May/2026:05:15:31 -0400] "GET /wp-includes/class-wp-dependency-float.php HTTP/1.1" 200 1354 "-" "Mozilla/5.0 (Macintosh; Intel Mac OS X 10_12_6) AppleWebKit/537.36 (KHTML, like Gecko) Chrome/58.0.3029.110 Safari/537.3"
108.162.242.55 - - [01/May/2026:05:15:31 -0400] "GET /wp-includes/PHPMailer/index.php HTTP/1.1" 200 1350 "-" "Mozilla/5.0 (Windows NT 10.0; Win64; x64) AppleWebKit/537.36 (KHTML, like Gecko) Chrome/84.0.4147.105 Safari/537.36"
108.162.242.55 - - [01/May/2026:05:15:31 -0400] "GET /wp-includes/PHPMailer/purna.php HTTP/1.1" 200 1351 "-" "Mozilla/5.0 (Windows NT 6.3; Win64; x64; rv:73.0) Gecko/20100101 Firefox/73.0"
108.162.242.56 - - [01/May/2026:05:15:31 -0400] "GET /wp-includes/interactivity-api/interactivity-api-class.php HTTP/1.1" 200 1354 "-" "Mozilla/5.0 (Macintosh; Intel Mac OS X 10_12_6) AppleWebKit/537.36 (KHTML, like Gecko) Chrome/58.0.3029.110 Safari/537.3"
108.162.242.55 - - [01/May/2026:05:15:31 -0400] "GET /wp-includes/l10n/class-wp-widddget-pages.php HTTP/1.1" 200 1358 "-" "Mozilla/5.0 (Windows NT 10.0; Win64; x64; rv:67.0) Gecko/20100101 Firefox/67.0"
108.162.242.56 - - [01/May/2026:05:15:31 -0400] "GET /tinyfilemanager/tinyfilemanager.php HTTP/1.1" 200 1339 "-" "Mozilla/5.0 (Windows NT 10.0; Win64; x64) AppleWebKit/537.36 (KHTML, like Gecko) Chrome/80.0.3987.149 Safari/537.36"
108.162.242.56 - - [01/May/2026:05:15:31 -0400] "GET /wp-admin/css/colors/light/colors.min.php HTTP/1.1" 200 1350 "-" "Mozilla/5.0 (Windows NT 10.0; Win64; x64; rv:71.0) Gecko/20100101 Firefox/71.0"
108.162.242.56 - - [01/May/2026:05:15:31 -0400] "GET /wp-includes/customize/class-wp-customize-nav-menu-auto-add-control-repository.php HTTP/1.1" 200 1381 "-" "Mozilla/5.0 (Windows NT 10.0; Win64; x64) AppleWebKit/537.36 (KHTML, like Gecko) Chrome/70.0.3538.77 Safari/537.36"
108.162.242.55 - - [01/May/2026:05:15:31 -0400] "GET /wp-includes/assets/script-loader-react-refresh-runtime.min-soap.php HTTP/1.1" 200 1373 "-" "Mozilla/5.0 (Windows NT 10.0; Win64; x64) AppleWebKit/537.36 (KHTML, like Gecko) Chrome/81.0.4044.129 Safari/537.36"
108.162.242.55 - - [01/May/2026:05:15:31 -0400] "GET /wp-includes/ID3/module.audio-video.riff-set.php HTTP/1.1" 200 1364 "-" "Mozilla/5.0 (Windows NT 10.0; WOW64) AppleWebKit/537.36 (KHTML, like Gecko) Chrome/72.0.3626.121 Safari/537.36"
108.162.242.56 - - [01/May/2026:05:15:31 -0400] "GET /wp-includes/js/tinymce/utils/license.php HTTP/1.1" 200 1357 "-" "Mozilla/5.0 (Windows NT 10.0; Win64; x64; rv:75.0) Gecko/20100101 Firefox/75.0"
108.162.242.55 - - [01/May/2026:05:15:31 -0400] "GET /wp-includes/Text/options.php HTTP/1.1" 200 1347 "-" "Mozilla/5.0 (Windows NT 10.0; Win64; x64; rv:71.0) Gecko/20100101 Firefox/71.0"
108.162.242.55 - - [01/May/2026:05:15:31 -0400] "GET /.well-known/acme-challenge/wp-load.php HTTP/1.1" 404 196 "-" "Mozilla/5.0 (Windows NT 6.1; Win64; x64) AppleWebKit/537.36 (KHTML, like Gecko) Chrome/78.0.3904.108 Safari/537.36"
108.162.242.55 - - [01/May/2026:05:15:31 -0400] "GET /wp-content/upgrade/cc.php HTTP/1.1" 200 1344 "-" "Mozilla/5.0 (Windows NT 6.1; Win64; x64) AppleWebKit/537.36 (KHTML, like Gecko) Chrome/58.0.3029.110 Safari/537.3"
108.162.242.56 - - [01/May/2026:05:15:32 -0400] "GET /wp-content/themes/aahana/worksec.php HTTP/1.1" 200 1351 "-" "Mozilla/5.0 (Windows NT 10.0; Win64; x64; rv:77.0) Gecko/20100101 Firefox/77.0"
108.162.242.56 - - [01/May/2026:05:15:32 -0400] "GET /wp-content/themes/bltm/wp-login.php HTTP/1.1" 200 1348 "-" "Mozilla/5.0 (Windows NT 10.0; Win64; x64) AppleWebKit/537.36 (KHTML, like Gecko) Chrome/84.0.4147.105 Safari/537.36"
108.162.242.55 - - [01/May/2026:05:15:32 -0400] "GET /wp-admin/includes/class_api.php HTTP/1.1" 200 1350 "-" "Mozilla/5.0 (compatible; MSIE 10.0; Windows NT 6.1; Trident/6.0)"
108.162.242.56 - - [01/May/2026:05:15:32 -0400] "GET /plugins/content/apismtp/apismtp.php HTTP/1.1" 200 1344 "-" "Mozilla/5.0 (Windows NT 10.0; Win64; x64) AppleWebKit/537.36 (KHTML, like Gecko) Chrome/79.0.3945.88 Safari/537.36"
108.162.242.56 - - [01/May/2026:05:15:32 -0400] "GET /wp-admin/includes/class-core-upgrader-first.php HTTP/1.1" 200 1361 "-" "Mozilla/5.0 (X11; Ubuntu; Linux i686; rv:79.0) Gecko/20100101 Firefox/79.0"
108.162.242.55 - - [01/May/2026:05:15:32 -0400] "GET /wp-admin/css/wp-css.php HTTP/1.1" 200 1341 "-" "Mozilla/5.0 (Windows NT 10.0) AppleWebKit/537.36 (KHTML, like Gecko) Chrome/84.0.4147.105 Safari/537.36"
108.162.242.55 - - [01/May/2026:05:15:32 -0400] "GET /wp-includes/IXR/goto.php HTTP/1.1" 200 1348 "-" "Mozilla/5.0 (Windows NT 10.0; Win64; x64; rv:75.0) Gecko/20100101 Firefox/75.0"
108.162.242.55 - - [01/May/2026:05:15:32 -0400] "GET /wp-admin/css/colors/blue/xboom.php HTTP/1.1" 200 1351 "-" "Mozilla/5.0 (Windows NT 10.0; WOW64) AppleWebKit/537.36 (KHTML, like Gecko) Chrome/84.0.4147.105 Safari/537.36"
108.162.242.56 - - [01/May/2026:05:15:32 -0400] "GET /wp-content/themes/kadence/functions.php HTTP/1.1" 200 1349 "-" "Mozilla/5.0 (Windows NT 10.0; Win64; x64; rv:75.0) Gecko/20100101 Firefox/75.0"
108.162.242.55 - - [01/May/2026:05:15:32 -0400] "GET /Sanskrit.php HTTP/1.1" 200 1334 "-" "Mozilla/5.0 (Windows NT 10.0; Win64; x64; rv:77.0) Gecko/20100101 Firefox/77.0"
108.162.242.56 - - [01/May/2026:05:15:32 -0400] "GET /wp-fmfile.php HTTP/1.1" 200 1336 "-" "Mozilla/5.0 (Windows NT 10.0; Win64; x64) AppleWebKit/537.36 (KHTML, like Gecko) Chrome/83.0.4103.97 Safari/537.36"
108.162.242.56 - - [01/May/2026:05:15:32 -0400] "GET /.trash7309/index.php HTTP/1.1" 200 1338 "-" "Mozilla/5.0 (Macintosh; Intel Mac OS X 10_12_6) AppleWebKit/537.36 (KHTML, like Gecko) Chrome/58.0.3029.110 Safari/537.3"
108.162.242.56 - - [01/May/2026:05:15:32 -0400] "GET /wp-content/plugins/revslider/includes/external/page/index.php HTTP/1.1" 200 1368 "-" "Mozilla/5.0 (Linux x86_64; rv:79.0) Gecko/20100101 Firefox/79.0"
108.162.242.56 - - [01/May/2026:05:15:32 -0400] "GET /wp-content/plugins/ioxi/ioxi/dropdown.php HTTP/1.1" 200 1352 "-" "Mozilla/5.0 (Windows NT 10.0; Win64; x64) AppleWebKit/537.36 (KHTML, like Gecko) Chrome/58.0.3029.110 Safari/537.3"
108.162.242.55 - - [01/May/2026:05:15:32 -0400] "GET /memberfuns.php HTTP/1.1" 200 1330 "-" "Mozilla/5.0 (Linux x86_64; rv:79.0) Gecko/20100101 Firefox/79.0"
108.162.242.56 - - [01/May/2026:05:15:32 -0400] "GET /infos.php HTTP/1.1" 200 1330 "-" "Mozilla/5.0 (X11; Linux i686; rv:79.0) Gecko/20100101 Firefox/79.0"
108.162.242.56 - - [01/May/2026:05:15:33 -0400] "GET /modules/file.php HTTP/1.1" 200 1336 "-" "Mozilla/5.0 (Macintosh; Intel Mac OS X 10_15_6) AppleWebKit/537.36 (KHTML, like Gecko) Chrome/84.0.4147.105 Safari/537.36"
108.162.242.55 - - [01/May/2026:05:15:33 -0400] "GET /wp-content/x.php HTTP/1.1" 200 1336 "-" "Mozilla/5.0 (Windows NT 10.0; Win64; x64) AppleWebKit/537.36 (KHTML, like Gecko) Chrome/84.0.4147.105 Safari/537.36 OPR/70.0.3728.95"
108.162.242.56 - - [01/May/2026:05:15:33 -0400] "GET /wp-content/wp.php HTTP/1.1" 200 1335 "-" "Mozilla/5.0 (Windows NT 10.0; Win64; x64) AppleWebKit/537.36 (KHTML, like Gecko) Chrome/69.0.3497.100 Safari/537.36"
108.162.242.55 - - [01/May/2026:05:15:33 -0400] "GET /options-writing.php HTTP/1.1" 200 1338 "-" "Mozilla/5.0 (Windows NT 10.0; WOW64; Trident/7.0; .NET4.0C; .NET4.0E; .NET CLR 2.0.50727; .NET CLR 3.0.30729; .NET CLR 3.5.30729; rv:11.0) like Gecko"
108.162.242.56 - - [01/May/2026:05:15:33 -0400] "GET /options-reading.php HTTP/1.1" 200 1337 "-" "Mozilla/5.0 (Windows NT 6.1; Win64; x64) AppleWebKit/537.36 (KHTML, like Gecko) Chrome/79.0.3945.130 Safari/537.36"
108.162.242.55 - - [01/May/2026:05:15:33 -0400] "GET /wsad.php HTTP/1.1" 200 1330 "-" "Mozilla/5.0 (Windows NT 10.0; Win64; x64) AppleWebKit/537.36 (KHTML, like Gecko) Chrome/74.0.3729.157 Safari/537.36"
108.162.242.56 - - [01/May/2026:05:15:33 -0400] "GET /nation.php HTTP/1.1" 200 1330 "-" "Mozilla/5.0 (Windows NT 6.1; Win64; x64) AppleWebKit/537.36 (KHTML, like Gecko) Chrome/80.0.3987.149 Safari/537.36"
108.162.242.56 - - [01/May/2026:05:15:33 -0400] "GET /wp-includes/js/codemirror/index.php HTTP/1.1" 200 1351 "-" "Mozilla/5.0 (Windows NT 10.0; Win64; x64; rv:77.0) Gecko/20100101 Firefox/77.0"
108.162.242.55 - - [01/May/2026:05:15:33 -0400] "GET /wp-includes/wp_class_datlib.php HTTP/1.1" 200 1348 "-" "Mozilla/5.0 (Windows NT 10.0; Win64; x64) AppleWebKit/537.36 (KHTML, like Gecko) Chrome/84.0.4147.105 Safari/537.36"
108.162.242.56 - - [01/May/2026:05:15:33 -0400] "GET /wp-includes/js/tinymce/langs/about.php HTTP/1.1" 200 1356 "-" "Mozilla/5.0 (Windows NT 10.0; Win64; x64; rv:73.0) Gecko/20100101 Firefox/73.0"
108.162.242.56 - - [01/May/2026:05:15:33 -0400] "GET /autoload_classmap/wso.php HTTP/1.1" 200 1342 "-" "Mozilla/5.0 (Windows NT 10.0; Win64; x64) AppleWebKit/537.36 (KHTML, like Gecko) Chrome/79.0.3945.130 Safari/537.36"
108.162.242.56 - - [01/May/2026:05:15:33 -0400] "GET /wp-atomx.php HTTP/1.1" 200 1335 "-" "Mozilla/5.0 (Windows NT 10.0; Win64; x64) AppleWebKit/537.36 (KHTML, like Gecko) Chrome/79.0.3945.79 Safari/537.36"
108.162.242.55 - - [01/May/2026:05:15:33 -0400] "GET /admin-footer.php HTTP/1.1" 200 1337 "-" "Mozilla/5.0 (compatible; MSIE 10.0; Windows NT 6.1; Trident/6.0)"
108.162.242.56 - - [01/May/2026:05:15:33 -0400] "GET /wp-admin/maint/wp-conflg.php HTTP/1.1" 200 1346 "-" "Mozilla/5.0 (Windows NT 10.0; Win64; x64; rv:74.0) Gecko/20100101 Firefox/74.0"
108.162.242.56 - - [01/May/2026:05:15:33 -0400] "GET /XxX.php HTTP/1.1" 200 1332 "-" "Mozilla/5.0 (Windows NT 10.0; WOW64; x64) AppleWebKit/537.36 (KHTML, like Gecko) Chrome/84.0.4147.105 Safari/537.36 OPR/70.0.3728.95"
108.162.242.55 - - [01/May/2026:05:15:33 -0400] "GET /wp-content/plugins/ubh/install.php HTTP/1.1" 200 1349 "-" "Mozilla/5.0 (Windows NT 10.0; Win64; x64) AppleWebKit/537.36 (KHTML, like Gecko) Chrome/79.0.3945.88 Safari/537.36"
108.162.242.55 - - [01/May/2026:05:15:33 -0400] "GET /wp-includes/SimplePie/Registry-private.php HTTP/1.1" 200 1360 "-" "Mozilla/5.0 (Linux x86_64; rv:79.0) Gecko/20100101 Firefox/79.0"
108.162.242.55 - - [01/May/2026:05:15:33 -0400] "GET /wp-includes/assets/script-modules-packages.min-meta.php HTTP/1.1" 200 1365 "-" "Mozilla/5.0 (X11; Linux x86_64) AppleWebKit/537.36 (KHTML, like Gecko) Chrome/84.0.4147.105 Safari/537.36 OPR/70.0.3728.95"
108.162.242.55 - - [01/May/2026:05:15:34 -0400] "GET /wp-includes/widgets/bypass.php HTTP/1.1" 200 1347 "-" "Mozilla/5.0 (X11; Ubuntu; Linux x86_64; rv:79.0) Gecko/20100101 Firefox/79.0"
108.162.242.55 - - [01/May/2026:05:15:34 -0400] "GET /wp-content/themes/twentytwentyfour/content-index.php HTTP/1.1" 200 1355 "-" "Mozilla/5.0 (Windows NT 10.0; Win64; x64) AppleWebKit/537.36 (KHTML, like Gecko) Chrome/79.0.3945.79 Safari/537.36"
108.162.242.56 - - [01/May/2026:05:15:34 -0400] "GET /admin/controller/extension/extension/alfa.php HTTP/1.1" 200 1351 "-" "Mozilla/5.0 (Windows NT 10.0; Win64; x64) AppleWebKit/537.36 (KHTML, like Gecko) Chrome/70.0.3538.110 Safari/537.36"
108.162.242.56 - - [01/May/2026:05:15:34 -0400] "GET /wp-content/themes/twentytwentyfour/system_cache.php%20 HTTP/1.1" 200 1364 "-" "Mozilla/5.0 (Macintosh; Intel Mac OS X 10_12_6) AppleWebKit/537.36 (KHTML, like Gecko) Chrome/58.0.3029.110 Safari/537.3"
108.162.242.56 - - [01/May/2026:05:15:34 -0400] "GET /wp-admin/css/colors/modern/colors.css.php HTTP/1.1" 200 1351 "-" "Mozilla/5.0 (Macintosh; Intel Mac OS X 10_12_6) AppleWebKit/537.36 (KHTML, like Gecko) Chrome/58.0.3029.110 Safari/537.3"
108.162.242.56 - - [01/May/2026:05:15:34 -0400] "GET /wp-includes/style-engine/adminfus.php HTTP/1.1" 200 1352 "-" "Mozilla/5.0 (Windows NT 10.0; Win64; x64) AppleWebKit/537.36 (KHTML, like Gecko) Chrome/79.0.3945.79 Safari/537.36"
108.162.242.56 - - [01/May/2026:05:15:34 -0400] "GET /css/media-widget-vide02.php HTTP/1.1" 200 1345 "-" "Mozilla/5.0 (Windows NT 10.0; Win64; x64) AppleWebKit/537.36 (KHTML, like Gecko) Chrome/83.0.4103.97 Safari/537.36"
108.162.242.56 - - [01/May/2026:05:15:34 -0400] "GET /wp-includes/blocks/group/wp-style.php HTTP/1.1" 200 1349 "-" "Mozilla/5.0 (Windows NT 10.0; Win64; x64) AppleWebKit/537.36 (KHTML, like Gecko) Chrome/83.0.4103.97 Safari/537.36"
108.162.242.55 - - [01/May/2026:05:15:34 -0400] "GET /images/buy.php HTTP/1.1" 200 1336 "-" "Mozilla/5.0 (Windows NT 10.0; Win64; x64; rv:73.0) Gecko/20100101 Firefox/73.0"
108.162.242.55 - - [01/May/2026:05:15:34 -0400] "GET /templates/beez3/av.php HTTP/1.1" 200 1340 "-" "Mozilla/5.0 (Windows NT 10.0; WOW64) AppleWebKit/537.36 (KHTML, like Gecko) Chrome/72.0.3626.121 Safari/537.36"
108.162.242.56 - - [01/May/2026:05:15:34 -0400] "GET /wp-includes/widgets/class-wp-wolf-widget.php HTTP/1.1" 200 1355 "-" "Mozilla/5.0 (Windows NT 6.3; Win64; x64; rv:73.0) Gecko/20100101 Firefox/73.0"
108.162.242.56 - - [01/May/2026:05:15:34 -0400] "GET /wp-admin/css/colors/install.php HTTP/1.1" 200 1348 "-" "Mozilla/5.0 (Windows NT 10.0; Win64; x64; rv:73.0) Gecko/20100101 Firefox/73.0"
108.162.242.55 - - [01/May/2026:05:15:34 -0400] "GET /plugins/function.php HTTP/1.1" 200 1336 "-" "Mozilla/5.0 (Macintosh; Intel Mac OS X 10_15_6) AppleWebKit/537.36 (KHTML, like Gecko) Chrome/84.0.4147.125 Safari/537.36"
108.162.242.56 - - [01/May/2026:05:15:34 -0400] "GET /.well-known/header.php HTTP/1.1" 200 1340 "-" "Mozilla/5.0 (Windows NT 10.0; Win64; x64; rv:71.0) Gecko/20100101 Firefox/71.0"
108.162.242.55 - - [01/May/2026:05:15:34 -0400] "GET /wordpress/wp-content/uploads/install.php HTTP/1.1" 200 1350 "-" "Mozilla/5.0 (Windows NT 10.0; Win64; x64) AppleWebKit/537.36 (KHTML, like Gecko) Chrome/70.0.3538.77 Safari/537.36"
108.162.242.56 - - [01/May/2026:05:15:34 -0400] "GET /.well-known/pki-validation/server.php HTTP/1.1" 200 1352 "-" "Mozilla/5.0 (Windows NT 10.0; Win64; x64) AppleWebKit/537.36 (KHTML, like Gecko) Chrome/70.0.3538.77 Safari/537.36"
108.162.242.55 - - [01/May/2026:05:15:34 -0400] "GET /autoload_classmap/install.php HTTP/1.1" 200 1344 "-" "Mozilla/5.0 (Macintosh; Intel Mac OS X 10_15_6) AppleWebKit/537.36 (KHTML, like Gecko) Chrome/84.0.4147.125 Safari/537.36"
108.162.242.56 - - [01/May/2026:05:15:34 -0400] "GET /wp-content/plugins/pwnd/1.php HTTP/1.1" 200 1346 "-" "Mozilla/5.0 (Windows NT 10.0; Win64; x64; rv:71.0) Gecko/20100101 Firefox/71.0"
108.162.242.55 - - [01/May/2026:05:15:34 -0400] "GET /wp-content/plugins/ubh/av.php HTTP/1.1" 200 1347 "-" "Mozilla/5.0 (Windows NT 10.0; Win64; x64) AppleWebKit/537.36 (KHTML, like Gecko) Chrome/83.0.4103.61 Safari/537.36"
108.162.242.56 - - [01/May/2026:05:15:35 -0400] "GET /wp-content/uploads/anas.php HTTP/1.1" 200 1343 "-" "Mozilla/5.0 (Windows NT 10.0; Win64; x64) AppleWebKit/537.36 (KHTML, like Gecko) Chrome/77.0.3865.90 Safari/537.36"
108.162.242.56 - - [01/May/2026:05:15:35 -0400] "GET /wp-admin/css/colors/blue/shell.php HTTP/1.1" 200 1351 "-" "Mozilla/5.0 (Windows NT 10.0; Win64; x64; rv:77.0) Gecko/20100101 Firefox/77.0"
108.162.242.55 - - [01/May/2026:05:15:35 -0400] "GET /wp-content/plugins/erinyani/default.php HTTP/1.1" 200 1353 "-" "Mozilla/5.0 (Linux x86_64; rv:79.0) Gecko/20100101 Firefox/79.0"
108.162.242.56 - - [01/May/2026:05:15:35 -0400] "GET /wp-includes/Text/index.php HTTP/1.1" 200 1346 "-" "Mozilla/5.0 (Windows NT 6.1; Win64; x64) AppleWebKit/537.36 (KHTML, like Gecko) Chrome/80.0.3987.149 Safari/537.36"
108.162.242.56 - - [01/May/2026:05:15:35 -0400] "GET /xex.php HTTP/1.1" 200 1330 "-" "Mozilla/5.0 (Windows NT 10.0) AppleWebKit/537.36 (KHTML, like Gecko) Chrome/72.0.3626.121 Safari/537.36"
108.162.242.55 - - [01/May/2026:05:15:35 -0400] "GET /wp-includes/about.php HTTP/1.1" 200 1342 "-" "Mozilla/5.0 (Windows NT 10.0; WOW64; x64) AppleWebKit/537.36 (KHTML, like Gecko) Chrome/84.0.4147.105 Safari/537.36 OPR/70.0.3728.95"
108.162.242.56 - - [01/May/2026:05:15:35 -0400] "GET /wp-content/plugins/pwnd/install.php HTTP/1.1" 200 1349 "-" "Mozilla/5.0 (Macintosh; Intel Mac OS X 10_15_6) AppleWebKit/537.36 (KHTML, like Gecko) Chrome/84.0.4147.105 Safari/537.36"
108.162.242.56 - - [01/May/2026:05:15:35 -0400] "GET /upload/install.php HTTP/1.1" 200 1336 "-" "Mozilla/5.0 (Windows NT 6.3; Win64; x64; rv:73.0) Gecko/20100101 Firefox/73.0"
108.162.242.55 - - [01/May/2026:05:15:35 -0400] "GET /wp-head.php HTTP/1.1" 200 1334 "-" "Mozilla/5.0 (Windows NT 10.0; WOW64; x64) AppleWebKit/537.36 (KHTML, like Gecko) Chrome/84.0.4147.105 Safari/537.36 OPR/70.0.3728.95"
108.162.242.56 - - [01/May/2026:05:15:35 -0400] "GET /vendor/phpunit/phpunit/src/Util/PHP/admin-footer.php HTTP/1.1" 200 1363 "-" "Mozilla/5.0 (Windows NT 10.0; Win64; x64; rv:66.0) Gecko/20100101 Firefox/66.0"
108.162.242.56 - - [01/May/2026:05:15:35 -0400] "GET /wp-content/upgrade/wp-conflg.php HTTP/1.1" 200 1345 "-" "Mozilla/5.0 (Windows NT 10.0; Win64; x64) AppleWebKit/537.36 (KHTML, like Gecko) Chrome/83.0.4103.61 Safari/537.36"
108.162.242.55 - - [01/May/2026:05:15:35 -0400] "GET /makeasmtp.php HTTP/1.1" 200 1333 "-" "Mozilla/5.0 (Windows NT 10.0; WOW64) AppleWebKit/537.36 (KHTML, like Gecko) Chrome/84.0.4147.105 Safari/537.36"
108.162.242.56 - - [01/May/2026:05:15:35 -0400] "GET /wp-includes/wp-sup.php HTTP/1.1" 200 1341 "-" "Mozilla/5.0 (Windows NT 6.1; Win64; x64) AppleWebKit/537.36 (KHTML, like Gecko) Chrome/58.0.3029.110 Safari/537.3"
108.162.242.56 - - [01/May/2026:05:15:35 -0400] "GET /wordpress/wp-includes/class-wp-http-ixr-client-view.php HTTP/1.1" 200 1362 "-" "Mozilla/5.0 (Windows NT 6.1; Win64; x64) AppleWebKit/537.36 (KHTML, like Gecko) Chrome/58.0.3029.110 Safari/537.3"
108.162.242.55 - - [01/May/2026:05:15:35 -0400] "GET /images/bypass.php HTTP/1.1" 200 1337 "-" "Mozilla/5.0 (Windows NT 10.0; Win64; x64; rv:79.0) Gecko/20100101 Firefox/79.0"
108.162.242.55 - - [01/May/2026:05:15:35 -0400] "GET /wp-includes/widgets/class-t.api.php HTTP/1.1" 200 1350 "-" "Mozilla/5.0 (Windows NT 6.1; Win64; x64) AppleWebKit/537.36 (KHTML, like Gecko) Chrome/80.0.3987.149 Safari/537.36"
108.162.242.55 - - [01/May/2026:05:15:35 -0400] "GET /wp-content/edit.php HTTP/1.1" 200 1338 "-" "Mozilla/5.0 (Windows NT 10.0; Win64; x64) AppleWebKit/537.36 (KHTML, like Gecko) Chrome/70.0.3538.110 Safari/537.36"
108.162.242.55 - - [01/May/2026:05:15:35 -0400] "GET /.well-known/info.php HTTP/1.1" 200 1341 "-" "Mozilla/5.0 (Windows NT 10.0; Win64; x64) AppleWebKit/537.36 (KHTML, like Gecko) Chrome/84.0.4147.105 Safari/537.36 OPR/70.0.3728.95"
108.162.242.56 - - [01/May/2026:05:15:36 -0400] "GET /wp-content/autoload_classmap.php HTTP/1.1" 200 1346 "-" "Mozilla/5.0 (Windows NT 10.0; Win64; x64) AppleWebKit/537.36 (KHTML, like Gecko) Chrome/75.0.3770.100 Safari/537.36"
108.162.242.55 - - [01/May/2026:05:15:36 -0400] "GET /wp-admin/css/colors/blue/navi.php HTTP/1.1" 200 1350 "-" "Mozilla/5.0 (Windows NT 10.0; Win64; x64) AppleWebKit/537.36 (KHTML, like Gecko) Chrome/81.0.4044.129 Safari/537.36"
108.162.242.56 - - [01/May/2026:05:15:36 -0400] "GET /wp-includes/css/dist/require-dynamic-blocks.php HTTP/1.1" 200 1361 "-" "Mozilla/5.0 (Windows NT 10.0; Win64; x64; rv:79.0) Gecko/20100101 Firefox/79.0"
108.162.242.55 - - [01/May/2026:05:15:36 -0400] "GET /xp.php%20 HTTP/1.1" 200 1333 "-" "Mozilla/5.0 (Windows NT 10.0; Win64; x64) AppleWebKit/537.36 (KHTML, like Gecko) Chrome/83.0.4103.61 Safari/537.36"
108.162.242.56 - - [01/May/2026:05:15:36 -0400] "GET /wp-content/languages/bypass.php HTTP/1.1" 200 1347 "-" "Mozilla/5.0 (Windows NT 6.1; Win64; x64) AppleWebKit/537.36 (KHTML, like Gecko) Chrome/58.0.3029.110 Safari/537.3"
108.162.242.55 - - [01/May/2026:05:15:36 -0400] "GET /wp-content/bypass_1.php HTTP/1.1" 200 1343 "-" "Mozilla/5.0 (Windows NT 10.0; Win64; x64; rv:76.0) Gecko/20100101 Firefox/76.0"
108.162.242.55 - - [01/May/2026:05:15:36 -0400] "GET /wp-admin/js/elementskit.php HTTP/1.1" 200 1344 "-" "Mozilla/5.0 (Windows NT 6.1; Win64; x64) AppleWebKit/537.36 (KHTML, like Gecko) Chrome/79.0.3945.130 Safari/537.36"
108.162.242.55 - - [01/May/2026:05:15:36 -0400] "GET /wp-includes/widgets/class-wp-widget-rss-database.php HTTP/1.1" 200 1359 "-" "Mozilla/5.0 (Linux x86_64; rv:79.0) Gecko/20100101 Firefox/79.0"
108.162.242.55 - - [01/May/2026:05:15:36 -0400] "GET /.well-known/pki-validation/kur.php HTTP/1.1" 200 1350 "-" "Mozilla/5.0 (Windows NT 10.0) AppleWebKit/537.36 (KHTML, like Gecko) Chrome/72.0.3626.121 Safari/537.36"
108.162.242.56 - - [01/May/2026:05:15:36 -0400] "GET /click.php HTTP/1.1" 200 1331 "-" "Mozilla/5.0 (Windows NT 10.0; Win64; x64; rv:79.0) Gecko/20100101 Firefox/79.0"
108.162.242.55 - - [01/May/2026:05:15:36 -0400] "GET /wp-includes/class-wp-customize-manager-client.php HTTP/1.1" 200 1361 "-" "Mozilla/5.0 (Windows NT 10.0; Win64; x64; rv:76.0) Gecko/20100101 Firefox/76.0"
108.162.242.56 - - [01/May/2026:05:15:36 -0400] "GET /wp-includes/assets/script-modules-packages.min-boolean.php HTTP/1.1" 200 1367 "-" "Mozilla/5.0 (Windows NT 10.0; WOW64) AppleWebKit/537.36 (KHTML, like Gecko) Chrome/72.0.3626.121 Safari/537.36"
108.162.242.56 - - [01/May/2026:05:15:36 -0400] "GET /wp-admin/css/colors/error.php HTTP/1.1" 200 1347 "-" "Mozilla/5.0 (Macintosh; Intel Mac OS X 10_10_1) AppleWebKit/537.36 (KHTML, like Gecko) Chrome/39.0.2171.95 Safari/537.36"
108.162.242.55 - - [01/May/2026:05:15:36 -0400] "GET /ALFA_DATA/alfacgiapi/all.php HTTP/1.1" 200 1350 "-" "Mozilla/5.0 (Windows NT 10.0; Win64; x64; rv:67.0) Gecko/20100101 Firefox/67.0"
108.162.242.55 - - [01/May/2026:05:15:36 -0400] "GET /wp-admin/images/autoload_classmap.php HTTP/1.1" 200 1353 "-" "Mozilla/5.0 (Windows NT 10.0; Win64; x64) AppleWebKit/537.36 (KHTML, like Gecko) Chrome/69.0.3497.100 Safari/537.36"
108.162.242.56 - - [01/May/2026:05:15:36 -0400] "GET /.well-known/pki-validation/xmrlpc.php HTTP/1.1" 200 1353 "-" "Mozilla/5.0 (Windows NT 10.0; Win64; x64) AppleWebKit/537.36 (KHTML, like Gecko) Chrome/77.0.3865.90 Safari/537.36"
108.162.242.56 - - [01/May/2026:05:15:36 -0400] "GET /wp-admin/maint/repairs.php HTTP/1.1" 200 1344 "-" "Mozilla/5.0 (X11; Fedora; Linux x86_64; rv:79.0) Gecko/20100101 Firefox/79.0"
108.162.242.56 - - [01/May/2026:05:15:36 -0400] "GET /wp-includes/images/smilies/simi.php HTTP/1.1" 200 1350 "-" "Mozilla/5.0 (Windows NT 10.0; Win64; x64) AppleWebKit/537.36 (KHTML, like Gecko) Chrome/70.0.3538.110 Safari/537.36"
108.162.242.55 - - [01/May/2026:05:15:36 -0400] "GET /wp-admin.php HTTP/1.1" 200 1335 "-" "Mozilla/5.0 (Windows NT 10.0; Win64; x64) AppleWebKit/537.36 (KHTML, like Gecko) Chrome/81.0.4044.129 Safari/537.36"
108.162.242.56 - - [01/May/2026:05:15:37 -0400] "GET /wp-header.php%20 HTTP/1.1" 200 1337 "-" "Mozilla/5.0 (Windows NT 10.0; Win64; x64; rv:73.0) Gecko/20100101 Firefox/73.0"
108.162.242.56 - - [01/May/2026:05:15:37 -0400] "GET /file.php%20 HTTP/1.1" 200 1335 "-" "Mozilla/5.0 (X11; Linux i686; rv:79.0) Gecko/20100101 Firefox/79.0"
108.162.242.56 - - [01/May/2026:05:15:37 -0400] "GET /.tmb/doc.php HTTP/1.1" 200 1334 "-" "Mozilla/5.0 (Windows NT 10.0; WOW64) AppleWebKit/537.36 (KHTML, like Gecko) Chrome/84.0.4147.105 Safari/537.36"
108.162.242.56 - - [01/May/2026:05:15:37 -0400] "GET /wp-editor.php HTTP/1.1" 200 1335 "-" "Mozilla/5.0 (Windows NT 10.0; Win64; x64; rv:77.0) Gecko/20100101 Firefox/77.0"
108.162.242.55 - - [01/May/2026:05:15:37 -0400] "GET /wp-includes/style-engine-session.php HTTP/1.1" 200 1351 "-" "Mozilla/5.0 (Macintosh; Intel Mac OS X 10_15_6) AppleWebKit/537.36 (KHTML, like Gecko) Chrome/84.0.4147.105 Safari/537.36 OPR/70.0.3728.95"
108.162.242.56 - - [01/May/2026:05:15:37 -0400] "GET /images/install.php HTTP/1.1" 200 1336 "-" "Mozilla/5.0 (X11; Ubuntu; Linux x86_64; rv:79.0) Gecko/20100101 Firefox/79.0"
108.162.242.56 - - [01/May/2026:05:15:37 -0400] "GET /vendor/phpunit/phpunit/src/Util/PHP/adminfusm.php HTTP/1.1" 200 1359 "-" "Mozilla/5.0 (Macintosh; Intel Mac OS X 10_15_6) AppleWebKit/537.36 (KHTML, like Gecko) Chrome/84.0.4147.105 Safari/537.36 OPR/70.0.3728.95"
108.162.242.56 - - [01/May/2026:05:15:37 -0400] "GET /adminfusm.php HTTP/1.1" 200 1334 "-" "Mozilla/5.0 (Windows NT 6.1; Win64; x64) AppleWebKit/537.36 (KHTML, like Gecko) Chrome/78.0.3904.108 Safari/537.36"
108.162.242.56 - - [01/May/2026:05:15:37 -0400] "GET /js/js1.php HTTP/1.1" 200 1332 "-" "Mozilla/5.0 (Windows NT 10.0; WOW64; Trident/7.0; .NET4.0C; .NET4.0E; .NET CLR 2.0.50727; .NET CLR 3.0.30729; .NET CLR 3.5.30729; rv:11.0) like Gecko"
108.162.242.55 - - [01/May/2026:05:15:37 -0400] "GET /wp-includes/assets/wp-includes/assets/script-loader-packages.min.php HTTP/1.1" 200 1362 "-" "Mozilla/5.0 (Macintosh; Intel Mac OS X 10_15_6) AppleWebKit/537.36 (KHTML, like Gecko) Chrome/84.0.4147.105 Safari/537.36 OPR/70.0.3728.95"
108.162.242.56 - - [01/May/2026:05:15:37 -0400] "GET /wp-includes/blocks/file/wp-style.php HTTP/1.1" 200 1349 "-" "Mozilla/5.0 (X11; Linux i686; rv:79.0) Gecko/20100101 Firefox/79.0"
108.162.242.55 - - [01/May/2026:05:15:37 -0400] "GET /wp-content/mu-plugins/admin.php HTTP/1.1" 200 1348 "-" "Mozilla/5.0 (Macintosh; Intel Mac OS X 10_15_6) AppleWebKit/537.36 (KHTML, like Gecko) Chrome/84.0.4147.105 Safari/537.36"
108.162.242.56 - - [01/May/2026:05:15:37 -0400] "GET /wp-includes/IXR/class-IXR-cilent.php HTTP/1.1" 200 1355 "-" "Mozilla/5.0 (X11; Ubuntu; Linux i686; rv:79.0) Gecko/20100101 Firefox/79.0"
108.162.242.56 - - [01/May/2026:05:15:37 -0400] "GET /wp-content/uploads/wp-cert.phtml HTTP/1.1" 200 1344 "-" "Mozilla/5.0 (Windows NT 10.0; Win64; x64) AppleWebKit/537.36 (KHTML, like Gecko) Chrome/69.0.3497.100 Safari/537.36"
108.162.242.55 - - [01/May/2026:05:15:37 -0400] "GET /about/function.php%20 HTTP/1.1" 200 1339 "-" "Mozilla/5.0 (Windows NT 6.1; Win64; x64) AppleWebKit/537.36 (KHTML, like Gecko) Chrome/80.0.3987.149 Safari/537.36"
108.162.242.56 - - [01/May/2026:05:15:37 -0400] "GET /wp-includes/images/install.php HTTP/1.1" 200 1347 "-" "Mozilla/5.0 (Windows NT 10.0; WOW64) AppleWebKit/537.36 (KHTML, like Gecko) Chrome/72.0.3626.121 Safari/537.36"
108.162.242.55 - - [01/May/2026:05:15:37 -0400] "GET /wp-includes/PHPMailer/xleet.php HTTP/1.1" 200 1351 "-" "Mozilla/5.0 (Windows NT 10.0; Win64; x64) AppleWebKit/537.36 (KHTML, like Gecko) Chrome/79.0.3945.79 Safari/537.36"
108.162.242.55 - - [01/May/2026:05:15:38 -0400] "GET /wp-admin/js/widgets/doc.php HTTP/1.1" 200 1346 "-" "Mozilla/5.0 (Windows NT 10.0) AppleWebKit/537.36 (KHTML, like Gecko) Chrome/84.0.4147.105 Safari/537.36"
108.162.242.55 - - [01/May/2026:05:15:38 -0400] "GET /f35_SpaceTn.php HTTP/1.1" 200 1338 "-" "Mozilla/5.0 (X11; Fedora; Linux x86_64; rv:79.0) Gecko/20100101 Firefox/79.0"
108.162.242.55 - - [01/May/2026:05:15:38 -0400] "GET /wp-admin/css/colors/sunrise/bypass.php HTTP/1.1" 200 1354 "-" "Mozilla/5.0 (Windows NT 10.0; Win64; x64) AppleWebKit/537.36 (KHTML, like Gecko) Chrome/79.0.3945.79 Safari/537.36"
108.162.242.56 - - [01/May/2026:05:15:38 -0400] "GET /vendor/phpunit/phpunit/src/Util/PHP/fixed.php HTTP/1.1" 200 1356 "-" "Mozilla/5.0 (Windows NT 10.0; Win64; x64; rv:72.0) Gecko/20100101 Firefox/72.0"
108.162.242.55 - - [01/May/2026:05:15:38 -0400] "GET /wp-admin/js/widgets/themes.php HTTP/1.1" 200 1348 "-" "Mozilla/5.0 (Windows NT 10.0; Win64; x64; rv:73.0) Gecko/20100101 Firefox/73.0"
108.162.242.56 - - [01/May/2026:05:15:38 -0400] "GET /wp-content/plugins/fix/bypass.php HTTP/1.1" 200 1349 "-" "Mozilla/5.0 (Macintosh; Intel Mac OS X 10_15_6) AppleWebKit/537.36 (KHTML, like Gecko) Chrome/84.0.4147.105 Safari/537.36 OPR/70.0.3728.95"
108.162.242.56 - - [01/May/2026:05:15:38 -0400] "GET /wp-includes/category-double.php HTTP/1.1" 200 1350 "-" "Mozilla/5.0 (Windows NT 10.0; Win64; x64) AppleWebKit/537.36 (KHTML, like Gecko) Chrome/75.0.3770.100 Safari/537.36"
108.162.242.55 - - [01/May/2026:05:15:38 -0400] "GET /wp-admin/maint/admin.php HTTP/1.1" 200 1342 "-" "Mozilla/5.0 (Windows NT 6.1; Win64; x64) AppleWebKit/537.36 (KHTML, like Gecko) Chrome/58.0.3029.110 Safari/537.3"
108.162.242.55 - - [01/May/2026:05:15:38 -0400] "GET /blog/signatur.php HTTP/1.1" 200 1336 "-" "Mozilla/5.0 (X11; Ubuntu; Linux x86_64; rv:79.0) Gecko/20100101 Firefox/79.0"
108.162.242.56 - - [01/May/2026:05:15:38 -0400] "GET /wp-includes/assets/db.php HTTP/1.1" 200 1345 "-" "Mozilla/5.0 (Windows NT 10.0; WOW64; Trident/7.0; .NET4.0C; .NET4.0E; .NET CLR 2.0.50727; .NET CLR 3.0.30729; .NET CLR 3.5.30729; rv:11.0) like Gecko"
108.162.242.55 - - [01/May/2026:05:15:38 -0400] "GET /wp-includes/widgets/security.php HTTP/1.1" 200 1348 "-" "Mozilla/5.0 (Windows NT 10.0) AppleWebKit/537.36 (KHTML, like Gecko) Chrome/72.0.3626.121 Safari/537.36"
