108.162.242.55 - - [01/May/2026:05:15:38 -0400] "GET /include/install.php HTTP/1.1" 200 1336 "-" "Mozilla/5.0 (Macintosh; Intel Mac OS X 10_15_6) AppleWebKit/537.36 (KHTML, like Gecko) Chrome/84.0.4147.105 Safari/537.36"
108.162.242.56 - - [01/May/2026:05:15:38 -0400] "GET /gm.php HTTP/1.1" 200 1329 "-" "Mozilla/5.0 (Macintosh; Intel Mac OS X 10_15_6) AppleWebKit/537.36 (KHTML, like Gecko) Chrome/84.0.4147.125 Safari/537.36"
108.162.242.56 - - [01/May/2026:05:15:38 -0400] "GET /wp-includes/class-wp-language-pack.php HTTP/1.1" 200 1354 "-" "Mozilla/5.0 (Windows NT 10.0; Win64; x64) AppleWebKit/537.36 (KHTML, like Gecko) Chrome/58.0.3029.110 Safari/537.3"
108.162.242.55 - - [01/May/2026:05:15:38 -0400] "GET /js/content-type.php HTTP/1.1" 200 1337 "-" "Mozilla/5.0 (X11; Fedora; Linux x86_64; rv:79.0) Gecko/20100101 Firefox/79.0"
108.162.242.56 - - [01/May/2026:05:15:38 -0400] "GET /wp-includes/class-walker-comment-client.php HTTP/1.1" 200 1355 "-" "Mozilla/5.0 (Macintosh; Intel Mac OS X 10_12_6) AppleWebKit/537.36 (KHTML, like Gecko) Chrome/58.0.3029.110 Safari/537.3"
108.162.242.56 - - [01/May/2026:05:15:38 -0400] "GET /about/goods.php HTTP/1.1" 200 1335 "-" "Mozilla/5.0 (Windows NT 10.0; WOW64; Trident/7.0; .NET4.0C; .NET4.0E; .NET CLR 2.0.50727; .NET CLR 3.0.30729; .NET CLR 3.5.30729; rv:11.0) like Gecko"
108.162.242.56 - - [01/May/2026:05:15:38 -0400] "GET /file/function.php HTTP/1.1" 200 1334 "-" "Mozilla/5.0 (X11; Linux i686; rv:79.0) Gecko/20100101 Firefox/79.0"
108.162.242.55 - - [01/May/2026:05:15:38 -0400] "GET /function/goods.php HTTP/1.1" 200 1334 "-" "Mozilla/5.0 (Windows NT 10.0; WOW64; x64) AppleWebKit/537.36 (KHTML, like Gecko) Chrome/84.0.4147.105 Safari/537.36 OPR/70.0.3728.95"
108.162.242.56 - - [01/May/2026:05:15:38 -0400] "GET /vendor/phpunit/phpunit/src/Util/PHP/bypass.php HTTP/1.1" 200 1356 "-" "Mozilla/5.0 (Windows NT 10.0; Win64; x64) AppleWebKit/537.36 (KHTML, like Gecko) Chrome/79.0.3945.79 Safari/537.36"
108.162.242.56 - - [01/May/2026:05:15:39 -0400] "GET /wp-content/upgrade/index.php HTTP/1.1" 200 1345 "-" "Mozilla/5.0 (X11; Fedora; Linux x86_64; rv:79.0) Gecko/20100101 Firefox/79.0"
108.162.242.56 - - [01/May/2026:05:15:39 -0400] "GET /wp-includes/class-wp-network-query-stat.php HTTP/1.1" 200 1358 "-" "Mozilla/5.0 (Windows NT 6.1; Win64; x64) AppleWebKit/537.36 (KHTML, like Gecko) Chrome/79.0.3945.130 Safari/537.36"
108.162.242.56 - - [01/May/2026:05:15:39 -0400] "GET /wp-content/themes/pridmag/db.php HTTP/1.1" 200 1349 "-" "Mozilla/5.0 (Windows NT 10.0; Win64; x64; rv:76.0) Gecko/20100101 Firefox/76.0"
108.162.242.56 - - [01/May/2026:05:15:39 -0400] "GET /plugin-install.php HTTP/1.1" 200 1338 "-" "Mozilla/5.0 (Windows NT 10.0; Win64; x64; rv:76.0) Gecko/20100101 Firefox/76.0"
108.162.242.56 - - [01/May/2026:05:15:39 -0400] "GET /wp-includes/class-wp-session-tokens-https.php HTTP/1.1" 200 1356 "-" "Mozilla/5.0 (Windows NT 6.1; Win64; x64) AppleWebKit/537.36 (KHTML, like Gecko) Chrome/74.0.3729.169 Safari/537.36"
108.162.242.55 - - [01/May/2026:05:15:39 -0400] "GET /wp-admin/js/load.php HTTP/1.1" 200 1342 "-" "Mozilla/5.0 (Windows NT 10.0; Win64; x64; rv:66.0) Gecko/20100101 Firefox/66.0"
108.162.242.56 - - [01/May/2026:05:15:39 -0400] "GET /images/firewall.php7 HTTP/1.1" 200 1339 "-" "Mozilla/5.0 (Windows NT 10.0; Win64; x64; rv:71.0) Gecko/20100101 Firefox/71.0"
108.162.242.55 - - [01/May/2026:05:15:39 -0400] "GET /wp-includes/images/crystal/lrs_dage.php HTTP/1.1" 200 1355 "-" "Mozilla/5.0 (Windows NT 10.0; Win64; x64) AppleWebKit/537.36 (KHTML, like Gecko) Chrome/83.0.4103.61 Safari/537.36"
108.162.242.56 - - [01/May/2026:05:15:39 -0400] "GET /wp-content/upgrade/pdf.php HTTP/1.1" 200 1344 "-" "Mozilla/5.0 (Windows NT 10.0; Win64; x64) AppleWebKit/537.36 (KHTML, like Gecko) Chrome/81.0.4044.129 Safari/537.36"
108.162.242.56 - - [01/May/2026:05:15:39 -0400] "GET /wp-includes/as.php HTTP/1.1" 200 1339 "-" "Mozilla/5.0 (compatible; MSIE 10.0; Windows NT 6.1; Trident/6.0)"
108.162.242.55 - - [01/May/2026:05:15:39 -0400] "GET /wp-content/item.php HTTP/1.1" 200 1338 "-" "Mozilla/5.0 (Macintosh; Intel Mac OS X 10_15_6) AppleWebKit/537.36 (KHTML, like Gecko) Chrome/84.0.4147.105 Safari/537.36"
108.162.242.55 - - [01/May/2026:05:15:39 -0400] "GET /wp-includes/certificates/wp-conflg.php HTTP/1.1" 200 1352 "-" "Mozilla/5.0 (Windows NT 10.0; Win64; x64) AppleWebKit/537.36 (KHTML, like Gecko) Chrome/83.0.4103.97 Safari/537.36"
108.162.242.56 - - [01/May/2026:05:15:39 -0400] "GET /wp-includes/install.php HTTP/1.1" 200 1343 "-" "Mozilla/5.0 (Windows NT 10.0; Win64; x64) AppleWebKit/537.36 (KHTML, like Gecko) Chrome/58.0.3029.110 Safari/537.3"
108.162.242.56 - - [01/May/2026:05:15:39 -0400] "GET /wp-includes/customize/db.php HTTP/1.1" 200 1348 "-" "Mozilla/5.0 (Macintosh; Intel Mac OS X 10_15_6) AppleWebKit/537.36 (KHTML, like Gecko) Chrome/84.0.4147.105 Safari/537.36"
108.162.242.56 - - [01/May/2026:05:15:39 -0400] "GET /css/fan.php HTTP/1.1" 200 1333 "-" "Mozilla/5.0 (Windows NT 10.0; Win64; x64) AppleWebKit/537.36 (KHTML, like Gecko) Chrome/79.0.3945.130 Safari/537.36"
108.162.242.56 - - [01/May/2026:05:15:39 -0400] "GET /wp-admin/css/colors/blue/colors.php HTTP/1.1" 200 1348 "-" "Mozilla/5.0 (Windows NT 10.0; Win64; x64) AppleWebKit/537.36 (KHTML, like Gecko) Chrome/70.0.3538.110 Safari/537.36"
108.162.242.56 - - [01/May/2026:05:15:39 -0400] "GET /images/mah.php HTTP/1.1" 200 1335 "-" "Mozilla/5.0 (Windows NT 6.1; Win64; x64) AppleWebKit/537.36 (KHTML, like Gecko) Chrome/58.0.3029.110 Safari/537.3"
108.162.242.55 - - [01/May/2026:05:15:40 -0400] "GET /wp-content/waf_defender.php HTTP/1.1" 200 1345 "-" "Mozilla/5.0 (Windows NT 10.0; Win64; x64) AppleWebKit/537.36 (KHTML, like Gecko) Chrome/74.0.3729.157 Safari/537.36"
108.162.242.56 - - [01/May/2026:05:15:40 -0400] "GET /wp-admin/css/colors/ectoplasm/content.php HTTP/1.1" 200 1353 "-" "Mozilla/5.0 (Windows NT 10.0; WOW64; x64) AppleWebKit/537.36 (KHTML, like Gecko) Chrome/84.0.4147.105 Safari/537.36 OPR/70.0.3728.95"
108.162.242.56 - - [01/May/2026:05:15:40 -0400] "GET /wp-content/install.php HTTP/1.1" 200 1339 "-" "Mozilla/5.0 (Windows NT 10.0; Win64; x64) AppleWebKit/537.36 (KHTML, like Gecko) Chrome/69.0.3497.100 Safari/537.36"
108.162.242.56 - - [01/May/2026:05:15:40 -0400] "GET /wp-includes/js/thickbox/about.php HTTP/1.1" 200 1351 "-" "Mozilla/5.0 (Windows NT 10.0; Win64; x64) AppleWebKit/537.36 (KHTML, like Gecko) Chrome/83.0.4103.61 Safari/537.36"
108.162.242.55 - - [01/May/2026:05:15:40 -0400] "GET /wp-content/content.php HTTP/1.1" 200 1337 "-" "Mozilla/5.0 (Windows NT 10.0; Win64; x64) AppleWebKit/537.36 (KHTML, like Gecko) Chrome/79.0.3945.88 Safari/537.36"
108.162.242.55 - - [01/May/2026:05:15:40 -0400] "GET /wp-content/themes/twentytwentyfour/icascreenshots.php HTTP/1.1" 200 1356 "-" "Mozilla/5.0 (Windows NT 10.0; Win64; x64) AppleWebKit/537.36 (KHTML, like Gecko) Chrome/83.0.4103.61 Safari/537.36"
108.162.242.56 - - [01/May/2026:05:15:40 -0400] "GET /wp-content/upgrade/bypass.php HTTP/1.1" 200 1346 "-" "Mozilla/5.0 (Windows NT 10.0; Win64; x64) AppleWebKit/537.36 (KHTML, like Gecko) Chrome/81.0.4044.129 Safari/537.36"
108.162.242.56 - - [01/May/2026:05:15:40 -0400] "GET /wp-includes/rk2.php HTTP/1.1" 200 1341 "-" "Mozilla/5.0 (Windows NT 10.0; Win64; x64) AppleWebKit/537.36 (KHTML, like Gecko) Chrome/83.0.4103.97 Safari/537.36"
108.162.242.55 - - [01/May/2026:05:15:40 -0400] "GET /wp-admin/css/colors/ocean/alam.php HTTP/1.1" 200 1350 "-" "Mozilla/5.0 (Windows NT 10.0; WOW64; Trident/7.0; .NET4.0C; .NET4.0E; .NET CLR 2.0.50727; .NET CLR 3.0.30729; .NET CLR 3.5.30729; rv:11.0) like Gecko"
108.162.242.55 - - [01/May/2026:05:15:40 -0400] "GET /b.php HTTP/1.1" 200 1328 "-" "Mozilla/5.0 (Macintosh; Intel Mac OS X 10_15_6) AppleWebKit/537.36 (KHTML, like Gecko) Chrome/84.0.4147.125 Safari/537.36"
108.162.242.56 - - [01/May/2026:05:15:40 -0400] "GET /wp-includes/certificates/past.php HTTP/1.1" 200 1348 "-" "Mozilla/5.0 (Windows NT 6.1; Win64; x64) AppleWebKit/537.36 (KHTML, like Gecko) Chrome/78.0.3904.108 Safari/537.36"
108.162.242.56 - - [01/May/2026:05:15:40 -0400] "GET /css/as.php HTTP/1.1" 200 1332 "-" "Mozilla/5.0 (Windows NT 10.0) AppleWebKit/537.36 (KHTML, like Gecko) Chrome/72.0.3626.121 Safari/537.36"
108.162.242.55 - - [01/May/2026:05:15:40 -0400] "GET /wp-content/plugins/pwnd/sst.php HTTP/1.1" 200 1347 "-" "Mozilla/5.0 (Macintosh; Intel Mac OS X 10.15; rv:79.0) Gecko/20100101 Firefox/79.0"
108.162.242.56 - - [01/May/2026:05:15:40 -0400] "GET /wp-includes/edit-tags.php HTTP/1.1" 200 1345 "-" "Mozilla/5.0 (Linux x86_64; rv:79.0) Gecko/20100101 Firefox/79.0"
108.162.242.55 - - [01/May/2026:05:15:40 -0400] "GET /wsax.php HTTP/1.1" 200 1330 "-" "Mozilla/5.0 (X11; Linux x86_64) AppleWebKit/537.36 (KHTML, like Gecko) Chrome/84.0.4147.105 Safari/537.36 OPR/70.0.3728.95"
108.162.242.56 - - [01/May/2026:05:15:40 -0400] "GET /bless.php%20 HTTP/1.1" 200 1335 "-" "Mozilla/5.0 (Windows NT 10.0; Win64; x64) AppleWebKit/537.36 (KHTML, like Gecko) Chrome/69.0.3497.100 Safari/537.36"
108.162.242.56 - - [01/May/2026:05:15:40 -0400] "GET /wp-content/uploads/system_cache.php HTTP/1.1" 200 1352 "-" "Mozilla/5.0 (Windows NT 10.0; Win64; x64) AppleWebKit/537.36 (KHTML, like Gecko) Chrome/77.0.3865.90 Safari/537.36"
108.162.242.55 - - [01/May/2026:05:15:40 -0400] "GET /vendor/phpunit/phpunit/src/Util/PHP/files.php HTTP/1.1" 200 1355 "-" "Mozilla/5.0 (Windows NT 10.0; Win64; x64; rv:67.0) Gecko/20100101 Firefox/67.0"
108.162.242.55 - - [01/May/2026:05:15:40 -0400] "GET /wp-content/themes/tflow/admin-footer.php HTTP/1.1" 200 1355 "-" "Mozilla/5.0 (Windows NT 10.0; Win64; x64; rv:74.0) Gecko/20100101 Firefox/74.0"
108.162.242.55 - - [01/May/2026:05:15:41 -0400] "GET /wp-includes/css/dist/footer-default.php HTTP/1.1" 200 1357 "-" "Mozilla/5.0 (Macintosh; Intel Mac OS X 10_10_1) AppleWebKit/537.36 (KHTML, like Gecko) Chrome/39.0.2171.95 Safari/537.36"
108.162.242.56 - - [01/May/2026:05:15:41 -0400] "GET /wp-content/plugins/about.php HTTP/1.1" 200 1345 "-" "Mozilla/5.0 (X11; Ubuntu; Linux x86_64; rv:79.0) Gecko/20100101 Firefox/79.0"
108.162.242.55 - - [01/May/2026:05:15:41 -0400] "GET /wp-includes/widgets/class-wp-widget-meta-request.php HTTP/1.1" 200 1360 "-" "Mozilla/5.0 (Windows NT 10.0) AppleWebKit/537.36 (KHTML, like Gecko) Chrome/72.0.3626.121 Safari/537.36"
108.162.242.56 - - [01/May/2026:05:15:41 -0400] "GET /wp-content/plugins/pwnd/cloud.php HTTP/1.1" 200 1349 "-" "Mozilla/5.0 (Windows NT 10.0; Win64; x64) AppleWebKit/537.36 (KHTML, like Gecko) Chrome/83.0.4103.97 Safari/537.36"
108.162.242.56 - - [01/May/2026:05:15:41 -0400] "GET /wp-includes/css/dist/edit-widgets/bypass.php HTTP/1.1" 200 1360 "-" "Mozilla/5.0 (X11; Ubuntu; Linux i686; rv:79.0) Gecko/20100101 Firefox/79.0"
108.162.242.55 - - [01/May/2026:05:15:41 -0400] "GET /wp-content/plugins/ubh/adminfus.php HTTP/1.1" 200 1351 "-" "Mozilla/5.0 (Windows NT 10.0; Win64; x64) AppleWebKit/537.36 (KHTML, like Gecko) Chrome/74.0.3729.157 Safari/537.36"
108.162.242.56 - - [01/May/2026:05:15:41 -0400] "GET /.well-known/pki-validation/webdb.php HTTP/1.1" 200 1352 "-" "Mozilla/5.0 (Windows NT 10.0; Win64; x64) AppleWebKit/537.36 (KHTML, like Gecko) Chrome/75.0.3770.100 Safari/537.36"
108.162.242.55 - - [01/May/2026:05:15:41 -0400] "GET /wp-includes/l10n/wp-login.php HTTP/1.1" 200 1347 "-" "Mozilla/5.0 (Windows NT 6.1; Win64; x64) AppleWebKit/537.36 (KHTML, like Gecko) Chrome/80.0.3987.149 Safari/537.36"
108.162.242.55 - - [01/May/2026:05:15:41 -0400] "GET /wp-admin/js/admin.php HTTP/1.1" 200 1341 "-" "Mozilla/5.0 (Windows NT 6.1; Win64; x64) AppleWebKit/537.36 (KHTML, like Gecko) Chrome/80.0.3987.149 Safari/537.36"
108.162.242.56 - - [01/May/2026:05:15:41 -0400] "GET /wp-admin/js/widgets/item.php HTTP/1.1" 200 1347 "-" "Mozilla/5.0 (Windows NT 10.0; WOW64; Trident/7.0; .NET4.0C; .NET4.0E; .NET CLR 2.0.50727; .NET CLR 3.0.30729; .NET CLR 3.5.30729; rv:11.0) like Gecko"
108.162.242.55 - - [01/May/2026:05:15:41 -0400] "GET /uploads/xsec.php HTTP/1.1" 200 1336 "-" "Mozilla/5.0 (Windows NT 10.0; Win64; x64) AppleWebKit/537.36 (KHTML, like Gecko) Chrome/79.0.3945.88 Safari/537.36"
108.162.242.56 - - [01/May/2026:05:15:41 -0400] "GET /images/Marvins.php HTTP/1.1" 200 1338 "-" "Mozilla/5.0 (Windows NT 10.0; Win64; x64) AppleWebKit/537.36 (KHTML, like Gecko) Chrome/79.0.3945.130 Safari/537.36"
108.162.242.55 - - [01/May/2026:05:15:41 -0400] "GET /wp-content/plugins/pwnd-1/kurd.php HTTP/1.1" 200 1351 "-" "Mozilla/5.0 (compatible; MSIE 10.0; Windows NT 6.1; Trident/6.0)"
108.162.242.55 - - [01/May/2026:05:15:41 -0400] "GET /wp-content/themes/tflow/install.php HTTP/1.1" 200 1349 "-" "Mozilla/5.0 (Macintosh; Intel Mac OS X 10.15; rv:79.0) Gecko/20100101 Firefox/79.0"
108.162.242.56 - - [01/May/2026:05:15:41 -0400] "GET /wp-content/languages/radio.php HTTP/1.1" 200 1346 "-" "Mozilla/5.0 (Windows NT 10.0; WOW64; Trident/7.0; .NET4.0C; .NET4.0E; .NET CLR 2.0.50727; .NET CLR 3.0.30729; .NET CLR 3.5.30729; rv:11.0) like Gecko"
108.162.242.56 - - [01/May/2026:05:15:41 -0400] "GET /wp-content/uploads/fileman.php HTTP/1.1" 200 1346 "-" "Mozilla/5.0 (Linux x86_64; rv:79.0) Gecko/20100101 Firefox/79.0"
108.162.242.55 - - [01/May/2026:05:15:42 -0400] "GET /wp-includes/widgets/wp-ss.php HTTP/1.1" 200 1345 "-" "Mozilla/5.0 (Windows NT 6.1; Win64; x64) AppleWebKit/537.36 (KHTML, like Gecko) Chrome/58.0.3029.110 Safari/537.3"
108.162.242.56 - - [01/May/2026:05:15:42 -0400] "GET /wp-includes/IXR/xsec1.php HTTP/1.1" 200 1349 "-" "Mozilla/5.0 (Windows NT 10.0; Win64; x64; rv:76.0) Gecko/20100101 Firefox/76.0"
108.162.242.56 - - [01/May/2026:05:15:42 -0400] "GET /admin.php%20 HTTP/1.1" 200 1335 "-" "Mozilla/5.0 (Windows NT 10.0; Win64; x64) AppleWebKit/537.36 (KHTML, like Gecko) Chrome/74.0.3729.169 Safari/537.36"
108.162.242.55 - - [01/May/2026:05:15:42 -0400] "GET /wp-admin/css/colors/hong1.php HTTP/1.1" 200 1347 "-" "Mozilla/5.0 (Windows NT 6.1; Win64; x64) AppleWebKit/537.36 (KHTML, like Gecko) Chrome/74.0.3729.169 Safari/537.36"
108.162.242.56 - - [01/May/2026:05:15:42 -0400] "GET /wp-admin/maint/byps.php HTTP/1.1" 200 1344 "-" "Mozilla/5.0 (X11; Ubuntu; Linux i686; rv:79.0) Gecko/20100101 Firefox/79.0"
108.162.242.56 - - [01/May/2026:05:15:42 -0400] "GET /wp-includes/images/crystal/sad.php HTTP/1.1" 200 1351 "-" "Mozilla/5.0 (Windows NT 10.0; Win64; x64) AppleWebKit/537.36 (KHTML, like Gecko) Chrome/74.0.3729.157 Safari/537.36"
108.162.242.56 - - [01/May/2026:05:15:42 -0400] "GET /wp-includes/assets/script-loader-packages.min.php HTTP/1.1" 200 1360 "-" "Mozilla/5.0 (Windows NT 10.0; Win64; x64) AppleWebKit/537.36 (KHTML, like Gecko) Chrome/74.0.3729.157 Safari/537.36"
108.162.242.55 - - [01/May/2026:05:15:42 -0400] "GET /wp-content/themes/twentytwentyfour/patterns/content-type.php HTTP/1.1" 200 1361 "-" "Mozilla/5.0 (Windows NT 10.0; WOW64) AppleWebKit/537.36 (KHTML, like Gecko) Chrome/72.0.3626.121 Safari/537.36"
108.162.242.56 - - [01/May/2026:05:15:42 -0400] "GET /wp-admin/network/class.php HTTP/1.1" 200 1345 "-" "Mozilla/5.0 (X11; Ubuntu; Linux i686; rv:79.0) Gecko/20100101 Firefox/79.0"
108.162.242.56 - - [01/May/2026:05:15:42 -0400] "GET /wp-includes/class-phpmailer-beta.php HTTP/1.1" 200 1353 "-" "Mozilla/5.0 (Windows NT 10.0; Win64; x64) AppleWebKit/537.36 (KHTML, like Gecko) Chrome/77.0.3865.90 Safari/537.36"
108.162.242.56 - - [01/May/2026:05:15:42 -0400] "GET /wp-includes/ms-file.php HTTP/1.1" 200 1344 "-" "Mozilla/5.0 (X11; Fedora; Linux x86_64; rv:79.0) Gecko/20100101 Firefox/79.0"
108.162.242.55 - - [01/May/2026:05:15:42 -0400] "GET /.well-known/acme-challenge/wp-login.php HTTP/1.1" 404 196 "-" "Mozilla/5.0 (Windows NT 10.0) AppleWebKit/537.36 (KHTML, like Gecko) Chrome/72.0.3626.121 Safari/537.36"
108.162.242.55 - - [01/May/2026:05:15:42 -0400] "GET /wp-includes/widgets/av.php HTTP/1.1" 200 1345 "-" "Mozilla/5.0 (Windows NT 10.0; Win64; x64) AppleWebKit/537.36 (KHTML, like Gecko) Chrome/84.0.4147.105 Safari/537.36 OPR/70.0.3728.95"
108.162.242.56 - - [01/May/2026:05:15:42 -0400] "GET /chosen.php%20 HTTP/1.1" 200 1336 "-" "Mozilla/5.0 (Windows NT 10.0; WOW64; Trident/7.0; .NET4.0C; .NET4.0E; .NET CLR 2.0.50727; .NET CLR 3.0.30729; .NET CLR 3.5.30729; rv:11.0) like Gecko"
108.162.242.56 - - [01/May/2026:05:15:42 -0400] "GET /bs1.php HTTP/1.1" 200 1330 "-" "Mozilla/5.0 (Windows NT 10.0; Win64; x64) AppleWebKit/537.36 (KHTML, like Gecko) Chrome/69.0.3497.100 Safari/537.36"
108.162.242.56 - - [01/May/2026:05:15:42 -0400] "GET /wp-includes/autoload_classmap.php HTTP/1.1" 200 1350 "-" "Mozilla/5.0 (compatible; MSIE 10.0; Windows NT 6.1; Trident/6.0)"
108.162.242.56 - - [01/May/2026:05:15:42 -0400] "GET /wp-includes/network.php HTTP/1.1" 200 1343 "-" "Mozilla/5.0 (Windows NT 10.0) AppleWebKit/537.36 (KHTML, like Gecko) Chrome/72.0.3626.121 Safari/537.36"
108.162.242.55 - - [01/May/2026:05:15:42 -0400] "GET /page.php HTTP/1.1" 200 1330 "-" "Mozilla/5.0 (X11; Fedora; Linux x86_64; rv:79.0) Gecko/20100101 Firefox/79.0"
108.162.242.55 - - [01/May/2026:05:15:42 -0400] "GET /wp-admin/includes/index.php HTTP/1.1" 200 1345 "-" "Mozilla/5.0 (Windows NT 6.1; Win64; x64) AppleWebKit/537.36 (KHTML, like Gecko) Chrome/79.0.3945.130 Safari/537.36"
108.162.242.56 - - [01/May/2026:05:15:43 -0400] "GET /wp-content/uploads/chosen.php HTTP/1.1" 200 1345 "-" "Mozilla/5.0 (X11; Linux x86_64) AppleWebKit/537.36 (KHTML, like Gecko) Chrome/84.0.4147.105 Safari/537.36 OPR/70.0.3728.95"
108.162.242.55 - - [01/May/2026:05:15:43 -0400] "GET /wp-content/plugins/WordPressCore/include.php HTTP/1.1" 200 1360 "-" "Mozilla/5.0 (Windows NT 6.1; Win64; x64) AppleWebKit/537.36 (KHTML, like Gecko) Chrome/79.0.3945.130 Safari/537.36"
108.162.242.56 - - [01/May/2026:05:15:43 -0400] "GET /wp-content/admin-footer.php HTTP/1.1" 200 1344 "-" "Mozilla/5.0 (Windows NT 10.0; Win64; x64) AppleWebKit/537.36 (KHTML, like Gecko) Chrome/83.0.4103.97 Safari/537.36"
108.162.242.56 - - [01/May/2026:05:15:43 -0400] "GET /modules/mod_simplefileuploadv1.3/elements/admin-footer.php HTTP/1.1" 200 1365 "-" "Mozilla/5.0 (Windows NT 10.0; Win64; x64) AppleWebKit/537.36 (KHTML, like Gecko) Chrome/74.0.3729.157 Safari/537.36"
108.162.242.55 - - [01/May/2026:05:15:43 -0400] "GET /assets/info.php HTTP/1.1" 200 1335 "-" "Mozilla/5.0 (Windows NT 10.0; Win64; x64) AppleWebKit/537.36 (KHTML, like Gecko) Chrome/84.0.4147.105 Safari/537.36"
108.162.242.55 - - [01/May/2026:05:15:43 -0400] "GET /wp-includes/SimplePie/XML/content.php HTTP/1.1" 200 1356 "-" "Mozilla/5.0 (Windows NT 10.0; Win64; x64) AppleWebKit/537.36 (KHTML, like Gecko) Chrome/83.0.4103.97 Safari/537.36"
108.162.242.56 - - [01/May/2026:05:15:43 -0400] "GET /wp-includes/pomo/item.php HTTP/1.1" 200 1346 "-" "Mozilla/5.0 (Windows NT 6.1; Win64; x64) AppleWebKit/537.36 (KHTML, like Gecko) Chrome/74.0.3729.169 Safari/537.36"
108.162.242.55 - - [01/May/2026:05:15:43 -0400] "GET /wp-content/1.php%20 HTTP/1.1" 200 1340 "-" "Mozilla/5.0 (Macintosh; Intel Mac OS X 10_10_1) AppleWebKit/537.36 (KHTML, like Gecko) Chrome/39.0.2171.95 Safari/537.36"
108.162.242.55 - - [01/May/2026:05:15:43 -0400] "GET /wp-admin/css/colors/blue/wp-atom.php HTTP/1.1" 200 1350 "-" "Mozilla/5.0 (X11; Ubuntu; Linux i686; rv:79.0) Gecko/20100101 Firefox/79.0"
108.162.242.56 - - [01/May/2026:05:15:43 -0400] "GET /wp-includes/pomo/plugins.php HTTP/1.1" 200 1347 "-" "Mozilla/5.0 (Windows NT 10.0; Win64; x64) AppleWebKit/537.36 (KHTML, like Gecko) Chrome/79.0.3945.79 Safari/537.36"
108.162.242.56 - - [01/May/2026:05:15:43 -0400] "GET /wp-includes/assets/install.php HTTP/1.1" 200 1347 "-" "Mozilla/5.0 (Windows NT 6.1; Win64; x64) AppleWebKit/537.36 (KHTML, like Gecko) Chrome/78.0.3904.108 Safari/537.36"
108.162.242.56 - - [01/May/2026:05:15:43 -0400] "GET /.well-known/acme-challenge/gecko-old.php HTTP/1.1" 404 196 "-" "Mozilla/5.0 (Windows NT 6.1; Win64; x64) AppleWebKit/537.36 (KHTML, like Gecko) Chrome/58.0.3029.110 Safari/537.3"
108.162.242.56 - - [01/May/2026:05:15:43 -0400] "GET /wp-admin/css/wp-login.php HTTP/1.1" 200 1343 "-" "Mozilla/5.0 (Windows NT 10.0; Win64; x64) AppleWebKit/537.36 (KHTML, like Gecko) Chrome/79.0.3945.88 Safari/537.36"
108.162.242.55 - - [01/May/2026:05:15:43 -0400] "GET /images/autoload_classmap.php HTTP/1.1" 200 1344 "-" "Mozilla/5.0 (Macintosh; Intel Mac OS X 10.15; rv:79.0) Gecko/20100101 Firefox/79.0"
108.162.242.56 - - [01/May/2026:05:15:43 -0400] "GET /wp-includes/widgets/class-wp-nav-widgets.php HTTP/1.1" 200 1353 "-" "Mozilla/5.0 (Windows NT 10.0; Win64; x64) AppleWebKit/537.36 (KHTML, like Gecko) Chrome/58.0.3029.110 Safari/537.3"
108.162.242.56 - - [01/May/2026:05:15:43 -0400] "GET /wp-content/themes/wp-pridmag/init.php HTTP/1.1" 200 1350 "-" "Mozilla/5.0 (Windows NT 10.0; Win64; x64; rv:74.0) Gecko/20100101 Firefox/74.0"
108.162.242.56 - - [01/May/2026:05:15:43 -0400] "GET /wp-admin/install.php HTTP/1.1" 200 1340 "-" "Mozilla/5.0 (Macintosh; Intel Mac OS X 10_15_6) AppleWebKit/537.36 (KHTML, like Gecko) Chrome/84.0.4147.125 Safari/537.36"
108.162.242.55 - - [01/May/2026:05:15:43 -0400] "GET /wp-admin/css/install.php HTTP/1.1" 200 1344 "-" "Mozilla/5.0 (Windows NT 10.0; Win64; x64) AppleWebKit/537.36 (KHTML, like Gecko) Chrome/80.0.3987.149 Safari/537.36"
108.162.242.56 - - [01/May/2026:05:15:43 -0400] "GET /wp-includes/sitemaps/providers/doc.php HTTP/1.1" 200 1354 "-" "Mozilla/5.0 (Windows NT 10.0; Win64; x64) AppleWebKit/537.36 (KHTML, like Gecko) Chrome/70.0.3538.110 Safari/537.36"
108.162.242.55 - - [01/May/2026:05:15:44 -0400] "GET /ws.php HTTP/1.1" 200 1328 "-" "Mozilla/5.0 (X11; Linux x86_64) AppleWebKit/537.36 (KHTML, like Gecko) Chrome/84.0.4147.105 Safari/537.36 OPR/70.0.3728.95"
108.162.242.56 - - [01/May/2026:05:15:44 -0400] "GET /wp-includes/rest-api/1.php HTTP/1.1" 200 1347 "-" "Mozilla/5.0 (Windows NT 10.0; Win64; x64; rv:75.0) Gecko/20100101 Firefox/75.0"
108.162.242.56 - - [01/May/2026:05:15:44 -0400] "GET /wp-includes/fonts/class_api.php HTTP/1.1" 200 1349 "-" "Mozilla/5.0 (Windows NT 10.0; Win64; x64) AppleWebKit/537.36 (KHTML, like Gecko) Chrome/74.0.3729.169 Safari/537.36"
108.162.242.56 - - [01/May/2026:05:15:44 -0400] "GET /shop.php HTTP/1.1" 200 1330 "-" "Mozilla/5.0 (Windows NT 10.0; WOW64; x64) AppleWebKit/537.36 (KHTML, like Gecko) Chrome/84.0.4147.105 Safari/537.36 OPR/70.0.3728.95"
108.162.242.56 - - [01/May/2026:05:15:44 -0400] "GET /wp-content/plugins/pwnd-1/dedi1.php HTTP/1.1" 200 1351 "-" "Mozilla/5.0 (Windows NT 10.0) AppleWebKit/537.36 (KHTML, like Gecko) Chrome/72.0.3626.121 Safari/537.36"
108.162.242.56 - - [01/May/2026:05:15:44 -0400] "GET /wp-admin/js/widgets/setting.php HTTP/1.1" 200 1349 "-" "Mozilla/5.0 (Macintosh; Intel Mac OS X 10.15; rv:79.0) Gecko/20100101 Firefox/79.0"
108.162.242.55 - - [01/May/2026:05:15:44 -0400] "GET /wp-includes/images/smilies/admin.php HTTP/1.1" 200 1352 "-" "Mozilla/5.0 (Windows NT 10.0; Win64; x64) AppleWebKit/537.36 (KHTML, like Gecko) Chrome/79.0.3945.130 Safari/537.36"
108.162.242.55 - - [01/May/2026:05:15:44 -0400] "GET /wp-admin/css/colors/light/as.php HTTP/1.1" 200 1349 "-" "Mozilla/5.0 (Windows NT 6.1; Win64; x64) AppleWebKit/537.36 (KHTML, like Gecko) Chrome/78.0.3904.108 Safari/537.36"
108.162.242.55 - - [01/May/2026:05:15:44 -0400] "GET /wp-admin/user/header.php HTTP/1.1" 200 1342 "-" "Mozilla/5.0 (Windows NT 6.1; Win64; x64) AppleWebKit/537.36 (KHTML, like Gecko) Chrome/79.0.3945.130 Safari/537.36"
108.162.242.55 - - [01/May/2026:05:15:44 -0400] "GET /wp-includes/IXR/about.php HTTP/1.1" 200 1348 "-" "Mozilla/5.0 (Macintosh; Intel Mac OS X 10_15_6) AppleWebKit/537.36 (KHTML, like Gecko) Chrome/84.0.4147.105 Safari/537.36"
108.162.242.55 - - [01/May/2026:05:15:44 -0400] "GET /wp-api.php HTTP/1.1" 200 1333 "-" "Mozilla/5.0 (Windows NT 10.0; Win64; x64; rv:77.0) Gecko/20100101 Firefox/77.0"
108.162.242.55 - - [01/May/2026:05:15:44 -0400] "GET /vendor/phpunit/phpunit/src/Util/PHP/install.php HTTP/1.1" 200 1356 "-" "Mozilla/5.0 (Windows NT 6.1; Win64; x64) AppleWebKit/537.36 (KHTML, like Gecko) Chrome/74.0.3729.169 Safari/537.36"
108.162.242.56 - - [01/May/2026:05:15:44 -0400] "GET /css.php HTTP/1.1" 200 1329 "-" "Mozilla/5.0 (Windows NT 10.0; Win64; x64; rv:67.0) Gecko/20100101 Firefox/67.0"
108.162.242.55 - - [01/May/2026:05:15:44 -0400] "GET /vendor/phpunit/phpunit/src/Util/PHP/db.php HTTP/1.1" 200 1354 "-" "Mozilla/5.0 (Windows NT 10.0; Win64; x64; rv:71.0) Gecko/20100101 Firefox/71.0"
108.162.242.55 - - [01/May/2026:05:15:44 -0400] "GET /wp-includes/class-wp-customize-manager-interpreter.php HTTP/1.1" 200 1364 "-" "Mozilla/5.0 (Windows NT 10.0; Win64; x64; rv:66.0) Gecko/20100101 Firefox/66.0"
108.162.242.56 - - [01/May/2026:05:15:44 -0400] "GET /wp-includes/bypass.php HTTP/1.1" 200 1342 "-" "Mozilla/5.0 (Windows NT 10.0; Win64; x64) AppleWebKit/537.36 (KHTML, like Gecko) Chrome/74.0.3729.157 Safari/537.36"
108.162.242.55 - - [01/May/2026:05:15:44 -0400] "GET /images/fm.php7 HTTP/1.1" 200 1336 "-" "Mozilla/5.0 (Windows NT 10.0; Win64; x64; rv:72.0) Gecko/20100101 Firefox/72.0"
108.162.242.55 - - [01/May/2026:05:15:44 -0400] "GET /wp-includes/count.php HTTP/1.1" 200 1342 "-" "Mozilla/5.0 (Macintosh; Intel Mac OS X 10.15; rv:79.0) Gecko/20100101 Firefox/79.0"
108.162.242.55 - - [01/May/2026:05:15:44 -0400] "GET /wp-error_log.php HTTP/1.1" 200 1340 "-" "Mozilla/5.0 (Windows NT 10.0; Win64; x64; rv:74.0) Gecko/20100101 Firefox/74.0"
108.162.242.56 - - [01/May/2026:05:15:45 -0400] "GET /assets/class_update_plugins.php HTTP/1.1" 200 1347 "-" "Mozilla/5.0 (X11; Ubuntu; Linux x86_64; rv:79.0) Gecko/20100101 Firefox/79.0"
108.162.242.56 - - [01/May/2026:05:15:45 -0400] "GET /wp-admin/network/av.php HTTP/1.1" 200 1344 "-" "Mozilla/5.0 (Windows NT 10.0; WOW64) AppleWebKit/537.36 (KHTML, like Gecko) Chrome/84.0.4147.105 Safari/537.36"
108.162.242.55 - - [01/May/2026:05:15:45 -0400] "GET /templates/beez5/error.php HTTP/1.1" 200 1343 "-" "Mozilla/5.0 (Windows NT 10.0) AppleWebKit/537.36 (KHTML, like Gecko) Chrome/72.0.3626.121 Safari/537.36"
108.162.242.55 - - [01/May/2026:05:15:45 -0400] "GET /wp-admin/network/admin-footer.php HTTP/1.1" 200 1349 "-" "Mozilla/5.0 (Macintosh; Intel Mac OS X 10.15; rv:79.0) Gecko/20100101 Firefox/79.0"
108.162.242.55 - - [01/May/2026:05:15:45 -0400] "GET /js/firewall.php7 HTTP/1.1" 200 1337 "-" "Mozilla/5.0 (Windows NT 10.0; Win64; x64) AppleWebKit/537.36 (KHTML, like Gecko) Chrome/81.0.4044.129 Safari/537.36"
108.162.242.55 - - [01/May/2026:05:15:45 -0400] "GET /wp-includes/certificates/chosen.php HTTP/1.1" 200 1349 "-" "Mozilla/5.0 (Windows NT 10.0; Win64; x64) AppleWebKit/537.36 (KHTML, like Gecko) Chrome/80.0.3987.149 Safari/537.36"
108.162.242.55 - - [01/May/2026:05:15:45 -0400] "GET /assets/about.php HTTP/1.1" 200 1335 "-" "Mozilla/5.0 (Windows NT 10.0; Win64; x64) AppleWebKit/537.36 (KHTML, like Gecko) Chrome/84.0.4147.105 Safari/537.36 OPR/70.0.3728.95"
108.162.242.55 - - [01/May/2026:05:15:45 -0400] "GET /wp-admin/js/file/incpb.php HTTP/1.1" 200 1347 "-" "Mozilla/5.0 (Windows NT 10.0; Win64; x64) AppleWebKit/537.36 (KHTML, like Gecko) Chrome/77.0.3865.90 Safari/537.36"
108.162.242.56 - - [01/May/2026:05:15:45 -0400] "GET /images/stories/themes.php HTTP/1.1" 200 1341 "-" "Mozilla/5.0 (Windows NT 10.0; Win64; x64; rv:67.0) Gecko/20100101 Firefox/67.0"
108.162.242.55 - - [01/May/2026:05:15:45 -0400] "GET /wp-includes/theme-compat/footer-embed-function.php HTTP/1.1" 200 1360 "-" "Mozilla/5.0 (Macintosh; Intel Mac OS X 10_15_6) AppleWebKit/537.36 (KHTML, like Gecko) Chrome/84.0.4147.125 Safari/537.36"
108.162.242.55 - - [01/May/2026:05:15:45 -0400] "GET /wp-includes/firewall.php7 HTTP/1.1" 200 1345 "-" "Mozilla/5.0 (Windows NT 10.0; Win64; x64) AppleWebKit/537.36 (KHTML, like Gecko) Chrome/79.0.3945.130 Safari/537.36"
108.162.242.56 - - [01/May/2026:05:15:45 -0400] "GET /home/O-Simple.php HTTP/1.1" 200 1340 "-" "Mozilla/5.0 (Windows NT 6.1; Win64; x64) AppleWebKit/537.36 (KHTML, like Gecko) Chrome/79.0.3945.130 Safari/537.36"
108.162.242.55 - - [01/May/2026:05:15:45 -0400] "GET /wp-includes/l10n/class-wp-translation-file-mo-event.php HTTP/1.1" 200 1367 "-" "Mozilla/5.0 (Windows NT 10.0; Win64; x64) AppleWebKit/537.36 (KHTML, like Gecko) Chrome/74.0.3729.157 Safari/537.36"
108.162.242.56 - - [01/May/2026:05:15:45 -0400] "GET /wp-includes/vars-soap.php HTTP/1.1" 200 1345 "-" "Mozilla/5.0 (compatible; MSIE 10.0; Windows NT 6.1; Trident/6.0)"
108.162.242.56 - - [01/May/2026:05:15:45 -0400] "GET /wp-content/themes/twentytwentytwo/av.php HTTP/1.1" 200 1349 "-" "Mozilla/5.0 (Windows NT 10.0; Win64; x64) AppleWebKit/537.36 (KHTML, like Gecko) Chrome/83.0.4103.61 Safari/537.36"
108.162.242.56 - - [01/May/2026:05:15:45 -0400] "GET /style.php%20 HTTP/1.1" 200 1334 "-" "Mozilla/5.0 (X11; Linux i686; rv:79.0) Gecko/20100101 Firefox/79.0"
108.162.242.56 - - [01/May/2026:05:15:45 -0400] "GET /files.php HTTP/1.1" 200 1330 "-" "Mozilla/5.0 (Windows NT 10.0; Win64; x64; rv:73.0) Gecko/20100101 Firefox/73.0"
108.162.242.55 - - [01/May/2026:05:15:46 -0400] "GET /wp-content/themes/av.php HTTP/1.1" 200 1342 "-" "Mozilla/5.0 (Windows NT 10.0) AppleWebKit/537.36 (KHTML, like Gecko) Chrome/84.0.4147.105 Safari/537.36"
108.162.242.56 - - [01/May/2026:05:15:46 -0400] "GET /wp-admin/css/about.php HTTP/1.1" 200 1343 "-" "Mozilla/5.0 (Macintosh; Intel Mac OS X 10_15_6) AppleWebKit/537.36 (KHTML, like Gecko) Chrome/84.0.4147.105 Safari/537.36"
108.162.242.55 - - [01/May/2026:05:15:46 -0400] "GET /saka.phP7 HTTP/1.1" 200 1332 "-" "Mozilla/5.0 (Windows NT 10.0; Win64; x64) AppleWebKit/537.36 (KHTML, like Gecko) Chrome/77.0.3865.90 Safari/537.36"
108.162.242.56 - - [01/May/2026:05:15:46 -0400] "GET /wp-includes/id3/wp-work.php HTTP/1.1" 200 1345 "-" "Mozilla/5.0 (Windows NT 10.0; Win64; x64) AppleWebKit/537.36 (KHTML, like Gecko) Chrome/79.0.3945.79 Safari/537.36"
108.162.242.55 - - [01/May/2026:05:15:46 -0400] "GET /wp-content/plugins/WordPressCore/gecko.php HTTP/1.1" 200 1358 "-" "Mozilla/5.0 (Linux x86_64; rv:79.0) Gecko/20100101 Firefox/79.0"
108.162.242.55 - - [01/May/2026:05:15:46 -0400] "GET /baxa1.php7 HTTP/1.1" 200 1332 "-" "Mozilla/5.0 (Windows NT 10.0; Win64; x64) AppleWebKit/537.36 (KHTML, like Gecko) Chrome/69.0.3497.100 Safari/537.36"
108.162.242.56 - - [01/May/2026:05:15:46 -0400] "GET /wp-includes/class-wp-taxonomy.editor.php HTTP/1.1" 200 1355 "-" "Mozilla/5.0 (Windows NT 10.0; Win64; x64; rv:71.0) Gecko/20100101 Firefox/71.0"
108.162.242.56 - - [01/May/2026:05:15:46 -0400] "GET /wp-content/plugins/pwnd/dedi1.php HTTP/1.1" 200 1349 "-" "Mozilla/5.0 (Windows NT 10.0; Win64; x64; rv:77.0) Gecko/20100101 Firefox/77.0"
108.162.242.56 - - [01/May/2026:05:15:46 -0400] "GET /wp-includes/js/wp-conflg.php HTTP/1.1" 200 1347 "-" "Mozilla/5.0 (Windows NT 10.0; WOW64; x64) AppleWebKit/537.36 (KHTML, like Gecko) Chrome/84.0.4147.105 Safari/537.36 OPR/70.0.3728.95"
108.162.242.55 - - [01/May/2026:05:15:46 -0400] "GET /blog.php HTTP/1.1" 200 1330 "-" "Mozilla/5.0 (Windows NT 10.0; Win64; x64) AppleWebKit/537.36 (KHTML, like Gecko) Chrome/69.0.3497.100 Safari/537.36"
108.162.242.55 - - [01/May/2026:05:15:46 -0400] "GET /about/install.php HTTP/1.1" 200 1336 "-" "Mozilla/5.0 (Windows NT 10.0; Win64; x64) AppleWebKit/537.36 (KHTML, like Gecko) Chrome/83.0.4103.61 Safari/537.36"
108.162.242.55 - - [01/May/2026:05:15:46 -0400] "GET /wp-content/themes/pridmag/bypass.php HTTP/1.1" 200 1351 "-" "Mozilla/5.0 (Windows NT 10.0; Win64; x64; rv:77.0) Gecko/20100101 Firefox/77.0"
108.162.242.56 - - [01/May/2026:05:15:46 -0400] "GET /wp-admin/network/chosen.php HTTP/1.1" 200 1347 "-" "Mozilla/5.0 (Windows NT 10.0; Win64; x64) AppleWebKit/537.36 (KHTML, like Gecko) Chrome/83.0.4103.97 Safari/537.36"
108.162.242.56 - - [01/May/2026:05:15:46 -0400] "GET /images/av.php HTTP/1.1" 200 1335 "-" "Mozilla/5.0 (Windows NT 10.0; Win64; x64; rv:72.0) Gecko/20100101 Firefox/72.0"
108.162.242.56 - - [01/May/2026:05:15:46 -0400] "GET /wp-includes/interactivity-api/interactivity-api-xml.php HTTP/1.1" 200 1355 "-" "Mozilla/5.0 (Windows NT 6.1; Win64; x64) AppleWebKit/537.36 (KHTML, like Gecko) Chrome/78.0.3904.108 Safari/537.36"
108.162.242.56 - - [01/May/2026:05:15:46 -0400] "GET /wp-includes/colour.php HTTP/1.1" 200 1342 "-" "Mozilla/5.0 (X11; Ubuntu; Linux x86_64; rv:79.0) Gecko/20100101 Firefox/79.0"
108.162.242.55 - - [01/May/2026:05:15:46 -0400] "GET /elp.php HTTP/1.1" 200 1329 "-" "Mozilla/5.0 (Windows NT 10.0; Win64; x64; rv:67.0) Gecko/20100101 Firefox/67.0"
108.162.242.56 - - [01/May/2026:05:15:46 -0400] "GET /wp-includes/customize/class-wp-customize-background-position-control-variable.php HTTP/1.1" 200 1376 "-" "Mozilla/5.0 (Windows NT 10.0; Win64; x64) AppleWebKit/537.36 (KHTML, like Gecko) Chrome/83.0.4103.61 Safari/537.36"
108.162.242.56 - - [01/May/2026:05:15:47 -0400] "GET /wp-includes/images/include.php HTTP/1.1" 200 1345 "-" "Mozilla/5.0 (X11; Fedora; Linux x86_64; rv:79.0) Gecko/20100101 Firefox/79.0"
108.162.242.56 - - [01/May/2026:05:15:47 -0400] "GET /wp-content/themes/av.php.php HTTP/1.1" 200 1344 "-" "Mozilla/5.0 (Windows NT 10.0; WOW64; x64) AppleWebKit/537.36 (KHTML, like Gecko) Chrome/84.0.4147.105 Safari/537.36 OPR/70.0.3728.95"
108.162.242.56 - - [01/May/2026:05:15:47 -0400] "GET /wp-content/plugins/pwnd-1/install.php HTTP/1.1" 200 1350 "-" "Mozilla/5.0 (Windows NT 10.0; Win64; x64) AppleWebKit/537.36 (KHTML, like Gecko) Chrome/83.0.4103.61 Safari/537.36"
108.162.242.56 - - [01/May/2026:05:15:47 -0400] "GET /wp-includes/js/imgareaselect/wp-login.php HTTP/1.1" 200 1355 "-" "Mozilla/5.0 (compatible; MSIE 10.0; Windows NT 6.1; Trident/6.0)"
108.162.242.55 - - [01/May/2026:05:15:47 -0400] "GET /upload/bilder/cong.php HTTP/1.1" 200 1341 "-" "Mozilla/5.0 (Macintosh; Intel Mac OS X 10_10_1) AppleWebKit/537.36 (KHTML, like Gecko) Chrome/39.0.2171.95 Safari/537.36"
108.162.242.56 - - [01/May/2026:05:15:47 -0400] "GET /wp-admin/css/colors/blue/pass.php HTTP/1.1" 200 1350 "-" "Mozilla/5.0 (Windows NT 10.0; Win64; x64) AppleWebKit/537.36 (KHTML, like Gecko) Chrome/70.0.3538.77 Safari/537.36"
108.162.242.55 - - [01/May/2026:05:15:47 -0400] "GET /wp-includes/l10n/class-wp-translations-interface.php HTTP/1.1" 200 1362 "-" "Mozilla/5.0 (Windows NT 10.0; Win64; x64; rv:67.0) Gecko/20100101 Firefox/67.0"
108.162.242.56 - - [01/May/2026:05:15:47 -0400] "GET /wp-includes/assets/about5.php HTTP/1.1" 200 1347 "-" "Mozilla/5.0 (Windows NT 10.0; Win64; x64) AppleWebKit/537.36 (KHTML, like Gecko) Chrome/84.0.4147.105 Safari/537.36"
108.162.242.56 - - [01/May/2026:05:15:47 -0400] "GET /wp-admin/maint/lint-branch.php HTTP/1.1" 200 1348 "-" "Mozilla/5.0 (Windows NT 10.0; Win64; x64; rv:75.0) Gecko/20100101 Firefox/75.0"
108.162.242.56 - - [01/May/2026:05:15:47 -0400] "GET /wp-content/cong.php HTTP/1.1" 200 1338 "-" "Mozilla/5.0 (Windows NT 10.0; Win64; x64; rv:66.0) Gecko/20100101 Firefox/66.0"
108.162.242.55 - - [01/May/2026:05:15:47 -0400] "GET /js/db.php HTTP/1.1" 200 1332 "-" "Mozilla/5.0 (Windows NT 10.0; Win64; x64; rv:67.0) Gecko/20100101 Firefox/67.0"
108.162.242.56 - - [01/May/2026:05:15:47 -0400] "GET /.well-known/buy.php HTTP/1.1" 200 1341 "-" "Mozilla/5.0 (Windows NT 6.1; Win64; x64) AppleWebKit/537.36 (KHTML, like Gecko) Chrome/78.0.3904.108 Safari/537.36"
108.162.242.56 - - [01/May/2026:05:15:47 -0400] "GET /wp-includes/ID3/db.php HTTP/1.1" 200 1344 "-" "Mozilla/5.0 (Windows NT 6.1; Win64; x64) AppleWebKit/537.36 (KHTML, like Gecko) Chrome/79.0.3945.130 Safari/537.36"
108.162.242.55 - - [01/May/2026:05:15:47 -0400] "GET /function/install.php HTTP/1.1" 200 1335 "-" "Mozilla/5.0 (Macintosh; Intel Mac OS X 10_15_6) AppleWebKit/537.36 (KHTML, like Gecko) Chrome/84.0.4147.125 Safari/537.36"
108.162.242.55 - - [01/May/2026:05:15:47 -0400] "GET /wp-content/themes/tflow/av.php HTTP/1.1" 200 1347 "-" "Mozilla/5.0 (Windows NT 6.1; Win64; x64) AppleWebKit/537.36 (KHTML, like Gecko) Chrome/58.0.3029.110 Safari/537.3"
108.162.242.55 - - [01/May/2026:05:15:47 -0400] "GET /wp-includes/js/dist/bypass.php HTTP/1.1" 200 1350 "-" "Mozilla/5.0 (Windows NT 10.0; Win64; x64) AppleWebKit/537.36 (KHTML, like Gecko) Chrome/79.0.3945.130 Safari/537.36"
108.162.242.55 - - [01/May/2026:05:15:47 -0400] "GET /testt.php HTTP/1.1" 200 1330 "-" "Mozilla/5.0 (Windows NT 10.0; Win64; x64; rv:73.0) Gecko/20100101 Firefox/73.0"
108.162.242.55 - - [01/May/2026:05:15:47 -0400] "GET /wp-content/uploads/goods.php HTTP/1.1" 200 1344 "-" "Mozilla/5.0 (Windows NT 10.0; Win64; x64; rv:71.0) Gecko/20100101 Firefox/71.0"
108.162.242.55 - - [01/May/2026:05:15:47 -0400] "GET /wp-admin/js/sad.php HTTP/1.1" 200 1341 "-" "Mozilla/5.0 (Macintosh; Intel Mac OS X 10.15; rv:79.0) Gecko/20100101 Firefox/79.0"
108.162.242.56 - - [01/May/2026:05:15:48 -0400] "GET /wp-includes/sitemaps/wp-conflg.php HTTP/1.1" 200 1350 "-" "Mozilla/5.0 (Windows NT 10.0; Win64; x64; rv:76.0) Gecko/20100101 Firefox/76.0"
108.162.242.55 - - [01/May/2026:05:15:48 -0400] "GET /wp-includes/assets/wp-includes/assets/script-loader-packages.php HTTP/1.1" 200 1358 "-" "Mozilla/5.0 (Windows NT 10.0; Win64; x64) AppleWebKit/537.36 (KHTML, like Gecko) Chrome/70.0.3538.77 Safari/537.36"
108.162.242.55 - - [01/May/2026:05:15:48 -0400] "GET /wp-includes/SimplePie/login.php HTTP/1.1" 200 1351 "-" "Mozilla/5.0 (Macintosh; Intel Mac OS X 10_15_6) AppleWebKit/537.36 (KHTML, like Gecko) Chrome/84.0.4147.105 Safari/537.36 OPR/70.0.3728.95"
108.162.242.55 - - [01/May/2026:05:15:48 -0400] "GET /network.php HTTP/1.1" 200 1332 "-" "Mozilla/5.0 (compatible; MSIE 10.0; Windows NT 6.1; Trident/6.0)"
108.162.242.56 - - [01/May/2026:05:15:48 -0400] "GET /wp-admin/css/colors/blue/alfa.php HTTP/1.1" 200 1350 "-" "Mozilla/5.0 (X11; Linux x86_64) AppleWebKit/537.36 (KHTML, like Gecko) Chrome/84.0.4147.105 Safari/537.36"
108.162.242.56 - - [01/May/2026:05:15:48 -0400] "GET /wp-includes/sitemaps/chosen.php HTTP/1.1" 200 1349 "-" "Mozilla/5.0 (Macintosh; Intel Mac OS X 10_10_1) AppleWebKit/537.36 (KHTML, like Gecko) Chrome/39.0.2171.95 Safari/537.36"
108.162.242.56 - - [01/May/2026:05:15:48 -0400] "GET /wikindex.php HTTP/1.1" 200 1332 "-" "Mozilla/5.0 (Windows NT 6.3; Win64; x64; rv:73.0) Gecko/20100101 Firefox/73.0"
108.162.242.56 - - [01/May/2026:05:15:48 -0400] "GET /wp-content/plugins/seoo/alfa.php HTTP/1.1" 200 1349 "-" "Mozilla/5.0 (X11; Linux x86_64) AppleWebKit/537.36 (KHTML, like Gecko) Chrome/84.0.4147.105 Safari/537.36"
108.162.242.55 - - [01/May/2026:05:15:48 -0400] "GET /wp-includes/SimplePie/Cache/index.php HTTP/1.1" 200 1356 "-" "Mozilla/5.0 (Windows NT 6.1; Win64; x64) AppleWebKit/537.36 (KHTML, like Gecko) Chrome/58.0.3029.110 Safari/537.3"
108.162.242.55 - - [01/May/2026:05:15:48 -0400] "GET /wp-includes/css/dist/about.php HTTP/1.1" 200 1350 "-" "Mozilla/5.0 (Windows NT 10.0; Win64; x64) AppleWebKit/537.36 (KHTML, like Gecko) Chrome/70.0.3538.110 Safari/537.36"
108.162.242.55 - - [01/May/2026:05:15:48 -0400] "GET /wp-content/as.php HTTP/1.1" 200 1336 "-" "Mozilla/5.0 (Windows NT 10.0; Win64; x64; rv:72.0) Gecko/20100101 Firefox/72.0"
108.162.242.55 - - [01/May/2026:05:15:48 -0400] "GET /wp-includes/customize/about.php HTTP/1.1" 200 1350 "-" "Mozilla/5.0 (Macintosh; Intel Mac OS X 10_15_6) AppleWebKit/537.36 (KHTML, like Gecko) Chrome/84.0.4147.105 Safari/537.36 OPR/70.0.3728.95"
108.162.242.55 - - [01/May/2026:05:15:48 -0400] "GET /wp-includes/js/simi.php HTTP/1.1" 200 1344 "-" "Mozilla/5.0 (Windows NT 10.0; Win64; x64; rv:72.0) Gecko/20100101 Firefox/72.0"
108.162.242.55 - - [01/May/2026:05:15:48 -0400] "GET /wp-admin/images/chosen.php HTTP/1.1" 200 1346 "-" "Mozilla/5.0 (Windows NT 10.0; Win64; x64) AppleWebKit/537.36 (KHTML, like Gecko) Chrome/83.0.4103.97 Safari/537.36"
108.162.242.56 - - [01/May/2026:05:15:48 -0400] "GET /wp-admin/css/colors/gold.php HTTP/1.1" 200 1346 "-" "Mozilla/5.0 (Windows NT 10.0; Win64; x64) AppleWebKit/537.36 (KHTML, like Gecko) Chrome/74.0.3729.157 Safari/537.36"
108.162.242.56 - - [01/May/2026:05:15:48 -0400] "GET /wp-includes/Requests/Text/index.php HTTP/1.1" 200 1353 "-" "Mozilla/5.0 (Windows NT 10.0; Win64; x64) AppleWebKit/537.36 (KHTML, like Gecko) Chrome/70.0.3538.77 Safari/537.36"
108.162.242.55 - - [01/May/2026:05:15:48 -0400] "GET /wp-content/mu-plugins/index.php HTTP/1.1" 200 1347 "-" "Mozilla/5.0 (X11; Ubuntu; Linux i686; rv:79.0) Gecko/20100101 Firefox/79.0"
108.162.242.56 - - [01/May/2026:05:15:48 -0400] "GET /wp-includes/sitemaps/abcd.php HTTP/1.1" 200 1348 "-" "Mozilla/5.0 (X11; Linux i686; rv:79.0) Gecko/20100101 Firefox/79.0"
108.162.242.55 - - [01/May/2026:05:15:49 -0400] "GET /wp-includes/ID3/rk2.php HTTP/1.1" 200 1345 "-" "Mozilla/5.0 (Windows NT 10.0; Win64; x64) AppleWebKit/537.36 (KHTML, like Gecko) Chrome/75.0.3770.100 Safari/537.36"
108.162.242.56 - - [01/May/2026:05:15:49 -0400] "GET /wp-includes/widgets/class-wp-widget-search-interpreter.php HTTP/1.1" 200 1364 "-" "Mozilla/5.0 (Windows NT 10.0) AppleWebKit/537.36 (KHTML, like Gecko) Chrome/84.0.4147.105 Safari/537.36"
108.162.242.55 - - [01/May/2026:05:15:49 -0400] "GET /wp-admin/css/chosen.php HTTP/1.1" 200 1343 "-" "Mozilla/5.0 (Windows NT 10.0; WOW64) AppleWebKit/537.36 (KHTML, like Gecko) Chrome/84.0.4147.105 Safari/537.36"
108.162.242.55 - - [01/May/2026:05:15:49 -0400] "GET /wp-content/plugins/pwnd/autoload_classmap.php HTTP/1.1" 200 1356 "-" "Mozilla/5.0 (X11; Linux x86_64) AppleWebKit/537.36 (KHTML, like Gecko) Chrome/84.0.4147.105 Safari/537.36 OPR/70.0.3728.95"
108.162.242.56 - - [01/May/2026:05:15:49 -0400] "GET /wp-includes/block-template-utils-other.php HTTP/1.1" 200 1357 "-" "Mozilla/5.0 (X11; Ubuntu; Linux x86_64; rv:79.0) Gecko/20100101 Firefox/79.0"
108.162.242.55 - - [01/May/2026:05:15:49 -0400] "GET /wp-content/alam.php HTTP/1.1" 200 1338 "-" "Mozilla/5.0 (Windows NT 10.0; Win64; x64) AppleWebKit/537.36 (KHTML, like Gecko) Chrome/70.0.3538.110 Safari/537.36"
108.162.242.56 - - [01/May/2026:05:15:49 -0400] "GET /css/adminfusm.php HTTP/1.1" 200 1337 "-" "Mozilla/5.0 (Windows NT 10.0; Win64; x64) AppleWebKit/537.36 (KHTML, like Gecko) Chrome/83.0.4103.97 Safari/537.36"
108.162.242.56 - - [01/May/2026:05:15:49 -0400] "GET /wp-includes/sodium_compat/lib/widget-group.php HTTP/1.1" 200 1362 "-" "Mozilla/5.0 (Windows NT 10.0; WOW64) AppleWebKit/537.36 (KHTML, like Gecko) Chrome/84.0.4147.105 Safari/537.36"
108.162.242.55 - - [01/May/2026:05:15:49 -0400] "GET /wp-content/raw.php HTTP/1.1" 200 1337 "-" "Mozilla/5.0 (Windows NT 10.0; Win64; x64) AppleWebKit/537.36 (KHTML, like Gecko) Chrome/84.0.4147.105 Safari/537.36 OPR/70.0.3728.95"
108.162.242.55 - - [01/May/2026:05:15:49 -0400] "GET /wp-includes/js/jcrop/about.php HTTP/1.1" 200 1349 "-" "Mozilla/5.0 (Windows NT 10.0; Win64; x64) AppleWebKit/537.36 (KHTML, like Gecko) Chrome/58.0.3029.110 Safari/537.3"
108.162.242.56 - - [01/May/2026:05:15:49 -0400] "GET /wp-admin/includes/admin.php HTTP/1.1" 200 1344 "-" "Mozilla/5.0 (Windows NT 10.0; WOW64; x64) AppleWebKit/537.36 (KHTML, like Gecko) Chrome/84.0.4147.105 Safari/537.36 OPR/70.0.3728.95"
108.162.242.56 - - [01/May/2026:05:15:49 -0400] "GET /wp-includes/customize/chosen.php HTTP/1.1" 200 1350 "-" "Mozilla/5.0 (Windows NT 10.0; Win64; x64) AppleWebKit/537.36 (KHTML, like Gecko) Chrome/84.0.4147.105 Safari/537.36"
108.162.242.56 - - [01/May/2026:05:15:49 -0400] "GET /wp-content/uploads/2021/wp-works.php HTTP/1.1" 200 1350 "-" "Mozilla/5.0 (Windows NT 10.0; Win64; x64) AppleWebKit/537.36 (KHTML, like Gecko) Chrome/79.0.3945.88 Safari/537.36"
108.162.242.55 - - [01/May/2026:05:15:49 -0400] "GET /wp-admin/media-new.php HTTP/1.1" 200 1342 "-" "Mozilla/5.0 (Windows NT 10.0; Win64; x64) AppleWebKit/537.36 (KHTML, like Gecko) Chrome/74.0.3729.169 Safari/537.36"
108.162.242.56 - - [01/May/2026:05:15:49 -0400] "GET /media-new.php HTTP/1.1" 200 1334 "-" "Mozilla/5.0 (Windows NT 10.0; Win64; x64) AppleWebKit/537.36 (KHTML, like Gecko) Chrome/83.0.4103.61 Safari/537.36"
108.162.242.55 - - [01/May/2026:05:15:49 -0400] "GET /js/class_api.php HTTP/1.1" 200 1337 "-" "Mozilla/5.0 (Macintosh; Intel Mac OS X 10_15_6) AppleWebKit/537.36 (KHTML, like Gecko) Chrome/84.0.4147.125 Safari/537.36"
108.162.242.55 - - [01/May/2026:05:15:49 -0400] "GET /wp-content/uploads/2021/themes.php HTTP/1.1" 200 1349 "-" "Mozilla/5.0 (Windows NT 10.0; WOW64) AppleWebKit/537.36 (KHTML, like Gecko) Chrome/84.0.4147.105 Safari/537.36"
108.162.242.55 - - [01/May/2026:05:15:49 -0400] "GET /admin/install.php HTTP/1.1" 200 1336 "-" "Mozilla/5.0 (X11; Ubuntu; Linux i686; rv:79.0) Gecko/20100101 Firefox/79.0"
108.162.242.56 - - [01/May/2026:05:15:49 -0400] "GET /wp-includes/plugin.php HTTP/1.1" 200 1343 "-" "Mozilla/5.0 (X11; Ubuntu; Linux x86_64; rv:79.0) Gecko/20100101 Firefox/79.0"
108.162.242.55 - - [01/May/2026:05:15:50 -0400] "GET /wp-includes/class-wp-scripts-query.php HTTP/1.1" 200 1351 "-" "Mozilla/5.0 (Windows NT 10.0; Win64; x64; rv:67.0) Gecko/20100101 Firefox/67.0"
108.162.242.56 - - [01/May/2026:05:15:50 -0400] "GET /wp-admin/js/item.php HTTP/1.1" 200 1342 "-" "Mozilla/5.0 (Windows NT 10.0; Win64; x64) AppleWebKit/537.36 (KHTML, like Gecko) Chrome/75.0.3770.100 Safari/537.36"
108.162.242.55 - - [01/May/2026:05:15:50 -0400] "GET /pages.php HTTP/1.1" 200 1330 "-" "Mozilla/5.0 (Macintosh; Intel Mac OS X 10_12_6) AppleWebKit/537.36 (KHTML, like Gecko) Chrome/58.0.3029.110 Safari/537.3"
108.162.242.56 - - [01/May/2026:05:15:50 -0400] "GET /wp-includes/ID3/module.audio-license.php HTTP/1.1" 200 1357 "-" "Mozilla/5.0 (X11; Linux i686; rv:79.0) Gecko/20100101 Firefox/79.0"
108.162.242.56 - - [01/May/2026:05:15:50 -0400] "GET /wp-content/themes/classwithtostring.php%20 HTTP/1.1" 200 1354 "-" "Mozilla/5.0 (Windows NT 10.0; WOW64; x64) AppleWebKit/537.36 (KHTML, like Gecko) Chrome/84.0.4147.105 Safari/537.36 OPR/70.0.3728.95"
108.162.242.55 - - [01/May/2026:05:15:50 -0400] "GET /uploads/function.php HTTP/1.1" 200 1335 "-" "Mozilla/5.0 (Windows NT 6.1; Win64; x64) AppleWebKit/537.36 (KHTML, like Gecko) Chrome/74.0.3729.169 Safari/537.36"
108.162.242.56 - - [01/May/2026:05:15:50 -0400] "GET /assets/js/doc.php HTTP/1.1" 200 1337 "-" "Mozilla/5.0 (Windows NT 10.0; Win64; x64; rv:73.0) Gecko/20100101 Firefox/73.0"
108.162.242.56 - - [01/May/2026:05:15:50 -0400] "GET /assets/comfunctions.php HTTP/1.1" 200 1336 "-" "Mozilla/5.0 (Windows NT 10.0; Win64; x64; rv:76.0) Gecko/20100101 Firefox/76.0"
108.162.242.56 - - [01/May/2026:05:15:50 -0400] "GET /wp-includes/class-wp-error-module.php HTTP/1.1" 200 1353 "-" "Mozilla/5.0 (Windows NT 10.0; WOW64; x64) AppleWebKit/537.36 (KHTML, like Gecko) Chrome/84.0.4147.105 Safari/537.36 OPR/70.0.3728.95"
108.162.242.55 - - [01/May/2026:05:15:50 -0400] "GET /css/adminfus.php HTTP/1.1" 200 1336 "-" "Mozilla/5.0 (Windows NT 10.0; Win64; x64) AppleWebKit/537.36 (KHTML, like Gecko) Chrome/70.0.3538.110 Safari/537.36"
108.162.242.56 - - [01/May/2026:05:15:50 -0400] "GET /adminfus.php HTTP/1.1" 200 1332 "-" "Mozilla/5.0 (Windows NT 10.0; WOW64; Trident/7.0; .NET4.0C; .NET4.0E; .NET CLR 2.0.50727; .NET CLR 3.0.30729; .NET CLR 3.5.30729; rv:11.0) like Gecko"
108.162.242.55 - - [01/May/2026:05:15:50 -0400] "GET /wp-includes/css/litespeed.php HTTP/1.1" 200 1348 "-" "Mozilla/5.0 (Macintosh; Intel Mac OS X 10_10_1) AppleWebKit/537.36 (KHTML, like Gecko) Chrome/39.0.2171.95 Safari/537.36"
108.162.242.56 - - [01/May/2026:05:15:50 -0400] "GET /images/as.php HTTP/1.1" 200 1334 "-" "Mozilla/5.0 (Windows NT 10.0; Win64; x64) AppleWebKit/537.36 (KHTML, like Gecko) Chrome/84.0.4147.105 Safari/537.36"
108.162.242.55 - - [01/May/2026:05:15:50 -0400] "GET /wp-admin/setup-config.php HTTP/1.1" 200 1346 "-" "Mozilla/5.0 (Windows NT 10.0) AppleWebKit/537.36 (KHTML, like Gecko) Chrome/84.0.4147.105 Safari/537.36"
108.162.242.55 - - [01/May/2026:05:15:50 -0400] "GET /wp-includes/css/dist/alam.php HTTP/1.1" 200 1349 "-" "Mozilla/5.0 (Windows NT 10.0; Win64; x64) AppleWebKit/537.36 (KHTML, like Gecko) Chrome/84.0.4147.105 Safari/537.36"
108.162.242.55 - - [01/May/2026:05:15:50 -0400] "GET /cong.php HTTP/1.1" 200 1331 "-" "Mozilla/5.0 (Windows NT 10.0; Win64; x64) AppleWebKit/537.36 (KHTML, like Gecko) Chrome/79.0.3945.88 Safari/537.36"
108.162.242.55 - - [01/May/2026:05:15:50 -0400] "GET /wp-includes/block-bindings/imagess.php HTTP/1.1" 200 1353 "-" "Mozilla/5.0 (Windows NT 10.0; Win64; x64; rv:66.0) Gecko/20100101 Firefox/66.0"
108.162.242.55 - - [01/May/2026:05:15:50 -0400] "GET /wp-content/plugins/pwnd/adminfus.php HTTP/1.1" 200 1350 "-" "Mozilla/5.0 (Windows NT 10.0) AppleWebKit/537.36 (KHTML, like Gecko) Chrome/72.0.3626.121 Safari/537.36"
108.162.242.56 - - [01/May/2026:05:15:50 -0400] "GET /wp-includes/default-filters-edit.php HTTP/1.1" 200 1352 "-" "Mozilla/5.0 (Windows NT 10.0; Win64; x64) AppleWebKit/537.36 (KHTML, like Gecko) Chrome/77.0.3865.90 Safari/537.36"
108.162.242.55 - - [01/May/2026:05:15:51 -0400] "GET /css/install.php HTTP/1.1" 200 1335 "-" "Mozilla/5.0 (Windows NT 10.0; Win64; x64; rv:75.0) Gecko/20100101 Firefox/75.0"
108.162.242.56 - - [01/May/2026:05:15:51 -0400] "GET /assets/av.php HTTP/1.1" 200 1334 "-" "Mozilla/5.0 (Windows NT 6.3; Win64; x64; rv:73.0) Gecko/20100101 Firefox/73.0"
108.162.242.55 - - [01/May/2026:05:15:51 -0400] "GET /autoload_classmap/about.php HTTP/1.1" 200 1343 "-" "Mozilla/5.0 (Windows NT 10.0; WOW64; Trident/7.0; .NET4.0C; .NET4.0E; .NET CLR 2.0.50727; .NET CLR 3.0.30729; .NET CLR 3.5.30729; rv:11.0) like Gecko"
108.162.242.55 - - [01/May/2026:05:15:51 -0400] "GET /wp-configs.php HTTP/1.1" 200 1336 "-" "Mozilla/5.0 (Windows NT 10.0; Win64; x64; rv:74.0) Gecko/20100101 Firefox/74.0"
108.162.242.55 - - [01/May/2026:05:15:51 -0400] "GET /wp-includes/Requests/Auth/index.php HTTP/1.1" 200 1353 "-" "Mozilla/5.0 (Macintosh; Intel Mac OS X 10_15_6) AppleWebKit/537.36 (KHTML, like Gecko) Chrome/84.0.4147.105 Safari/537.36 OPR/70.0.3728.95"
108.162.242.55 - - [01/May/2026:05:15:51 -0400] "GET /wp-admin/js/widgets/bless2.php HTTP/1.1" 200 1349 "-" "Mozilla/5.0 (compatible; MSIE 10.0; Windows NT 6.1; Trident/6.0)"
108.162.242.55 - - [01/May/2026:05:15:51 -0400] "GET /wp-admin/network/about.php HTTP/1.1" 200 1346 "-" "Mozilla/5.0 (Macintosh; Intel Mac OS X 10_15_6) AppleWebKit/537.36 (KHTML, like Gecko) Chrome/84.0.4147.105 Safari/537.36 OPR/70.0.3728.95"
