172.70.200.140 - N21Flynn [03/May/2026:18:27:30 -0400] "GET /content//upload/PLWF_V2_am00/480p/ts/pwf_faye_office_2000.0055.ts HTTP/1.1" 200 1030240 "https://members.playwithfaye.com/scenes/office-hottie_vids.html" "Mozilla/5.0 (Windows NT 10.0; Win64; x64; rv:150.0) Gecko/20100101 Firefox/150.0"
172.70.200.140 - N21Flynn [03/May/2026:18:27:31 -0400] "GET /content//upload/PLWF_V2_am00/480p/ts/pwf_faye_office_2000.0056.ts HTTP/1.1" 200 1152252 "https://members.playwithfaye.com/scenes/office-hottie_vids.html" "Mozilla/5.0 (Windows NT 10.0; Win64; x64; rv:150.0) Gecko/20100101 Firefox/150.0"
172.70.200.140 - N21Flynn [03/May/2026:18:27:31 -0400] "GET /content//upload/PLWF_V2_am00/480p/ts/pwf_faye_office_2000.0057.ts HTTP/1.1" 200 1004860 "https://members.playwithfaye.com/scenes/office-hottie_vids.html" "Mozilla/5.0 (Windows NT 10.0; Win64; x64; rv:150.0) Gecko/20100101 Firefox/150.0"
172.70.200.141 - N21Flynn [03/May/2026:18:27:31 -0400] "GET /content//upload/PLWF_V2_am00/480p/ts/pwf_faye_office_2000.0058.ts HTTP/1.1" 200 993580 "https://members.playwithfaye.com/scenes/office-hottie_vids.html" "Mozilla/5.0 (Windows NT 10.0; Win64; x64; rv:150.0) Gecko/20100101 Firefox/150.0"
172.70.200.140 - N21Flynn [03/May/2026:18:27:32 -0400] "GET /content//upload/PLWF_V2_am00/480p/ts/pwf_faye_office_2000.0059.ts HTTP/1.1" 200 1165036 "https://members.playwithfaye.com/scenes/office-hottie_vids.html" "Mozilla/5.0 (Windows NT 10.0; Win64; x64; rv:150.0) Gecko/20100101 Firefox/150.0"
172.70.200.140 - N21Flynn [03/May/2026:18:27:32 -0400] "GET /content//upload/PLWF_V2_am00/480p/ts/pwf_faye_office_2000.0060.ts HTTP/1.1" 200 1285168 "https://members.playwithfaye.com/scenes/office-hottie_vids.html" "Mozilla/5.0 (Windows NT 10.0; Win64; x64; rv:150.0) Gecko/20100101 Firefox/150.0"
172.70.200.140 - N21Flynn [03/May/2026:18:27:32 -0400] "GET /content//upload/PLWF_V2_am00/480p/ts/pwf_faye_office_2000.0061.ts HTTP/1.1" 200 1141160 "https://members.playwithfaye.com/scenes/office-hottie_vids.html" "Mozilla/5.0 (Windows NT 10.0; Win64; x64; rv:150.0) Gecko/20100101 Firefox/150.0"
172.70.200.141 - N21Flynn [03/May/2026:18:27:32 -0400] "GET /content//upload/PLWF_V2_am00/480p/ts/pwf_faye_office_2000.0062.ts HTTP/1.1" 200 1167668 "https://members.playwithfaye.com/scenes/office-hottie_vids.html" "Mozilla/5.0 (Windows NT 10.0; Win64; x64; rv:150.0) Gecko/20100101 Firefox/150.0"
172.70.200.140 - N21Flynn [03/May/2026:18:27:33 -0400] "GET /content//upload/PLWF_V2_am00/480p/ts/pwf_faye_office_2000.0063.ts HTTP/1.1" 200 1104688 "https://members.playwithfaye.com/scenes/office-hottie_vids.html" "Mozilla/5.0 (Windows NT 10.0; Win64; x64; rv:150.0) Gecko/20100101 Firefox/150.0"
172.70.200.140 - N21Flynn [03/May/2026:18:27:33 -0400] "GET /content//upload/PLWF_V2_am00/480p/ts/pwf_faye_office_2000.0064.ts HTTP/1.1" 200 1099424 "https://members.playwithfaye.com/scenes/office-hottie_vids.html" "Mozilla/5.0 (Windows NT 10.0; Win64; x64; rv:150.0) Gecko/20100101 Firefox/150.0"
172.70.200.140 - N21Flynn [03/May/2026:18:27:33 -0400] "GET /content//upload/PLWF_V2_am00/480p/ts/pwf_faye_office_2000.0065.ts HTTP/1.1" 200 1406616 "https://members.playwithfaye.com/scenes/office-hottie_vids.html" "Mozilla/5.0 (Windows NT 10.0; Win64; x64; rv:150.0) Gecko/20100101 Firefox/150.0"
172.70.200.141 - N21Flynn [03/May/2026:18:27:33 -0400] "GET /content//upload/PLWF_V2_am00/480p/ts/pwf_faye_office_2000.0066.ts HTTP/1.1" 200 1155636 "https://members.playwithfaye.com/scenes/office-hottie_vids.html" "Mozilla/5.0 (Windows NT 10.0; Win64; x64; rv:150.0) Gecko/20100101 Firefox/150.0"
172.70.200.140 - N21Flynn [03/May/2026:18:27:34 -0400] "GET /content//upload/PLWF_V2_am00/480p/ts/pwf_faye_office_2000.0067.ts HTTP/1.1" 200 1159772 "https://members.playwithfaye.com/scenes/office-hottie_vids.html" "Mozilla/5.0 (Windows NT 10.0; Win64; x64; rv:150.0) Gecko/20100101 Firefox/150.0"
172.70.200.140 - N21Flynn [03/May/2026:18:27:34 -0400] "GET /content//upload/PLWF_V2_am00/480p/ts/pwf_faye_office_2000.0068.ts HTTP/1.1" 200 1124428 "https://members.playwithfaye.com/scenes/office-hottie_vids.html" "Mozilla/5.0 (Windows NT 10.0; Win64; x64; rv:150.0) Gecko/20100101 Firefox/150.0"
172.70.200.140 - N21Flynn [03/May/2026:18:27:34 -0400] "GET /content//upload/PLWF_V2_am00/480p/ts/pwf_faye_office_2000.0081.ts HTTP/1.1" 200 1171804 "https://members.playwithfaye.com/scenes/office-hottie_vids.html" "Mozilla/5.0 (Windows NT 10.0; Win64; x64; rv:150.0) Gecko/20100101 Firefox/150.0"
172.70.200.141 - N21Flynn [03/May/2026:18:27:34 -0400] "GET /content//upload/PLWF_V2_am00/480p/ts/pwf_faye_office_2000.0082.ts HTTP/1.1" 200 1041896 "https://members.playwithfaye.com/scenes/office-hottie_vids.html" "Mozilla/5.0 (Windows NT 10.0; Win64; x64; rv:150.0) Gecko/20100101 Firefox/150.0"
172.70.200.140 - N21Flynn [03/May/2026:18:27:35 -0400] "GET /content//upload/PLWF_V2_am00/480p/ts/pwf_faye_office_2000.0083.ts HTTP/1.1" 200 1125556 "https://members.playwithfaye.com/scenes/office-hottie_vids.html" "Mozilla/5.0 (Windows NT 10.0; Win64; x64; rv:150.0) Gecko/20100101 Firefox/150.0"
172.70.200.140 - N21Flynn [03/May/2026:18:27:35 -0400] "GET /content//upload/PLWF_V2_am00/480p/ts/pwf_faye_office_2000.0084.ts HTTP/1.1" 200 1115780 "https://members.playwithfaye.com/scenes/office-hottie_vids.html" "Mozilla/5.0 (Windows NT 10.0; Win64; x64; rv:150.0) Gecko/20100101 Firefox/150.0"
172.70.200.141 - N21Flynn [03/May/2026:18:27:35 -0400] "GET /content//upload/PLWF_V2_am00/480p/ts/pwf_faye_office_2000.0085.ts HTTP/1.1" 200 1082128 "https://members.playwithfaye.com/scenes/office-hottie_vids.html" "Mozilla/5.0 (Windows NT 10.0; Win64; x64; rv:150.0) Gecko/20100101 Firefox/150.0"
172.70.200.140 - N21Flynn [03/May/2026:18:27:35 -0400] "GET /content//upload/PLWF_V2_am00/480p/ts/pwf_faye_office_2000.0086.ts HTTP/1.1" 200 1159208 "https://members.playwithfaye.com/scenes/office-hottie_vids.html" "Mozilla/5.0 (Windows NT 10.0; Win64; x64; rv:150.0) Gecko/20100101 Firefox/150.0"
172.70.200.140 - N21Flynn [03/May/2026:18:27:36 -0400] "GET /content//upload/PLWF_V2_am00/480p/ts/pwf_faye_office_2000.0087.ts HTTP/1.1" 200 1042084 "https://members.playwithfaye.com/scenes/office-hottie_vids.html" "Mozilla/5.0 (Windows NT 10.0; Win64; x64; rv:150.0) Gecko/20100101 Firefox/150.0"
172.70.200.141 - N21Flynn [03/May/2026:18:27:36 -0400] "GET /content//upload/PLWF_V2_am00/480p/ts/pwf_faye_office_2000.0088.ts HTTP/1.1" 200 1174624 "https://members.playwithfaye.com/scenes/office-hottie_vids.html" "Mozilla/5.0 (Windows NT 10.0; Win64; x64; rv:150.0) Gecko/20100101 Firefox/150.0"
172.70.200.140 - N21Flynn [03/May/2026:18:27:36 -0400] "GET /content//upload/PLWF_V2_am00/480p/ts/pwf_faye_office_2000.0089.ts HTTP/1.1" 200 481280 "https://members.playwithfaye.com/scenes/office-hottie_vids.html" "Mozilla/5.0 (Windows NT 10.0; Win64; x64; rv:150.0) Gecko/20100101 Firefox/150.0"
172.70.200.141 - N21Flynn [03/May/2026:18:27:41 -0400] "GET /scenes/Sindee-Makes-3-The-Video_vids.html HTTP/1.1" 200 16597 "https://members.playwithfaye.com/categories/Movies_2_d.html" "Mozilla/5.0 (Windows NT 10.0; Win64; x64; rv:150.0) Gecko/20100101 Firefox/150.0"
172.70.200.141 - N21Flynn [03/May/2026:18:27:41 -0400] "GET /bannerload.php?zone=gallery_upsell&model=*&cat=* HTTP/1.1" 200 - "https://members.playwithfaye.com/scenes/Sindee-Makes-3-The-Video_vids.html" "Mozilla/5.0 (Windows NT 10.0; Win64; x64; rv:150.0) Gecko/20100101 Firefox/150.0"
172.70.200.135 - N21Flynn [03/May/2026:18:27:42 -0400] "GET /content//contentthumbs/01/84/184-2x.jpg HTTP/1.1" 200 24164 "https://members.playwithfaye.com/scenes/Sindee-Makes-3-The-Video_vids.html" "Mozilla/5.0 (Windows NT 10.0; Win64; x64; rv:150.0) Gecko/20100101 Firefox/150.0"
172.70.200.141 - N21Flynn [03/May/2026:18:27:42 -0400] "GET /content//contentthumbs/01/85/185-2x.jpg HTTP/1.1" 200 49458 "https://members.playwithfaye.com/scenes/Sindee-Makes-3-The-Video_vids.html" "Mozilla/5.0 (Windows NT 10.0; Win64; x64; rv:150.0) Gecko/20100101 Firefox/150.0"
172.70.200.141 - N21Flynn [03/May/2026:18:27:41 -0400] "GET /bannerload.php?zone=gallery_upsell HTTP/1.1" 200 - "https://members.playwithfaye.com/scenes/Sindee-Makes-3-The-Video_vids.html" "Mozilla/5.0 (Windows NT 10.0; Win64; x64; rv:150.0) Gecko/20100101 Firefox/150.0"
172.70.200.141 - N21Flynn [03/May/2026:18:27:42 -0400] "GET /content//upload/PLWF_V1_hc00/pwf_faye_dane_cindy_2000.m3u8 HTTP/1.1" 200 190 "https://members.playwithfaye.com/scenes/Sindee-Makes-3-The-Video_vids.html" "Mozilla/5.0 (Windows NT 10.0; Win64; x64; rv:150.0) Gecko/20100101 Firefox/150.0"
172.70.200.140 - N21Flynn [03/May/2026:18:27:42 -0400] "GET /content//upload/PLWF_V1_hc00/480p/vtt/pwf_faye_dane_cindy_2000.mp4.vtt HTTP/1.1" 200 17295 "https://members.playwithfaye.com/scenes/Sindee-Makes-3-The-Video_vids.html" "Mozilla/5.0 (Windows NT 10.0; Win64; x64; rv:150.0) Gecko/20100101 Firefox/150.0"
172.70.200.140 - N21Flynn [03/May/2026:18:27:42 -0400] "GET /content//upload/PLWF_V1_hc00/480p/vtt/pwf_faye_dane_cindy_2000.mp4.vtt HTTP/1.1" 200 17295 "https://members.playwithfaye.com/scenes/Sindee-Makes-3-The-Video_vids.html" "Mozilla/5.0 (Windows NT 10.0; Win64; x64; rv:150.0) Gecko/20100101 Firefox/150.0"
172.70.200.141 - N21Flynn [03/May/2026:18:27:42 -0400] "GET /content//upload/PLWF_V1_hc00/pwf_faye_dane_cindy_2000.m3u8 HTTP/1.1" 200 190 "https://members.playwithfaye.com/scenes/Sindee-Makes-3-The-Video_vids.html" "Mozilla/5.0 (Windows NT 10.0; Win64; x64; rv:150.0) Gecko/20100101 Firefox/150.0"
172.70.200.141 - N21Flynn [03/May/2026:18:27:42 -0400] "GET /scenes/silver-fox_vids.html HTTP/1.1" 200 16422 "https://members.playwithfaye.com/categories/Movies_2_d.html" "Mozilla/5.0 (Windows NT 10.0; Win64; x64; rv:150.0) Gecko/20100101 Firefox/150.0"
172.70.200.141 - N21Flynn [03/May/2026:18:27:42 -0400] "GET /content//upload/PLWF_V1_hc00/480p/pwf_faye_dane_cindy_2000.m3u8 HTTP/1.1" 200 19929 "https://members.playwithfaye.com/scenes/Sindee-Makes-3-The-Video_vids.html" "Mozilla/5.0 (Windows NT 10.0; Win64; x64; rv:150.0) Gecko/20100101 Firefox/150.0"
172.70.200.140 - N21Flynn [03/May/2026:18:27:42 -0400] "GET /content//upload/PLWF_V1_hc00/480p/pwf_faye_dane_cindy_2000.m3u8 HTTP/1.1" 200 19929 "https://members.playwithfaye.com/scenes/Sindee-Makes-3-The-Video_vids.html" "Mozilla/5.0 (Windows NT 10.0; Win64; x64; rv:150.0) Gecko/20100101 Firefox/150.0"
172.70.200.140 - N21Flynn [03/May/2026:18:27:42 -0400] "GET /scenes/double-vision_vids.html HTTP/1.1" 200 16512 "https://members.playwithfaye.com/categories/Movies_2_d.html" "Mozilla/5.0 (Windows NT 10.0; Win64; x64; rv:150.0) Gecko/20100101 Firefox/150.0"
172.70.200.141 - N21Flynn [03/May/2026:18:27:42 -0400] "GET /content//upload/PLWF_V1_hc00/480p/ts/pwf_faye_dane_cindy_2000.0000.ts HTTP/1.1" 200 938872 "https://members.playwithfaye.com/scenes/Sindee-Makes-3-The-Video_vids.html" "Mozilla/5.0 (Windows NT 10.0; Win64; x64; rv:150.0) Gecko/20100101 Firefox/150.0"
172.70.200.141 - N21Flynn [03/May/2026:18:27:43 -0400] "GET /bannerload.php?zone=gallery_upsell HTTP/1.1" 200 - "https://members.playwithfaye.com/scenes/silver-fox_vids.html" "Mozilla/5.0 (Windows NT 10.0; Win64; x64; rv:150.0) Gecko/20100101 Firefox/150.0"
172.70.200.141 - N21Flynn [03/May/2026:18:27:43 -0400] "GET /bannerload.php?zone=gallery_upsell&model=*&cat=* HTTP/1.1" 200 - "https://members.playwithfaye.com/scenes/silver-fox_vids.html" "Mozilla/5.0 (Windows NT 10.0; Win64; x64; rv:150.0) Gecko/20100101 Firefox/150.0"
172.70.200.140 - N21Flynn [03/May/2026:18:27:43 -0400] "GET /content//upload/PLWF_V3_am00/pwf_faye_silverblue_2000.m3u8 HTTP/1.1" 200 190 "https://members.playwithfaye.com/scenes/silver-fox_vids.html" "Mozilla/5.0 (Windows NT 10.0; Win64; x64; rv:150.0) Gecko/20100101 Firefox/150.0"
172.70.200.141 - N21Flynn [03/May/2026:18:27:43 -0400] "GET /content//upload/PLWF_V3_am00/480p/vtt/pwf_faye_silverblue_2000.mp4.vtt HTTP/1.1" 200 17063 "https://members.playwithfaye.com/scenes/silver-fox_vids.html" "Mozilla/5.0 (Windows NT 10.0; Win64; x64; rv:150.0) Gecko/20100101 Firefox/150.0"
172.70.200.140 - N21Flynn [03/May/2026:18:27:43 -0400] "GET /content//upload/PLWF_V3_am00/480p/vtt/pwf_faye_silverblue_2000.mp4.vtt HTTP/1.1" 200 17063 "https://members.playwithfaye.com/scenes/silver-fox_vids.html" "Mozilla/5.0 (Windows NT 10.0; Win64; x64; rv:150.0) Gecko/20100101 Firefox/150.0"
172.70.200.143 - N21Flynn [03/May/2026:18:27:42 -0400] "GET /content//upload/PLWF_V1_hc00/480p/vtt/pwf_faye_dane_cindy_2000.mp4.jpg? HTTP/1.1" 200 507352 "https://members.playwithfaye.com/scenes/Sindee-Makes-3-The-Video_vids.html" "Mozilla/5.0 (Windows NT 10.0; Win64; x64; rv:150.0) Gecko/20100101 Firefox/150.0"
172.70.200.135 - N21Flynn [03/May/2026:18:27:43 -0400] "GET /content//contentthumbs/02/04/204-2x.jpg HTTP/1.1" 200 53090 "https://members.playwithfaye.com/scenes/double-vision_vids.html" "Mozilla/5.0 (Windows NT 10.0; Win64; x64; rv:150.0) Gecko/20100101 Firefox/150.0"
172.70.200.141 - N21Flynn [03/May/2026:18:27:43 -0400] "GET /bannerload.php?zone=gallery_upsell HTTP/1.1" 200 - "https://members.playwithfaye.com/scenes/double-vision_vids.html" "Mozilla/5.0 (Windows NT 10.0; Win64; x64; rv:150.0) Gecko/20100101 Firefox/150.0"
172.70.200.141 - N21Flynn [03/May/2026:18:27:43 -0400] "GET /bannerload.php?zone=gallery_upsell&model=*&cat=* HTTP/1.1" 200 - "https://members.playwithfaye.com/scenes/double-vision_vids.html" "Mozilla/5.0 (Windows NT 10.0; Win64; x64; rv:150.0) Gecko/20100101 Firefox/150.0"
172.70.200.140 - N21Flynn [03/May/2026:18:27:43 -0400] "GET /content//upload/PLWF_V3_am00/pwf_faye_silverblue_2000.m3u8 HTTP/1.1" 200 190 "https://members.playwithfaye.com/scenes/silver-fox_vids.html" "Mozilla/5.0 (Windows NT 10.0; Win64; x64; rv:150.0) Gecko/20100101 Firefox/150.0"
172.70.200.141 - N21Flynn [03/May/2026:18:27:43 -0400] "GET /content//upload/PLWF_V1_gg00/pwf_fayeandnikki_2000.m3u8 HTTP/1.1" 200 187 "https://members.playwithfaye.com/scenes/double-vision_vids.html" "Mozilla/5.0 (Windows NT 10.0; Win64; x64; rv:150.0) Gecko/20100101 Firefox/150.0"
172.70.200.140 - N21Flynn [03/May/2026:18:27:43 -0400] "GET /content//upload/PLWF_V3_am00/480p/pwf_faye_silverblue_2000.m3u8 HTTP/1.1" 200 5997 "https://members.playwithfaye.com/scenes/silver-fox_vids.html" "Mozilla/5.0 (Windows NT 10.0; Win64; x64; rv:150.0) Gecko/20100101 Firefox/150.0"
172.70.200.148 - N21Flynn [03/May/2026:18:27:43 -0400] "GET /content//contentthumbs/02/05/205-2x.jpg HTTP/1.1" 200 60448 "https://members.playwithfaye.com/scenes/double-vision_vids.html" "Mozilla/5.0 (Windows NT 10.0; Win64; x64; rv:150.0) Gecko/20100101 Firefox/150.0"
172.70.200.153 - N21Flynn [03/May/2026:18:27:43 -0400] "GET /content//contentthumbs/01/89/189-2x.jpg HTTP/1.1" 200 48031 "https://members.playwithfaye.com/scenes/double-vision_vids.html" "Mozilla/5.0 (Windows NT 10.0; Win64; x64; rv:150.0) Gecko/20100101 Firefox/150.0"
172.70.200.141 - N21Flynn [03/May/2026:18:27:43 -0400] "GET /content//upload/PLWF_V1_gg00/480p/vtt/pwf_fayeandnikki_2000.mp4.vtt HTTP/1.1" 200 16463 "https://members.playwithfaye.com/scenes/double-vision_vids.html" "Mozilla/5.0 (Windows NT 10.0; Win64; x64; rv:150.0) Gecko/20100101 Firefox/150.0"
172.70.200.140 - N21Flynn [03/May/2026:18:27:43 -0400] "GET /content//upload/PLWF_V1_gg00/480p/vtt/pwf_fayeandnikki_2000.mp4.vtt HTTP/1.1" 200 16463 "https://members.playwithfaye.com/scenes/double-vision_vids.html" "Mozilla/5.0 (Windows NT 10.0; Win64; x64; rv:150.0) Gecko/20100101 Firefox/150.0"
172.70.200.141 - N21Flynn [03/May/2026:18:27:43 -0400] "GET /content//upload/PLWF_V1_gg00/pwf_fayeandnikki_2000.m3u8 HTTP/1.1" 200 187 "https://members.playwithfaye.com/scenes/double-vision_vids.html" "Mozilla/5.0 (Windows NT 10.0; Win64; x64; rv:150.0) Gecko/20100101 Firefox/150.0"
172.70.200.140 - N21Flynn [03/May/2026:18:27:43 -0400] "GET /content//upload/PLWF_V3_am00/480p/pwf_faye_silverblue_2000.m3u8 HTTP/1.1" 200 5997 "https://members.playwithfaye.com/scenes/silver-fox_vids.html" "Mozilla/5.0 (Windows NT 10.0; Win64; x64; rv:150.0) Gecko/20100101 Firefox/150.0"
172.70.200.141 - N21Flynn [03/May/2026:18:27:43 -0400] "GET /content//upload/PLWF_V1_hc00/480p/ts/pwf_faye_dane_cindy_2000.0001.ts HTTP/1.1" 200 2224980 "https://members.playwithfaye.com/scenes/Sindee-Makes-3-The-Video_vids.html" "Mozilla/5.0 (Windows NT 10.0; Win64; x64; rv:150.0) Gecko/20100101 Firefox/150.0"
172.70.200.141 - N21Flynn [03/May/2026:18:27:43 -0400] "GET /content//upload/PLWF_V1_gg00/480p/pwf_fayeandnikki_2000.m3u8 HTTP/1.1" 200 14952 "https://members.playwithfaye.com/scenes/double-vision_vids.html" "Mozilla/5.0 (Windows NT 10.0; Win64; x64; rv:150.0) Gecko/20100101 Firefox/150.0"
172.70.200.172 - N21Flynn [03/May/2026:18:27:43 -0400] "GET /content//upload/PLWF_V3_am00/480p/vtt/pwf_faye_silverblue_2000.mp4.jpg? HTTP/1.1" 200 460410 "https://members.playwithfaye.com/scenes/silver-fox_vids.html" "Mozilla/5.0 (Windows NT 10.0; Win64; x64; rv:150.0) Gecko/20100101 Firefox/150.0"
172.70.200.141 - N21Flynn [03/May/2026:18:27:44 -0400] "GET /content//upload/PLWF_V1_gg00/480p/pwf_fayeandnikki_2000.m3u8 HTTP/1.1" 200 14952 "https://members.playwithfaye.com/scenes/double-vision_vids.html" "Mozilla/5.0 (Windows NT 10.0; Win64; x64; rv:150.0) Gecko/20100101 Firefox/150.0"
172.70.200.141 - N21Flynn [03/May/2026:18:27:43 -0400] "GET /content//upload/PLWF_V3_am00/480p/ts/pwf_faye_silverblue_2000.0000.ts HTTP/1.1" 200 1248696 "https://members.playwithfaye.com/scenes/silver-fox_vids.html" "Mozilla/5.0 (Windows NT 10.0; Win64; x64; rv:150.0) Gecko/20100101 Firefox/150.0"
172.70.200.132 - N21Flynn [03/May/2026:18:27:43 -0400] "GET /content//upload/PLWF_V1_gg00/480p/vtt/pwf_fayeandnikki_2000.mp4.jpg? HTTP/1.1" 200 502193 "https://members.playwithfaye.com/scenes/double-vision_vids.html" "Mozilla/5.0 (Windows NT 10.0; Win64; x64; rv:150.0) Gecko/20100101 Firefox/150.0"
172.70.200.140 - N21Flynn [03/May/2026:18:27:44 -0400] "GET /content//upload/PLWF_V1_gg00/480p/ts/pwf_fayeandnikki_2000.0000.ts HTTP/1.1" 200 1521672 "https://members.playwithfaye.com/scenes/double-vision_vids.html" "Mozilla/5.0 (Windows NT 10.0; Win64; x64; rv:150.0) Gecko/20100101 Firefox/150.0"
172.70.200.140 - N21Flynn [03/May/2026:18:27:44 -0400] "GET /content//upload/PLWF_V1_hc00/480p/ts/pwf_faye_dane_cindy_2000.0002.ts HTTP/1.1" 200 839044 "https://members.playwithfaye.com/scenes/Sindee-Makes-3-The-Video_vids.html" "Mozilla/5.0 (Windows NT 10.0; Win64; x64; rv:150.0) Gecko/20100101 Firefox/150.0"
172.70.200.141 - N21Flynn [03/May/2026:18:27:45 -0400] "GET /content//upload/PLWF_V1_hc00/480p/ts/pwf_faye_dane_cindy_2000.0003.ts HTTP/1.1" 200 775500 "https://members.playwithfaye.com/scenes/Sindee-Makes-3-The-Video_vids.html" "Mozilla/5.0 (Windows NT 10.0; Win64; x64; rv:150.0) Gecko/20100101 Firefox/150.0"
172.70.200.141 - N21Flynn [03/May/2026:18:27:44 -0400] "GET /content//upload/PLWF_V3_am00/480p/ts/pwf_faye_silverblue_2000.0001.ts HTTP/1.1" 200 1859508 "https://members.playwithfaye.com/scenes/silver-fox_vids.html" "Mozilla/5.0 (Windows NT 10.0; Win64; x64; rv:150.0) Gecko/20100101 Firefox/150.0"
172.70.200.140 - N21Flynn [03/May/2026:18:27:45 -0400] "GET /content//upload/PLWF_V1_gg00/480p/ts/pwf_fayeandnikki_2000.0001.ts HTTP/1.1" 200 1665304 "https://members.playwithfaye.com/scenes/double-vision_vids.html" "Mozilla/5.0 (Windows NT 10.0; Win64; x64; rv:150.0) Gecko/20100101 Firefox/150.0"
172.70.200.141 - N21Flynn [03/May/2026:18:27:45 -0400] "GET /content//upload/PLWF_V1_hc00/480p/ts/pwf_faye_dane_cindy_2000.0004.ts HTTP/1.1" 200 1147740 "https://members.playwithfaye.com/scenes/Sindee-Makes-3-The-Video_vids.html" "Mozilla/5.0 (Windows NT 10.0; Win64; x64; rv:150.0) Gecko/20100101 Firefox/150.0"
172.70.200.141 - N21Flynn [03/May/2026:18:27:46 -0400] "GET /content//upload/PLWF_V3_am00/480p/ts/pwf_faye_silverblue_2000.0002.ts HTTP/1.1" 200 977600 "https://members.playwithfaye.com/scenes/silver-fox_vids.html" "Mozilla/5.0 (Windows NT 10.0; Win64; x64; rv:150.0) Gecko/20100101 Firefox/150.0"
172.70.200.141 - N21Flynn [03/May/2026:18:27:46 -0400] "GET /content//upload/PLWF_V3_am00/480p/ts/pwf_faye_silverblue_2000.0003.ts HTTP/1.1" 200 955604 "https://members.playwithfaye.com/scenes/silver-fox_vids.html" "Mozilla/5.0 (Windows NT 10.0; Win64; x64; rv:150.0) Gecko/20100101 Firefox/150.0"
172.70.200.140 - N21Flynn [03/May/2026:18:27:46 -0400] "GET /content//upload/PLWF_V1_gg00/480p/ts/pwf_fayeandnikki_2000.0002.ts HTTP/1.1" 200 677176 "https://members.playwithfaye.com/scenes/double-vision_vids.html" "Mozilla/5.0 (Windows NT 10.0; Win64; x64; rv:150.0) Gecko/20100101 Firefox/150.0"
172.70.200.140 - N21Flynn [03/May/2026:18:27:46 -0400] "GET /content//upload/PLWF_V1_hc00/480p/ts/pwf_faye_dane_cindy_2000.0005.ts HTTP/1.1" 200 1310736 "https://members.playwithfaye.com/scenes/Sindee-Makes-3-The-Video_vids.html" "Mozilla/5.0 (Windows NT 10.0; Win64; x64; rv:150.0) Gecko/20100101 Firefox/150.0"
172.70.200.141 - N21Flynn [03/May/2026:18:27:46 -0400] "GET /content//upload/PLWF_V3_am00/480p/ts/pwf_faye_silverblue_2000.0004.ts HTTP/1.1" 200 1109388 "https://members.playwithfaye.com/scenes/silver-fox_vids.html" "Mozilla/5.0 (Windows NT 10.0; Win64; x64; rv:150.0) Gecko/20100101 Firefox/150.0"
172.70.200.141 - N21Flynn [03/May/2026:18:27:46 -0400] "GET /content//upload/PLWF_V1_gg00/480p/ts/pwf_fayeandnikki_2000.0003.ts HTTP/1.1" 200 777380 "https://members.playwithfaye.com/scenes/double-vision_vids.html" "Mozilla/5.0 (Windows NT 10.0; Win64; x64; rv:150.0) Gecko/20100101 Firefox/150.0"
172.70.200.141 - N21Flynn [03/May/2026:18:27:46 -0400] "GET /content//upload/PLWF_V1_hc00/480p/ts/pwf_faye_dane_cindy_2000.0006.ts HTTP/1.1" 200 1162216 "https://members.playwithfaye.com/scenes/Sindee-Makes-3-The-Video_vids.html" "Mozilla/5.0 (Windows NT 10.0; Win64; x64; rv:150.0) Gecko/20100101 Firefox/150.0"
172.70.200.140 - N21Flynn [03/May/2026:18:27:47 -0400] "GET /content//upload/PLWF_V1_gg00/480p/ts/pwf_fayeandnikki_2000.0004.ts HTTP/1.1" 200 988880 "https://members.playwithfaye.com/scenes/double-vision_vids.html" "Mozilla/5.0 (Windows NT 10.0; Win64; x64; rv:150.0) Gecko/20100101 Firefox/150.0"
172.70.200.141 - N21Flynn [03/May/2026:18:27:47 -0400] "GET /content//upload/PLWF_V3_am00/480p/ts/pwf_faye_silverblue_2000.0005.ts HTTP/1.1" 200 1123300 "https://members.playwithfaye.com/scenes/silver-fox_vids.html" "Mozilla/5.0 (Windows NT 10.0; Win64; x64; rv:150.0) Gecko/20100101 Firefox/150.0"
172.70.200.140 - N21Flynn [03/May/2026:18:27:47 -0400] "GET /content//upload/PLWF_V1_hc00/480p/ts/pwf_faye_dane_cindy_2000.0007.ts HTTP/1.1" 200 1057312 "https://members.playwithfaye.com/scenes/Sindee-Makes-3-The-Video_vids.html" "Mozilla/5.0 (Windows NT 10.0; Win64; x64; rv:150.0) Gecko/20100101 Firefox/150.0"
172.70.200.141 - N21Flynn [03/May/2026:18:27:47 -0400] "GET /content//upload/PLWF_V1_gg00/480p/ts/pwf_fayeandnikki_2000.0005.ts HTTP/1.1" 200 1214480 "https://members.playwithfaye.com/scenes/double-vision_vids.html" "Mozilla/5.0 (Windows NT 10.0; Win64; x64; rv:150.0) Gecko/20100101 Firefox/150.0"
172.70.200.140 - N21Flynn [03/May/2026:18:27:47 -0400] "GET /content//upload/PLWF_V3_am00/480p/ts/pwf_faye_silverblue_2000.0006.ts HTTP/1.1" 200 977412 "https://members.playwithfaye.com/scenes/silver-fox_vids.html" "Mozilla/5.0 (Windows NT 10.0; Win64; x64; rv:150.0) Gecko/20100101 Firefox/150.0"
172.70.200.141 - N21Flynn [03/May/2026:18:27:47 -0400] "GET /content//upload/PLWF_V1_hc00/480p/ts/pwf_faye_dane_cindy_2000.0008.ts HTTP/1.1" 200 988128 "https://members.playwithfaye.com/scenes/Sindee-Makes-3-The-Video_vids.html" "Mozilla/5.0 (Windows NT 10.0; Win64; x64; rv:150.0) Gecko/20100101 Firefox/150.0"
172.70.200.141 - N21Flynn [03/May/2026:18:27:47 -0400] "GET /content//upload/PLWF_V1_hc00/480p/ts/pwf_faye_dane_cindy_2000.0009.ts HTTP/1.1" 200 1238544 "https://members.playwithfaye.com/scenes/Sindee-Makes-3-The-Video_vids.html" "Mozilla/5.0 (Windows NT 10.0; Win64; x64; rv:150.0) Gecko/20100101 Firefox/150.0"
172.70.200.141 - N21Flynn [03/May/2026:18:27:47 -0400] "GET /content//upload/PLWF_V3_am00/480p/ts/pwf_faye_silverblue_2000.0007.ts HTTP/1.1" 200 1070096 "https://members.playwithfaye.com/scenes/silver-fox_vids.html" "Mozilla/5.0 (Windows NT 10.0; Win64; x64; rv:150.0) Gecko/20100101 Firefox/150.0"
172.70.200.140 - N21Flynn [03/May/2026:18:27:47 -0400] "GET /content//upload/PLWF_V1_gg00/480p/ts/pwf_fayeandnikki_2000.0006.ts HTTP/1.1" 200 1088520 "https://members.playwithfaye.com/scenes/double-vision_vids.html" "Mozilla/5.0 (Windows NT 10.0; Win64; x64; rv:150.0) Gecko/20100101 Firefox/150.0"
172.70.200.141 - N21Flynn [03/May/2026:18:27:48 -0400] "GET /content//upload/PLWF_V1_hc00/480p/ts/pwf_faye_dane_cindy_2000.0010.ts HTTP/1.1" 200 961056 "https://members.playwithfaye.com/scenes/Sindee-Makes-3-The-Video_vids.html" "Mozilla/5.0 (Windows NT 10.0; Win64; x64; rv:150.0) Gecko/20100101 Firefox/150.0"
172.70.200.140 - N21Flynn [03/May/2026:18:27:48 -0400] "GET /content//upload/PLWF_V3_am00/480p/ts/pwf_faye_silverblue_2000.0008.ts HTTP/1.1" 200 1054492 "https://members.playwithfaye.com/scenes/silver-fox_vids.html" "Mozilla/5.0 (Windows NT 10.0; Win64; x64; rv:150.0) Gecko/20100101 Firefox/150.0"
172.70.200.141 - N21Flynn [03/May/2026:18:27:48 -0400] "GET /content//upload/PLWF_V1_gg00/480p/ts/pwf_fayeandnikki_2000.0007.ts HTTP/1.1" 200 892812 "https://members.playwithfaye.com/scenes/double-vision_vids.html" "Mozilla/5.0 (Windows NT 10.0; Win64; x64; rv:150.0) Gecko/20100101 Firefox/150.0"
172.70.200.141 - N21Flynn [03/May/2026:18:27:48 -0400] "GET /content//upload/PLWF_V1_gg00/480p/ts/pwf_fayeandnikki_2000.0008.ts HTTP/1.1" 200 1559272 "https://members.playwithfaye.com/scenes/double-vision_vids.html" "Mozilla/5.0 (Windows NT 10.0; Win64; x64; rv:150.0) Gecko/20100101 Firefox/150.0"
172.70.200.141 - N21Flynn [03/May/2026:18:27:48 -0400] "GET /content//upload/PLWF_V3_am00/480p/ts/pwf_faye_silverblue_2000.0009.ts HTTP/1.1" 200 1015012 "https://members.playwithfaye.com/scenes/silver-fox_vids.html" "Mozilla/5.0 (Windows NT 10.0; Win64; x64; rv:150.0) Gecko/20100101 Firefox/150.0"
172.70.200.140 - N21Flynn [03/May/2026:18:27:48 -0400] "GET /content//upload/PLWF_V1_hc00/480p/ts/pwf_faye_dane_cindy_2000.0011.ts HTTP/1.1" 200 971020 "https://members.playwithfaye.com/scenes/Sindee-Makes-3-The-Video_vids.html" "Mozilla/5.0 (Windows NT 10.0; Win64; x64; rv:150.0) Gecko/20100101 Firefox/150.0"
172.70.200.141 - N21Flynn [03/May/2026:18:27:48 -0400] "GET /content//upload/PLWF_V1_hc00/480p/ts/pwf_faye_dane_cindy_2000.0012.ts HTTP/1.1" 200 1261668 "https://members.playwithfaye.com/scenes/Sindee-Makes-3-The-Video_vids.html" "Mozilla/5.0 (Windows NT 10.0; Win64; x64; rv:150.0) Gecko/20100101 Firefox/150.0"
172.70.200.140 - N21Flynn [03/May/2026:18:27:48 -0400] "GET /content//upload/PLWF_V3_am00/480p/ts/pwf_faye_silverblue_2000.0010.ts HTTP/1.1" 200 1068780 "https://members.playwithfaye.com/scenes/silver-fox_vids.html" "Mozilla/5.0 (Windows NT 10.0; Win64; x64; rv:150.0) Gecko/20100101 Firefox/150.0"
172.70.200.141 - N21Flynn [03/May/2026:18:27:48 -0400] "GET /content//upload/PLWF_V1_gg00/480p/ts/pwf_fayeandnikki_2000.0009.ts HTTP/1.1" 200 1275392 "https://members.playwithfaye.com/scenes/double-vision_vids.html" "Mozilla/5.0 (Windows NT 10.0; Win64; x64; rv:150.0) Gecko/20100101 Firefox/150.0"
172.70.200.140 - N21Flynn [03/May/2026:18:27:48 -0400] "GET /content//upload/PLWF_V1_hc00/480p/ts/pwf_faye_dane_cindy_2000.0013.ts HTTP/1.1" 200 1403420 "https://members.playwithfaye.com/scenes/Sindee-Makes-3-The-Video_vids.html" "Mozilla/5.0 (Windows NT 10.0; Win64; x64; rv:150.0) Gecko/20100101 Firefox/150.0"
172.70.200.141 - N21Flynn [03/May/2026:18:27:48 -0400] "GET /content//upload/PLWF_V3_am00/480p/ts/pwf_faye_silverblue_2000.0011.ts HTTP/1.1" 200 1347020 "https://members.playwithfaye.com/scenes/silver-fox_vids.html" "Mozilla/5.0 (Windows NT 10.0; Win64; x64; rv:150.0) Gecko/20100101 Firefox/150.0"
172.70.200.141 - N21Flynn [03/May/2026:18:27:48 -0400] "GET /content//upload/PLWF_V1_gg00/480p/ts/pwf_fayeandnikki_2000.0010.ts HTTP/1.1" 200 1194740 "https://members.playwithfaye.com/scenes/double-vision_vids.html" "Mozilla/5.0 (Windows NT 10.0; Win64; x64; rv:150.0) Gecko/20100101 Firefox/150.0"
172.70.200.140 - N21Flynn [03/May/2026:18:27:49 -0400] "GET /content//upload/PLWF_V1_hc00/480p/ts/pwf_faye_dane_cindy_2000.0014.ts HTTP/1.1" 200 1239108 "https://members.playwithfaye.com/scenes/Sindee-Makes-3-The-Video_vids.html" "Mozilla/5.0 (Windows NT 10.0; Win64; x64; rv:150.0) Gecko/20100101 Firefox/150.0"
172.70.200.141 - N21Flynn [03/May/2026:18:27:49 -0400] "GET /content//upload/PLWF_V1_gg00/480p/ts/pwf_fayeandnikki_2000.0011.ts HTTP/1.1" 200 1161276 "https://members.playwithfaye.com/scenes/double-vision_vids.html" "Mozilla/5.0 (Windows NT 10.0; Win64; x64; rv:150.0) Gecko/20100101 Firefox/150.0"
172.70.200.140 - N21Flynn [03/May/2026:18:27:49 -0400] "GET /content//upload/PLWF_V3_am00/480p/ts/pwf_faye_silverblue_2000.0012.ts HTTP/1.1" 200 917440 "https://members.playwithfaye.com/scenes/silver-fox_vids.html" "Mozilla/5.0 (Windows NT 10.0; Win64; x64; rv:150.0) Gecko/20100101 Firefox/150.0"
172.70.200.141 - N21Flynn [03/May/2026:18:27:49 -0400] "GET /content//upload/PLWF_V1_gg00/480p/ts/pwf_fayeandnikki_2000.0012.ts HTTP/1.1" 200 1200756 "https://members.playwithfaye.com/scenes/double-vision_vids.html" "Mozilla/5.0 (Windows NT 10.0; Win64; x64; rv:150.0) Gecko/20100101 Firefox/150.0"
172.70.200.141 - N21Flynn [03/May/2026:18:27:49 -0400] "GET /content//upload/PLWF_V1_hc00/480p/ts/pwf_faye_dane_cindy_2000.0015.ts HTTP/1.1" 200 1468092 "https://members.playwithfaye.com/scenes/Sindee-Makes-3-The-Video_vids.html" "Mozilla/5.0 (Windows NT 10.0; Win64; x64; rv:150.0) Gecko/20100101 Firefox/150.0"
172.70.200.141 - N21Flynn [03/May/2026:18:27:49 -0400] "GET /content//upload/PLWF_V3_am00/480p/ts/pwf_faye_silverblue_2000.0013.ts HTTP/1.1" 200 1459444 "https://members.playwithfaye.com/scenes/silver-fox_vids.html" "Mozilla/5.0 (Windows NT 10.0; Win64; x64; rv:150.0) Gecko/20100101 Firefox/150.0"
172.70.200.140 - N21Flynn [03/May/2026:18:27:49 -0400] "GET /content//upload/PLWF_V1_gg00/480p/ts/pwf_fayeandnikki_2000.0013.ts HTTP/1.1" 200 1311112 "https://members.playwithfaye.com/scenes/double-vision_vids.html" "Mozilla/5.0 (Windows NT 10.0; Win64; x64; rv:150.0) Gecko/20100101 Firefox/150.0"
172.70.200.141 - N21Flynn [03/May/2026:18:27:49 -0400] "GET /content//upload/PLWF_V1_hc00/480p/ts/pwf_faye_dane_cindy_2000.0016.ts HTTP/1.1" 200 1043588 "https://members.playwithfaye.com/scenes/Sindee-Makes-3-The-Video_vids.html" "Mozilla/5.0 (Windows NT 10.0; Win64; x64; rv:150.0) Gecko/20100101 Firefox/150.0"
172.70.200.140 - N21Flynn [03/May/2026:18:27:49 -0400] "GET /content//upload/PLWF_V3_am00/480p/ts/pwf_faye_silverblue_2000.0014.ts HTTP/1.1" 200 1172932 "https://members.playwithfaye.com/scenes/silver-fox_vids.html" "Mozilla/5.0 (Windows NT 10.0; Win64; x64; rv:150.0) Gecko/20100101 Firefox/150.0"
172.70.200.141 - N21Flynn [03/May/2026:18:27:50 -0400] "GET /content//upload/PLWF_V1_hc00/480p/ts/pwf_faye_dane_cindy_2000.0017.ts HTTP/1.1" 200 949212 "https://members.playwithfaye.com/scenes/Sindee-Makes-3-The-Video_vids.html" "Mozilla/5.0 (Windows NT 10.0; Win64; x64; rv:150.0) Gecko/20100101 Firefox/150.0"
172.70.200.141 - N21Flynn [03/May/2026:18:27:50 -0400] "GET /content//upload/PLWF_V3_am00/480p/ts/pwf_faye_silverblue_2000.0015.ts HTTP/1.1" 200 975344 "https://members.playwithfaye.com/scenes/silver-fox_vids.html" "Mozilla/5.0 (Windows NT 10.0; Win64; x64; rv:150.0) Gecko/20100101 Firefox/150.0"
172.70.200.140 - N21Flynn [03/May/2026:18:27:50 -0400] "GET /content//upload/PLWF_V1_gg00/480p/ts/pwf_fayeandnikki_2000.0014.ts HTTP/1.1" 200 1147552 "https://members.playwithfaye.com/scenes/double-vision_vids.html" "Mozilla/5.0 (Windows NT 10.0; Win64; x64; rv:150.0) Gecko/20100101 Firefox/150.0"
172.70.200.141 - N21Flynn [03/May/2026:18:27:50 -0400] "GET /content//upload/PLWF_V3_am00/480p/ts/pwf_faye_silverblue_2000.0016.ts HTTP/1.1" 200 1075548 "https://members.playwithfaye.com/scenes/silver-fox_vids.html" "Mozilla/5.0 (Windows NT 10.0; Win64; x64; rv:150.0) Gecko/20100101 Firefox/150.0"
172.70.200.141 - N21Flynn [03/May/2026:18:27:50 -0400] "GET /content//upload/PLWF_V1_hc00/480p/ts/pwf_faye_dane_cindy_2000.0018.ts HTTP/1.1" 200 948460 "https://members.playwithfaye.com/scenes/Sindee-Makes-3-The-Video_vids.html" "Mozilla/5.0 (Windows NT 10.0; Win64; x64; rv:150.0) Gecko/20100101 Firefox/150.0"
172.70.200.140 - N21Flynn [03/May/2026:18:27:50 -0400] "GET /content//upload/PLWF_V1_gg00/480p/ts/pwf_fayeandnikki_2000.0015.ts HTTP/1.1" 200 992640 "https://members.playwithfaye.com/scenes/double-vision_vids.html" "Mozilla/5.0 (Windows NT 10.0; Win64; x64; rv:150.0) Gecko/20100101 Firefox/150.0"
172.70.200.141 - N21Flynn [03/May/2026:18:27:50 -0400] "GET /content//upload/PLWF_V3_am00/480p/ts/pwf_faye_silverblue_2000.0017.ts HTTP/1.1" 200 995460 "https://members.playwithfaye.com/scenes/silver-fox_vids.html" "Mozilla/5.0 (Windows NT 10.0; Win64; x64; rv:150.0) Gecko/20100101 Firefox/150.0"
172.70.200.140 - N21Flynn [03/May/2026:18:27:50 -0400] "GET /content//upload/PLWF_V1_hc00/480p/ts/pwf_faye_dane_cindy_2000.0019.ts HTTP/1.1" 200 1152064 "https://members.playwithfaye.com/scenes/Sindee-Makes-3-The-Video_vids.html" "Mozilla/5.0 (Windows NT 10.0; Win64; x64; rv:150.0) Gecko/20100101 Firefox/150.0"
172.70.200.141 - N21Flynn [03/May/2026:18:27:50 -0400] "GET /content//upload/PLWF_V1_gg00/480p/ts/pwf_fayeandnikki_2000.0016.ts HTTP/1.1" 200 1004108 "https://members.playwithfaye.com/scenes/double-vision_vids.html" "Mozilla/5.0 (Windows NT 10.0; Win64; x64; rv:150.0) Gecko/20100101 Firefox/150.0"
172.70.200.141 - N21Flynn [03/May/2026:18:27:50 -0400] "GET /content//upload/PLWF_V1_gg00/480p/ts/pwf_fayeandnikki_2000.0017.ts HTTP/1.1" 200 987752 "https://members.playwithfaye.com/scenes/double-vision_vids.html" "Mozilla/5.0 (Windows NT 10.0; Win64; x64; rv:150.0) Gecko/20100101 Firefox/150.0"
172.70.200.141 - N21Flynn [03/May/2026:18:27:50 -0400] "GET /content//upload/PLWF_V3_am00/480p/ts/pwf_faye_silverblue_2000.0018.ts HTTP/1.1" 200 1049792 "https://members.playwithfaye.com/scenes/silver-fox_vids.html" "Mozilla/5.0 (Windows NT 10.0; Win64; x64; rv:150.0) Gecko/20100101 Firefox/150.0"
172.70.200.140 - N21Flynn [03/May/2026:18:27:50 -0400] "GET /content//upload/PLWF_V1_hc00/480p/ts/pwf_faye_dane_cindy_2000.0020.ts HTTP/1.1" 200 1025352 "https://members.playwithfaye.com/scenes/Sindee-Makes-3-The-Video_vids.html" "Mozilla/5.0 (Windows NT 10.0; Win64; x64; rv:150.0) Gecko/20100101 Firefox/150.0"
172.70.200.141 - N21Flynn [03/May/2026:18:27:50 -0400] "GET /content//upload/PLWF_V1_hc00/480p/ts/pwf_faye_dane_cindy_2000.0139.ts HTTP/1.1" 200 1157140 "https://members.playwithfaye.com/scenes/Sindee-Makes-3-The-Video_vids.html" "Mozilla/5.0 (Windows NT 10.0; Win64; x64; rv:150.0) Gecko/20100101 Firefox/150.0"
172.70.200.140 - N21Flynn [03/May/2026:18:27:51 -0400] "GET /content//upload/PLWF_V1_gg00/480p/ts/pwf_fayeandnikki_2000.0018.ts HTTP/1.1" 200 1002228 "https://members.playwithfaye.com/scenes/double-vision_vids.html" "Mozilla/5.0 (Windows NT 10.0; Win64; x64; rv:150.0) Gecko/20100101 Firefox/150.0"
172.70.200.141 - N21Flynn [03/May/2026:18:27:51 -0400] "GET /content//upload/PLWF_V3_am00/480p/ts/pwf_faye_silverblue_2000.0019.ts HTTP/1.1" 200 1201320 "https://members.playwithfaye.com/scenes/silver-fox_vids.html" "Mozilla/5.0 (Windows NT 10.0; Win64; x64; rv:150.0) Gecko/20100101 Firefox/150.0"
172.70.200.141 - N21Flynn [03/May/2026:18:27:51 -0400] "GET /content//upload/PLWF_V1_hc00/480p/ts/pwf_faye_dane_cindy_2000.0140.ts HTTP/1.1" 200 1006740 "https://members.playwithfaye.com/scenes/Sindee-Makes-3-The-Video_vids.html" "Mozilla/5.0 (Windows NT 10.0; Win64; x64; rv:150.0) Gecko/20100101 Firefox/150.0"
172.70.200.140 - N21Flynn [03/May/2026:18:27:51 -0400] "GET /content//upload/PLWF_V1_gg00/480p/ts/pwf_fayeandnikki_2000.0019.ts HTTP/1.1" 200 1096228 "https://members.playwithfaye.com/scenes/double-vision_vids.html" "Mozilla/5.0 (Windows NT 10.0; Win64; x64; rv:150.0) Gecko/20100101 Firefox/150.0"
172.70.200.141 - N21Flynn [03/May/2026:18:27:51 -0400] "GET /content//upload/PLWF_V3_am00/480p/ts/pwf_faye_silverblue_2000.0020.ts HTTP/1.1" 200 956732 "https://members.playwithfaye.com/scenes/silver-fox_vids.html" "Mozilla/5.0 (Windows NT 10.0; Win64; x64; rv:150.0) Gecko/20100101 Firefox/150.0"
172.70.200.141 - N21Flynn [03/May/2026:18:27:51 -0400] "GET /content//upload/PLWF_V1_hc00/480p/ts/pwf_faye_dane_cindy_2000.0141.ts HTTP/1.1" 200 1085700 "https://members.playwithfaye.com/scenes/Sindee-Makes-3-The-Video_vids.html" "Mozilla/5.0 (Windows NT 10.0; Win64; x64; rv:150.0) Gecko/20100101 Firefox/150.0"
172.70.200.141 - N21Flynn [03/May/2026:18:27:51 -0400] "GET /content//upload/PLWF_V1_gg00/480p/ts/pwf_fayeandnikki_2000.0020.ts HTTP/1.1" 200 1654964 "https://members.playwithfaye.com/scenes/double-vision_vids.html" "Mozilla/5.0 (Windows NT 10.0; Win64; x64; rv:150.0) Gecko/20100101 Firefox/150.0"
172.70.200.140 - N21Flynn [03/May/2026:18:27:51 -0400] "GET /content//upload/PLWF_V3_am00/480p/ts/pwf_faye_silverblue_2000.0021.ts HTTP/1.1" 200 993016 "https://members.playwithfaye.com/scenes/silver-fox_vids.html" "Mozilla/5.0 (Windows NT 10.0; Win64; x64; rv:150.0) Gecko/20100101 Firefox/150.0"
172.70.200.141 - N21Flynn [03/May/2026:18:27:51 -0400] "GET /content//upload/PLWF_V1_hc00/480p/ts/pwf_faye_dane_cindy_2000.0142.ts HTTP/1.1" 200 1227828 "https://members.playwithfaye.com/scenes/Sindee-Makes-3-The-Video_vids.html" "Mozilla/5.0 (Windows NT 10.0; Win64; x64; rv:150.0) Gecko/20100101 Firefox/150.0"
172.70.200.141 - N21Flynn [03/May/2026:18:27:51 -0400] "GET /content//upload/PLWF_V3_am00/480p/ts/pwf_faye_silverblue_2000.0022.ts HTTP/1.1" 200 1267308 "https://members.playwithfaye.com/scenes/silver-fox_vids.html" "Mozilla/5.0 (Windows NT 10.0; Win64; x64; rv:150.0) Gecko/20100101 Firefox/150.0"
172.70.200.141 - N21Flynn [03/May/2026:18:27:51 -0400] "GET /content//upload/PLWF_V1_hc00/480p/ts/pwf_faye_dane_cindy_2000.0143.ts HTTP/1.1" 200 1008432 "https://members.playwithfaye.com/scenes/Sindee-Makes-3-The-Video_vids.html" "Mozilla/5.0 (Windows NT 10.0; Win64; x64; rv:150.0) Gecko/20100101 Firefox/150.0"
172.70.200.140 - N21Flynn [03/May/2026:18:27:51 -0400] "GET /content//upload/PLWF_V1_gg00/480p/ts/pwf_fayeandnikki_2000.0021.ts HTTP/1.1" 200 916688 "https://members.playwithfaye.com/scenes/double-vision_vids.html" "Mozilla/5.0 (Windows NT 10.0; Win64; x64; rv:150.0) Gecko/20100101 Firefox/150.0"
172.70.200.141 - N21Flynn [03/May/2026:18:27:52 -0400] "GET /content//upload/PLWF_V1_hc00/480p/ts/pwf_faye_dane_cindy_2000.0144.ts HTTP/1.1" 200 1068968 "https://members.playwithfaye.com/scenes/Sindee-Makes-3-The-Video_vids.html" "Mozilla/5.0 (Windows NT 10.0; Win64; x64; rv:150.0) Gecko/20100101 Firefox/150.0"
172.70.200.140 - N21Flynn [03/May/2026:18:27:52 -0400] "GET /content//upload/PLWF_V3_am00/480p/ts/pwf_faye_silverblue_2000.0023.ts HTTP/1.1" 200 1313180 "https://members.playwithfaye.com/scenes/silver-fox_vids.html" "Mozilla/5.0 (Windows NT 10.0; Win64; x64; rv:150.0) Gecko/20100101 Firefox/150.0"
172.70.200.141 - N21Flynn [03/May/2026:18:27:52 -0400] "GET /content//upload/PLWF_V1_gg00/480p/ts/pwf_fayeandnikki_2000.0022.ts HTTP/1.1" 200 1165412 "https://members.playwithfaye.com/scenes/double-vision_vids.html" "Mozilla/5.0 (Windows NT 10.0; Win64; x64; rv:150.0) Gecko/20100101 Firefox/150.0"
172.70.200.141 - N21Flynn [03/May/2026:18:27:52 -0400] "GET /content//upload/PLWF_V1_hc00/480p/ts/pwf_faye_dane_cindy_2000.0145.ts HTTP/1.1" 200 1014824 "https://members.playwithfaye.com/scenes/Sindee-Makes-3-The-Video_vids.html" "Mozilla/5.0 (Windows NT 10.0; Win64; x64; rv:150.0) Gecko/20100101 Firefox/150.0"
172.70.200.141 - N21Flynn [03/May/2026:18:27:52 -0400] "GET /content//upload/PLWF_V1_gg00/480p/ts/pwf_fayeandnikki_2000.0023.ts HTTP/1.1" 200 915372 "https://members.playwithfaye.com/scenes/double-vision_vids.html" "Mozilla/5.0 (Windows NT 10.0; Win64; x64; rv:150.0) Gecko/20100101 Firefox/150.0"
172.70.200.141 - N21Flynn [03/May/2026:18:27:52 -0400] "GET /content//upload/PLWF_V3_am00/480p/ts/pwf_faye_silverblue_2000.0024.ts HTTP/1.1" 200 995836 "https://members.playwithfaye.com/scenes/silver-fox_vids.html" "Mozilla/5.0 (Windows NT 10.0; Win64; x64; rv:150.0) Gecko/20100101 Firefox/150.0"
172.70.200.140 - N21Flynn [03/May/2026:18:27:52 -0400] "GET /content//upload/PLWF_V1_hc00/480p/ts/pwf_faye_dane_cindy_2000.0231.ts HTTP/1.1" 200 1194176 "https://members.playwithfaye.com/scenes/Sindee-Makes-3-The-Video_vids.html" "Mozilla/5.0 (Windows NT 10.0; Win64; x64; rv:150.0) Gecko/20100101 Firefox/150.0"
172.70.200.141 - N21Flynn [03/May/2026:18:27:52 -0400] "GET /content//upload/PLWF_V1_gg00/480p/ts/pwf_fayeandnikki_2000.0024.ts HTTP/1.1" 200 1039640 "https://members.playwithfaye.com/scenes/double-vision_vids.html" "Mozilla/5.0 (Windows NT 10.0; Win64; x64; rv:150.0) Gecko/20100101 Firefox/150.0"
172.70.200.141 - N21Flynn [03/May/2026:18:27:52 -0400] "GET /content//upload/PLWF_V3_am00/480p/ts/pwf_faye_silverblue_2000.0025.ts HTTP/1.1" 200 919320 "https://members.playwithfaye.com/scenes/silver-fox_vids.html" "Mozilla/5.0 (Windows NT 10.0; Win64; x64; rv:150.0) Gecko/20100101 Firefox/150.0"
172.70.200.140 - N21Flynn [03/May/2026:18:27:52 -0400] "GET /content//upload/PLWF_V1_hc00/480p/ts/pwf_faye_dane_cindy_2000.0232.ts HTTP/1.1" 200 1122548 "https://members.playwithfaye.com/scenes/Sindee-Makes-3-The-Video_vids.html" "Mozilla/5.0 (Windows NT 10.0; Win64; x64; rv:150.0) Gecko/20100101 Firefox/150.0"
172.70.200.141 - N21Flynn [03/May/2026:18:27:52 -0400] "GET /content//upload/PLWF_V1_gg00/480p/ts/pwf_fayeandnikki_2000.0025.ts HTTP/1.1" 200 1052988 "https://members.playwithfaye.com/scenes/double-vision_vids.html" "Mozilla/5.0 (Windows NT 10.0; Win64; x64; rv:150.0) Gecko/20100101 Firefox/150.0"
172.70.200.141 - N21Flynn [03/May/2026:18:27:52 -0400] "GET /content//upload/PLWF_V3_am00/480p/ts/pwf_faye_silverblue_2000.0026.ts HTTP/1.1" 200 1146988 "https://members.playwithfaye.com/scenes/silver-fox_vids.html" "Mozilla/5.0 (Windows NT 10.0; Win64; x64; rv:150.0) Gecko/20100101 Firefox/150.0"
172.70.200.140 - N21Flynn [03/May/2026:18:27:52 -0400] "GET /content//upload/PLWF_V1_hc00/480p/ts/pwf_faye_dane_cindy_2000.0233.ts HTTP/1.1" 200 1095476 "https://members.playwithfaye.com/scenes/Sindee-Makes-3-The-Video_vids.html" "Mozilla/5.0 (Windows NT 10.0; Win64; x64; rv:150.0) Gecko/20100101 Firefox/150.0"
172.70.200.141 - N21Flynn [03/May/2026:18:27:53 -0400] "GET /content//upload/PLWF_V1_gg00/480p/ts/pwf_fayeandnikki_2000.0026.ts HTTP/1.1" 200 970268 "https://members.playwithfaye.com/scenes/double-vision_vids.html" "Mozilla/5.0 (Windows NT 10.0; Win64; x64; rv:150.0) Gecko/20100101 Firefox/150.0"
172.70.200.141 - N21Flynn [03/May/2026:18:27:53 -0400] "GET /content//upload/PLWF_V3_am00/480p/ts/pwf_faye_silverblue_2000.0027.ts HTTP/1.1" 200 1263924 "https://members.playwithfaye.com/scenes/silver-fox_vids.html" "Mozilla/5.0 (Windows NT 10.0; Win64; x64; rv:150.0) Gecko/20100101 Firefox/150.0"
172.70.200.140 - N21Flynn [03/May/2026:18:27:53 -0400] "GET /content//upload/PLWF_V1_hc00/480p/ts/pwf_faye_dane_cindy_2000.0234.ts HTTP/1.1" 200 1166164 "https://members.playwithfaye.com/scenes/Sindee-Makes-3-The-Video_vids.html" "Mozilla/5.0 (Windows NT 10.0; Win64; x64; rv:150.0) Gecko/20100101 Firefox/150.0"
172.70.200.141 - N21Flynn [03/May/2026:18:27:53 -0400] "GET /content//upload/PLWF_V1_gg00/480p/ts/pwf_fayeandnikki_2000.0027.ts HTTP/1.1" 200 1053552 "https://members.playwithfaye.com/scenes/double-vision_vids.html" "Mozilla/5.0 (Windows NT 10.0; Win64; x64; rv:150.0) Gecko/20100101 Firefox/150.0"
172.70.200.141 - N21Flynn [03/May/2026:18:27:53 -0400] "GET /content//upload/PLWF_V3_am00/480p/ts/pwf_faye_silverblue_2000.0028.ts HTTP/1.1" 200 1155448 "https://members.playwithfaye.com/scenes/silver-fox_vids.html" "Mozilla/5.0 (Windows NT 10.0; Win64; x64; rv:150.0) Gecko/20100101 Firefox/150.0"
172.70.200.140 - N21Flynn [03/May/2026:18:27:53 -0400] "GET /content//upload/PLWF_V1_hc00/480p/ts/pwf_faye_dane_cindy_2000.0235.ts HTTP/1.1" 200 1122548 "https://members.playwithfaye.com/scenes/Sindee-Makes-3-The-Video_vids.html" "Mozilla/5.0 (Windows NT 10.0; Win64; x64; rv:150.0) Gecko/20100101 Firefox/150.0"
172.70.200.141 - N21Flynn [03/May/2026:18:27:53 -0400] "GET /content//upload/PLWF_V1_gg00/480p/ts/pwf_fayeandnikki_2000.0028.ts HTTP/1.1" 200 1130820 "https://members.playwithfaye.com/scenes/double-vision_vids.html" "Mozilla/5.0 (Windows NT 10.0; Win64; x64; rv:150.0) Gecko/20100101 Firefox/150.0"
172.70.200.141 - N21Flynn [03/May/2026:18:27:53 -0400] "GET /content//upload/PLWF_V3_am00/480p/ts/pwf_faye_silverblue_2000.0029.ts HTTP/1.1" 200 1044716 "https://members.playwithfaye.com/scenes/silver-fox_vids.html" "Mozilla/5.0 (Windows NT 10.0; Win64; x64; rv:150.0) Gecko/20100101 Firefox/150.0"
172.70.200.140 - N21Flynn [03/May/2026:18:27:53 -0400] "GET /content//upload/PLWF_V1_hc00/480p/ts/pwf_faye_dane_cindy_2000.0236.ts HTTP/1.1" 200 1162780 "https://members.playwithfaye.com/scenes/Sindee-Makes-3-The-Video_vids.html" "Mozilla/5.0 (Windows NT 10.0; Win64; x64; rv:150.0) Gecko/20100101 Firefox/150.0"
172.70.200.141 - N21Flynn [03/May/2026:18:27:53 -0400] "GET /content//upload/PLWF_V3_am00/480p/ts/pwf_faye_silverblue_2000.0030.ts HTTP/1.1" 200 1273136 "https://members.playwithfaye.com/scenes/silver-fox_vids.html" "Mozilla/5.0 (Windows NT 10.0; Win64; x64; rv:150.0) Gecko/20100101 Firefox/150.0"
172.70.200.141 - N21Flynn [03/May/2026:18:27:53 -0400] "GET /content//upload/PLWF_V1_gg00/480p/ts/pwf_fayeandnikki_2000.0029.ts HTTP/1.1" 200 1134392 "https://members.playwithfaye.com/scenes/double-vision_vids.html" "Mozilla/5.0 (Windows NT 10.0; Win64; x64; rv:150.0) Gecko/20100101 Firefox/150.0"
172.70.200.140 - N21Flynn [03/May/2026:18:27:54 -0400] "GET /content//upload/PLWF_V1_hc00/480p/ts/pwf_faye_dane_cindy_2000.0237.ts HTTP/1.1" 200 1072352 "https://members.playwithfaye.com/scenes/Sindee-Makes-3-The-Video_vids.html" "Mozilla/5.0 (Windows NT 10.0; Win64; x64; rv:150.0) Gecko/20100101 Firefox/150.0"
172.70.200.141 - N21Flynn [03/May/2026:18:27:54 -0400] "GET /content//upload/PLWF_V3_am00/480p/ts/pwf_faye_silverblue_2000.0031.ts HTTP/1.1" 200 1041708 "https://members.playwithfaye.com/scenes/silver-fox_vids.html" "Mozilla/5.0 (Windows NT 10.0; Win64; x64; rv:150.0) Gecko/20100101 Firefox/150.0"
172.70.200.141 - N21Flynn [03/May/2026:18:27:54 -0400] "GET /content//upload/PLWF_V1_gg00/480p/ts/pwf_fayeandnikki_2000.0030.ts HTTP/1.1" 200 1075548 "https://members.playwithfaye.com/scenes/double-vision_vids.html" "Mozilla/5.0 (Windows NT 10.0; Win64; x64; rv:150.0) Gecko/20100101 Firefox/150.0"
172.70.200.140 - N21Flynn [03/May/2026:18:27:54 -0400] "GET /content//upload/PLWF_V1_hc00/480p/ts/pwf_faye_dane_cindy_2000.0238.ts HTTP/1.1" 200 1117472 "https://members.playwithfaye.com/scenes/Sindee-Makes-3-The-Video_vids.html" "Mozilla/5.0 (Windows NT 10.0; Win64; x64; rv:150.0) Gecko/20100101 Firefox/150.0"
172.70.200.141 - N21Flynn [03/May/2026:18:27:54 -0400] "GET /content//upload/PLWF_V3_am00/480p/ts/pwf_faye_silverblue_2000.0032.ts HTTP/1.1" 200 1291184 "https://members.playwithfaye.com/scenes/silver-fox_vids.html" "Mozilla/5.0 (Windows NT 10.0; Win64; x64; rv:150.0) Gecko/20100101 Firefox/150.0"
172.70.200.141 - N21Flynn [03/May/2026:18:27:54 -0400] "GET /content//upload/PLWF_V1_gg00/480p/ts/pwf_fayeandnikki_2000.0031.ts HTTP/1.1" 200 1501180 "https://members.playwithfaye.com/scenes/double-vision_vids.html" "Mozilla/5.0 (Windows NT 10.0; Win64; x64; rv:150.0) Gecko/20100101 Firefox/150.0"
172.70.200.140 - N21Flynn [03/May/2026:18:27:54 -0400] "GET /content//upload/PLWF_V1_hc00/480p/ts/pwf_faye_dane_cindy_2000.0239.ts HTTP/1.1" 200 1267496 "https://members.playwithfaye.com/scenes/Sindee-Makes-3-The-Video_vids.html" "Mozilla/5.0 (Windows NT 10.0; Win64; x64; rv:150.0) Gecko/20100101 Firefox/150.0"
172.70.200.141 - N21Flynn [03/May/2026:18:27:54 -0400] "GET /content//upload/PLWF_V3_am00/480p/ts/pwf_faye_silverblue_2000.0033.ts HTTP/1.1" 200 1362248 "https://members.playwithfaye.com/scenes/silver-fox_vids.html" "Mozilla/5.0 (Windows NT 10.0; Win64; x64; rv:150.0) Gecko/20100101 Firefox/150.0"
172.70.200.141 - N21Flynn [03/May/2026:18:27:54 -0400] "GET /content//upload/PLWF_V1_gg00/480p/ts/pwf_fayeandnikki_2000.0032.ts HTTP/1.1" 200 829832 "https://members.playwithfaye.com/scenes/double-vision_vids.html" "Mozilla/5.0 (Windows NT 10.0; Win64; x64; rv:150.0) Gecko/20100101 Firefox/150.0"
172.70.200.140 - N21Flynn [03/May/2026:18:27:54 -0400] "GET /content//upload/PLWF_V1_hc00/480p/ts/pwf_faye_dane_cindy_2000.0240.ts HTTP/1.1" 200 1170112 "https://members.playwithfaye.com/scenes/Sindee-Makes-3-The-Video_vids.html" "Mozilla/5.0 (Windows NT 10.0; Win64; x64; rv:150.0) Gecko/20100101 Firefox/150.0"
172.70.200.141 - N21Flynn [03/May/2026:18:27:54 -0400] "GET /content//upload/PLWF_V3_am00/480p/ts/pwf_faye_silverblue_2000.0034.ts HTTP/1.1" 200 926652 "https://members.playwithfaye.com/scenes/silver-fox_vids.html" "Mozilla/5.0 (Windows NT 10.0; Win64; x64; rv:150.0) Gecko/20100101 Firefox/150.0"
172.70.200.141 - N21Flynn [03/May/2026:18:27:54 -0400] "GET /content//upload/PLWF_V1_gg00/480p/ts/pwf_fayeandnikki_2000.0033.ts HTTP/1.1" 200 1045092 "https://members.playwithfaye.com/scenes/double-vision_vids.html" "Mozilla/5.0 (Windows NT 10.0; Win64; x64; rv:150.0) Gecko/20100101 Firefox/150.0"
172.70.200.140 - N21Flynn [03/May/2026:18:27:55 -0400] "GET /content//upload/PLWF_V1_hc00/480p/ts/pwf_faye_dane_cindy_2000.0241.ts HTTP/1.1" 200 1060320 "https://members.playwithfaye.com/scenes/Sindee-Makes-3-The-Video_vids.html" "Mozilla/5.0 (Windows NT 10.0; Win64; x64; rv:150.0) Gecko/20100101 Firefox/150.0"
172.70.200.141 - N21Flynn [03/May/2026:18:27:55 -0400] "GET /content//upload/PLWF_V3_am00/480p/ts/pwf_faye_silverblue_2000.0035.ts HTTP/1.1" 200 913680 "https://members.playwithfaye.com/scenes/silver-fox_vids.html" "Mozilla/5.0 (Windows NT 10.0; Win64; x64; rv:150.0) Gecko/20100101 Firefox/150.0"
