94.26.106.155 - - [01/May/2026:11:40:40 -0400] "GET /docker-compose.yml HTTP/2.0" 404 196 "-" "Mozilla/5.0 (Windows NT 10.0; Win64; x64) AppleWebKit/537.36 (KHTML, like Gecko) Chrome/58.0.3029.110 Safari/537.3"
94.26.106.155 - - [01/May/2026:11:40:40 -0400] "GET /kubernetes.yml HTTP/2.0" 404 196 "-" "Mozilla/5.0 (Windows NT 10.0; Win64; x64) AppleWebKit/537.36 (KHTML, like Gecko) Chrome/58.0.3029.110 Safari/537.3"
94.26.106.155 - - [01/May/2026:11:40:40 -0400] "GET /docker-compose.yaml HTTP/2.0" 404 196 "-" "Mozilla/5.0 (Windows NT 10.0; Win64; x64) AppleWebKit/537.36 (KHTML, like Gecko) Chrome/58.0.3029.110 Safari/537.3"
94.26.106.155 - - [01/May/2026:11:40:40 -0400] "GET /.dockerenv HTTP/2.0" 404 196 "-" "Mozilla/5.0 (Windows NT 10.0; Win64; x64) AppleWebKit/537.36 (KHTML, like Gecko) Chrome/58.0.3029.110 Safari/537.3"
94.26.106.155 - - [01/May/2026:11:40:40 -0400] "GET /composer.json HTTP/2.0" 404 196 "-" "Mozilla/5.0 (Windows NT 10.0; Win64; x64) AppleWebKit/537.36 (KHTML, like Gecko) Chrome/58.0.3029.110 Safari/537.3"
94.26.106.155 - - [01/May/2026:11:40:40 -0400] "GET /terraform.tfvars HTTP/2.0" 404 196 "-" "Mozilla/5.0 (Windows NT 10.0; Win64; x64) AppleWebKit/537.36 (KHTML, like Gecko) Chrome/58.0.3029.110 Safari/537.3"
94.26.106.155 - - [01/May/2026:11:40:40 -0400] "GET /k8s.yml HTTP/2.0" 404 196 "-" "Mozilla/5.0 (Windows NT 10.0; Win64; x64) AppleWebKit/537.36 (KHTML, like Gecko) Chrome/58.0.3029.110 Safari/537.3"
94.26.106.155 - - [01/May/2026:11:40:40 -0400] "GET /composer.lock HTTP/2.0" 404 196 "-" "Mozilla/5.0 (Windows NT 10.0; Win64; x64) AppleWebKit/537.36 (KHTML, like Gecko) Chrome/58.0.3029.110 Safari/537.3"
94.26.106.155 - - [01/May/2026:11:40:40 -0400] "GET /package.json HTTP/2.0" 404 196 "-" "Mozilla/5.0 (Windows NT 10.0; Win64; x64) AppleWebKit/537.36 (KHTML, like Gecko) Chrome/58.0.3029.110 Safari/537.3"
94.26.106.155 - - [01/May/2026:11:40:40 -0400] "GET /app/config/parameters.yml HTTP/2.0" 404 196 "-" "Mozilla/5.0 (Windows NT 10.0; Win64; x64) AppleWebKit/537.36 (KHTML, like Gecko) Chrome/58.0.3029.110 Safari/537.3"
94.26.106.155 - - [01/May/2026:11:40:40 -0400] "GET /package-lock.json HTTP/2.0" 404 196 "-" "Mozilla/5.0 (Windows NT 10.0; Win64; x64) AppleWebKit/537.36 (KHTML, like Gecko) Chrome/58.0.3029.110 Safari/537.3"
94.26.106.155 - - [01/May/2026:11:40:40 -0400] "GET /Gemfile HTTP/2.0" 404 196 "-" "Mozilla/5.0 (Windows NT 10.0; Win64; x64) AppleWebKit/537.36 (KHTML, like Gecko) Chrome/58.0.3029.110 Safari/537.3"
94.26.106.155 - - [01/May/2026:11:40:40 -0400] "GET /yarn.lock HTTP/2.0" 404 196 "-" "Mozilla/5.0 (Windows NT 10.0; Win64; x64) AppleWebKit/537.36 (KHTML, like Gecko) Chrome/58.0.3029.110 Safari/537.3"
94.26.106.155 - - [01/May/2026:11:40:40 -0400] "GET /database.yml HTTP/2.0" 404 196 "-" "Mozilla/5.0 (Windows NT 10.0; Win64; x64) AppleWebKit/537.36 (KHTML, like Gecko) Chrome/58.0.3029.110 Safari/537.3"
94.26.106.155 - - [01/May/2026:11:40:40 -0400] "GET /.terraform/terraform.tfstate HTTP/2.0" 404 196 "-" "Mozilla/5.0 (Windows NT 10.0; Win64; x64) AppleWebKit/537.36 (KHTML, like Gecko) Chrome/58.0.3029.110 Safari/537.3"
94.26.106.155 - - [01/May/2026:11:40:40 -0400] "GET /terraform.tfstate HTTP/2.0" 404 196 "-" "Mozilla/5.0 (Windows NT 10.0; Win64; x64) AppleWebKit/537.36 (KHTML, like Gecko) Chrome/58.0.3029.110 Safari/537.3"
94.26.106.155 - - [01/May/2026:11:40:40 -0400] "GET /Gemfile.lock HTTP/2.0" 404 196 "-" "Mozilla/5.0 (Windows NT 10.0; Win64; x64) AppleWebKit/537.36 (KHTML, like Gecko) Chrome/58.0.3029.110 Safari/537.3"
94.26.106.155 - - [01/May/2026:11:40:40 -0400] "GET /requirements.txt HTTP/2.0" 404 196 "-" "Mozilla/5.0 (Windows NT 10.0; Win64; x64) AppleWebKit/537.36 (KHTML, like Gecko) Chrome/58.0.3029.110 Safari/537.3"
94.26.106.155 - - [01/May/2026:11:40:40 -0400] "GET /Pipfile HTTP/2.0" 404 196 "-" "Mozilla/5.0 (Windows NT 10.0; Win64; x64) AppleWebKit/537.36 (KHTML, like Gecko) Chrome/58.0.3029.110 Safari/537.3"
94.26.106.155 - - [01/May/2026:11:40:40 -0400] "GET /pyproject.toml HTTP/2.0" 404 196 "-" "Mozilla/5.0 (Windows NT 10.0; Win64; x64) AppleWebKit/537.36 (KHTML, like Gecko) Chrome/58.0.3029.110 Safari/537.3"
94.26.106.155 - - [01/May/2026:11:40:40 -0400] "GET /config/secrets.yml HTTP/2.0" 404 196 "-" "Mozilla/5.0 (Windows NT 10.0; Win64; x64) AppleWebKit/537.36 (KHTML, like Gecko) Chrome/58.0.3029.110 Safari/537.3"
94.26.106.155 - - [01/May/2026:11:40:40 -0400] "GET /config/database.php HTTP/2.0" 404 196 "-" "Mozilla/5.0 (Windows NT 10.0; Win64; x64) AppleWebKit/537.36 (KHTML, like Gecko) Chrome/58.0.3029.110 Safari/537.3"
94.26.106.155 - - [01/May/2026:11:40:40 -0400] "GET /app/config.yml HTTP/2.0" 404 196 "-" "Mozilla/5.0 (Windows NT 10.0; Win64; x64) AppleWebKit/537.36 (KHTML, like Gecko) Chrome/58.0.3029.110 Safari/537.3"
94.26.106.155 - - [01/May/2026:11:40:40 -0400] "GET /secrets.yml HTTP/2.0" 404 196 "-" "Mozilla/5.0 (Windows NT 10.0; Win64; x64) AppleWebKit/537.36 (KHTML, like Gecko) Chrome/58.0.3029.110 Safari/537.3"
94.26.106.155 - - [01/May/2026:11:40:40 -0400] "GET /appsettings.json HTTP/2.0" 404 196 "-" "Mozilla/5.0 (Windows NT 10.0; Win64; x64) AppleWebKit/537.36 (KHTML, like Gecko) Chrome/58.0.3029.110 Safari/537.3"
94.26.106.155 - - [01/May/2026:11:40:40 -0400] "GET /appsettings.Development.json HTTP/2.0" 404 196 "-" "Mozilla/5.0 (Windows NT 10.0; Win64; x64) AppleWebKit/537.36 (KHTML, like Gecko) Chrome/58.0.3029.110 Safari/537.3"
94.26.106.155 - - [01/May/2026:11:40:40 -0400] "GET /manifest.json HTTP/2.0" 404 196 "-" "Mozilla/5.0 (Windows NT 10.0; Win64; x64) AppleWebKit/537.36 (KHTML, like Gecko) Chrome/58.0.3029.110 Safari/537.3"
94.26.106.155 - - [01/May/2026:11:40:40 -0400] "GET /angular.json HTTP/2.0" 404 196 "-" "Mozilla/5.0 (Windows NT 10.0; Win64; x64) AppleWebKit/537.36 (KHTML, like Gecko) Chrome/58.0.3029.110 Safari/537.3"
94.26.106.155 - - [01/May/2026:11:40:40 -0400] "GET /vue.config.js HTTP/2.0" 403 199 "-" "Mozilla/5.0 (Windows NT 10.0; Win64; x64) AppleWebKit/537.36 (KHTML, like Gecko) Chrome/58.0.3029.110 Safari/537.3"
94.26.106.155 - - [01/May/2026:11:40:40 -0400] "GET /serverless.yml HTTP/2.0" 404 196 "-" "Mozilla/5.0 (Windows NT 10.0; Win64; x64) AppleWebKit/537.36 (KHTML, like Gecko) Chrome/58.0.3029.110 Safari/537.3"
94.26.106.155 - - [01/May/2026:11:40:40 -0400] "GET /appsettings.Production.json HTTP/2.0" 404 196 "-" "Mozilla/5.0 (Windows NT 10.0; Win64; x64) AppleWebKit/537.36 (KHTML, like Gecko) Chrome/58.0.3029.110 Safari/537.3"
94.26.106.155 - - [01/May/2026:11:40:40 -0400] "GET /tsconfig.json HTTP/2.0" 404 196 "-" "Mozilla/5.0 (Windows NT 10.0; Win64; x64) AppleWebKit/537.36 (KHTML, like Gecko) Chrome/58.0.3029.110 Safari/537.3"
94.26.106.155 - - [01/May/2026:11:40:40 -0400] "GET /.travis.yml HTTP/2.0" 404 196 "-" "Mozilla/5.0 (Windows NT 10.0; Win64; x64) AppleWebKit/537.36 (KHTML, like Gecko) Chrome/58.0.3029.110 Safari/537.3"
94.26.106.155 - - [01/May/2026:11:40:40 -0400] "GET /application.properties HTTP/2.0" 404 196 "-" "Mozilla/5.0 (Windows NT 10.0; Win64; x64) AppleWebKit/537.36 (KHTML, like Gecko) Chrome/58.0.3029.110 Safari/537.3"
94.26.106.155 - - [01/May/2026:11:40:40 -0400] "GET /application-dev.properties HTTP/2.0" 404 196 "-" "Mozilla/5.0 (Windows NT 10.0; Win64; x64) AppleWebKit/537.36 (KHTML, like Gecko) Chrome/58.0.3029.110 Safari/537.3"
94.26.106.155 - - [01/May/2026:11:40:40 -0400] "GET /.gitlab-ci.yml HTTP/2.0" 403 199 "-" "Mozilla/5.0 (Windows NT 10.0; Win64; x64) AppleWebKit/537.36 (KHTML, like Gecko) Chrome/58.0.3029.110 Safari/537.3"
94.26.106.155 - - [01/May/2026:11:40:40 -0400] "GET /.circleci/config.yml HTTP/2.0" 404 196 "-" "Mozilla/5.0 (Windows NT 10.0; Win64; x64) AppleWebKit/537.36 (KHTML, like Gecko) Chrome/58.0.3029.110 Safari/537.3"
94.26.106.155 - - [01/May/2026:11:40:40 -0400] "GET /settings.json HTTP/2.0" 404 196 "-" "Mozilla/5.0 (Windows NT 10.0; Win64; x64) AppleWebKit/537.36 (KHTML, like Gecko) Chrome/58.0.3029.110 Safari/537.3"
94.26.106.155 - - [01/May/2026:11:40:40 -0400] "GET /config.properties HTTP/2.0" 404 196 "-" "Mozilla/5.0 (Windows NT 10.0; Win64; x64) AppleWebKit/537.36 (KHTML, like Gecko) Chrome/58.0.3029.110 Safari/537.3"
94.26.106.155 - - [01/May/2026:11:40:40 -0400] "GET /.aws/credentials HTTP/2.0" 404 196 "-" "Mozilla/5.0 (Windows NT 10.0; Win64; x64) AppleWebKit/537.36 (KHTML, like Gecko) Chrome/58.0.3029.110 Safari/537.3"
94.26.106.155 - - [01/May/2026:11:40:40 -0400] "GET /settings.py HTTP/2.0" 404 196 "-" "Mozilla/5.0 (Windows NT 10.0; Win64; x64) AppleWebKit/537.36 (KHTML, like Gecko) Chrome/58.0.3029.110 Safari/537.3"
94.26.106.155 - - [01/May/2026:11:40:40 -0400] "GET /config.ini HTTP/2.0" 403 199 "-" "Mozilla/5.0 (Windows NT 10.0; Win64; x64) AppleWebKit/537.36 (KHTML, like Gecko) Chrome/58.0.3029.110 Safari/537.3"
94.26.106.155 - - [01/May/2026:11:40:39 -0400] "GET /error_log HTTP/2.0" 200 73354510 "-" "Mozilla/5.0 (Windows NT 10.0; Win64; x64) AppleWebKit/537.36 (KHTML, like Gecko) Chrome/58.0.3029.110 Safari/537.3"
47.128.33.23 - - [01/May/2026:11:41:13 -0400] "GET /robots.txt HTTP/1.1" 404 196 "-" "Mozilla/5.0 (Linux; Android 5.0) AppleWebKit/537.36 (KHTML, like Gecko) Mobile Safari/537.36 (compatible; Bytespider; spider-feedback@bytedance.com)"
103.114.39.231 - - [01/May/2026:11:50:56 -0400] "GET http://classicscash.com/gallhit.php?100045,19,2,1,0 HTTP/1.1" 500 - "http://classicscash.com/" "Mozilla/5.0 (Macintosh; Intel Mac OS X 10_15_7) AppleWebKit/605.1.15 (KHTML, like Gecko) Version/18.3.1 Safari/605.1.15"
37.27.51.131 - - [01/May/2026:11:52:44 -0400] "GET /robots.txt HTTP/1.1" 404 196 "-" "Mozilla/5.0 (compatible; SERankingBacklinksBot/1.0; +https://seranking.com/backlinks-crawler)"
37.27.51.131 - - [01/May/2026:11:52:45 -0400] "GET /gallhit.php?100095,7,15,1,0 HTTP/1.1" 500 - "-" "Mozilla/5.0 (compatible; SERankingBacklinksBot/1.0; +https://seranking.com/backlinks-crawler)"
14.163.37.68 - - [01/May/2026:12:00:05 -0400] "GET http://classicscash.com/gallhit.php?100003,26,2,1,2 HTTP/1.1" 500 - "http://classicscash.com/" "Mozilla/5.0 (X11; Linux x86_64) AppleWebKit/537.36 (KHTML, like Gecko) Chrome/135.0.0.0 Safari/537.36"
216.244.66.250 - - [01/May/2026:12:06:46 -0400] "GET /robots.txt HTTP/1.1" 404 196 "-" "Mozilla/5.0 (compatible; DotBot/1.2; +https://opensiteexplorer.org/dotbot; help@moz.com)"
216.244.66.250 - - [01/May/2026:12:18:19 -0400] "GET /ref.php?w=100078&c= HTTP/1.1" 500 - "-" "Mozilla/5.0 (compatible; DotBot/1.2; +https://opensiteexplorer.org/dotbot; help@moz.com)"
125.230.209.202 - - [01/May/2026:12:26:29 -0400] "GET /ref.php?c=%27 HTTP/1.1" 500 - "-" "BaiduSpider"
114.119.130.14 - - [01/May/2026:12:36:52 -0400] "GET /gallhit.php?100245%2C55%2C2%2C1%2C2 HTTP/1.1" 500 - "-" "Mozilla/5.0 (Linux; Android 7.0;) AppleWebKit/537.36 (HTML, like Gecko) Mobile Safari/537.36 (compatible; PetalBot;+https://webmaster.petalsearch.com/site/petalbot)"
106.202.41.8 - - [01/May/2026:12:41:46 -0400] "GET http://classicscash.com/gallhit.php?100095,53,2,2,0 HTTP/1.1" 500 - "http://classicscash.com/" "Mozilla/5.0 (Windows NT 10.0; Win64; x64) AppleWebKit/537.36 (KHTML, like Gecko) Chrome/134.0.0.0 Safari/537.36"
185.220.100.242 - - [01/May/2026:13:05:44 -0400] "GET / HTTP/1.1" 200 7621 "classicscash.com" "Mozilla/5.0 (Windows NT 6.3; Win64; x64) AppleWebKit/537.36 (KHTML, like Gecko) Chrome/81.0.4044.129 Safari/537.36 OPR/68.0.3618.93"
185.220.100.242 - - [01/May/2026:13:05:44 -0400] "GET /contact.php HTTP/1.1" 200 3589 "http://classicscash.com/contact.php" "Mozilla/5.0 (Windows NT 6.3; Win64; x64) AppleWebKit/537.36 (KHTML, like Gecko) Chrome/81.0.4044.129 Safari/537.36 OPR/68.0.3618.93"
45.84.107.101 - - [01/May/2026:13:05:45 -0400] "GET /faqs.php HTTP/1.1" 200 5217 "http://classicscash.com/faqs.php" "Mozilla/5.0 (Windows NT 6.3; Win64; x64) AppleWebKit/537.36 (KHTML, like Gecko) Chrome/81.0.4044.129 Safari/537.36 OPR/68.0.3618.93"
45.84.107.101 - - [01/May/2026:13:05:46 -0400] "GET /index.html HTTP/1.1" 200 7621 "http://classicscash.com/index.html" "Mozilla/5.0 (Windows NT 6.3; Win64; x64) AppleWebKit/537.36 (KHTML, like Gecko) Chrome/81.0.4044.129 Safari/537.36 OPR/68.0.3618.93"
45.84.107.101 - - [01/May/2026:13:05:47 -0400] "GET /index.php HTTP/1.1" 200 7586 "http://classicscash.com/index.php" "Mozilla/5.0 (Windows NT 6.3; Win64; x64) AppleWebKit/537.36 (KHTML, like Gecko) Chrome/81.0.4044.129 Safari/537.36 OPR/68.0.3618.93"
45.84.107.101 - - [01/May/2026:13:05:47 -0400] "GET /program.php HTTP/1.1" 200 6297 "http://classicscash.com/program.php" "Mozilla/5.0 (Windows NT 6.3; Win64; x64) AppleWebKit/537.36 (KHTML, like Gecko) Chrome/81.0.4044.129 Safari/537.36 OPR/68.0.3618.93"
45.84.107.101 - - [01/May/2026:13:05:48 -0400] "GET /sites.php HTTP/1.1" 200 9331 "http://classicscash.com/sites.php" "Mozilla/5.0 (Windows NT 6.3; Win64; x64) AppleWebKit/537.36 (KHTML, like Gecko) Chrome/81.0.4044.129 Safari/537.36 OPR/68.0.3618.93"
45.84.107.101 - - [01/May/2026:13:05:48 -0400] "GET /wmreg/wmreg.php?action=wmreg_default HTTP/1.1" 404 196 "http://classicscash.com/wmreg/wmreg.php?action=wmreg_default" "Mozilla/5.0 (Windows NT 6.3; Win64; x64) AppleWebKit/537.36 (KHTML, like Gecko) Chrome/81.0.4044.129 Safari/537.36 OPR/68.0.3618.93"
69.171.230.27 - - [01/May/2026:13:20:47 -0400] "GET /robots.txt HTTP/1.1" 404 196 "-" "facebookexternalhit/1.1 (+http://www.facebook.com/externalhit_uatext.php)"
37.19.205.195 - - [01/May/2026:13:21:04 -0400] "GET http://classicscash.com/gallhit.php?100024,125,15,1,0 HTTP/1.1" 500 - "http://classicscash.com/" "Mozilla/5.0 (Windows NT 10.0; Win64; x64) AppleWebKit/537.36 (KHTML, like Gecko) Chrome/135.0.0.0 Safari/537.36"
74.7.230.62 - - [01/May/2026:13:31:05 -0400] "GET /robots.txt HTTP/2.0" 404 196 "-" "Mozilla/5.0 (Macintosh; Intel Mac OS X 10_15_7) AppleWebKit/537.36 (KHTML, like Gecko) Chrome/131.0.0.0 Safari/537.36; compatible; OAI-SearchBot/1.3; robots.txt; +https://openai.com/searchbot"
74.7.243.236 - - [01/May/2026:13:31:05 -0400] "GET / HTTP/2.0" 200 1909 "-" "Mozilla/5.0 AppleWebKit/537.36 (KHTML, like Gecko; compatible; GPTBot/1.3; +https://openai.com/gptbot)"
74.7.243.236 - - [01/May/2026:13:31:08 -0400] "GET /classiccss.css HTTP/2.0" 200 484 "https://cms.classicscash.com/" "Mozilla/5.0 AppleWebKit/537.36 (KHTML, like Gecko; compatible; GPTBot/1.3; +https://openai.com/gptbot)"
74.7.243.236 - - [01/May/2026:13:31:11 -0400] "GET /index.html HTTP/2.0" 200 1909 "https://cms.classicscash.com/" "Mozilla/5.0 AppleWebKit/537.36 (KHTML, like Gecko; compatible; GPTBot/1.3; +https://openai.com/gptbot)"
74.7.243.236 - - [01/May/2026:13:31:13 -0400] "GET /sites.php HTTP/2.0" 200 1427 "https://cms.classicscash.com/" "Mozilla/5.0 AppleWebKit/537.36 (KHTML, like Gecko; compatible; GPTBot/1.3; +https://openai.com/gptbot)"
74.7.243.236 - - [01/May/2026:13:31:16 -0400] "GET /index.php HTTP/2.0" 200 1888 "https://cms.classicscash.com/" "Mozilla/5.0 AppleWebKit/537.36 (KHTML, like Gecko; compatible; GPTBot/1.3; +https://openai.com/gptbot)"
74.7.243.236 - - [01/May/2026:13:31:18 -0400] "GET /faqs.php HTTP/2.0" 200 1845 "https://cms.classicscash.com/" "Mozilla/5.0 AppleWebKit/537.36 (KHTML, like Gecko; compatible; GPTBot/1.3; +https://openai.com/gptbot)"
18.163.190.166 - - [01/May/2026:13:34:03 -0400] "GET /config/AspCms_Config.asp?A=Response.Write(1111*1111) HTTP/1.1" 404 196 "-" "Mozilla/5.0 (Windows NT 10.0; Win64; x64) Chrome/120.0.0.0"
37.27.51.131 - - [01/May/2026:13:43:05 -0400] "GET /robots.txt HTTP/1.1" 404 196 "-" "Mozilla/5.0 (compatible; SERankingBacklinksBot/1.0; +https://seranking.com/backlinks-crawler)"
37.27.51.131 - - [01/May/2026:13:43:05 -0400] "GET /gallhit.php?100095,7,15,2,0 HTTP/1.1" 500 - "-" "Mozilla/5.0 (compatible; SERankingBacklinksBot/1.0; +https://seranking.com/backlinks-crawler)"
66.249.79.173 - - [01/May/2026:13:52:20 -0400] "GET /index.html HTTP/1.1" 200 1909 "-" "Mozilla/5.0 (Linux; Android 6.0.1; Nexus 5X Build/MMB29P) AppleWebKit/537.36 (KHTML, like Gecko) Chrome/147.0.7727.137 Mobile Safari/537.36 (compatible; Googlebot/2.1; +http://www.google.com/bot.html)"
114.119.143.58 - - [01/May/2026:14:00:43 -0400] "GET /gallhit.php?100045%2C97%2C17%2C1%2C0 HTTP/1.1" 500 - "-" "Mozilla/5.0 (Linux; Android 7.0;) AppleWebKit/537.36 (HTML, like Gecko) Mobile Safari/537.36 (compatible; PetalBot;+https://webmaster.petalsearch.com/site/petalbot)"
43.161.251.162 - - [01/May/2026:14:17:24 -0400] "GET /webmasters/webmasters.php?action=login_default HTTP/1.1" 404 196 "-" "Mozilla/5.0 (iPhone; CPU iPhone OS 13_2_3 like Mac OS X) AppleWebKit/605.1.15 (KHTML, like Gecko) Version/13.0.3 Mobile/15E148 Safari/604.1"
189.135.205.83 - - [01/May/2026:14:22:04 -0400] "GET http://classicscash.com/hit.php HTTP/1.1" 500 - "http://classicscash.com/" "Mozilla/5.0 (Windows NT 10.0; Win64; x64) AppleWebKit/537.36 (KHTML, like Gecko) Chrome/135.0.0.0 Safari/537.36"
170.106.192.208 - - [01/May/2026:14:31:52 -0400] "GET /wmreg/wmreg.php?action=wmreg_default HTTP/1.1" 404 196 "-" "Mozilla/5.0 (iPhone; CPU iPhone OS 13_2_3 like Mac OS X) AppleWebKit/605.1.15 (KHTML, like Gecko) Version/13.0.3 Mobile/15E148 Safari/604.1"
37.27.51.131 - - [01/May/2026:14:49:14 -0400] "GET /robots.txt HTTP/1.1" 404 196 "-" "Mozilla/5.0 (compatible; SERankingBacklinksBot/1.0; +https://seranking.com/backlinks-crawler)"
37.27.51.131 - - [01/May/2026:14:49:15 -0400] "GET /gallhit.php?100095,73,17,1,0 HTTP/1.1" 500 - "-" "Mozilla/5.0 (compatible; SERankingBacklinksBot/1.0; +https://seranking.com/backlinks-crawler)"
175.27.171.245 - - [01/May/2026:14:54:01 -0400] "GET / HTTP/1.1" 200 1909 "-" "Mozilla/5.0 (iPhone; CPU iPhone OS 13_2_3 like Mac OS X) AppleWebKit/605.1.15 (KHTML, like Gecko) Version/13.0.3 Mobile/15E148 Safari/604.1"
14.174.8.108 - - [01/May/2026:15:01:56 -0400] "GET http://classicscash.com/gallhit.php?100210,154,15,1,0 HTTP/1.1" 500 - "http://classicscash.com/" "Mozilla/5.0 (Windows NT 10.0; Win64; x64) AppleWebKit/537.36 (KHTML, like Gecko) Chrome/135.0.0.0 Safari/537.36"
51.68.111.216 - - [01/May/2026:15:02:41 -0400] "GET /robots.txt HTTP/1.1" 404 196 "-" "Mozilla/5.0 (compatible; MJ12bot/v2.0.5; http://mj12bot.com/)"
51.68.111.216 - - [01/May/2026:15:02:41 -0400] "GET / HTTP/1.1" 200 1909 "-" "Mozilla/5.0 (compatible; MJ12bot/v2.0.5; http://mj12bot.com/)"
114.119.131.189 - - [01/May/2026:15:24:02 -0400] "GET /gallhit.php?100045%2C95%2C17%2C1%2C0 HTTP/1.1" 500 - "-" "Mozilla/5.0 (Linux; Android 7.0;) AppleWebKit/537.36 (HTML, like Gecko) Mobile Safari/537.36 (compatible; PetalBot;+https://webmaster.petalsearch.com/site/petalbot)"
40.77.167.26 - - [01/May/2026:15:25:08 -0400] "GET /sitemap.xml HTTP/1.1" 404 196 "-" "Mozilla/5.0 AppleWebKit/537.36 (KHTML, like Gecko; compatible; bingbot/2.0; +http://www.bing.com/bingbot.htm) Chrome/116.0.1938.76 Safari/537.36"
44.214.53.18 - - [01/May/2026:15:25:24 -0400] "GET /robots.txt HTTP/1.1" 404 196 "-" "Mozilla/5.0 (Macintosh; Intel Mac OS X 10_10_1) AppleWebKit/600.2.5 (KHTML, like Gecko) Version/8.0.2 Safari/600.2.5 (Gort)"
138.68.130.104 - - [01/May/2026:15:59:31 -0400] "GET / HTTP/1.1" 200 1909 "-" "Mozilla/5.0 (X11; Linux x86_64; rv:142.0) Gecko/20100101 Firefox/142.0"
138.68.130.104 - - [01/May/2026:15:59:31 -0400] "GET /favicon.ico HTTP/1.1" 404 196 "http://classicscash.com/" "Mozilla/5.0 (X11; Linux x86_64; rv:142.0) Gecko/20100101 Firefox/142.0"
104.193.121.69 - - [01/May/2026:16:19:27 -0400] "GET /.env HTTP/1.1" 403 199 "-" "Mozilla/5.0 (X11; Linux i686; rv:1.9.7.20) Gecko/ Firefox/3.6.13"
104.193.121.69 - - [01/May/2026:16:22:25 -0400] "GET /.env HTTP/1.1" 403 199 "-" "Mozilla/5.0 (Macintosh; Intel Mac OS X 10_15_7) AppleWebKit/537.36 (KHTML, like Gecko) Chrome/131.0.0.0 Safari/537.36; ClaudeBot/1.0; +claudebot@anthropic.com)"
80.85.245.250 - - [01/May/2026:16:23:20 -0400] "GET / HTTP/1.1" 200 1909 "-" "Mozilla/5.0 (Windows NT 10.0; Win64; x64) AppleWebKit/537.36 (KHTML, like Gecko) Chrome/120.0.0.0 Safari/537.36"
104.193.121.69 - - [01/May/2026:16:24:36 -0400] "GET /.env HTTP/1.1" 403 199 "-" "Mozilla/5.0 (Macintosh; Intel Mac OS X 10_10_5) AppleWebKit/603.3.8 (KHTML, like Gecko) Version/10.1.2 Safari/603.3.8"
40.77.167.150 - - [01/May/2026:16:31:22 -0400] "GET /sitemap.xml HTTP/1.1" 404 196 "-" "Mozilla/5.0 AppleWebKit/537.36 (KHTML, like Gecko; compatible; bingbot/2.0; +http://www.bing.com/bingbot.htm) Chrome/116.0.1938.76 Safari/537.36"
37.27.51.131 - - [01/May/2026:16:34:25 -0400] "GET /robots.txt HTTP/1.1" 404 196 "-" "Mozilla/5.0 (compatible; SERankingBacklinksBot/1.0; +https://seranking.com/backlinks-crawler)"
37.27.51.131 - - [01/May/2026:16:34:25 -0400] "GET /gallhit.php?100095,8,15,1,0 HTTP/1.1" 500 - "-" "Mozilla/5.0 (compatible; SERankingBacklinksBot/1.0; +https://seranking.com/backlinks-crawler)"
104.193.121.69 - - [01/May/2026:16:42:11 -0400] "GET /.git/config HTTP/1.1" 403 199 "-" "Mozilla/5.0 (Macintosh; Intel Mac OS X 10_15_7) AppleWebKit/605.1.15 (KHTML, like Gecko) Version/18.1 Mobile/15E148 Safari/604.1"
104.193.121.69 - - [01/May/2026:16:42:11 -0400] "GET /.env HTTP/1.1" 403 199 "-" "Mozilla/5.0 (Windows NT 10.0; Win64; x64; WOW64; rv:41.0) Gecko/20100101 Firefox/140.0 (x64 de)"
114.119.132.72 - - [01/May/2026:16:47:27 -0400] "GET /gallhit.php?100045%2C94%2C17%2C1%2C0 HTTP/1.1" 500 - "-" "Mozilla/5.0 (Linux; Android 7.0;) AppleWebKit/537.36 (HTML, like Gecko) Mobile Safari/537.36 (compatible; PetalBot;+https://webmaster.petalsearch.com/site/petalbot)"
104.193.121.69 - - [01/May/2026:16:53:32 -0400] "GET /.env HTTP/1.1" 403 199 "-" "Mozilla/5.0 (Windows NT 10.0; Win64; x64; rv:106.0) Gecko/20100101 Firefox/106.0"
104.193.121.69 - - [01/May/2026:16:53:32 -0400] "GET /.git/config HTTP/1.1" 403 199 "-" "Mozilla/5.0 (X11; Linux x86_64; rv:125.0) Gecko/20100101 Firefox/125.0"
104.193.121.69 - - [01/May/2026:16:59:06 -0400] "GET /.git/config HTTP/1.1" 403 199 "-" "Mozilla/5.0 (SS; Linux x86_64) AppleWebKit/537.36 (KHTML, like Gecko) Chrome/141.0.0.0 Safari/537.36"
104.193.121.69 - - [01/May/2026:16:59:06 -0400] "GET /.env HTTP/1.1" 403 199 "-" "Mozilla/5.0 (Fedora; Linux i686) AppleWebKit/537.36 (KHTML, like Gecko) Chrome/132.0.0.0 Safari/537.36"
104.193.121.69 - - [01/May/2026:17:06:14 -0400] "GET /.git/config HTTP/1.1" 403 199 "-" "Mozilla/5.0 (Windows NT 10.0; Win64; x64) AppleWebKit/537.36 (KHTML, like Gecko) Firefox/58.0.1"
104.193.121.69 - - [01/May/2026:17:06:14 -0400] "GET /.env HTTP/1.1" 403 199 "-" "Mozilla/5.0 (X11; Linux x86_64) AppleWebKit/537.36 (KHTML, like Gecko) Chrome/113.0.0.0 Safari/537.36"
104.193.121.69 - - [01/May/2026:17:13:08 -0400] "GET /adminer.php HTTP/1.1" 404 16 "-" "Mozilla/5.0 (ZZ; Linux x86_64) AppleWebKit/537.36 (KHTML, like Gecko) Chrome/140.0.0.0 Safari/537.36"
104.193.121.69 - - [01/May/2026:17:13:09 -0400] "GET /adminer/ HTTP/1.1" 404 196 "-" "Mozilla/5.0 (X11; Linux x86_64) AppleWebKit/537.36 (KHTML, like Gecko) Firefox/125.0"
104.193.121.69 - - [01/May/2026:17:13:09 -0400] "GET /phpmyadmin/ HTTP/1.1" 404 196 "-" "Mozilla/5.0 (X11; Ubuntu; Linux x86_64; rv:140.0) Gecko/20100101 Firefox/140.0"
104.193.121.69 - - [01/May/2026:17:13:09 -0400] "GET /pma/ HTTP/1.1" 404 196 "-" "Mozilla/5.0 (Ubuntu; Linux x86_64) AppleWebKit/537.36 (KHTML, like Gecko) Chrome/129.0.0.0 Safari/537.36"
104.193.121.69 - - [01/May/2026:17:13:09 -0400] "GET /mysql/ HTTP/1.1" 404 196 "-" "Mozilla/5.0 (Windows NT 10.0; Win64; x64; rv:131.0) Gecko/20100101 Firefox/131.0"
104.193.121.69 - - [01/May/2026:17:13:09 -0400] "GET /dbadmin/ HTTP/1.1" 404 196 "-" "Mozilla/5.0 (Debian; Linux i686) AppleWebKit/537.36 (KHTML, like Gecko) Chrome/136.0.0.0 Safari/537.36"
37.27.51.131 - - [01/May/2026:17:44:25 -0400] "GET /robots.txt HTTP/1.1" 404 196 "-" "Mozilla/5.0 (compatible; SERankingBacklinksBot/1.0; +https://seranking.com/backlinks-crawler)"
37.27.51.131 - - [01/May/2026:17:44:25 -0400] "GET /gallhit.php?100095,8,15,2,0 HTTP/1.1" 500 - "-" "Mozilla/5.0 (compatible; SERankingBacklinksBot/1.0; +https://seranking.com/backlinks-crawler)"
114.119.130.14 - - [01/May/2026:18:10:05 -0400] "GET /gallhit.php?100045%2C93%2C17%2C1%2C0 HTTP/1.1" 500 - "http://www.herehomemade.tv/free/movies/cucumber/movie.html" "Mozilla/5.0 (Linux; Android 7.0;) AppleWebKit/537.36 (HTML, like Gecko) Mobile Safari/537.36 (compatible; PetalBot;+https://webmaster.petalsearch.com/site/petalbot)"
157.180.59.87 - - [01/May/2026:18:53:14 -0400] "GET /hit.php?s=2&p=5&w=100039&t=0&c= HTTP/1.1" 302 279 "-" "Mozilla/5.0 (compatible; WebTrackrCrawler/1.0; +https://affsignal.com/bot)"
181.209.97.187 - - [01/May/2026:18:54:53 -0400] "GET http://classicscash.com/gallhit.php?100045,93,17,1,0 HTTP/1.1" 500 - "http://classicscash.com/" "Mozilla/5.0 (Windows NT 10.0; Win64; x64) AppleWebKit/537.36 (KHTML, like Gecko) Chrome/134.0.0.0 Safari/537.36"
37.27.51.131 - - [01/May/2026:19:28:37 -0400] "GET /robots.txt HTTP/1.1" 404 196 "-" "Mozilla/5.0 (compatible; SERankingBacklinksBot/1.0; +https://seranking.com/backlinks-crawler)"
37.27.51.131 - - [01/May/2026:19:28:37 -0400] "GET /gallhit.php?100095,9,15,1,0 HTTP/1.1" 500 - "-" "Mozilla/5.0 (compatible; SERankingBacklinksBot/1.0; +https://seranking.com/backlinks-crawler)"
114.119.132.72 - - [01/May/2026:19:33:30 -0400] "GET /gallhit.php?100045%2C85%2C17%2C1%2C0 HTTP/1.1" 500 - "-" "Mozilla/5.0 (Linux; Android 7.0;) AppleWebKit/537.36 (HTML, like Gecko) Mobile Safari/537.36 (compatible; PetalBot;+https://webmaster.petalsearch.com/site/petalbot)"
43.135.182.95 - - [01/May/2026:19:38:36 -0400] "GET / HTTP/1.1" 200 1909 "-" "Mozilla/5.0 (iPhone; CPU iPhone OS 13_2_3 like Mac OS X) AppleWebKit/605.1.15 (KHTML, like Gecko) Version/13.0.3 Mobile/15E148 Safari/604.1"
205.209.64.149 - - [01/May/2026:19:42:54 -0400] "GET http://classicscash.com/gallhit.php?100003,19,2,1,2 HTTP/1.1" 500 - "http://classicscash.com/" "Mozilla/5.0 (Windows NT 10.0; Win64; x64) AppleWebKit/537.36 (KHTML, like Gecko) Chrome/135.0.0.0 Safari/537.36"
104.193.121.69 - - [01/May/2026:20:02:34 -0400] "GET /.git/config HTTP/1.1" 403 199 "-" "Mozilla/5.0 (Knoppix; Linux i686) AppleWebKit/537.36 (KHTML, like Gecko) Chrome/132.0.0.0 Safari/537.36"
104.193.121.69 - - [01/May/2026:20:02:34 -0400] "GET /.env HTTP/1.1" 403 199 "-" "Mozilla/5.0 (Macintosh; Intel Mac OS X 10_15_1) AppleWebKit/605.1.15 (KHTML, like Gecko) Version/13.0.3 Safari/605.1.15"
104.193.121.69 - - [01/May/2026:20:08:41 -0400] "GET /adminer.php HTTP/1.1" 404 16 "-" "Mozilla/5.0 (Windows NT 10.0; Win64; x64) AppleWebKit/537.36 (KHTML, like Gecko) Chrome/70.0.3538.77 Safari/537.36"
104.193.121.69 - - [01/May/2026:20:08:41 -0400] "GET /adminer/ HTTP/1.1" 404 196 "-" "Mozilla/5.0 (Macintosh; Intel Mac OS X 10.15; rv:102.0) Gecko/20100101 Firefox/102.0"
104.193.121.69 - - [01/May/2026:20:08:41 -0400] "GET /phpmyadmin/ HTTP/1.1" 404 196 "-" "Mozilla/5.0 (X11; Linux i686; rv:1.9.6.20) Gecko/ Firefox/3.6.8"
104.193.121.69 - - [01/May/2026:20:08:41 -0400] "GET /pma/ HTTP/1.1" 404 196 "-" "Mozilla/5.0 (Windows NT 10.0; Win64; x64; rv:140.0) Gecko/20100101 Firefox/140.3"
104.193.121.69 - - [01/May/2026:20:08:41 -0400] "GET /mysql/ HTTP/1.1" 404 196 "-" "Mozilla/5.0 (X11; Linux x86_64) AppleWebKit/537.36 (KHTML, like Gecko) Version/4.0 Chrome/85.0.4183.127 Safari/537.36"
104.193.121.69 - - [01/May/2026:20:08:41 -0400] "GET /dbadmin/ HTTP/1.1" 404 196 "-" "Mozilla/5.0 (Windows NT 10.0; Win64; x64; rv:123.0) Gecko/20100101 Firefox/123.0"
43.157.191.20 - - [01/May/2026:20:19:47 -0400] "GET / HTTP/1.1" 200 1909 "-" "Mozilla/5.0 (iPhone; CPU iPhone OS 13_2_3 like Mac OS X) AppleWebKit/605.1.15 (KHTML, like Gecko) Version/13.0.3 Mobile/15E148 Safari/604.1"
114.119.157.4 - - [01/May/2026:20:56:46 -0400] "GET /gallhit.php?100045%2C8%2C15%2C1%2C0 HTTP/1.1" 500 - "http://mylovedanal.com/free/pics-movies/adam/" "Mozilla/5.0 (Linux; Android 7.0;) AppleWebKit/537.36 (HTML, like Gecko) Mobile Safari/537.36 (compatible; PetalBot;+https://webmaster.petalsearch.com/site/petalbot)"
216.244.66.250 - - [01/May/2026:21:01:28 -0400] "GET /robots.txt HTTP/1.1" 404 196 "-" "Mozilla/5.0 (compatible; DotBot/1.2; +https://opensiteexplorer.org/dotbot; help@moz.com)"
216.244.66.250 - - [01/May/2026:21:10:47 -0400] "GET /gallhit.php?100045,31,2,1,0 HTTP/1.1" 500 - "-" "Mozilla/5.0 (compatible; DotBot/1.2; +https://opensiteexplorer.org/dotbot; help@moz.com)"
216.244.66.250 - - [01/May/2026:21:11:29 -0400] "GET /hit.php?s=1&p=1&w=100046&t=0&c=13 HTTP/1.1" 302 262 "-" "Mozilla/5.0 (compatible; DotBot/1.2; +https://opensiteexplorer.org/dotbot; help@moz.com)"
216.244.66.250 - - [01/May/2026:21:11:38 -0400] "GET /hit.php?s=15&p=1&w=100001&t=0&c= HTTP/1.1" 302 259 "-" "Mozilla/5.0 (compatible; DotBot/1.2; +https://opensiteexplorer.org/dotbot; help@moz.com)"
216.244.66.250 - - [01/May/2026:21:11:48 -0400] "GET /hit.php?s=17&p=1&w=100228&t=0&c=64 HTTP/1.1" 302 257 "-" "Mozilla/5.0 (compatible; DotBot/1.2; +https://opensiteexplorer.org/dotbot; help@moz.com)"
216.244.66.250 - - [01/May/2026:21:11:55 -0400] "GET /hit.php?s=2&p=2&w=100095&t=0&c=29 HTTP/1.1" 302 265 "-" "Mozilla/5.0 (compatible; DotBot/1.2; +https://opensiteexplorer.org/dotbot; help@moz.com)"
216.244.66.250 - - [01/May/2026:21:12:01 -0400] "GET /hit.php?s=8&p=1&w=100199&t=0&c= HTTP/1.1" 302 262 "-" "Mozilla/5.0 (compatible; DotBot/1.2; +https://opensiteexplorer.org/dotbot; help@moz.com)"
37.27.51.131 - - [01/May/2026:21:17:35 -0400] "GET /gallhit.php?100245,21,2,1,2 HTTP/1.1" 500 - "-" "Mozilla/5.0 (compatible; SERankingBacklinksBot/1.0; +https://seranking.com/backlinks-crawler)"
216.244.66.250 - - [01/May/2026:21:51:35 -0400] "GET /robots.txt HTTP/1.1" 404 196 "-" "Mozilla/5.0 (compatible; DotBot/1.2; +https://opensiteexplorer.org/dotbot; help@moz.com)"
216.244.66.250 - - [01/May/2026:22:00:30 -0400] "GET /hit.php?s=2&p=1&w=100048&t=0&c=17 HTTP/1.1" 302 265 "-" "Mozilla/5.0 (compatible; DotBot/1.2; +https://opensiteexplorer.org/dotbot; help@moz.com)"
216.244.66.250 - - [01/May/2026:22:01:32 -0400] "GET /gallhit.php?100045,139,17,1,0 HTTP/1.1" 500 - "-" "Mozilla/5.0 (compatible; DotBot/1.2; +https://opensiteexplorer.org/dotbot; help@moz.com)"
216.244.66.250 - - [01/May/2026:22:01:40 -0400] "GET /gallhit.php?100245,29,2,1,2 HTTP/1.1" 500 - "-" "Mozilla/5.0 (compatible; DotBot/1.2; +https://opensiteexplorer.org/dotbot; help@moz.com)"
216.244.66.250 - - [01/May/2026:22:02:04 -0400] "GET /gallhit.php?100003,13,15,1,0 HTTP/1.1" 500 - "-" "Mozilla/5.0 (compatible; DotBot/1.2; +https://opensiteexplorer.org/dotbot; help@moz.com)"
216.244.66.250 - - [01/May/2026:22:02:33 -0400] "GET /hit.php?s=16&p=1&w=100191&t=0&c=54 HTTP/1.1" 302 263 "-" "Mozilla/5.0 (compatible; DotBot/1.2; +https://opensiteexplorer.org/dotbot; help@moz.com)"
216.244.66.250 - - [01/May/2026:22:03:02 -0400] "GET /hit.php?s=17&p=1&w=100187&t=0&c=55 HTTP/1.1" 302 257 "-" "Mozilla/5.0 (compatible; DotBot/1.2; +https://opensiteexplorer.org/dotbot; help@moz.com)"
114.119.143.58 - - [01/May/2026:22:20:23 -0400] "GET /gallhit.php?100045%2C65%2C15%2C1%2C0 HTTP/1.1" 500 - "-" "Mozilla/5.0 (Linux; Android 7.0;) AppleWebKit/537.36 (HTML, like Gecko) Mobile Safari/537.36 (compatible; PetalBot;+https://webmaster.petalsearch.com/site/petalbot)"
185.191.171.10 - - [01/May/2026:22:30:43 -0400] "GET /robots.txt HTTP/1.1" 404 196 "-" "Mozilla/5.0 (compatible; SemrushBot/7~bl; +http://www.semrush.com/bot.html)"
185.191.171.1 - - [01/May/2026:22:30:43 -0400] "GET /faqs.php HTTP/1.1" 200 1845 "-" "Mozilla/5.0 (compatible; SemrushBot/7~bl; +http://www.semrush.com/bot.html)"
47.128.33.79 - - [01/May/2026:22:39:45 -0400] "GET /robots.txt HTTP/1.1" 404 196 "-" "Mozilla/5.0 (Linux; Android 5.0) AppleWebKit/537.36 (KHTML, like Gecko) Mobile Safari/537.36 (compatible; Bytespider; spider-feedback@bytedance.com)"
216.244.66.250 - - [01/May/2026:22:42:29 -0400] "GET /robots.txt HTTP/1.1" 404 196 "-" "Mozilla/5.0 (compatible; DotBot/1.2; +https://opensiteexplorer.org/dotbot; help@moz.com)"
47.128.33.80 - - [01/May/2026:22:43:53 -0400] "GET /robots.txt HTTP/1.1" 404 196 "-" "Mozilla/5.0 (Linux; Android 5.0) AppleWebKit/537.36 (KHTML, like Gecko) Mobile Safari/537.36 (compatible; Bytespider; spider-feedback@bytedance.com)"
65.109.35.209 - - [01/May/2026:22:57:09 -0400] "GET /robots.txt HTTP/1.1" 404 196 "-" "Mozilla/5.0 (compatible; AwarioBot/1.0; +https://awario.com/bots.html)"
65.109.35.209 - - [01/May/2026:22:57:09 -0400] "GET /gallhit.php?100095,53,2,2,0 HTTP/1.1" 500 - "-" "Mozilla/5.0 (compatible; AwarioBot/1.0; +https://awario.com/bots.html)"
37.27.51.131 - - [01/May/2026:22:58:46 -0400] "GET /gallhit.php?100245,22,2,1,2 HTTP/1.1" 500 - "-" "Mozilla/5.0 (compatible; SERankingBacklinksBot/1.0; +https://seranking.com/backlinks-crawler)"
49.36.138.83 - - [01/May/2026:22:59:24 -0400] "GET /faqs.php HTTP/1.1" 200 1845 "-" "Mozilla/5.0 (Macintosh; Intel Mac OS X 14_4_1) AppleWebKit/537.36 (KHTML, like Gecko) Chrome/134.0.6998.45 Safari/537.36"
52.3.104.214 - - [01/May/2026:23:00:35 -0400] "GET / HTTP/1.1" 200 1909 "-" "Mozilla/5.0 AppleWebKit/537.36 (KHTML, like Gecko; compatible; Amazonbot/0.1; +https://developer.amazon.com/support/amazonbot) Chrome/119.0.6045.214 Safari/537.36"
18.211.148.239 - - [01/May/2026:23:00:37 -0400] "GET /images/sites/jennique.jpg HTTP/1.1" 404 196 "-" "Mozilla/5.0 AppleWebKit/537.36 (KHTML, like Gecko; compatible; Amazonbot/0.1; +https://developer.amazon.com/support/amazonbot) Chrome/119.0.6045.214 Safari/537.36"
34.231.45.47 - - [01/May/2026:23:00:41 -0400] "GET /images/sites/xratedclassics.jpg HTTP/1.1" 404 196 "-" "Mozilla/5.0 AppleWebKit/537.36 (KHTML, like Gecko; compatible; Amazonbot/0.1; +https://developer.amazon.com/support/amazonbot) Chrome/119.0.6045.214 Safari/537.36"
130.211.61.255 - - [01/May/2026:23:18:26 -0400] "GET / HTTP/1.1" 200 7621 "-" "Mozilla/5.0 (Windows NT 10.0; Win64; x64) AppleWebKit/537.36 (KHTML, like Gecko) Chrome/84.0.4147.105 Safari/537.36"
14.179.16.186 - - [01/May/2026:23:22:49 -0400] "GET http://classicscash.com/gallhit.php?100003,11,15,1,0 HTTP/1.1" 500 - "http://classicscash.com/" "Mozilla/5.0 (Macintosh; Intel Mac OS X 10_15_7) AppleWebKit/605.1.15 (KHTML, like Gecko) Version/18.4 Safari/605.1.15"
185.191.171.19 - - [01/May/2026:23:36:21 -0400] "GET /robots.txt HTTP/1.1" 404 196 "-" "Mozilla/5.0 (compatible; SemrushBot/7~bl; +http://www.semrush.com/bot.html)"
185.191.171.8 - - [01/May/2026:23:36:21 -0400] "GET /gallhit.php?100038%2C3%2C15%2C2%2C0 HTTP/1.1" 500 - "-" "Mozilla/5.0 (compatible; SemrushBot/7~bl; +http://www.semrush.com/bot.html)"
185.191.171.10 - - [01/May/2026:23:36:50 -0400] "GET /program.php HTTP/1.1" 200 1573 "-" "Mozilla/5.0 (compatible; SemrushBot/7~bl; +http://www.semrush.com/bot.html)"
114.119.135.35 - - [01/May/2026:23:43:35 -0400] "GET /gallhit.php?100045%2C64%2C15%2C1%2C0 HTTP/1.1" 500 - "http://mylovedanal.com/free/pics-movies/adam/" "Mozilla/5.0 (Linux; Android 7.0;) AppleWebKit/537.36 (HTML, like Gecko) Mobile Safari/537.36 (compatible; PetalBot;+https://webmaster.petalsearch.com/site/petalbot)"
216.73.217.32 - - [02/May/2026:00:09:32 -0400] "GET /robots.txt HTTP/1.1" 404 196 "-" "Mozilla/5.0 AppleWebKit/537.36 (KHTML, like Gecko; compatible; ClaudeBot/1.0; +claudebot@anthropic.com)"
216.73.217.32 - - [02/May/2026:00:09:37 -0400] "GET /program.php HTTP/1.1" 200 1573 "-" "Mozilla/5.0 AppleWebKit/537.36 (KHTML, like Gecko; compatible; ClaudeBot/1.0; +claudebot@anthropic.com)"
37.27.51.131 - - [02/May/2026:00:47:03 -0400] "GET /gallhit.php?100245,23,2,1,2 HTTP/1.1" 500 - "-" "Mozilla/5.0 (compatible; SERankingBacklinksBot/1.0; +https://seranking.com/backlinks-crawler)"
106.8.137.64 - - [02/May/2026:01:06:02 -0400] "GET / HTTP/1.1" 200 1909 "-" "YisouSpider"
116.132.252.6 - - [02/May/2026:01:06:03 -0400] "GET /classiccss.css HTTP/1.1" 200 484 "http://www.classicscash.com/" "YisouSpider"
114.119.157.4 - - [02/May/2026:01:07:05 -0400] "GET /gallhit.php?100045%2C59%2C1%2C1%2C0 HTTP/1.1" 500 - "http://www.mylovedgays.com/free/pics/siffredi/" "Mozilla/5.0 (Linux; Android 7.0;) AppleWebKit/537.36 (HTML, like Gecko) Mobile Safari/537.36 (compatible; PetalBot;+https://webmaster.petalsearch.com/site/petalbot)"
14.189.7.137 - - [02/May/2026:01:58:50 -0400] "GET /index.php HTTP/1.1" 200 1888 "-" "Mozilla/5.0 (Macintosh; Intel Mac OS X 15.1; rv:126.0) Gecko/20100101 Firefox/126.0"
44.194.98.103 - - [02/May/2026:01:59:18 -0400] "GET /robots.txt HTTP/1.1" 404 196 "-" "Mozilla/5.0 (Macintosh; Intel Mac OS X 10_10_1) AppleWebKit/600.2.5 (KHTML, like Gecko) Version/8.0.2 Safari/600.2.5 (Gort)"
104.193.121.69 - - [02/May/2026:02:02:37 -0400] "GET /.git/config HTTP/1.1" 403 199 "-" "Mozilla/5.0 (Macintosh; Intel Mac OS X 10_15_7) AppleWebKit/605.1.15 (KHTML, like Gecko) Version/15.4 Safari/605.1.15"
104.193.121.69 - - [02/May/2026:02:02:37 -0400] "GET /.env HTTP/1.1" 403 199 "-" "Mozilla/5.0 (Macintosh; U; Intel Mac OS X 10_5_5; en-us) AppleWebKit/525.25 (KHTML, like Gecko) Version/3.2 Safari/525.25"
104.193.121.69 - - [02/May/2026:02:09:04 -0400] "GET /adminer.php HTTP/1.1" 404 16 "-" "Mozilla/5.0 (Fedora; Linux i686) AppleWebKit/537.36 (KHTML, like Gecko) Chrome/139.0.0.0 Safari/537.36"
104.193.121.69 - - [02/May/2026:02:09:04 -0400] "GET /adminer/ HTTP/1.1" 404 196 "-" "Mozilla/5.0 (X11; Linux i686; rv:1.9.5.20) Gecko/ Firefox/10.0"
104.193.121.69 - - [02/May/2026:02:09:04 -0400] "GET /phpmyadmin/ HTTP/1.1" 404 196 "-" "Mozilla/5.0 (Macintosh; U; Intel Mac OS X 10_5_4; en-gb) AppleWebKit/528.4+ (KHTML, like Gecko) Version/4.0dp1 Safari/526.11.2"
104.193.121.69 - - [02/May/2026:02:09:04 -0400] "GET /pma/ HTTP/1.1" 404 196 "-" "Mozilla/5.0 (Macintosh; Intel Mac OS X 10_15_4) AppleWebKit/605.1.15 (KHTML, like Gecko) Version/13.1.2 Safari/605.1.15"
104.193.121.69 - - [02/May/2026:02:09:04 -0400] "GET /mysql/ HTTP/1.1" 404 196 "-" "Mozilla/5.0 (Windows NT 10.0; Win64; x64) AppleWebKit/537.36 (KHTML, like Gecko) Safari/537.36"
104.193.121.69 - - [02/May/2026:02:09:04 -0400] "GET /dbadmin/ HTTP/1.1" 404 196 "-" "Mozilla/5.0 (CentOS; Linux i686) AppleWebKit/537.36 (KHTML, like Gecko) Chrome/132.0.0.0 Safari/537.36"
62.210.198.165 - - [02/May/2026:02:24:57 -0400] "HEAD / HTTP/1.1" 200 - "-" "curl/7.81.0"
62.210.198.165 - - [02/May/2026:02:24:59 -0400] "GET / HTTP/1.1" 200 1909 "-" "Mozilla/5.0 (X11; Linux x86_64) AppleWebKit/537.36 (KHTML, like Gecko) Chrome/134.0.0.0 Safari/537.3"
62.210.198.165 - - [02/May/2026:02:24:59 -0400] "GET /classiccss.css HTTP/1.1" 200 484 "http://classicscash.com/" "Mozilla/5.0 (X11; Linux x86_64) AppleWebKit/537.36 (KHTML, like Gecko) Chrome/134.0.0.0 Safari/537.3"
62.210.198.165 - - [02/May/2026:02:24:59 -0400] "GET /images/index_03.gif HTTP/1.1" 404 196 "http://classicscash.com/" "Mozilla/5.0 (X11; Linux x86_64) AppleWebKit/537.36 (KHTML, like Gecko) Chrome/134.0.0.0 Safari/537.3"
62.210.198.165 - - [02/May/2026:02:24:59 -0400] "GET /images/index_01.gif HTTP/1.1" 404 196 "http://classicscash.com/" "Mozilla/5.0 (X11; Linux x86_64) AppleWebKit/537.36 (KHTML, like Gecko) Chrome/134.0.0.0 Safari/537.3"
62.210.198.165 - - [02/May/2026:02:24:59 -0400] "GET /images/sites/jennique.jpg HTTP/1.1" 404 196 "http://classicscash.com/" "Mozilla/5.0 (X11; Linux x86_64) AppleWebKit/537.36 (KHTML, like Gecko) Chrome/134.0.0.0 Safari/537.3"
62.210.198.165 - - [02/May/2026:02:24:59 -0400] "GET /images/section-top.gif HTTP/1.1" 404 196 "http://classicscash.com/" "Mozilla/5.0 (X11; Linux x86_64) AppleWebKit/537.36 (KHTML, like Gecko) Chrome/134.0.0.0 Safari/537.3"
62.210.198.165 - - [02/May/2026:02:24:59 -0400] "GET /images/featuredsites.gif HTTP/1.1" 404 196 "http://classicscash.com/" "Mozilla/5.0 (X11; Linux x86_64) AppleWebKit/537.36 (KHTML, like Gecko) Chrome/134.0.0.0 Safari/537.3"
62.210.198.165 - - [02/May/2026:02:24:59 -0400] "GET /images/sites/xratedclassics.jpg HTTP/1.1" 404 196 "http://classicscash.com/" "Mozilla/5.0 (X11; Linux x86_64) AppleWebKit/537.36 (KHTML, like Gecko) Chrome/134.0.0.0 Safari/537.3"
62.210.198.165 - - [02/May/2026:02:24:59 -0400] "GET /images/section-foot.gif HTTP/1.1" 404 196 "http://classicscash.com/" "Mozilla/5.0 (X11; Linux x86_64) AppleWebKit/537.36 (KHTML, like Gecko) Chrome/134.0.0.0 Safari/537.3"
62.210.198.165 - - [02/May/2026:02:24:59 -0400] "GET /images/buttons-revshare.gif HTTP/1.1" 404 196 "http://classicscash.com/" "Mozilla/5.0 (X11; Linux x86_64) AppleWebKit/537.36 (KHTML, like Gecko) Chrome/134.0.0.0 Safari/537.3"
62.210.198.165 - - [02/May/2026:02:24:59 -0400] "GET /images/sites/malelegends.jpg HTTP/1.1" 404 196 "http://classicscash.com/" "Mozilla/5.0 (X11; Linux x86_64) AppleWebKit/537.36 (KHTML, like Gecko) Chrome/134.0.0.0 Safari/537.3"
62.210.198.165 - - [02/May/2026:02:24:59 -0400] "GET /images/section-body.gif HTTP/1.1" 404 196 "http://classicscash.com/" "Mozilla/5.0 (X11; Linux x86_64) AppleWebKit/537.36 (KHTML, like Gecko) Chrome/134.0.0.0 Safari/537.3"
62.210.198.165 - - [02/May/2026:02:24:59 -0400] "GET /images/index_02.gif HTTP/1.1" 404 196 "http://classicscash.com/" "Mozilla/5.0 (X11; Linux x86_64) AppleWebKit/537.36 (KHTML, like Gecko) Chrome/134.0.0.0 Safari/537.3"
62.210.198.165 - - [02/May/2026:02:24:59 -0400] "GET /images/latestnews.gif HTTP/1.1" 404 196 "http://classicscash.com/" "Mozilla/5.0 (X11; Linux x86_64) AppleWebKit/537.36 (KHTML, like Gecko) Chrome/134.0.0.0 Safari/537.3"
62.210.198.165 - - [02/May/2026:02:24:59 -0400] "GET /images/buttons-freshsites.gif HTTP/1.1" 404 196 "http://classicscash.com/" "Mozilla/5.0 (X11; Linux x86_64) AppleWebKit/537.36 (KHTML, like Gecko) Chrome/134.0.0.0 Safari/537.3"
62.210.198.165 - - [02/May/2026:02:24:59 -0400] "GET /images/section-subtop.gif HTTP/1.1" 404 196 "http://classicscash.com/" "Mozilla/5.0 (X11; Linux x86_64) AppleWebKit/537.36 (KHTML, like Gecko) Chrome/134.0.0.0 Safari/537.3"
62.210.198.165 - - [02/May/2026:02:24:59 -0400] "GET /images/buttons-referrals.gif HTTP/1.1" 404 196 "http://classicscash.com/" "Mozilla/5.0 (X11; Linux x86_64) AppleWebKit/537.36 (KHTML, like Gecko) Chrome/134.0.0.0 Safari/537.3"
62.210.198.165 - - [02/May/2026:02:24:59 -0400] "GET /images/buttons-pps.gif HTTP/1.1" 404 196 "http://classicscash.com/" "Mozilla/5.0 (X11; Linux x86_64) AppleWebKit/537.36 (KHTML, like Gecko) Chrome/134.0.0.0 Safari/537.3"
62.210.198.165 - - [02/May/2026:02:24:59 -0400] "GET /images/arrow.gif HTTP/1.1" 404 196 "http://classicscash.com/" "Mozilla/5.0 (X11; Linux x86_64) AppleWebKit/537.36 (KHTML, like Gecko) Chrome/134.0.0.0 Safari/537.3"
62.210.198.165 - - [02/May/2026:02:24:59 -0400] "GET /images/restofoursites.gif HTTP/1.1" 404 196 "http://classicscash.com/" "Mozilla/5.0 (X11; Linux x86_64) AppleWebKit/537.36 (KHTML, like Gecko) Chrome/134.0.0.0 Safari/537.3"
62.210.198.165 - - [02/May/2026:02:24:59 -0400] "GET /images/topbg.gif HTTP/1.1" 404 196 "http://classicscash.com/classiccss.css" "Mozilla/5.0 (X11; Linux x86_64) AppleWebKit/537.36 (KHTML, like Gecko) Chrome/134.0.0.0 Safari/537.3"
62.210.198.165 - - [02/May/2026:02:24:59 -0400] "GET /images/footer.gif HTTP/1.1" 404 196 "http://classicscash.com/classiccss.css" "Mozilla/5.0 (X11; Linux x86_64) AppleWebKit/537.36 (KHTML, like Gecko) Chrome/134.0.0.0 Safari/537.3"
62.210.198.165 - - [02/May/2026:02:25:00 -0400] "GET /favicon.ico HTTP/1.1" 404 196 "http://classicscash.com/" "Mozilla/5.0 (X11; Linux x86_64) AppleWebKit/537.36 (KHTML, like Gecko) Chrome/134.0.0.0 Safari/537.3"
62.210.198.165 - - [02/May/2026:02:25:03 -0400] "GET /favicon.ico HTTP/1.1" 404 196 "-" "Mozilla/5.0 (X11; Linux x86_64) AppleWebKit/537.36 (KHTML, like Gecko) Chrome/134.0.0.0 Safari/537.3"
62.210.198.165 - - [02/May/2026:02:25:05 -0400] "GET /ads.txt HTTP/1.1" 404 196 "-" "Mozilla/5.0 (X11; Linux x86_64) AppleWebKit/537.36 (KHTML, like Gecko) Chrome/134.0.0.0 Safari/537.3"
62.210.198.165 - - [02/May/2026:02:25:05 -0400] "GET /app-ads.txt HTTP/1.1" 404 196 "-" "Mozilla/5.0 (X11; Linux x86_64) AppleWebKit/537.36 (KHTML, like Gecko) Chrome/134.0.0.0 Safari/537.3"
62.210.198.165 - - [02/May/2026:02:25:06 -0400] "GET /sellers.json HTTP/1.1" 404 196 "-" "Mozilla/5.0 (X11; Linux x86_64) AppleWebKit/537.36 (KHTML, like Gecko) Chrome/134.0.0.0 Safari/537.3"
114.119.132.72 - - [02/May/2026:02:30:26 -0400] "GET /gallhit.php?100045%2C57%2C1%2C1%2C0 HTTP/1.1" 500 - "http://mylovedblack.com/free/pics-movies/heather/lee.html" "Mozilla/5.0 (Linux; Android 7.0;) AppleWebKit/537.36 (HTML, like Gecko) Mobile Safari/537.36 (compatible; PetalBot;+https://webmaster.petalsearch.com/site/petalbot)"
37.27.51.131 - - [02/May/2026:02:38:06 -0400] "GET /gallhit.php?100245,24,2,1,2 HTTP/1.1" 500 - "-" "Mozilla/5.0 (compatible; SERankingBacklinksBot/1.0; +https://seranking.com/backlinks-crawler)"
18.163.190.166 - - [02/May/2026:03:02:17 -0400] "GET /config/AspCms_Config.asp?A=Response.Write(1111*1111) HTTP/1.1" 404 196 "-" "Mozilla/5.0 (Windows NT 10.0; Win64; x64) Chrome/120.0.0.0"
111.230.233.46 - - [02/May/2026:03:08:31 -0400] "GET / HTTP/1.1" 200 1909 "-" "Mozilla/5.0 (iPhone; CPU iPhone OS 13_2_3 like Mac OS X) AppleWebKit/605.1.15 (KHTML, like Gecko) Version/13.0.3 Mobile/15E148 Safari/604.1"
185.191.171.1 - - [02/May/2026:03:13:15 -0400] "GET /robots.txt HTTP/1.1" 404 196 "-" "Mozilla/5.0 (compatible; SemrushBot/7~bl; +http://www.semrush.com/bot.html)"
85.208.96.204 - - [02/May/2026:03:13:15 -0400] "GET /contact.php HTTP/1.1" 200 1198 "-" "Mozilla/5.0 (compatible; SemrushBot/7~bl; +http://www.semrush.com/bot.html)"
49.32.247.237 - - [02/May/2026:03:40:52 -0400] "GET http://classicscash.com/gallhit.php?100003,8,15,1,0 HTTP/1.1" 500 - "http://classicscash.com/" "Mozilla/5.0 (Windows NT 10.0; Win64; x64) AppleWebKit/537.36 (KHTML, like Gecko) Chrome/134.0.0.0 Safari/537.36"
216.244.66.250 - - [02/May/2026:03:50:59 -0400] "GET /robots.txt HTTP/1.1" 404 196 "-" "Mozilla/5.0 (compatible; DotBot/1.2; +https://opensiteexplorer.org/dotbot; help@moz.com)"
66.249.79.173 - - [02/May/2026:03:54:24 -0400] "GET /robots.txt HTTP/1.1" 404 196 "-" "Mozilla/5.0 (compatible; Googlebot/2.1; +http://www.google.com/bot.html)"
66.249.79.172 - - [02/May/2026:03:54:24 -0400] "GET /index.php HTTP/1.1" 200 1888 "-" "Mozilla/5.0 (Linux; Android 6.0.1; Nexus 5X Build/MMB29P) AppleWebKit/537.36 (KHTML, like Gecko) Chrome/147.0.7727.137 Mobile Safari/537.36 (compatible; Googlebot/2.1; +http://www.google.com/bot.html)"
66.249.79.171 - - [02/May/2026:03:54:40 -0400] "GET /classiccss.css HTTP/1.1" 200 484 "http://classicscash.com/index.php" "Mozilla/5.0 (Linux; Android 6.0.1; Nexus 5X Build/MMB29P) AppleWebKit/537.36 (KHTML, like Gecko) Chrome/147.0.7727.137 Mobile Safari/537.36 (compatible; Googlebot/2.1; +http://www.google.com/bot.html)"
216.244.66.250 - - [02/May/2026:04:01:05 -0400] "GET /gallhit.php?100235,47,2,1,0 HTTP/1.1" 500 - "-" "Mozilla/5.0 (compatible; DotBot/1.2; +https://opensiteexplorer.org/dotbot; help@moz.com)"
216.244.66.250 - - [02/May/2026:04:01:15 -0400] "GET /gallhit.php?100235,5,15,1,0 HTTP/1.1" 500 - "-" "Mozilla/5.0 (compatible; DotBot/1.2; +https://opensiteexplorer.org/dotbot; help@moz.com)"
216.244.66.250 - - [02/May/2026:04:01:35 -0400] "GET /gallhit.php?100245,23,2,1,2 HTTP/1.1" 500 - "-" "Mozilla/5.0 (compatible; DotBot/1.2; +https://opensiteexplorer.org/dotbot; help@moz.com)"
216.244.66.250 - - [02/May/2026:04:02:08 -0400] "GET /hit.php?s=17&p=1&w=100199&t=0&c=0&cs=0 HTTP/1.1" 302 265 "-" "Mozilla/5.0 (compatible; DotBot/1.2; +https://opensiteexplorer.org/dotbot; help@moz.com)"
216.244.66.250 - - [02/May/2026:04:10:16 -0400] "GET /ref.php?w=100035 HTTP/1.1" 500 - "-" "Mozilla/5.0 (compatible; DotBot/1.2; +https://opensiteexplorer.org/dotbot; help@moz.com)"
216.244.66.250 - - [02/May/2026:04:14:19 -0400] "GET /hit.php?s=2&p=1&w=100163&t=0&c= HTTP/1.1" 302 263 "-" "Mozilla/5.0 (compatible; DotBot/1.2; +https://opensiteexplorer.org/dotbot; help@moz.com)"
37.27.51.131 - - [02/May/2026:04:21:58 -0400] "GET /gallhit.php?100245,25,2,1,2 HTTP/1.1" 500 - "-" "Mozilla/5.0 (compatible; SERankingBacklinksBot/1.0; +https://seranking.com/backlinks-crawler)"
170.106.148.137 - - [02/May/2026:04:28:15 -0400] "GET / HTTP/1.1" 200 1909 "-" "Mozilla/5.0 (iPhone; CPU iPhone OS 13_2_3 like Mac OS X) AppleWebKit/605.1.15 (KHTML, like Gecko) Version/13.0.3 Mobile/15E148 Safari/604.1"
43.135.142.37 - - [02/May/2026:04:55:07 -0400] "GET / HTTP/1.1" 200 1909 "-" "Mozilla/5.0 (iPhone; CPU iPhone OS 13_2_3 like Mac OS X) AppleWebKit/605.1.15 (KHTML, like Gecko) Version/13.0.3 Mobile/15E148 Safari/604.1"
60.49.63.200 - - [02/May/2026:05:21:45 -0400] "GET http://classicscash.com/gallhit.php?100003,34,2,1,2 HTTP/1.1" 500 - "http://classicscash.com/" "Mozilla/5.0 (Windows NT 10.0; Win64; x64) AppleWebKit/537.36 (KHTML, like Gecko) Chrome/135.0.0.0 Safari/537.36"
51.75.128.81 - - [02/May/2026:05:23:03 -0400] "GET /robots.txt HTTP/1.1" 404 196 "-" "Mozilla/5.0 (compatible; MJ12bot/v1.4.8; http://mj12bot.com/)"
51.75.128.81 - - [02/May/2026:05:23:05 -0400] "GET /sites.php HTTP/1.1" 200 1427 "-" "Mozilla/5.0 (compatible; MJ12bot/v1.4.8; http://mj12bot.com/)"
37.27.51.131 - - [02/May/2026:05:52:43 -0400] "GET /gallhit.php?100245,26,2,1,2 HTTP/1.1" 500 - "-" "Mozilla/5.0 (compatible; SERankingBacklinksBot/1.0; +https://seranking.com/backlinks-crawler)"
216.244.66.250 - - [02/May/2026:06:22:19 -0400] "GET /robots.txt HTTP/1.1" 404 196 "-" "Mozilla/5.0 (compatible; DotBot/1.2; +https://opensiteexplorer.org/dotbot; help@moz.com)"
74.7.230.62 - - [02/May/2026:06:23:37 -0400] "GET /robots.txt HTTP/2.0" 404 196 "-" "Mozilla/5.0 (Macintosh; Intel Mac OS X 10_15_7) AppleWebKit/537.36 (KHTML, like Gecko) Chrome/131.0.0.0 Safari/537.36; compatible; OAI-SearchBot/1.3; robots.txt; +https://openai.com/searchbot"
44.196.118.6 - - [02/May/2026:06:34:14 -0400] "GET /images/sites/malelegends.jpg HTTP/1.1" 404 196 "-" "Mozilla/5.0 AppleWebKit/537.36 (KHTML, like Gecko; compatible; Amazonbot/0.1; +https://developer.amazon.com/support/amazonbot) Chrome/119.0.6045.214 Safari/537.36"
216.244.66.250 - - [02/May/2026:06:34:35 -0400] "GET /hit.php?s=15&p=1&w=100057&t=0&c=56 HTTP/1.1" 302 261 "-" "Mozilla/5.0 (compatible; DotBot/1.2; +https://opensiteexplorer.org/dotbot; help@moz.com)"
